62.60.130.198 - - [01/Sep/2026:13:47:09 +0000] "GET /wp-includes/fonts/ HTTP/1.1" 200 617 "binance.com" "Mozilla/5.0 (Windows NT 10.0; Win64; x64) AppleWebKit/537.36 (KHTML, like Gecko) Chrome/90.0.4430.85 Safari/537.36"
62.60.130.198 - - [01/Sep/2026:13:47:21 +0000] "GET /wp-includes/fonts/ HTTP/1.1" 200 617 "binance.com" "Mozilla/5.0 (Windows NT 10.0; Win64; x64) AppleWebKit/537.36 (KHTML, like Gecko) Chrome/90.0.4430.85 Safari/537.36"
62.60.130.198 - - [01/Sep/2026:13:47:27 +0000] "GET /wp-includes/fonts/class-wp-font-collection.php HTTP/1.1" 200 31 "binance.com" "Mozilla/5.0 (Windows NT 10.0; Win64; x64) AppleWebKit/537.36 (KHTML, like Gecko) Chrome/90.0.4430.85 Safari/537.36"
62.60.130.198 - - [01/Sep/2026:13:47:32 +0000] "GET /wp-includes/fonts/class-wp-font-face-resolver.php HTTP/1.1" 200 0 "binance.com" "Mozilla/5.0 (Windows NT 10.0; Win64; x64) AppleWebKit/537.36 (KHTML, like Gecko) Chrome/90.0.4430.85 Safari/537.36"
62.60.130.198 - - [01/Sep/2026:13:47:38 +0000] "GET /wp-includes/fonts/class-wp-font-face.php HTTP/1.1" 200 31 "binance.com" "Mozilla/5.0 (Windows NT 10.0; Win64; x64) AppleWebKit/537.36 (KHTML, like Gecko) Chrome/90.0.4430.85 Safari/537.36"
62.60.130.198 - - [01/Sep/2026:13:47:46 +0000] "GET /wp-includes/fonts/class-wp-font-library.php HTTP/1.1" 200 31 "binance.com" "Mozilla/5.0 (Windows NT 10.0; Win64; x64) AppleWebKit/537.36 (KHTML, like Gecko) Chrome/90.0.4430.85 Safari/537.36"
62.60.130.198 - - [01/Sep/2026:13:47:51 +0000] "GET /wp-includes/fonts/class-wp-font-utils.php HTTP/1.1" 200 31 "binance.com" "Mozilla/5.0 (Windows NT 10.0; Win64; x64) AppleWebKit/537.36 (KHTML, like Gecko) Chrome/90.0.4430.85 Safari/537.36"
62.60.130.198 - - [01/Sep/2026:13:47:54 +0000] "GET /wp-includes/images/ HTTP/1.1" 200 1034 "binance.com" "Mozilla/5.0 (Windows NT 10.0; Win64; x64) AppleWebKit/537.36 (KHTML, like Gecko) Chrome/90.0.4430.85 Safari/537.36"
62.60.130.198 - - [01/Sep/2026:13:47:59 +0000] "GET /wp-includes/images/crystal/ HTTP/1.1" 200 594 "binance.com" "Mozilla/5.0 (Windows NT 10.0; Win64; x64) AppleWebKit/537.36 (KHTML, like Gecko) Chrome/90.0.4430.85 Safari/537.36"
62.60.130.198 - - [01/Sep/2026:13:48:05 +0000] "GET /wp-includes/images/media/ HTTP/1.1" 200 689 "binance.com" "Mozilla/5.0 (Windows NT 10.0; Win64; x64) AppleWebKit/537.36 (KHTML, like Gecko) Chrome/90.0.4430.85 Safari/537.36"
62.60.130.198 - - [01/Sep/2026:13:48:10 +0000] "GET /wp-includes/images/smilies/ HTTP/1.1" 200 817 "binance.com" "Mozilla/5.0 (Windows NT 10.0; Win64; x64) AppleWebKit/537.36 (KHTML, like Gecko) Chrome/90.0.4430.85 Safari/537.36"
62.60.130.198 - - [01/Sep/2026:13:48:18 +0000] "GET /wp-includes/images/wlw/ HTTP/1.1" 404 50950 "binance.com" "Mozilla/5.0 (Windows NT 10.0; Win64; x64) AppleWebKit/537.36 (KHTML, like Gecko) Chrome/90.0.4430.85 Safari/537.36"
62.60.130.198 - - [01/Sep/2026:13:48:25 +0000] "GET /wp-includes/js/%20 HTTP/1.1" 301 5 "binance.com" "Mozilla/5.0 (Windows NT 10.0; Win64; x64) AppleWebKit/537.36 (KHTML, like Gecko) Chrome/90.0.4430.85 Safari/537.36"
62.60.130.198 - - [01/Sep/2026:13:48:26 +0000] "GET /wp-includes/js/ HTTP/1.1" 200 2526 "binance.com" "Mozilla/5.0 (Windows NT 10.0; Win64; x64) AppleWebKit/537.36 (KHTML, like Gecko) Chrome/90.0.4430.85 Safari/537.36"
62.60.130.198 - - [01/Sep/2026:13:48:30 +0000] "GET /wp-includes/js/codemirror/ HTTP/1.1" 200 551 "binance.com" "Mozilla/5.0 (Windows NT 10.0; Win64; x64) AppleWebKit/537.36 (KHTML, like Gecko) Chrome/90.0.4430.85 Safari/537.36"
62.60.130.198 - - [01/Sep/2026:13:48:34 +0000] "GET /wp-includes/js/plupload/ HTTP/1.1" 200 561 "binance.com" "Mozilla/5.0 (Windows NT 10.0; Win64; x64) AppleWebKit/537.36 (KHTML, like Gecko) Chrome/90.0.4430.85 Safari/537.36"
62.60.130.198 - - [01/Sep/2026:13:48:39 +0000] "GET /.well-known/ HTTP/1.1" 200 386 "binance.com" "Mozilla/5.0 (Windows NT 10.0; Win64; x64) AppleWebKit/537.36 (KHTML, like Gecko) Chrome/90.0.4430.85 Safari/537.36"
160.153.172.103 - - [01/Sep/2026:14:02:04 +0000] "GET /.well-known/acme-challenge/MCWAWTL9ZRA9LZYILN1BR5B_NE_QOGDK HTTP/1.1" 404 355 "-" "Cpanel-HTTP-Client/1.0"
160.153.172.103 - - [01/Sep/2026:14:02:06 +0000] "GET /.well-known/acme-challenge/48XJ64VJCNAUVT5TZHN_6H9H5MF-SYMK HTTP/1.1" 404 355 "-" "Cpanel-HTTP-Client/1.0"
160.153.172.103 - - [01/Sep/2026:14:02:06 +0000] "GET /.well-known/acme-challenge/MF3F3X0B5WRL4LWEABE1JREX2SBCKLB1 HTTP/1.1" 404 355 "-" "Cpanel-HTTP-Client/1.0"
72.167.149.90 - - [01/Sep/2026:14:04:37 +0000] "POST /wp-cron.php?doing_wp_cron=1788271476.6449849605560302734375 HTTP/1.1" 499 0 "-" "WordPress/7.1; https://uslconsultation.com"
124.220.42.101 - - [01/Sep/2026:14:04:37 +0000] "GET / HTTP/1.1" 301 5 "-" "Mozilla/5.0 (iPhone; CPU iPhone OS 13_2_3 like Mac OS X) AppleWebKit/605.1.15 (KHTML, like Gecko) Version/13.0.3 Mobile/15E148 Safari/604.1"
72.167.149.90 - - [01/Sep/2026:14:06:13 +0000] "GET /.well-known/acme-challenge/SIWZNKBFURC8O__30NSXWU24MP15XFIB HTTP/1.1" 200 64 "-" "Cpanel-HTTP-Client/1.0"
72.167.149.90 - - [01/Sep/2026:14:06:15 +0000] "GET /.well-known/acme-challenge/LN8F02SFTY2FVZ1PUF6PDBQ5SSYOUHXH HTTP/1.1" 200 64 "-" "Cpanel-HTTP-Client/1.0"
72.167.149.90 - - [01/Sep/2026:14:06:15 +0000] "GET /.well-known/acme-challenge/33NSDNCOJ-BZEN0BSHEV8ISO0LOKI42E HTTP/1.1" 200 64 "-" "Cpanel-HTTP-Client/1.0"
72.167.149.90 - - [01/Sep/2026:14:17:05 +0000] "POST /wp-cron.php?doing_wp_cron=1788272224.6268239021301269531250 HTTP/1.1" 499 0 "-" "WordPress/7.1; https://uslconsultation.com"
66.249.64.161 - - [01/Sep/2026:14:17:05 +0000] "GET /robots.txt HTTP/1.1" 200 124 "-" "Mozilla/5.0 (compatible; Googlebot/2.1; +http://www.google.com/bot.html)"
72.167.149.90 - - [01/Sep/2026:15:57:25 +0000] "POST /wp-cron.php?doing_wp_cron=1788278244.8917930126190185546875 HTTP/1.1" 499 0 "-" "WordPress/7.1; https://uslconsultation.com"
195.2.84.198 - - [01/Sep/2026:15:57:25 +0000] "GET /uncategorized/hello-world/ HTTP/1.0" 404 184439 "http://uslconsultation.com/uncategorized/hello-world/" "Mozilla/5.0 (Windows NT 10.0; Win64; x64) AppleWebKit/537.36 (KHTML, like Gecko) Chrome/130.0.0.0 Safari/537.36"
181.42.241.53 - - [01/Sep/2026:16:04:23 +0000] "GET http://uslconsultation.com/ HTTP/1.1" 499 0 "-" "Mozilla/5.0 (Macintosh; Intel Mac OS X 10_15_7) AppleWebKit/537.36 (KHTML, like Gecko) Chrome/136.0.0.0 Safari/537.36"
160.153.172.103 - - [01/Sep/2026:17:02:03 +0000] "GET /.well-known/acme-challenge/B0VFIW7LKVH1UGSG3R3FLAMK8JWO_26I HTTP/1.1" 404 355 "-" "Cpanel-HTTP-Client/1.0"
160.153.172.103 - - [01/Sep/2026:17:02:04 +0000] "GET /.well-known/acme-challenge/0JHO7D0W03P9LGQKX8PQSB9W89SRGUVS HTTP/1.1" 404 355 "-" "Cpanel-HTTP-Client/1.0"
160.153.172.103 - - [01/Sep/2026:17:02:05 +0000] "GET /.well-known/acme-challenge/D37UNJPIU3U0F8LHZEHAIFQ1O-53AJNR HTTP/1.1" 404 355 "-" "Cpanel-HTTP-Client/1.0"
72.167.149.90 - - [01/Sep/2026:17:06:20 +0000] "GET /.well-known/acme-challenge/XM0PYCU2YDLWA9LUM8-AK1416EYY-WGS HTTP/1.1" 200 64 "-" "Cpanel-HTTP-Client/1.0"
72.167.149.90 - - [01/Sep/2026:17:06:23 +0000] "GET /.well-known/acme-challenge/5DLAM-US_227LTWZHQHIXM6UGABJV0BN HTTP/1.1" 200 64 "-" "Cpanel-HTTP-Client/1.0"
72.167.149.90 - - [01/Sep/2026:17:06:23 +0000] "GET /.well-known/acme-challenge/NCG_HW-9K-QG96833I5SPE15CPMJQIMH HTTP/1.1" 200 64 "-" "Cpanel-HTTP-Client/1.0"
72.167.149.90 - - [01/Sep/2026:17:20:29 +0000] "POST /wp-cron.php?doing_wp_cron=1788283227.9709560871124267578125 HTTP/1.1" 499 0 "-" "WordPress/7.1; https://uslconsultation.com"
43.133.91.48 - - [01/Sep/2026:17:20:29 +0000] "GET / HTTP/1.1" 301 5 "-" "Mozilla/5.0 (iPhone; CPU iPhone OS 13_2_3 like Mac OS X) AppleWebKit/605.1.15 (KHTML, like Gecko) Version/13.0.3 Mobile/15E148 Safari/604.1"
72.167.149.90 - - [01/Sep/2026:17:32:16 +0000] "POST /wp-cron.php?doing_wp_cron=1788283935.0909550189971923828125 HTTP/1.1" 499 0 "-" "WordPress/7.1; https://uslconsultation.com"
185.142.80.36 - - [01/Sep/2026:17:32:16 +0000] "GET / HTTP/1.1" 301 5 "-" "Mozilla/5.0 (Android 14; Mobile; rv:123.0) Gecko/123.0 Firefox/123"
72.167.149.90 - - [01/Sep/2026:19:01:06 +0000] "POST /wp-cron.php?doing_wp_cron=1788289265.5864880084991455078125 HTTP/1.1" 499 0 "-" "WordPress/7.1; https://uslconsultation.com"
43.157.158.178 - - [01/Sep/2026:19:01:06 +0000] "GET / HTTP/1.1" 301 5 "-" "Mozilla/5.0 (iPhone; CPU iPhone OS 13_2_3 like Mac OS X) AppleWebKit/605.1.15 (KHTML, like Gecko) Version/13.0.3 Mobile/15E148 Safari/604.1"
72.167.149.90 - - [01/Sep/2026:19:16:50 +0000] "POST /wp-cron.php?doing_wp_cron=1788290209.1593248844146728515625 HTTP/1.1" 499 0 "-" "WordPress/7.1; https://uslconsultation.com"
146.56.229.214 - - [01/Sep/2026:19:16:50 +0000] "GET / HTTP/1.1" 301 5 "-" "Mozilla/5.0 (iPhone; CPU iPhone OS 13_2_3 like Mac OS X) AppleWebKit/605.1.15 (KHTML, like Gecko) Version/13.0.3 Mobile/15E148 Safari/604.1"
72.167.149.90 - - [01/Sep/2026:19:36:38 +0000] "POST /wp-cron.php?doing_wp_cron=1788291397.7409880161285400390625 HTTP/1.1" 499 0 "-" "WordPress/7.1; https://uslconsultation.com"
45.74.3.87 - - [01/Sep/2026:19:36:38 +0000] "GET /uncategorized/hello-world/ HTTP/1.0" 404 184439 "http://uslconsultation.com/uncategorized/hello-world/" "Mozilla/5.0 (Windows NT 10.0; Win64; x64) AppleWebKit/537.36 (KHTML, like Gecko) Chrome/131.0.0.0 Safari/537.36 Avast/131.0.0.0"
195.178.110.62 - - [01/Sep/2026:19:40:52 +0000] "GET /api/session/properties HTTP/1.1" 404 50980 "-" "metabase-cve-2026-72898-detect/1.0 (benign detection probes only)"
160.153.172.103 - - [01/Sep/2026:20:02:03 +0000] "GET /.well-known/acme-challenge/SC0LXQABZJEFP5LJOXE4NM_6T5SF2_9V HTTP/1.1" 404 355 "-" "Cpanel-HTTP-Client/1.0"
160.153.172.103 - - [01/Sep/2026:20:02:05 +0000] "GET /.well-known/acme-challenge/S25M8ZD4MX9ZX582BIIPHFKUJCNYN2X9 HTTP/1.1" 404 355 "-" "Cpanel-HTTP-Client/1.0"
160.153.172.103 - - [01/Sep/2026:20:02:05 +0000] "GET /.well-known/acme-challenge/0ZJD0IKULXS3JW4RXAK6K2SW4CEOQ9DF HTTP/1.1" 404 355 "-" "Cpanel-HTTP-Client/1.0"
72.167.149.90 - - [01/Sep/2026:20:06:13 +0000] "GET /.well-known/acme-challenge/_CIXGJ1TP9BI6GPDFK49HCB299E_99DB HTTP/1.1" 200 64 "-" "Cpanel-HTTP-Client/1.0"
72.167.149.90 - - [01/Sep/2026:20:06:15 +0000] "GET /.well-known/acme-challenge/TMD7_9A00J0C3KYUA23NQ8V9D5QJX83F HTTP/1.1" 200 64 "-" "Cpanel-HTTP-Client/1.0"
72.167.149.90 - - [01/Sep/2026:20:06:16 +0000] "GET /.well-known/acme-challenge/B2MENB98_FAOWK42_4WLBECJQ2JCRHI8 HTTP/1.1" 200 64 "-" "Cpanel-HTTP-Client/1.0"
72.167.149.90 - - [01/Sep/2026:20:20:02 +0000] "POST /wp-cron.php?doing_wp_cron=1788294001.0468370914459228515625 HTTP/1.1" 499 0 "-" "WordPress/7.1; https://uslconsultation.com"
152.53.108.193 - - [01/Sep/2026:20:20:02 +0000] "GET / HTTP/1.1" 301 5 "-" "tld-netprobe/1.0 (+CONTACT-URL-UNSET-see-DECISIONS-D8)"
72.167.149.90 - - [01/Sep/2026:20:35:15 +0000] "POST /wp-cron.php?doing_wp_cron=1788294914.5185639858245849609375 HTTP/1.1" 499 0 "-" "WordPress/7.1; https://uslconsultation.com"
45.74.3.86 - - [01/Sep/2026:20:35:15 +0000] "GET /uncategorized/hello-world/ HTTP/1.0" 404 184439 "http://uslconsultation.com/uncategorized/hello-world/" "Mozilla/5.0 (Windows NT 10.0; Win64; x64) AppleWebKit/537.36 (KHTML, like Gecko) Chrome/130.0.0.0 Safari/537.36 CCleaner/130.0.0.0"
72.167.149.90 - - [01/Sep/2026:22:34:34 +0000] "POST /wp-cron.php?doing_wp_cron=1788302073.1837899684906005859375 HTTP/1.1" 499 0 "-" "WordPress/7.1; https://uslconsultation.com"
83.217.213.120 - - [01/Sep/2026:22:34:34 +0000] "GET /uncategorized/hello-world/ HTTP/1.0" 404 184439 "http://uslconsultation.com/uncategorized/hello-world/" "Mozilla/5.0 (Windows NT 10.0; Win64; x64) AppleWebKit/537.36 (KHTML, like Gecko) Chrome/129.0.0.0 Safari/537.36"
72.167.149.90 - - [01/Sep/2026:22:41:46 +0000] "POST /wp-cron.php?doing_wp_cron=1788302505.6865630149841308593750 HTTP/1.1" 499 0 "-" "WordPress/7.1; https://uslconsultation.com"
212.34.135.234 - - [01/Sep/2026:22:41:46 +0000] "GET /uncategorized/hello-world/ HTTP/1.0" 404 184439 "http://uslconsultation.com/uncategorized/hello-world/" "Mozilla/5.0 (Windows NT 10.0; Win64; x64) AppleWebKit/537.36 (KHTML, like Gecko) Chrome/131.0.0.0 Safari/537.36"
160.153.172.103 - - [01/Sep/2026:23:02:03 +0000] "GET /.well-known/acme-challenge/XB6-OJ_05KTZ0EVZV3OETCRCPIZOA4Z_ HTTP/1.1" 404 355 "-" "Cpanel-HTTP-Client/1.0"
160.153.172.103 - - [01/Sep/2026:23:02:05 +0000] "GET /.well-known/acme-challenge/13R9UCBM8KKKN9OW9XT6WX-GRG-91WDU HTTP/1.1" 404 355 "-" "Cpanel-HTTP-Client/1.0"
160.153.172.103 - - [01/Sep/2026:23:02:05 +0000] "GET /.well-known/acme-challenge/P-UO_1X2ZQMF4THSGVSODXTXN0LUTZEN HTTP/1.1" 404 355 "-" "Cpanel-HTTP-Client/1.0"
72.167.149.90 - - [01/Sep/2026:23:06:29 +0000] "GET /.well-known/acme-challenge/HOVR0INX-O_T7YMU4BMVDUJC8269-YBW HTTP/1.1" 200 64 "-" "Cpanel-HTTP-Client/1.0"
72.167.149.90 - - [01/Sep/2026:23:06:31 +0000] "GET /.well-known/acme-challenge/W5DS3XG2800BGYVK9GAWT0CUD-5TRTKG HTTP/1.1" 200 64 "-" "Cpanel-HTTP-Client/1.0"
72.167.149.90 - - [01/Sep/2026:23:06:32 +0000] "GET /.well-known/acme-challenge/VM4609R_MKIJUEEBSTV_FGD87B77F33U HTTP/1.1" 200 64 "-" "Cpanel-HTTP-Client/1.0"
72.167.149.90 - - [01/Sep/2026:23:53:03 +0000] "POST /wp-cron.php?doing_wp_cron=1788306782.1556599140167236328125 HTTP/1.1" 499 0 "-" "WordPress/7.1; https://uslconsultation.com"
42.83.147.53 - - [01/Sep/2026:23:53:03 +0000] "GET / HTTP/1.1" 301 5 "-" "Mozilla/5.0 (Windows NT 6.1; Win64; x64) AppleWebKit/537.36 (KHTML, like Gecko)Chrome/74.0.3729.169 Safari/537.36"
72.167.149.90 - - [02/Sep/2026:00:08:34 +0000] "POST /wp-cron.php?doing_wp_cron=1788307713.2727570533752441406250 HTTP/1.1" 499 0 "-" "WordPress/7.1; https://uslconsultation.com"
43.152.72.244 - - [02/Sep/2026:00:08:34 +0000] "GET / HTTP/1.1" 301 5 "-" "Mozilla/5.0 (iPhone; CPU iPhone OS 13_2_3 like Mac OS X) AppleWebKit/605.1.15 (KHTML, like Gecko) Version/13.0.3 Mobile/15E148 Safari/604.1"
72.167.149.90 - - [02/Sep/2026:00:34:35 +0000] "POST /wp-cron.php?doing_wp_cron=1788309274.1651909351348876953125 HTTP/1.1" 499 0 "-" "WordPress/7.1; https://uslconsultation.com"
122.51.236.174 - - [02/Sep/2026:00:34:35 +0000] "GET / HTTP/1.1" 301 5 "-" "Mozilla/5.0 (iPhone; CPU iPhone OS 13_2_3 like Mac OS X) AppleWebKit/605.1.15 (KHTML, like Gecko) Version/13.0.3 Mobile/15E148 Safari/604.1"
72.167.149.90 - - [02/Sep/2026:00:49:05 +0000] "POST /wp-cron.php?doing_wp_cron=1788310144.0807240009307861328125 HTTP/1.1" 499 0 "-" "WordPress/7.1; https://uslconsultation.com"
144.172.104.38 - - [02/Sep/2026:00:49:05 +0000] "GET / HTTP/1.1" 301 5 "-" "Mozilla/5.0 (Windows NT 10.0; Win64; x64) AppleWebKit/537.36 (KHTML, like Gecko) Chrome/124.0.0.0 Safari/537.36"
72.167.149.90 - - [02/Sep/2026:01:15:06 +0000] "POST /wp-cron.php?doing_wp_cron=1788311705.7162070274353027343750 HTTP/1.1" 499 0 "-" "WordPress/7.1; https://uslconsultation.com"
49.51.243.156 - - [02/Sep/2026:01:15:06 +0000] "GET / HTTP/1.1" 301 5 "-" "Mozilla/5.0 (iPhone; CPU iPhone OS 13_2_3 like Mac OS X) AppleWebKit/605.1.15 (KHTML, like Gecko) Version/13.0.3 Mobile/15E148 Safari/604.1"
160.153.172.103 - - [02/Sep/2026:02:02:04 +0000] "GET /.well-known/acme-challenge/SKB2NOPI9U9CDRYUFQ8865YIVNT7VG_4 HTTP/1.1" 404 355 "-" "Cpanel-HTTP-Client/1.0"
160.153.172.103 - - [02/Sep/2026:02:02:05 +0000] "GET /.well-known/acme-challenge/OQ1SIAVZUI5E4RUEWM68_JNO50ROA5NG HTTP/1.1" 404 355 "-" "Cpanel-HTTP-Client/1.0"
160.153.172.103 - - [02/Sep/2026:02:02:05 +0000] "GET /.well-known/acme-challenge/0XCRLDG4K-MYMBXBOLHEMS2ZMWQT9JAJ HTTP/1.1" 404 355 "-" "Cpanel-HTTP-Client/1.0"
72.167.149.90 - - [02/Sep/2026:02:06:16 +0000] "GET /.well-known/acme-challenge/NAX5MYFO7XRR1C_BCIBEUMDW0BWQ0B05 HTTP/1.1" 200 64 "-" "Cpanel-HTTP-Client/1.0"
72.167.149.90 - - [02/Sep/2026:02:06:19 +0000] "GET /.well-known/acme-challenge/I_LAA5OD28FKPPVRFIHANGJLARWAYAAJ HTTP/1.1" 200 64 "-" "Cpanel-HTTP-Client/1.0"
72.167.149.90 - - [02/Sep/2026:02:06:19 +0000] "GET /.well-known/acme-challenge/AYH4X7C8VKOQV66PRDEWRO1FM0_KBVE2 HTTP/1.1" 200 64 "-" "Cpanel-HTTP-Client/1.0"
72.167.149.90 - - [02/Sep/2026:02:25:53 +0000] "POST /wp-cron.php?doing_wp_cron=1788315952.0142679214477539062500 HTTP/1.1" 499 0 "-" "WordPress/7.1; https://uslconsultation.com"
51.68.107.154 - - [02/Sep/2026:02:25:53 +0000] "GET /robots.txt HTTP/1.1" 200 124 "-" "Mozilla/5.0 (compatible; MJ12bot/v2.0.5; http://mj12bot.com/)"
51.68.107.154 - - [02/Sep/2026:02:25:56 +0000] "GET / HTTP/1.1" 301 5 "-" "Mozilla/5.0 (compatible; MJ12bot/v2.0.5; http://mj12bot.com/)"
72.167.149.90 - - [02/Sep/2026:04:46:10 +0000] "POST /wp-cron.php?doing_wp_cron=1788324369.6695621013641357421875 HTTP/1.1" 499 0 "-" "WordPress/7.1; https://uslconsultation.com"
47.89.129.126 - - [02/Sep/2026:04:46:10 +0000] "GET / HTTP/1.1" 301 5 "-" "Mozilla/5.0 (iPhone; CPU iPhone OS 13_2_3 like Mac OS X) AppleWebKit/605.1.15 (KHTML, like Gecko) Version/13.0.3 Mobile/15E148 Safari/604.1"
160.153.172.103 - - [02/Sep/2026:05:02:03 +0000] "GET /.well-known/acme-challenge/POYR9021YOOZUP0U82QB661E1K42HX9Y HTTP/1.1" 404 355 "-" "Cpanel-HTTP-Client/1.0"
160.153.172.103 - - [02/Sep/2026:05:02:04 +0000] "GET /.well-known/acme-challenge/2H97_15P1L_M3-9JNCM91XXMNPL5DYM_ HTTP/1.1" 404 355 "-" "Cpanel-HTTP-Client/1.0"
160.153.172.103 - - [02/Sep/2026:05:02:05 +0000] "GET /.well-known/acme-challenge/10XNK_XIPSTID2M0RIKXT--P_7ES59AU HTTP/1.1" 404 355 "-" "Cpanel-HTTP-Client/1.0"
72.167.149.90 - - [02/Sep/2026:05:06:23 +0000] "GET /.well-known/acme-challenge/6GJK9OYF4491KI7_FG_HKG99PDC0M7FV HTTP/1.1" 200 64 "-" "Cpanel-HTTP-Client/1.0"
72.167.149.90 - - [02/Sep/2026:05:06:25 +0000] "GET /.well-known/acme-challenge/SFN9V8XR1YCI5BJ-H9EK_6H-4H_TAYG5 HTTP/1.1" 200 64 "-" "Cpanel-HTTP-Client/1.0"
72.167.149.90 - - [02/Sep/2026:05:06:26 +0000] "GET /.well-known/acme-challenge/6M5ZBL1VJ12AIHVDNS5-NZGR_D7XUBFG HTTP/1.1" 200 64 "-" "Cpanel-HTTP-Client/1.0"
72.167.149.90 - - [02/Sep/2026:05:43:55 +0000] "POST /wp-cron.php?doing_wp_cron=1788327834.0495359897613525390625 HTTP/1.1" 499 0 "-" "WordPress/7.1; https://uslconsultation.com"
64.23.218.208 - - [02/Sep/2026:05:43:55 +0000] "GET / HTTP/1.1" 301 5 "-" "Mozilla/5.0 (l9scan/2.0.0393e2934313e2736313e22373; +https://leakix.net)"
64.23.218.208 - - [02/Sep/2026:05:43:57 +0000] "GET /console/ HTTP/1.1" 404 50948 "-" "Mozilla/5.0 (l9scan/2.0.0393e2934313e2736313e22373; +https://leakix.net)"
64.23.218.208 - - [02/Sep/2026:05:44:00 +0000] "GET /server HTTP/1.1" 404 50949 "-" "Mozilla/5.0 (l9scan/2.0.0393e2934313e2736313e22373; +https://leakix.net)"
64.23.218.208 - - [02/Sep/2026:05:44:03 +0000] "GET /server-status HTTP/1.1" 499 0 "-" "Mozilla/5.0 (l9scan/2.0.0393e2934313e2736313e22373; +https://leakix.net)"
64.23.218.208 - - [02/Sep/2026:05:44:06 +0000] "GET /about HTTP/1.1" 499 0 "-" "Mozilla/5.0 (l9scan/2.0.0393e2934313e2736313e22373; +https://leakix.net)"
72.167.149.90 - - [02/Sep/2026:05:44:07 +0000] "POST /wp-cron.php?doing_wp_cron=1788327846.3371939659118652343750 HTTP/1.1" 499 0 "-" "WordPress/7.1; https://uslconsultation.com"
64.23.218.208 - - [02/Sep/2026:05:44:10 +0000] "GET /login.action HTTP/1.1" 499 0 "-" "Mozilla/5.0 (l9scan/2.0.0393e2934313e2736313e22373; +https://leakix.net)"
64.23.218.208 - - [02/Sep/2026:05:44:12 +0000] "GET / HTTP/1.1" 301 5 "-" "Mozilla/5.0 (l9scan/2.0.0393e2934313e2736313e22373; +https://leakix.net)"
64.23.218.208 - - [02/Sep/2026:05:44:15 +0000] "GET /___proxy_subdomain_whm/login HTTP/1.1" 499 0 "-" "Mozilla/5.0 (l9scan/2.0.0393e2934313e2736313e22373; +https://leakix.net)"
64.23.218.208 - - [02/Sep/2026:05:44:18 +0000] "GET /___proxy_subdomain_cpanel HTTP/1.1" 404 50977 "-" "Mozilla/5.0 (l9scan/2.0.0393e2934313e2736313e22373; +https://leakix.net)"
64.23.218.208 - - [02/Sep/2026:05:44:21 +0000] "GET /v2/_catalog HTTP/1.1" 499 0 "-" "Mozilla/5.0 (l9scan/2.0.0393e2934313e2736313e22373; +https://leakix.net)"
64.23.218.208 - - [02/Sep/2026:05:44:23 +0000] "GET /.DS_Store HTTP/1.1" 404 50955 "-" "Mozilla/5.0 (l9scan/2.0.0393e2934313e2736313e22373; +https://leakix.net)"
64.23.218.208 - - [02/Sep/2026:05:44:26 +0000] "GET /.env HTTP/1.1" 404 50945 "-" "Mozilla/5.0 (l9scan/2.0.0393e2934313e2736313e22373; +https://leakix.net)"
64.23.218.208 - - [02/Sep/2026:05:44:30 +0000] "GET /ecp/Current/exporttool/microsoft.exchange.ediscovery.exporttool.application HTTP/1.1" 404 51023 "-" "Mozilla/5.0 (l9scan/2.0.0393e2934313e2736313e22373; +https://leakix.net)"
64.23.218.208 - - [02/Sep/2026:05:44:33 +0000] "GET /.git/config HTTP/1.1" 404 50955 "-" "Mozilla/5.0 (l9scan/2.0.0393e2934313e2736313e22373; +https://leakix.net)"
64.23.218.208 - - [02/Sep/2026:05:44:36 +0000] "POST /graphql HTTP/1.1" 404 50951 "-" "Mozilla/5.0 (l9scan/2.0.0393e2934313e2736313e22373; +https://leakix.net)"
64.23.218.208 - - [02/Sep/2026:05:44:39 +0000] "POST /api HTTP/1.1" 404 32776 "-" "Mozilla/5.0 (l9scan/2.0.0393e2934313e2736313e22373; +https://leakix.net)"
64.23.218.208 - - [02/Sep/2026:05:44:41 +0000] "POST /api/graphql HTTP/1.1" 404 50955 "-" "Mozilla/5.0 (l9scan/2.0.0393e2934313e2736313e22373; +https://leakix.net)"
64.23.218.208 - - [02/Sep/2026:05:44:44 +0000] "POST /graphql/api HTTP/1.1" 404 32776 "-" "Mozilla/5.0 (l9scan/2.0.0393e2934313e2736313e22373; +https://leakix.net)"
64.23.218.208 - - [02/Sep/2026:05:44:46 +0000] "POST /api/gql HTTP/1.1" 404 32776 "-" "Mozilla/5.0 (l9scan/2.0.0393e2934313e2736313e22373; +https://leakix.net)"
64.23.218.208 - - [02/Sep/2026:05:44:49 +0000] "GET /s/0393e2934313e2736313e22373/_/;/META-INF/maven/com.atlassian.jira/jira-webapp-dist/pom.properties HTTP/1.1" 404 51074 "-" "Mozilla/5.0 (l9scan/2.0.0393e2934313e2736313e22373; +https://leakix.net)"
64.23.218.208 - - [02/Sep/2026:05:44:51 +0000] "GET /config.json HTTP/1.1" 404 50953 "-" "Mozilla/5.0 (l9scan/2.0.0393e2934313e2736313e22373; +https://leakix.net)"
64.23.218.208 - - [02/Sep/2026:05:44:54 +0000] "GET /telescope/requests HTTP/1.1" 499 0 "-" "Mozilla/5.0 (l9scan/2.0.0393e2934313e2736313e22373; +https://leakix.net)"
64.23.218.208 - - [02/Sep/2026:05:44:56 +0000] "GET /info.php HTTP/1.1" 404 50951 "-" "Mozilla/5.0 (l9scan/2.0.0393e2934313e2736313e22373; +https://leakix.net)"
64.23.218.208 - - [02/Sep/2026:05:44:59 +0000] "GET /.well-known/security.txt HTTP/1.1" 404 32776 "-" "Mozilla/5.0 (l9scan/2.0.0393e2934313e2736313e22373; +https://leakix.net)"
64.23.218.208 - - [02/Sep/2026:05:45:02 +0000] "GET /actuator/env HTTP/1.1" 499 0 "-" "Mozilla/5.0 (l9scan/2.0.0393e2934313e2736313e22373; +https://leakix.net)"
64.23.218.208 - - [02/Sep/2026:05:45:05 +0000] "GET /trace.axd HTTP/1.1" 499 0 "-" "Mozilla/5.0 (l9scan/2.0.0393e2934313e2736313e22373; +https://leakix.net)"
64.23.218.208 - - [02/Sep/2026:05:45:08 +0000] "GET /@vite/env HTTP/1.1" 499 0 "-" "Mozilla/5.0 (l9scan/2.0.0393e2934313e2736313e22373; +https://leakix.net)"
64.23.218.208 - - [02/Sep/2026:05:45:11 +0000] "GET /.vscode/sftp.json HTTP/1.1" 499 0 "-" "Mozilla/5.0 (l9scan/2.0.0393e2934313e2736313e22373; +https://leakix.net)"
64.23.218.208 - - [02/Sep/2026:05:45:14 +0000] "OPTIONS / HTTP/1.1" 499 0 "-" "Mozilla/5.0 (l9scan/2.0.0393e2934313e2736313e22373; +https://leakix.net)"
64.23.218.208 - - [02/Sep/2026:05:45:24 +0000] "GET /?rest_route=/wp/v2/users/ HTTP/1.1" 499 0 "-" "Mozilla/5.0 (l9scan/2.0.0393e2934313e2736313e22373; +https://leakix.net)"
72.167.149.90 - - [02/Sep/2026:05:45:24 +0000] "POST /wp-cron.php?doing_wp_cron=1788327923.7585430145263671875000 HTTP/1.1" 499 0 "-" "WordPress/7.1; https://uslconsultation.com"
64.23.218.208 - - [02/Sep/2026:05:45:27 +0000] "GET /debug/default/view?panel=config HTTP/1.1" 499 0 "-" "Mozilla/5.0 (l9scan/2.0.0393e2934313e2736313e22373; +https://leakix.net)"
72.167.149.90 - - [02/Sep/2026:05:48:25 +0000] "POST /wp-cron.php?doing_wp_cron=1788328104.4304149150848388671875 HTTP/1.1" 499 0 "-" "WordPress/7.1; https://uslconsultation.com"
43.161.234.148 - - [02/Sep/2026:05:48:25 +0000] "GET / HTTP/1.1" 301 5 "-" "Mozilla/5.0 (iPhone; CPU iPhone OS 13_2_3 like Mac OS X) AppleWebKit/605.1.15 (KHTML, like Gecko) Version/13.0.3 Mobile/15E148 Safari/604.1"
72.167.149.90 - - [02/Sep/2026:06:01:44 +0000] "POST /wp-cron.php?doing_wp_cron=1788328903.3412220478057861328125 HTTP/1.1" 499 0 "-" "WordPress/7.1; https://uslconsultation.com"
124.221.140.98 - - [02/Sep/2026:06:01:44 +0000] "GET / HTTP/1.1" 301 5 "-" "Mozilla/5.0 (iPhone; CPU iPhone OS 13_2_3 like Mac OS X) AppleWebKit/605.1.15 (KHTML, like Gecko) Version/13.0.3 Mobile/15E148 Safari/604.1"
72.167.149.90 - - [02/Sep/2026:06:39:23 +0000] "POST /wp-cron.php?doing_wp_cron=1788331162.8796119689941406250000 HTTP/1.1" 499 0 "-" "WordPress/7.1; https://uslconsultation.com"
192.42.116.19 - - [02/Sep/2026:06:39:23 +0000] "GET / HTTP/1.1" 301 5 "uslconsultation.com" "Mozilla/5.0 (Windows NT 10.0; Win64; x64) AppleWebKit/537.36 (KHTML, like Gecko) Chrome/125.0.0.0 Safari/537.36"
72.167.149.90 - - [02/Sep/2026:07:23:57 +0000] "POST /wp-cron.php?doing_wp_cron=1788333836.7064869403839111328125 HTTP/1.1" 499 0 "-" "WordPress/7.1; https://uslconsultation.com"
195.200.28.67 - - [02/Sep/2026:07:23:57 +0000] "GET /uncategorized/hello-world/ HTTP/1.0" 404 184439 "http://uslconsultation.com/uncategorized/hello-world/" "Mozilla/5.0 (Windows NT 10.0; Win64; x64) AppleWebKit/537.36 (KHTML, like Gecko) Chrome/129.0.0.0 Safari/537.36"
160.153.172.103 - - [02/Sep/2026:08:02:04 +0000] "GET /.well-known/acme-challenge/K-8JZBTA9WC61VKOUDKH39BKU9EM641- HTTP/1.1" 404 355 "-" "Cpanel-HTTP-Client/1.0"
160.153.172.103 - - [02/Sep/2026:08:02:05 +0000] "GET /.well-known/acme-challenge/0B3VV7Y81VLLN6M5__BPRPJBIA3G9GQV HTTP/1.1" 404 355 "-" "Cpanel-HTTP-Client/1.0"
160.153.172.103 - - [02/Sep/2026:08:02:05 +0000] "GET /.well-known/acme-challenge/B_JB4ZK-PF7OMQQ-MPF7TFXSDEAZ-42P HTTP/1.1" 404 355 "-" "Cpanel-HTTP-Client/1.0"
72.167.149.90 - - [02/Sep/2026:08:02:57 +0000] "POST /wp-cron.php?doing_wp_cron=1788336176.8694860935211181640625 HTTP/1.1" 499 0 "-" "WordPress/7.1; https://uslconsultation.com"
35.171.150.215 - - [02/Sep/2026:08:02:57 +0000] "GET /robots.txt HTTP/1.1" 200 124 "-" "Mozilla/5.0 (Macintosh; Intel Mac OS X 10_15_7) AppleWebKit/537.36 (KHTML, like Gecko) Chrome/108.0.0.0 Safari/537.36"
72.167.149.90 - - [02/Sep/2026:08:06:15 +0000] "GET /.well-known/acme-challenge/L1WPYVZWPGFRY7FZ-G89KOC8E5_JZWNM HTTP/1.1" 200 64 "-" "Cpanel-HTTP-Client/1.0"
72.167.149.90 - - [02/Sep/2026:08:06:18 +0000] "GET /.well-known/acme-challenge/D8PL21U_US_0_D2TY_6VX_NDISPS46U9 HTTP/1.1" 200 64 "-" "Cpanel-HTTP-Client/1.0"
72.167.149.90 - - [02/Sep/2026:08:06:18 +0000] "GET /.well-known/acme-challenge/ENKAQUT6MJ1CR59DZ02ABSKPH66RP2AU HTTP/1.1" 200 64 "-" "Cpanel-HTTP-Client/1.0"
35.171.150.215 - - [02/Sep/2026:08:08:47 +0000] "GET / HTTP/1.1" 499 0 "-" "Mozilla/5.0 (Macintosh; Intel Mac OS X 10_15_7) AppleWebKit/537.36 (KHTML, like Gecko) Chrome/108.0.0.0 Safari/537.36"
72.167.149.90 - - [02/Sep/2026:08:08:49 +0000] "POST /wp-cron.php?doing_wp_cron=1788336528.7091569900512695312500 HTTP/1.1" 499 0 "-" "WordPress/7.1; https://uslconsultation.com"
72.167.149.90 - - [02/Sep/2026:09:07:04 +0000] "POST /wp-cron.php?doing_wp_cron=1788340023.9503870010375976562500 HTTP/1.1" 499 0 "-" "WordPress/7.1; https://uslconsultation.com"
43.157.172.39 - - [02/Sep/2026:09:07:05 +0000] "GET / HTTP/1.1" 301 5 "-" "Mozilla/5.0 (iPhone; CPU iPhone OS 13_2_3 like Mac OS X) AppleWebKit/605.1.15 (KHTML, like Gecko) Version/13.0.3 Mobile/15E148 Safari/604.1"
72.167.149.90 - - [02/Sep/2026:09:52:14 +0000] "POST /wp-cron.php?doing_wp_cron=1788342733.3181600570678710937500 HTTP/1.1" 499 0 "-" "WordPress/7.1; https://uslconsultation.com"
43.157.95.131 - - [02/Sep/2026:09:52:14 +0000] "GET / HTTP/1.1" 301 5 "-" "Mozilla/5.0 (iPhone; CPU iPhone OS 13_2_3 like Mac OS X) AppleWebKit/605.1.15 (KHTML, like Gecko) Version/13.0.3 Mobile/15E148 Safari/604.1"
160.153.172.103 - - [02/Sep/2026:11:02:04 +0000] "GET /.well-known/acme-challenge/NSPD-U395C84_C8D-B6HD9FNDZO4F9VK HTTP/1.1" 404 355 "-" "Cpanel-HTTP-Client/1.0"
160.153.172.103 - - [02/Sep/2026:11:02:05 +0000] "GET /.well-known/acme-challenge/RT6VJ_2D9M87WS3CN1DZN1U_7HAR627_ HTTP/1.1" 404 355 "-" "Cpanel-HTTP-Client/1.0"
160.153.172.103 - - [02/Sep/2026:11:02:05 +0000] "GET /.well-known/acme-challenge/YG41N83L1JG09C26O_8J3WG_Y2RA2V18 HTTP/1.1" 404 355 "-" "Cpanel-HTTP-Client/1.0"
72.167.149.90 - - [02/Sep/2026:11:06:22 +0000] "GET /.well-known/acme-challenge/96NOP--Q0P6RJ1-I6WEZVVP1QVJAXH4K HTTP/1.1" 200 64 "-" "Cpanel-HTTP-Client/1.0"
72.167.149.90 - - [02/Sep/2026:11:06:25 +0000] "GET /.well-known/acme-challenge/3XRIQNQ_-2PA_8JA8ZELJY4V5Q1DX7C_ HTTP/1.1" 200 64 "-" "Cpanel-HTTP-Client/1.0"
72.167.149.90 - - [02/Sep/2026:11:06:26 +0000] "GET /.well-known/acme-challenge/IUAM3B1B6ZUA06RHTAT2H2A934IZNLSQ HTTP/1.1" 200 64 "-" "Cpanel-HTTP-Client/1.0"
82.156.88.97 - - [02/Sep/2026:11:06:52 +0000] "GET / HTTP/1.1" 301 5 "-" "Mozilla/5.0 (iPhone; CPU iPhone OS 13_2_3 like Mac OS X) AppleWebKit/605.1.15 (KHTML, like Gecko) Version/13.0.3 Mobile/15E148 Safari/604.1"
146.190.152.17 - - [02/Sep/2026:11:11:32 +0000] "GET / HTTP/1.1" 301 5 "-" "Mozilla/5.0 (X11; Linux x86_64) AppleWebKit/537.36 (KHTML, like Gecko) Chrome/142.0.0.0 Safari/537.36"
146.190.152.17 - - [02/Sep/2026:11:11:34 +0000] "GET /favicon.ico HTTP/1.1" 302 5 "http://mail.uslconsultation.com/" "Mozilla/5.0 (X11; Linux x86_64) AppleWebKit/537.36 (KHTML, like Gecko) Chrome/142.0.0.0 Safari/537.36"
167.94.146.49 - - [02/Sep/2026:11:27:33 +0000] "GET / HTTP/1.1" 301 5 "-" "Mozilla/5.0 (compatible; CensysInspect/1.1; +https://about.censys.io/)"
72.167.149.90 - - [02/Sep/2026:11:42:55 +0000] "POST /wp-cron.php?doing_wp_cron=1788349374.2912878990173339843750 HTTP/1.1" 499 0 "-" "WordPress/7.1; https://uslconsultation.com"
178.105.183.10 - - [02/Sep/2026:11:42:55 +0000] "GET / HTTP/1.1" 301 5 "-" "2ip bot/1.1 (+https://2ip.io/bot/)"
72.167.149.90 - - [02/Sep/2026:12:38:34 +0000] "POST /wp-cron.php?doing_wp_cron=1788352713.0146958827972412109375 HTTP/1.1" 499 0 "-" "WordPress/7.1; https://uslconsultation.com"
110.249.201.232 - - [02/Sep/2026:12:38:34 +0000] "GET /robots.txt HTTP/1.1" 200 124 "-" "Mozilla/5.0 (Linux; Android 5.0) AppleWebKit/537.36 (KHTML, like Gecko) Mobile Safari/537.36 (compatible; Bytespider; https://zhanzhang.toutiao.com/)"
72.167.149.90 - - [02/Sep/2026:12:55:13 +0000] "POST /wp-cron.php?doing_wp_cron=1788353712.0390100479125976562500 HTTP/1.1" 499 0 "-" "WordPress/7.1; https://uslconsultation.com"
199.244.88.231 - - [02/Sep/2026:12:55:13 +0000] "GET / HTTP/1.1" 301 5 "-" "Mozilla/5.0 (X11; Linux x86_64) AppleWebKit/537.36 (KHTML, like Gecko) Chrome/105.0.0.0 Safari/537.36"
72.167.149.90 - - [02/Sep/2026:13:06:05 +0000] "POST /wp-cron.php?doing_wp_cron=1788354364.3531370162963867187500 HTTP/1.1" 499 0 "-" "WordPress/7.1; https://uslconsultation.com"
119.28.177.175 - - [02/Sep/2026:13:06:05 +0000] "GET / HTTP/1.1" 301 5 "-" "Mozilla/5.0 (iPhone; CPU iPhone OS 13_2_3 like Mac OS X) AppleWebKit/605.1.15 (KHTML, like Gecko) Version/13.0.3 Mobile/15E148 Safari/604.1"
72.167.149.90 - - [02/Sep/2026:14:00:42 +0000] "POST /wp-cron.php?doing_wp_cron=1788357641.5078060626983642578125 HTTP/1.1" 499 0 "-" "WordPress/7.1; https://uslconsultation.com"
43.159.136.201 - - [02/Sep/2026:14:00:42 +0000] "GET / HTTP/1.1" 301 5 "-" "Mozilla/5.0 (iPhone; CPU iPhone OS 13_2_3 like Mac OS X) AppleWebKit/605.1.15 (KHTML, like Gecko) Version/13.0.3 Mobile/15E148 Safari/604.1"
160.153.172.103 - - [02/Sep/2026:14:02:03 +0000] "GET /.well-known/acme-challenge/EZ62RNTS1MZQRABTFVTZ3CFL-53JJAJR HTTP/1.1" 404 355 "-" "Cpanel-HTTP-Client/1.0"
160.153.172.103 - - [02/Sep/2026:14:02:05 +0000] "GET /.well-known/acme-challenge/EOE4-JZ9VQXURM1D2B8XCSJVO4NCZTYS HTTP/1.1" 404 355 "-" "Cpanel-HTTP-Client/1.0"
160.153.172.103 - - [02/Sep/2026:14:02:05 +0000] "GET /.well-known/acme-challenge/HDOOW70WVJ141566XTVY6T-32LB4906C HTTP/1.1" 404 355 "-" "Cpanel-HTTP-Client/1.0"
72.167.149.90 - - [02/Sep/2026:14:06:23 +0000] "GET /.well-known/acme-challenge/3ZJXO3YVM-Q8MLEEZ6PREME02OSHKE1L HTTP/1.1" 200 64 "-" "Cpanel-HTTP-Client/1.0"
72.167.149.90 - - [02/Sep/2026:14:06:25 +0000] "GET /.well-known/acme-challenge/1E03PNGUX8T9S_A7PSC27VQUQ-8_VHZ5 HTTP/1.1" 200 64 "-" "Cpanel-HTTP-Client/1.0"
72.167.149.90 - - [02/Sep/2026:14:06:26 +0000] "GET /.well-known/acme-challenge/74M-Q6KKV-RMB2XVV6P86F76FDO18M68 HTTP/1.1" 200 64 "-" "Cpanel-HTTP-Client/1.0"
72.167.149.90 - - [02/Sep/2026:15:51:04 +0000] "POST /wp-cron.php?doing_wp_cron=1788364263.0448029041290283203125 HTTP/1.1" 499 0 "-" "WordPress/7.1; https://uslconsultation.com"
178.211.139.240 - - [02/Sep/2026:15:51:04 +0000] "GET /images/images/cache.php HTTP/1.1" 404 50959 "www.google.com" "Mozlila/5.0 (Linux; Android 7.0; SM-G892A Bulid/NRD90M; wv) AppleWebKit/537.36 (KHTML, like Gecko) Version/4.0 Chrome/60.0.3112.107 Moblie Safari/537.36"
72.167.149.90 - - [02/Sep/2026:16:09:31 +0000] "POST /wp-cron.php?doing_wp_cron=1788365370.1230130195617675781250 HTTP/1.1" 499 0 "-" "WordPress/7.1; https://uslconsultation.com"
66.249.64.162 - - [02/Sep/2026:16:09:31 +0000] "GET /robots.txt HTTP/1.1" 200 124 "-" "Mozilla/5.0 (compatible; Googlebot/2.1; +http://www.google.com/bot.html)"
72.167.149.90 - - [02/Sep/2026:16:32:59 +0000] "POST /wp-cron.php?doing_wp_cron=1788366778.1331980228424072265625 HTTP/1.1" 499 0 "-" "WordPress/7.1; https://uslconsultation.com"
82.156.116.86 - - [02/Sep/2026:16:32:59 +0000] "GET / HTTP/1.1" 301 5 "-" "Mozilla/5.0 (iPhone; CPU iPhone OS 13_2_3 like Mac OS X) AppleWebKit/605.1.15 (KHTML, like Gecko) Version/13.0.3 Mobile/15E148 Safari/604.1"
160.153.172.103 - - [02/Sep/2026:17:02:03 +0000] "GET /.well-known/acme-challenge/AONW48L_3CHVXG2P5P-LSH2QOS47R38Z HTTP/1.1" 404 355 "-" "Cpanel-HTTP-Client/1.0"
160.153.172.103 - - [02/Sep/2026:17:02:04 +0000] "GET /.well-known/acme-challenge/RD9S5I-Y11ROXYOMYONZNMN_TEA892N7 HTTP/1.1" 404 355 "-" "Cpanel-HTTP-Client/1.0"
160.153.172.103 - - [02/Sep/2026:17:02:04 +0000] "GET /.well-known/acme-challenge/LY8_QTL_VYNR0318FZBYKJPC4ZRXZIML HTTP/1.1" 404 355 "-" "Cpanel-HTTP-Client/1.0"
72.167.149.90 - - [02/Sep/2026:17:06:20 +0000] "GET /.well-known/acme-challenge/W-MGPTZ1ZMZKVINDJZ98BM0OKNEVBQRU HTTP/1.1" 200 64 "-" "Cpanel-HTTP-Client/1.0"
72.167.149.90 - - [02/Sep/2026:17:06:22 +0000] "GET /.well-known/acme-challenge/HP79E_R_FS1HHWU6RHRME8GDGZP7YQD5 HTTP/1.1" 200 64 "-" "Cpanel-HTTP-Client/1.0"
72.167.149.90 - - [02/Sep/2026:17:06:22 +0000] "GET /.well-known/acme-challenge/U1XSXU4LJOR346DJ2QJG728SD95T1O1- HTTP/1.1" 200 64 "-" "Cpanel-HTTP-Client/1.0"
72.167.149.90 - - [02/Sep/2026:17:10:00 +0000] "POST /wp-cron.php?doing_wp_cron=1788368999.0881059169769287109375 HTTP/1.1" 499 0 "-" "WordPress/7.1; https://uslconsultation.com"
195.2.67.184 - - [02/Sep/2026:17:10:00 +0000] "GET /uncategorized/hello-world/ HTTP/1.0" 404 184439 "http://uslconsultation.com/uncategorized/hello-world/" "Mozilla/5.0 (Windows NT 10.0; Win64; x64) AppleWebKit/537.36 (KHTML, like Gecko) Chrome/131.0.0.0 Safari/537.36"
20.115.131.249 - - [02/Sep/2026:17:41:16 +0000] "GET / HTTP/1.1" 499 0 "-" "Mozilla/5.0 (Windows NT 10.0; Win64; x64) AppleWebKit/537.36 (KHTML, like Gecko) Chrome/126.0 Safari/537.36"
20.115.131.249 - - [02/Sep/2026:17:41:25 +0000] "GET / HTTP/1.1" 301 5 "-" "Mozilla/5.0 (Windows NT 10.0; Win64; x64) AppleWebKit/537.36 (KHTML, like Gecko) Chrome/126.0 Safari/537.36"
72.167.149.90 - - [02/Sep/2026:18:00:26 +0000] "POST /wp-cron.php?doing_wp_cron=1788372025.0361669063568115234375 HTTP/1.1" 499 0 "-" "WordPress/7.1; https://uslconsultation.com"
43.159.143.139 - - [02/Sep/2026:18:00:26 +0000] "GET / HTTP/1.1" 301 5 "-" "Mozilla/5.0 (iPhone; CPU iPhone OS 13_2_3 like Mac OS X) AppleWebKit/605.1.15 (KHTML, like Gecko) Version/13.0.3 Mobile/15E148 Safari/604.1"
72.167.149.90 - - [02/Sep/2026:18:13:25 +0000] "POST /wp-cron.php?doing_wp_cron=1788372804.5160861015319824218750 HTTP/1.1" 499 0 "-" "WordPress/7.1; https://uslconsultation.com"
45.74.3.87 - - [02/Sep/2026:18:13:25 +0000] "GET /uncategorized/hello-world/ HTTP/1.0" 404 184439 "http://uslconsultation.com/uncategorized/hello-world/" "Mozilla/5.0 (Windows NT 10.0; Win64; x64) AppleWebKit/537.36 (KHTML, like Gecko) Chrome/129.0.0.0 Safari/537.36"
51.68.111.242 - - [02/Sep/2026:18:19:46 +0000] "GET /robots.txt HTTP/1.1" 200 124 "-" "Mozilla/5.0 (compatible; MJ12bot/v2.0.5; http://mj12bot.com/)"
51.68.111.242 - - [02/Sep/2026:18:19:48 +0000] "GET / HTTP/1.1" 301 5 "-" "Mozilla/5.0 (compatible; MJ12bot/v2.0.5; http://mj12bot.com/)"
72.167.149.90 - - [02/Sep/2026:18:47:13 +0000] "POST /wp-cron.php?doing_wp_cron=1788374832.1326899528503417968750 HTTP/1.1" 499 0 "-" "WordPress/7.1; https://uslconsultation.com"
34.209.251.15 - - [02/Sep/2026:18:47:13 +0000] "GET / HTTP/1.1" 301 5 "-" "Mozilla/5.0 (Macintosh; Intel Mac OS X 10_13_6) AppleWebKit/537.36 (KHTML, like Gecko) Chrome/76.0.3809.100 Safari/537.36"
72.167.149.90 - - [02/Sep/2026:19:19:44 +0000] "POST /wp-cron.php?doing_wp_cron=1788376783.8372368812561035156250 HTTP/1.1" 499 0 "-" "WordPress/7.1; https://uslconsultation.com"
49.51.183.220 - - [02/Sep/2026:19:19:44 +0000] "GET / HTTP/1.1" 301 5 "-" "Mozilla/5.0 (iPhone; CPU iPhone OS 13_2_3 like Mac OS X) AppleWebKit/605.1.15 (KHTML, like Gecko) Version/13.0.3 Mobile/15E148 Safari/604.1"
72.167.149.90 - - [02/Sep/2026:19:48:32 +0000] "POST /wp-cron.php?doing_wp_cron=1788378511.0665380954742431640625 HTTP/1.1" 499 0 "-" "WordPress/7.1; https://uslconsultation.com"
34.174.192.0 - - [02/Sep/2026:19:48:32 +0000] "HEAD /new/ HTTP/1.1" 404 0 "-" "Mozilla/5.0 (Windows NT 10.0; Win64; x64) AppleWebKit/537.36 (KHTML, like Gecko) Chrome/127.0.6534.42 Safari/537.36"
34.174.192.0 - - [02/Sep/2026:19:48:33 +0000] "HEAD /old/ HTTP/1.1" 404 0 "-" "Mozilla/5.0 (iPad; CPU OS 17_4 like Mac OS X) AppleWebKit/605.1.15 (KHTML, like Gecko) Version/17.4 Mobile/15E148 Safari/604.1"
34.174.192.0 - - [02/Sep/2026:19:48:35 +0000] "HEAD /wordpress/ HTTP/1.1" 404 0 "-" "Mozilla/5.0 (Linux; Android 13; Nokia G42 5G) AppleWebKit/537.36 (KHTML, like Gecko) Chrome/126.0.6478.41 Mobile Safari/537.36"
34.174.192.0 - - [02/Sep/2026:19:48:37 +0000] "HEAD / HTTP/1.1" 301 0 "-" "Mozilla/5.0 (Linux; Android 13; Nokia G42 5G) AppleWebKit/537.36 (KHTML, like Gecko) Chrome/126.0.6478.41 Mobile Safari/537.36"
34.174.192.0 - - [02/Sep/2026:19:48:40 +0000] "HEAD /blog/ HTTP/1.1" 200 0 "-" "Mozilla/5.0 (Linux; U; Android 10; en-US; CPH2015) AppleWebKit/537.36 (KHTML, like Gecko) UCBrowser/13.5.8.1311 Mobile Safari/537.36"
34.174.192.0 - - [02/Sep/2026:19:48:41 +0000] "HEAD /backup/ HTTP/1.1" 404 0 "-" "Mozilla/5.0 (Windows NT 10.0; WOW64) AppleWebKit/537.36 (KHTML, like Gecko) Chrome/118.0.5993.90 Safari/537.36"
34.174.192.0 - - [02/Sep/2026:19:48:43 +0000] "HEAD /wp/ HTTP/1.1" 404 0 "-" "Mozilla/5.0 (Linux; Android 11; moto g31) AppleWebKit/537.36 (KHTML, like Gecko) Chrome/122.0.6261.96 Mobile Safari/537.36"
160.153.172.103 - - [02/Sep/2026:20:02:02 +0000] "GET /.well-known/acme-challenge/X3E6ZDDZ3NUAI6-EBRBDQ5IMG8EC7MUM HTTP/1.1" 404 355 "-" "Cpanel-HTTP-Client/1.0"
160.153.172.103 - - [02/Sep/2026:20:02:04 +0000] "GET /.well-known/acme-challenge/9Y94V3VK6PCTDTFVOA0P4X1JZPB0HZ3E HTTP/1.1" 404 355 "-" "Cpanel-HTTP-Client/1.0"
160.153.172.103 - - [02/Sep/2026:20:02:04 +0000] "GET /.well-known/acme-challenge/UNOJ00O6N3-O8UMR9WD5LPO0S1E3MXZ5 HTTP/1.1" 404 355 "-" "Cpanel-HTTP-Client/1.0"
72.167.149.90 - - [02/Sep/2026:20:06:15 +0000] "GET /.well-known/acme-challenge/Y7M7SM1UB-HCGPK6RPFUSPC2EEQ501AG HTTP/1.1" 200 64 "-" "Cpanel-HTTP-Client/1.0"
72.167.149.90 - - [02/Sep/2026:20:06:18 +0000] "GET /.well-known/acme-challenge/3656K35022XDP5IXXTSYJT_ZSH0GEPJ9 HTTP/1.1" 200 64 "-" "Cpanel-HTTP-Client/1.0"
72.167.149.90 - - [02/Sep/2026:20:06:18 +0000] "GET /.well-known/acme-challenge/Y-EH8KYW4YZ4KP3_09KQ_O0F9KLO-RMC HTTP/1.1" 200 64 "-" "Cpanel-HTTP-Client/1.0"
72.167.149.90 - - [02/Sep/2026:21:05:23 +0000] "POST /wp-cron.php?doing_wp_cron=1788383122.6089270114898681640625 HTTP/1.1" 499 0 "-" "WordPress/7.1; https://uslconsultation.com"
51.68.198.224 - - [02/Sep/2026:21:05:23 +0000] "GET / HTTP/1.1" 301 5 "-" "Mozilla/5.0 (Windows NT 10.0; Win64; x64; rv:92.0) Gecko/20100101 Firefox/92.0"
72.167.149.90 - - [02/Sep/2026:21:46:49 +0000] "POST /wp-cron.php?doing_wp_cron=1788385608.7922739982604980468750 HTTP/1.1" 499 0 "-" "WordPress/7.1; https://uslconsultation.com"
175.27.163.171 - - [02/Sep/2026:21:46:49 +0000] "GET / HTTP/1.1" 301 5 "-" "Mozilla/5.0 (iPhone; CPU iPhone OS 13_2_3 like Mac OS X) AppleWebKit/605.1.15 (KHTML, like Gecko) Version/13.0.3 Mobile/15E148 Safari/604.1"
109.107.178.102 - - [02/Sep/2026:21:50:01 +0000] "GET /assets/images/accesson.php HTTP/1.1" 200 231 "-" "Mozilla/5.0 (compatible; MSIE 9.0; Windows NT 10.0; Trident/5.0)"
109.107.178.102 - - [02/Sep/2026:21:50:01 +0000] "POST /assets/images/accesson.php HTTP/1.1" 200 169 "http://uslconsultation.com/assets/images/accesson.php" "Mozilla/5.0 (compatible; MSIE 9.0; Windows NT 10.0; Trident/5.0)"
109.107.178.102 - - [02/Sep/2026:21:51:27 +0000] "POST /assets/images/accesson.php HTTP/1.1" 200 175 "-" "Mozilla/5.0 (Windows NT 6.3; rv:49.0) Gecko/20100101 Firefox/49.0"
109.107.178.102 - - [02/Sep/2026:21:51:29 +0000] "POST /assets/images/accesson.php HTTP/1.1" 200 240 "http://uslconsultation.com/assets/images/accesson.php" "Mozilla/5.0 (Windows NT 6.3; rv:49.0) Gecko/20100101 Firefox/49.0"
109.107.178.102 - - [02/Sep/2026:21:51:29 +0000] "GET /assets/images/79bc3da30findex.php HTTP/1.1" 200 31 "http://uslconsultation.com/assets/images/accesson.php" "Mozilla/5.0 (Windows NT 6.3; rv:49.0) Gecko/20100101 Firefox/49.0"
109.107.178.102 - - [02/Sep/2026:21:51:29 +0000] "POST /assets/images/accesson.php HTTP/1.1" 200 40 "http://uslconsultation.com/assets/images/79bc3da30findex.php" "Mozilla/5.0 (Windows NT 6.3; rv:49.0) Gecko/20100101 Firefox/49.0"
109.107.178.102 - - [02/Sep/2026:21:51:30 +0000] "GET /assets/images/79bc3da30findex.php HTTP/1.1" 200 31 "http://uslconsultation.com/assets/images/accesson.php" "Mozilla/5.0 (Windows NT 6.3; rv:49.0) Gecko/20100101 Firefox/49.0"
109.107.178.102 - - [02/Sep/2026:22:00:32 +0000] "POST /assets/images/accesson.php HTTP/1.1" 200 175 "-" "Mozilla/5.0 (Macintosh; Intel Mac OS X 10_9_4) AppleWebKit/537.36 (KHTML, like Gecko) Chrome/51.0.2721.42 Safari/537.36"
109.107.178.102 - - [02/Sep/2026:22:00:32 +0000] "POST /assets/images/accesson.php HTTP/1.1" 200 240 "http://uslconsultation.com/assets/images/accesson.php" "Mozilla/5.0 (Macintosh; Intel Mac OS X 10_9_4) AppleWebKit/537.36 (KHTML, like Gecko) Chrome/51.0.2721.42 Safari/537.36"
109.107.178.102 - - [02/Sep/2026:22:00:33 +0000] "GET /assets/images/742e58ccf9index.php HTTP/1.1" 200 1194 "http://uslconsultation.com/assets/images/accesson.php" "Mozilla/5.0 (Macintosh; Intel Mac OS X 10_9_4) AppleWebKit/537.36 (KHTML, like Gecko) Chrome/51.0.2721.42 Safari/537.36"
109.107.178.102 - - [02/Sep/2026:22:00:34 +0000] "GET /assets/images/742e58ccf9index.php HTTP/1.1" 200 1194 "http://uslconsultation.com/assets/images/742e58ccf9index.php" "Mozilla/5.0 (Macintosh; Intel Mac OS X 10_9_4) AppleWebKit/537.36 (KHTML, like Gecko) Chrome/51.0.2721.42 Safari/537.36"
109.107.178.102 - - [02/Sep/2026:22:00:34 +0000] "GET /assets/images/742e58ccf9index.php HTTP/1.1" 200 1194 "http://uslconsultation.com/assets/images/742e58ccf9index.php" "Mozilla/5.0 (Macintosh; Intel Mac OS X 10_9_4) AppleWebKit/537.36 (KHTML, like Gecko) Chrome/51.0.2721.42 Safari/537.36"
109.107.186.106 - - [02/Sep/2026:22:34:20 +0000] "GET /assets/images/accesson.php HTTP/1.1" 200 231 "-" "Mozilla/5.0 (X11; Linux i686 on x86_64) AppleWebKit/537.36 (KHTML, like Gecko) Chrome/51.0.2720.88 Safari/537.36"
109.107.186.106 - - [02/Sep/2026:22:34:21 +0000] "POST /assets/images/accesson.php HTTP/1.1" 200 169 "http://uslconsultation.com/assets/images/accesson.php" "Mozilla/5.0 (X11; Linux i686 on x86_64) AppleWebKit/537.36 (KHTML, like Gecko) Chrome/51.0.2720.88 Safari/537.36"
109.107.186.106 - - [02/Sep/2026:22:38:05 +0000] "POST /assets/images/accesson.php HTTP/1.1" 200 175 "-" "Mozilla/5.0 (Macintosh; Intel Mac OS X 10_11_5) AppleWebKit/537.36 (KHTML, like Gecko) Chrome/51.0.2741.97 Safari/537.36"
109.107.186.106 - - [02/Sep/2026:22:38:06 +0000] "POST /assets/images/accesson.php HTTP/1.1" 200 240 "http://uslconsultation.com/assets/images/accesson.php" "Mozilla/5.0 (Macintosh; Intel Mac OS X 10_11_5) AppleWebKit/537.36 (KHTML, like Gecko) Chrome/51.0.2741.97 Safari/537.36"
109.107.186.106 - - [02/Sep/2026:22:38:06 +0000] "GET /assets/images/79bc3da30findex.php HTTP/1.1" 200 31 "http://uslconsultation.com/assets/images/accesson.php" "Mozilla/5.0 (Macintosh; Intel Mac OS X 10_11_5) AppleWebKit/537.36 (KHTML, like Gecko) Chrome/51.0.2741.97 Safari/537.36"
109.107.186.106 - - [02/Sep/2026:22:38:07 +0000] "POST /assets/images/accesson.php HTTP/1.1" 200 40 "http://uslconsultation.com/assets/images/79bc3da30findex.php" "Mozilla/5.0 (Macintosh; Intel Mac OS X 10_11_5) AppleWebKit/537.36 (KHTML, like Gecko) Chrome/51.0.2741.97 Safari/537.36"
109.107.186.106 - - [02/Sep/2026:22:38:08 +0000] "GET /assets/images/79bc3da30findex.php HTTP/1.1" 200 0 "http://uslconsultation.com/assets/images/accesson.php" "Mozilla/5.0 (Macintosh; Intel Mac OS X 10_11_5) AppleWebKit/537.36 (KHTML, like Gecko) Chrome/51.0.2741.97 Safari/537.36"
92.255.209.234 - - [02/Sep/2026:22:43:42 +0000] "GET /assets/images/accesson.php HTTP/1.1" 200 231 "-" "Mozilla/5.0 (Macintosh; Intel Mac OS X 10.8; rv:47.0) Gecko/20100101 Firefox/47.0"
92.255.209.234 - - [02/Sep/2026:22:44:55 +0000] "POST /assets/images/accesson.php HTTP/1.1" 200 169 "http://uslconsultation.com/assets/images/accesson.php" "Mozilla/5.0 (Macintosh; Intel Mac OS X 10.8; rv:47.0) Gecko/20100101 Firefox/47.0"
92.255.209.234 - - [02/Sep/2026:22:51:14 +0000] "POST /assets/images/accesson.php HTTP/1.1" 200 175 "-" "Mozilla/5.0 (Windows NT 10.0; WOW64; rv:46.0) Gecko/20100101 Firefox/46.0"
92.255.209.234 - - [02/Sep/2026:22:51:14 +0000] "POST /assets/images/accesson.php HTTP/1.1" 200 240 "http://uslconsultation.com/assets/images/accesson.php" "Mozilla/5.0 (Windows NT 10.0; WOW64; rv:46.0) Gecko/20100101 Firefox/46.0"
92.255.209.234 - - [02/Sep/2026:22:51:15 +0000] "GET /assets/images/79bc3da30findex.php HTTP/1.1" 200 0 "http://uslconsultation.com/assets/images/accesson.php" "Mozilla/5.0 (Windows NT 10.0; WOW64; rv:46.0) Gecko/20100101 Firefox/46.0"
92.255.209.234 - - [02/Sep/2026:22:51:15 +0000] "POST /assets/images/accesson.php HTTP/1.1" 200 40 "http://uslconsultation.com/assets/images/79bc3da30findex.php" "Mozilla/5.0 (Windows NT 10.0; WOW64; rv:46.0) Gecko/20100101 Firefox/46.0"
92.255.209.234 - - [02/Sep/2026:22:51:16 +0000] "GET /assets/images/79bc3da30findex.php HTTP/1.1" 200 31 "http://uslconsultation.com/assets/images/accesson.php" "Mozilla/5.0 (Windows NT 10.0; WOW64; rv:46.0) Gecko/20100101 Firefox/46.0"
109.107.186.106 - - [02/Sep/2026:22:58:48 +0000] "POST /assets/images/accesson.php HTTP/1.1" 200 175 "-" "Mozilla/5.0 (Windows NT 5.1; WOW64; rv:47.0) Gecko/20100101 Firefox/47.0"
109.107.186.106 - - [02/Sep/2026:22:58:48 +0000] "POST /assets/images/accesson.php HTTP/1.1" 200 240 "http://uslconsultation.com/assets/images/accesson.php" "Mozilla/5.0 (Windows NT 5.1; WOW64; rv:47.0) Gecko/20100101 Firefox/47.0"
109.107.186.106 - - [02/Sep/2026:22:58:48 +0000] "GET /assets/images/742e58ccf9index.php HTTP/1.1" 200 1194 "http://uslconsultation.com/assets/images/accesson.php" "Mozilla/5.0 (Windows NT 5.1; WOW64; rv:47.0) Gecko/20100101 Firefox/47.0"
109.107.186.106 - - [02/Sep/2026:22:58:49 +0000] "GET /assets/images/742e58ccf9index.php HTTP/1.1" 200 1194 "http://uslconsultation.com/assets/images/742e58ccf9index.php" "Mozilla/5.0 (Windows NT 5.1; WOW64; rv:47.0) Gecko/20100101 Firefox/47.0"
109.107.186.106 - - [02/Sep/2026:22:58:49 +0000] "GET /assets/images/742e58ccf9index.php HTTP/1.1" 200 1194 "http://uslconsultation.com/assets/images/742e58ccf9index.php" "Mozilla/5.0 (Windows NT 5.1; WOW64; rv:47.0) Gecko/20100101 Firefox/47.0"
160.153.172.103 - - [02/Sep/2026:23:02:03 +0000] "GET /.well-known/acme-challenge/FEY01AJ9ZG4HHWDXRHX8RLFJ6XBNX65B HTTP/1.1" 404 355 "-" "Cpanel-HTTP-Client/1.0"
160.153.172.103 - - [02/Sep/2026:23:02:04 +0000] "GET /.well-known/acme-challenge/TA0EK87G_B0T_C7MJL-7QN5UI8KJIX4Z HTTP/1.1" 404 355 "-" "Cpanel-HTTP-Client/1.0"
160.153.172.103 - - [02/Sep/2026:23:02:04 +0000] "GET /.well-known/acme-challenge/83LY2FI7GEIST9ZA00VN74PF70RBUD8D HTTP/1.1" 404 355 "-" "Cpanel-HTTP-Client/1.0"
72.167.149.90 - - [02/Sep/2026:23:06:13 +0000] "GET /.well-known/acme-challenge/8QM1KRH8RZOJOJWD348HMCZC2BOHVU7U HTTP/1.1" 200 64 "-" "Cpanel-HTTP-Client/1.0"
72.167.149.90 - - [02/Sep/2026:23:06:15 +0000] "GET /.well-known/acme-challenge/ESF-1E8E-5CHYD2C_RCMK5M1U69DA-MX HTTP/1.1" 200 64 "-" "Cpanel-HTTP-Client/1.0"
72.167.149.90 - - [02/Sep/2026:23:06:16 +0000] "GET /.well-known/acme-challenge/TSWCT09128G3K-YUGCDP330E643Y-MXL HTTP/1.1" 200 64 "-" "Cpanel-HTTP-Client/1.0"
72.167.149.90 - - [02/Sep/2026:23:15:56 +0000] "POST /wp-cron.php?doing_wp_cron=1788390955.1139180660247802734375 HTTP/1.1" 499 0 "-" "WordPress/7.1; https://uslconsultation.com"
34.76.199.251 - - [02/Sep/2026:23:15:56 +0000] "GET / HTTP/1.1" 301 5 "-" "python-requests/2.32.5"
89.36.161.222 - - [02/Sep/2026:23:31:45 +0000] "GET /assets/images/accesson.php HTTP/1.1" 200 231 "-" "Mozilla/5.0 (Windows NT 6.2; rv:45.0) Gecko/20100101 Firefox/45.0"
89.36.161.222 - - [02/Sep/2026:23:31:45 +0000] "POST /assets/images/accesson.php HTTP/1.1" 200 169 "http://uslconsultation.com/assets/images/accesson.php" "Mozilla/5.0 (Windows NT 6.2; rv:45.0) Gecko/20100101 Firefox/45.0"
89.36.161.222 - - [02/Sep/2026:23:39:29 +0000] "POST /assets/images/accesson.php HTTP/1.1" 200 175 "-" "Mozilla/5.0 (Windows NT 5.1; Win64; x64; rv:45.0) Gecko/20100101 Firefox/45.0"
89.36.161.222 - - [02/Sep/2026:23:39:45 +0000] "POST /assets/images/accesson.php HTTP/1.1" 200 240 "http://uslconsultation.com/assets/images/accesson.php" "Mozilla/5.0 (Windows NT 5.1; Win64; x64; rv:45.0) Gecko/20100101 Firefox/45.0"
