72.167.149.90 - - [30/Aug/2026:20:06:16 +0000] "GET /.well-known/acme-challenge/1TBVHW3T6MB-U40_VG4EAVFIZX-S5R-Y HTTP/1.1" 200 64 "-" "Cpanel-HTTP-Client/1.0"
157.90.95.245 - - [30/Aug/2026:20:54:46 +0000] "GET /wp-content/plugins/pods/readme.txt HTTP/1.1" 404 50962 "-" "Mozilla/5.0 (Macintosh; Intel Mac OS X 10_15_7) AppleWebKit/537.36 (KHTML, like Gecko) Chrome/124.0.0.0 Safari/537.36"
157.90.95.245 - - [30/Aug/2026:20:54:50 +0000] "GET /wp-content/plugins/pods/init.php HTTP/1.1" 404 50958 "-" "Mozilla/5.0 (Macintosh; Intel Mac OS X 10_15_7) AppleWebKit/537.36 (KHTML, like Gecko) Chrome/124.0.0.0 Safari/537.36"
72.167.149.90 - - [30/Aug/2026:22:01:16 +0000] "POST /wp-cron.php?doing_wp_cron=1788127275.7312500476837158203125 HTTP/1.1" 499 0 "-" "WordPress/7.1; https://uslconsultation.com"
43.153.122.30 - - [30/Aug/2026:22:01:16 +0000] "GET / HTTP/1.1" 301 5 "-" "Mozilla/5.0 (iPhone; CPU iPhone OS 13_2_3 like Mac OS X) AppleWebKit/605.1.15 (KHTML, like Gecko) Version/13.0.3 Mobile/15E148 Safari/604.1"
160.153.172.103 - - [30/Aug/2026:23:02:03 +0000] "GET /.well-known/acme-challenge/8Q-WGQ-MUKOT8FVSR6LMSJ0IG7X8_LH5 HTTP/1.1" 404 355 "-" "Cpanel-HTTP-Client/1.0"
160.153.172.103 - - [30/Aug/2026:23:02:05 +0000] "GET /.well-known/acme-challenge/BTLM_KWIHR011HNJ9S-D-9RBBDT0WWM4 HTTP/1.1" 404 355 "-" "Cpanel-HTTP-Client/1.0"
160.153.172.103 - - [30/Aug/2026:23:02:05 +0000] "GET /.well-known/acme-challenge/PK3JXGGKI_H65N571-H0VS6XDAJNJ_UQ HTTP/1.1" 404 355 "-" "Cpanel-HTTP-Client/1.0"
72.167.149.90 - - [30/Aug/2026:23:06:11 +0000] "GET /.well-known/acme-challenge/86Y402KKYFFNAA-6H4TJT_Z4OQQVRWJ8 HTTP/1.1" 200 64 "-" "Cpanel-HTTP-Client/1.0"
72.167.149.90 - - [30/Aug/2026:23:06:13 +0000] "GET /.well-known/acme-challenge/GGGF7RR4XO9LW-4BW9WUZLDXILKL8-8T HTTP/1.1" 200 64 "-" "Cpanel-HTTP-Client/1.0"
72.167.149.90 - - [30/Aug/2026:23:06:14 +0000] "GET /.well-known/acme-challenge/XZ39UN41CFSTT_HHPE2PPZS6466LGY6Q HTTP/1.1" 200 64 "-" "Cpanel-HTTP-Client/1.0"
72.167.149.90 - - [30/Aug/2026:23:08:44 +0000] "POST /wp-cron.php?doing_wp_cron=1788131323.6726069450378417968750 HTTP/1.1" 499 0 "-" "WordPress/7.1; https://uslconsultation.com"
47.89.129.126 - - [30/Aug/2026:23:08:44 +0000] "GET / HTTP/1.1" 301 5 "-" "Mozilla/5.0 (iPhone; CPU iPhone OS 13_2_3 like Mac OS X) AppleWebKit/605.1.15 (KHTML, like Gecko) Version/13.0.3 Mobile/15E148 Safari/604.1"
72.167.149.90 - - [31/Aug/2026:01:09:51 +0000] "POST /wp-cron.php?doing_wp_cron=1788138590.4499940872192382812500 HTTP/1.1" 499 0 "-" "WordPress/7.1; https://uslconsultation.com"
43.138.68.113 - - [31/Aug/2026:01:09:51 +0000] "GET / HTTP/1.1" 301 5 "-" "Mozilla/5.0 (iPhone; CPU iPhone OS 13_2_3 like Mac OS X) AppleWebKit/605.1.15 (KHTML, like Gecko) Version/13.0.3 Mobile/15E148 Safari/604.1"
160.153.172.103 - - [31/Aug/2026:02:02:03 +0000] "GET /.well-known/acme-challenge/8GPQ1N7_NPQT8O49BZAICIPS4CG3R5Z5 HTTP/1.1" 404 355 "-" "Cpanel-HTTP-Client/1.0"
160.153.172.103 - - [31/Aug/2026:02:02:05 +0000] "GET /.well-known/acme-challenge/6FXU1ZVXWI_NZJDZM6EUIRX7Q5DK8B43 HTTP/1.1" 404 355 "-" "Cpanel-HTTP-Client/1.0"
160.153.172.103 - - [31/Aug/2026:02:02:05 +0000] "GET /.well-known/acme-challenge/8E162VMIZDSV6_KTKGR7H1CVHTMV_O9K HTTP/1.1" 404 355 "-" "Cpanel-HTTP-Client/1.0"
72.167.149.90 - - [31/Aug/2026:02:06:16 +0000] "GET /.well-known/acme-challenge/JVCO8TDLRKLKDGHDX9B921_AINOO4B1W HTTP/1.1" 200 64 "-" "Cpanel-HTTP-Client/1.0"
72.167.149.90 - - [31/Aug/2026:02:06:19 +0000] "GET /.well-known/acme-challenge/EDC46UYVZFL_PQIHYLPPPUTZZGAP2LKZ HTTP/1.1" 200 64 "-" "Cpanel-HTTP-Client/1.0"
72.167.149.90 - - [31/Aug/2026:02:06:19 +0000] "GET /.well-known/acme-challenge/WZTHWPM6TNH8RV2ESY-MH_KSF6YOW2X7 HTTP/1.1" 200 64 "-" "Cpanel-HTTP-Client/1.0"
72.167.149.90 - - [31/Aug/2026:02:55:27 +0000] "POST /wp-cron.php?doing_wp_cron=1788144926.2148780822753906250000 HTTP/1.1" 499 0 "-" "WordPress/7.1; https://uslconsultation.com"
89.124.92.190 - - [31/Aug/2026:02:55:27 +0000] "GET /uncategorized/hello-world/ HTTP/1.0" 404 184439 "http://uslconsultation.com/uncategorized/hello-world/" "Mozilla/5.0 (Windows NT 10.0; Win64; x64) AppleWebKit/537.36 (KHTML, like Gecko) Chrome/130.0.0.0 Safari/537.36"
72.167.149.90 - - [31/Aug/2026:03:02:40 +0000] "POST /wp-cron.php?doing_wp_cron=1788145359.4366788864135742187500 HTTP/1.1" 499 0 "-" "WordPress/7.1; https://uslconsultation.com"
169.58.246.199 - - [31/Aug/2026:03:02:40 +0000] "GET / HTTP/1.1" 301 5 "-" "Mozilla/5.0 (Macintosh; Intel Mac OS X 10_15_7) AppleWebKit/537.36 (KHTML, like Gecko) Chrome/150.0 Safari/537.36"
169.58.246.199 - - [31/Aug/2026:03:02:52 +0000] "GET /?trp-edit-translation=preview HTTP/1.1" 301 5 "-" "Mozilla/5.0 (Macintosh; Intel Mac OS X 10_15_7) AppleWebKit/537.36 (KHTML, like Gecko) Chrome/150.0 Safari/537.36"
169.58.246.199 - - [31/Aug/2026:03:03:10 +0000] "GET / HTTP/1.1" 301 5 "-" "Mozilla/5.0 (Macintosh; Intel Mac OS X 10_15_7) AppleWebKit/537.36 (KHTML, like Gecko) Chrome/150.0 Safari/537.36"
169.58.246.199 - - [31/Aug/2026:03:03:25 +0000] "GET /?author=1 HTTP/1.1" 301 5 "-" "Mozilla/5.0 (Macintosh; Intel Mac OS X 10_15_7) AppleWebKit/537.36 (KHTML, like Gecko) Chrome/150.0 Safari/537.36"
170.106.180.139 - - [31/Aug/2026:03:03:29 +0000] "GET / HTTP/1.1" 301 5 "-" "Mozilla/5.0 (iPhone; CPU iPhone OS 13_2_3 like Mac OS X) AppleWebKit/605.1.15 (KHTML, like Gecko) Version/13.0.3 Mobile/15E148 Safari/604.1"
169.58.246.199 - - [31/Aug/2026:03:03:40 +0000] "GET /?author=2 HTTP/1.1" 200 193840 "-" "Mozilla/5.0 (Macintosh; Intel Mac OS X 10_15_7) AppleWebKit/537.36 (KHTML, like Gecko) Chrome/150.0 Safari/537.36"
169.58.246.199 - - [31/Aug/2026:03:03:45 +0000] "GET /?author=3 HTTP/1.1" 404 184393 "-" "Mozilla/5.0 (Macintosh; Intel Mac OS X 10_15_7) AppleWebKit/537.36 (KHTML, like Gecko) Chrome/150.0 Safari/537.36"
169.58.246.199 - - [31/Aug/2026:03:03:48 +0000] "GET /wp-json/wp/v2/users HTTP/1.1" 200 1678 "-" "Mozilla/5.0 (Macintosh; Intel Mac OS X 10_15_7) AppleWebKit/537.36 (KHTML, like Gecko) Chrome/150.0 Safari/537.36"
169.58.246.199 - - [31/Aug/2026:03:03:51 +0000] "GET /?rest_route=/wp/v2/users HTTP/1.1" 200 983 "-" "Mozilla/5.0 (Macintosh; Intel Mac OS X 10_15_7) AppleWebKit/537.36 (KHTML, like Gecko) Chrome/150.0 Safari/537.36"
169.58.246.199 - - [31/Aug/2026:03:03:54 +0000] "GET /feed/ HTTP/1.1" 200 45038 "-" "Mozilla/5.0 (Macintosh; Intel Mac OS X 10_15_7) AppleWebKit/537.36 (KHTML, like Gecko) Chrome/150.0 Safari/537.36"
169.58.246.199 - - [31/Aug/2026:03:03:57 +0000] "POST /wp-login.php?action=lostpassword HTTP/1.1" 302 5 "-" "Mozilla/5.0 (Macintosh; Intel Mac OS X 10_15_7) AppleWebKit/537.36 (KHTML, like Gecko) Chrome/150.0 Safari/537.36"
72.167.149.90 - - [31/Aug/2026:03:04:06 +0000] "POST /wp-cron.php?doing_wp_cron=1788145445.7172350883483886718750 HTTP/1.1" 499 0 "-" "WordPress/7.1; https://uslconsultation.com"
169.58.246.199 - - [31/Aug/2026:03:04:06 +0000] "POST /wp-admin/admin-ajax.php HTTP/1.1" 400 11 "-" "Mozilla/5.0 (Macintosh; Intel Mac OS X 10_15_7) AppleWebKit/537.36 (KHTML, like Gecko) Chrome/150.0 Safari/537.36"
169.58.246.199 - - [31/Aug/2026:03:04:10 +0000] "POST /wp-admin/admin-ajax.php HTTP/1.1" 400 11 "-" "Mozilla/5.0 (Macintosh; Intel Mac OS X 10_15_7) AppleWebKit/537.36 (KHTML, like Gecko) Chrome/150.0 Safari/537.36"
169.58.246.199 - - [31/Aug/2026:03:04:14 +0000] "POST /wp-admin/admin-ajax.php HTTP/1.1" 400 11 "-" "Mozilla/5.0 (Macintosh; Intel Mac OS X 10_15_7) AppleWebKit/537.36 (KHTML, like Gecko) Chrome/150.0 Safari/537.36"
169.58.246.199 - - [31/Aug/2026:03:04:18 +0000] "POST /wp-admin/admin-ajax.php HTTP/1.1" 400 11 "-" "Mozilla/5.0 (Macintosh; Intel Mac OS X 10_15_7) AppleWebKit/537.36 (KHTML, like Gecko) Chrome/150.0 Safari/537.36"
169.58.246.199 - - [31/Aug/2026:03:04:22 +0000] "POST /wp-admin/admin-ajax.php HTTP/1.1" 400 11 "-" "Mozilla/5.0 (Macintosh; Intel Mac OS X 10_15_7) AppleWebKit/537.36 (KHTML, like Gecko) Chrome/150.0 Safari/537.36"
169.58.246.199 - - [31/Aug/2026:03:04:26 +0000] "POST /wp-admin/admin-ajax.php HTTP/1.1" 400 11 "-" "Mozilla/5.0 (Macintosh; Intel Mac OS X 10_15_7) AppleWebKit/537.36 (KHTML, like Gecko) Chrome/150.0 Safari/537.36"
169.58.246.199 - - [31/Aug/2026:03:04:29 +0000] "POST /wp-admin/admin-ajax.php HTTP/1.1" 400 11 "-" "Mozilla/5.0 (Macintosh; Intel Mac OS X 10_15_7) AppleWebKit/537.36 (KHTML, like Gecko) Chrome/150.0 Safari/537.36"
169.58.246.199 - - [31/Aug/2026:03:04:32 +0000] "POST /wp-admin/admin-ajax.php HTTP/1.1" 400 11 "-" "Mozilla/5.0 (Macintosh; Intel Mac OS X 10_15_7) AppleWebKit/537.36 (KHTML, like Gecko) Chrome/150.0 Safari/537.36"
169.58.246.199 - - [31/Aug/2026:03:04:35 +0000] "POST /wp-admin/admin-ajax.php HTTP/1.1" 400 11 "-" "Mozilla/5.0 (Macintosh; Intel Mac OS X 10_15_7) AppleWebKit/537.36 (KHTML, like Gecko) Chrome/150.0 Safari/537.36"
169.58.246.199 - - [31/Aug/2026:03:04:39 +0000] "POST /wp-admin/admin-ajax.php HTTP/1.1" 400 11 "-" "Mozilla/5.0 (Macintosh; Intel Mac OS X 10_15_7) AppleWebKit/537.36 (KHTML, like Gecko) Chrome/150.0 Safari/537.36"
169.58.246.199 - - [31/Aug/2026:03:04:43 +0000] "POST /wp-login.php?action=lostpassword HTTP/1.1" 302 5 "-" "Mozilla/5.0 (Macintosh; Intel Mac OS X 10_15_7) AppleWebKit/537.36 (KHTML, like Gecko) Chrome/150.0 Safari/537.36"
169.58.246.199 - - [31/Aug/2026:03:04:52 +0000] "POST /wp-admin/admin-ajax.php HTTP/1.1" 400 11 "-" "Mozilla/5.0 (Macintosh; Intel Mac OS X 10_15_7) AppleWebKit/537.36 (KHTML, like Gecko) Chrome/150.0 Safari/537.36"
169.58.246.199 - - [31/Aug/2026:03:04:58 +0000] "POST /wp-admin/admin-ajax.php HTTP/1.1" 400 11 "-" "Mozilla/5.0 (Macintosh; Intel Mac OS X 10_15_7) AppleWebKit/537.36 (KHTML, like Gecko) Chrome/150.0 Safari/537.36"
72.167.149.90 - - [31/Aug/2026:03:05:07 +0000] "POST /wp-cron.php?doing_wp_cron=1788145506.6314229965209960937500 HTTP/1.1" 499 0 "-" "WordPress/7.1; https://uslconsultation.com"
169.58.246.199 - - [31/Aug/2026:03:05:07 +0000] "POST /wp-admin/admin-ajax.php HTTP/1.1" 400 11 "-" "Mozilla/5.0 (Macintosh; Intel Mac OS X 10_15_7) AppleWebKit/537.36 (KHTML, like Gecko) Chrome/150.0 Safari/537.36"
169.58.246.199 - - [31/Aug/2026:03:05:15 +0000] "POST /wp-admin/admin-ajax.php HTTP/1.1" 400 11 "-" "Mozilla/5.0 (Macintosh; Intel Mac OS X 10_15_7) AppleWebKit/537.36 (KHTML, like Gecko) Chrome/150.0 Safari/537.36"
169.58.246.199 - - [31/Aug/2026:03:05:22 +0000] "POST /wp-admin/admin-ajax.php HTTP/1.1" 400 11 "-" "Mozilla/5.0 (Macintosh; Intel Mac OS X 10_15_7) AppleWebKit/537.36 (KHTML, like Gecko) Chrome/150.0 Safari/537.36"
169.58.246.199 - - [31/Aug/2026:03:05:26 +0000] "POST /wp-admin/admin-ajax.php HTTP/1.1" 400 11 "-" "Mozilla/5.0 (Macintosh; Intel Mac OS X 10_15_7) AppleWebKit/537.36 (KHTML, like Gecko) Chrome/150.0 Safari/537.36"
169.58.246.199 - - [31/Aug/2026:03:05:31 +0000] "POST /wp-admin/admin-ajax.php HTTP/1.1" 400 11 "-" "Mozilla/5.0 (Macintosh; Intel Mac OS X 10_15_7) AppleWebKit/537.36 (KHTML, like Gecko) Chrome/150.0 Safari/537.36"
169.58.246.199 - - [31/Aug/2026:03:05:35 +0000] "POST /wp-admin/admin-ajax.php HTTP/1.1" 400 11 "-" "Mozilla/5.0 (Macintosh; Intel Mac OS X 10_15_7) AppleWebKit/537.36 (KHTML, like Gecko) Chrome/150.0 Safari/537.36"
169.58.246.199 - - [31/Aug/2026:03:05:42 +0000] "POST /wp-admin/admin-ajax.php HTTP/1.1" 400 11 "-" "Mozilla/5.0 (Macintosh; Intel Mac OS X 10_15_7) AppleWebKit/537.36 (KHTML, like Gecko) Chrome/150.0 Safari/537.36"
169.58.246.199 - - [31/Aug/2026:03:05:50 +0000] "POST /wp-admin/admin-ajax.php HTTP/1.1" 400 11 "-" "Mozilla/5.0 (Macintosh; Intel Mac OS X 10_15_7) AppleWebKit/537.36 (KHTML, like Gecko) Chrome/150.0 Safari/537.36"
72.167.149.90 - - [31/Aug/2026:04:02:16 +0000] "POST /wp-cron.php?doing_wp_cron=1788148935.4315469264984130859375 HTTP/1.1" 499 0 "-" "WordPress/7.1; https://uslconsultation.com"
43.159.148.221 - - [31/Aug/2026:04:02:16 +0000] "GET / HTTP/1.1" 301 5 "-" "Mozilla/5.0 (iPhone; CPU iPhone OS 13_2_3 like Mac OS X) AppleWebKit/605.1.15 (KHTML, like Gecko) Version/13.0.3 Mobile/15E148 Safari/604.1"
160.153.172.103 - - [31/Aug/2026:05:02:03 +0000] "GET /.well-known/acme-challenge/GSR_4TH8ZHZM-328GLTG3VJBOKZ911DN HTTP/1.1" 404 355 "-" "Cpanel-HTTP-Client/1.0"
160.153.172.103 - - [31/Aug/2026:05:02:05 +0000] "GET /.well-known/acme-challenge/-ML43E_GHW9R-JM5MSRK2A73M5RK_E7U HTTP/1.1" 404 355 "-" "Cpanel-HTTP-Client/1.0"
160.153.172.103 - - [31/Aug/2026:05:02:05 +0000] "GET /.well-known/acme-challenge/GK14HJ1BQCL2CDZLX-W95JN35MN1B7ZR HTTP/1.1" 404 355 "-" "Cpanel-HTTP-Client/1.0"
72.167.149.90 - - [31/Aug/2026:05:06:15 +0000] "GET /.well-known/acme-challenge/CU_BE2Y0D6OTT3D4F4Y_ZQKCAZ8BZ71X HTTP/1.1" 200 64 "-" "Cpanel-HTTP-Client/1.0"
72.167.149.90 - - [31/Aug/2026:05:06:18 +0000] "GET /.well-known/acme-challenge/K-DXCJFCSHJ66_B82E8FWISX2H-_WV-W HTTP/1.1" 200 64 "-" "Cpanel-HTTP-Client/1.0"
72.167.149.90 - - [31/Aug/2026:05:06:18 +0000] "GET /.well-known/acme-challenge/7T4HU79W58ZIASG71PPHG-PJ3O5648BL HTTP/1.1" 200 64 "-" "Cpanel-HTTP-Client/1.0"
72.167.149.90 - - [31/Aug/2026:06:00:18 +0000] "POST /wp-cron.php?doing_wp_cron=1788156017.2765130996704101562500 HTTP/1.1" 499 0 "-" "WordPress/7.1; https://uslconsultation.com"
3.18.186.238 - - [31/Aug/2026:06:00:18 +0000] "GET / HTTP/1.1" 301 5 "-" "visionheight.com/scan Mozilla/5.0 (Macintosh; Intel Mac OS X 10_15_7) Chrome/126.0.0.0 Safari/537.36"
72.167.149.90 - - [31/Aug/2026:06:34:46 +0000] "POST /wp-cron.php?doing_wp_cron=1788158085.1226270198822021484375 HTTP/1.1" 499 0 "-" "WordPress/7.1; https://uslconsultation.com"
82.156.88.97 - - [31/Aug/2026:06:34:46 +0000] "GET / HTTP/1.1" 301 5 "-" "Mozilla/5.0 (iPhone; CPU iPhone OS 13_2_3 like Mac OS X) AppleWebKit/605.1.15 (KHTML, like Gecko) Version/13.0.3 Mobile/15E148 Safari/604.1"
72.167.149.90 - - [31/Aug/2026:07:24:56 +0000] "POST /wp-cron.php?doing_wp_cron=1788161095.0024609565734863281250 HTTP/1.1" 499 0 "-" "WordPress/7.1; https://uslconsultation.com"
43.133.60.94 - - [31/Aug/2026:07:24:56 +0000] "GET / HTTP/1.1" 301 5 "-" "Mozilla/5.0 (iPhone; CPU iPhone OS 13_2_3 like Mac OS X) AppleWebKit/605.1.15 (KHTML, like Gecko) Version/13.0.3 Mobile/15E148 Safari/604.1"
160.153.172.103 - - [31/Aug/2026:08:02:04 +0000] "GET /.well-known/acme-challenge/4TWB_JV_DTVA_-7COAP9JS1FR-NBU_JL HTTP/1.1" 404 355 "-" "Cpanel-HTTP-Client/1.0"
160.153.172.103 - - [31/Aug/2026:08:02:05 +0000] "GET /.well-known/acme-challenge/FTDE27FY5ZT6SZTEFJ9TNOZZ1__VZ4HJ HTTP/1.1" 404 355 "-" "Cpanel-HTTP-Client/1.0"
160.153.172.103 - - [31/Aug/2026:08:02:06 +0000] "GET /.well-known/acme-challenge/JC6DENCTNA-R65MUVJ6HCIKNA67O28VK HTTP/1.1" 404 355 "-" "Cpanel-HTTP-Client/1.0"
72.167.149.90 - - [31/Aug/2026:08:06:22 +0000] "GET /.well-known/acme-challenge/KZ4DBBJUM-O_I4-SFSKI7JZXM2J11Z1Q HTTP/1.1" 200 64 "-" "Cpanel-HTTP-Client/1.0"
72.167.149.90 - - [31/Aug/2026:08:06:25 +0000] "GET /.well-known/acme-challenge/3TZ00OO-N9GC4KP1FP9QFHS7_DEE_AMP HTTP/1.1" 200 64 "-" "Cpanel-HTTP-Client/1.0"
72.167.149.90 - - [31/Aug/2026:08:06:25 +0000] "GET /.well-known/acme-challenge/63YTSOL7T9QCJ-LV3HSPDLQDPWTZS8L8 HTTP/1.1" 200 64 "-" "Cpanel-HTTP-Client/1.0"
72.167.149.90 - - [31/Aug/2026:08:27:37 +0000] "POST /wp-cron.php?doing_wp_cron=1788164856.6431889533996582031250 HTTP/1.1" 499 0 "-" "WordPress/7.1; https://uslconsultation.com"
162.62.213.165 - - [31/Aug/2026:08:27:37 +0000] "GET / HTTP/1.1" 301 5 "-" "Mozilla/5.0 (iPhone; CPU iPhone OS 13_2_3 like Mac OS X) AppleWebKit/605.1.15 (KHTML, like Gecko) Version/13.0.3 Mobile/15E148 Safari/604.1"
45.128.199.224 - - [31/Aug/2026:10:16:05 +0000] "GET / HTTP/1.1" 301 5 "-" "Mozilla/5.0 (Windows NT 10.0; Win64; x64) AppleWebKit/537.36 (KHTML, like Gecko) Chrome/124.0.0.0 Safari/537.36"
72.167.149.90 - - [31/Aug/2026:10:56:56 +0000] "POST /wp-cron.php?doing_wp_cron=1788173815.3112089633941650390625 HTTP/1.1" 499 0 "-" "WordPress/7.1; https://uslconsultation.com"
47.82.11.75 - - [31/Aug/2026:10:56:56 +0000] "GET /robots.txt HTTP/1.1" 200 124 "-" "Mozilla/5.0 (Macintosh; Intel Mac OS X 10_15_7) AppleWebKit/537.36 (KHTML, like Gecko) Chrome/128.0.0.0 Safari/537.36"
72.167.149.90 - - [31/Aug/2026:11:01:29 +0000] "POST /wp-cron.php?doing_wp_cron=1788174088.7341101169586181640625 HTTP/1.1" 499 0 "-" "WordPress/7.1; https://uslconsultation.com"
8.217.145.188 - - [31/Aug/2026:11:01:29 +0000] "GET / HTTP/1.1" 301 5 "-" "Mozilla/5.0 (Windows NT 10.0; Win64; x64) AppleWebKit/537.36 (KHTML, like Gecko) Chrome/120.0.0.0 Safari/537.36"
160.153.172.103 - - [31/Aug/2026:11:02:03 +0000] "GET /.well-known/acme-challenge/3I90F0X-T6TZ7IQ_KDNM4VHSPGAJ-ZKE HTTP/1.1" 404 355 "-" "Cpanel-HTTP-Client/1.0"
160.153.172.103 - - [31/Aug/2026:11:02:04 +0000] "GET /.well-known/acme-challenge/ZTBF0GA38EQDAY_1L4-4-PRHB0GA9WYA HTTP/1.1" 404 355 "-" "Cpanel-HTTP-Client/1.0"
160.153.172.103 - - [31/Aug/2026:11:02:05 +0000] "GET /.well-known/acme-challenge/AAHGWJQLSQP32W5V27_0L9MCCAH649LL HTTP/1.1" 404 355 "-" "Cpanel-HTTP-Client/1.0"
72.167.149.90 - - [31/Aug/2026:11:06:22 +0000] "GET /.well-known/acme-challenge/0CHSFA2VTVA26MKW2WONWT-E17KGRV9D HTTP/1.1" 200 64 "-" "Cpanel-HTTP-Client/1.0"
72.167.149.90 - - [31/Aug/2026:11:06:24 +0000] "GET /.well-known/acme-challenge/9_XL_IL47ODCASKXHGBRG_3VY2ANUBAR HTTP/1.1" 200 64 "-" "Cpanel-HTTP-Client/1.0"
72.167.149.90 - - [31/Aug/2026:11:06:25 +0000] "GET /.well-known/acme-challenge/P5GQS9S2BG9NNXA9KU1JUN19XL4-5VUH HTTP/1.1" 200 64 "-" "Cpanel-HTTP-Client/1.0"
72.167.149.90 - - [31/Aug/2026:11:43:36 +0000] "POST /wp-cron.php?doing_wp_cron=1788176615.8048479557037353515625 HTTP/1.1" 499 0 "-" "WordPress/7.1; https://uslconsultation.com"
122.51.236.174 - - [31/Aug/2026:11:43:36 +0000] "GET / HTTP/1.1" 301 5 "-" "Mozilla/5.0 (iPhone; CPU iPhone OS 13_2_3 like Mac OS X) AppleWebKit/605.1.15 (KHTML, like Gecko) Version/13.0.3 Mobile/15E148 Safari/604.1"
72.167.149.90 - - [31/Aug/2026:11:53:13 +0000] "POST /wp-cron.php?doing_wp_cron=1788177192.7780420780181884765625 HTTP/1.1" 499 0 "-" "WordPress/7.1; https://uslconsultation.com"
43.133.253.253 - - [31/Aug/2026:11:53:13 +0000] "GET / HTTP/1.1" 301 5 "-" "Mozilla/5.0 (iPhone; CPU iPhone OS 13_2_3 like Mac OS X) AppleWebKit/605.1.15 (KHTML, like Gecko) Version/13.0.3 Mobile/15E148 Safari/604.1"
72.167.149.90 - - [31/Aug/2026:12:32:33 +0000] "POST /wp-cron.php?doing_wp_cron=1788179552.2271070480346679687500 HTTP/1.1" 499 0 "-" "WordPress/7.1; https://uslconsultation.com"
66.249.64.162 - - [31/Aug/2026:12:32:33 +0000] "GET /robots.txt HTTP/1.1" 200 124 "-" "Mozilla/5.0 (compatible; Googlebot/2.1; +http://www.google.com/bot.html)"
72.167.149.90 - - [31/Aug/2026:12:33:37 +0000] "POST /wp-cron.php?doing_wp_cron=1788179616.8995149135589599609375 HTTP/1.1" 499 0 "-" "WordPress/7.1; https://uslconsultation.com"
43.165.67.31 - - [31/Aug/2026:12:33:38 +0000] "GET / HTTP/1.1" 301 5 "-" "Mozilla/5.0 (iPhone; CPU iPhone OS 13_2_3 like Mac OS X) AppleWebKit/605.1.15 (KHTML, like Gecko) Version/13.0.3 Mobile/15E148 Safari/604.1"
72.167.149.90 - - [31/Aug/2026:13:56:21 +0000] "POST /wp-cron.php?doing_wp_cron=1788184580.8457980155944824218750 HTTP/1.1" 499 0 "-" "WordPress/7.1; https://uslconsultation.com"
167.99.183.126 - - [31/Aug/2026:13:56:21 +0000] "GET /wp-login.php HTTP/1.1" 302 5 "-" "Mozilla/5.0"
160.153.172.103 - - [31/Aug/2026:14:02:04 +0000] "GET /.well-known/acme-challenge/O24LF1FFN7NG55AQ5EM1FBA0RUL8SYS- HTTP/1.1" 404 355 "-" "Cpanel-HTTP-Client/1.0"
160.153.172.103 - - [31/Aug/2026:14:02:05 +0000] "GET /.well-known/acme-challenge/IIPPBQM50ADBHWZK0HT0BWSZVAJ32W1O HTTP/1.1" 404 355 "-" "Cpanel-HTTP-Client/1.0"
160.153.172.103 - - [31/Aug/2026:14:02:06 +0000] "GET /.well-known/acme-challenge/AD_P7W-NIXNVJQAT8PLQW8YS_8WCFTEY HTTP/1.1" 404 355 "-" "Cpanel-HTTP-Client/1.0"
72.167.149.90 - - [31/Aug/2026:14:06:16 +0000] "GET /.well-known/acme-challenge/07L_NLPTOV7_DMDF968L_3S8TKKFYVOR HTTP/1.1" 200 64 "-" "Cpanel-HTTP-Client/1.0"
72.167.149.90 - - [31/Aug/2026:14:06:18 +0000] "GET /.well-known/acme-challenge/Z_1D4-YFKVCHOXY_-G2Y1JIS973CGTR6 HTTP/1.1" 200 64 "-" "Cpanel-HTTP-Client/1.0"
72.167.149.90 - - [31/Aug/2026:14:06:19 +0000] "GET /.well-known/acme-challenge/L4J71ECX356IZCT_N_1U-OK0RAJR1QB8 HTTP/1.1" 200 64 "-" "Cpanel-HTTP-Client/1.0"
72.167.149.90 - - [31/Aug/2026:15:11:02 +0000] "POST /wp-cron.php?doing_wp_cron=1788189061.6344730854034423828125 HTTP/1.1" 499 0 "-" "WordPress/7.1; https://uslconsultation.com"
32.197.93.224 - - [31/Aug/2026:15:11:02 +0000] "GET / HTTP/1.1" 301 5 "-" "Mozilla/5.0 (Windows NT 10.0; Win64; x64) AppleWebKit/537.36 (KHTML, like Gecko) Chrome/81.0.4044.129 Safari/537.36"
72.167.149.90 - - [31/Aug/2026:15:31:50 +0000] "POST /wp-cron.php?doing_wp_cron=1788190309.5039889812469482421875 HTTP/1.1" 499 0 "-" "WordPress/7.1; https://uslconsultation.com"
31.135.14.15 - - [31/Aug/2026:15:31:50 +0000] "GET /uncategorized/hello-world/ HTTP/1.1" 404 50967 "http://uslconsultation.com/" "Mozilla/5.0 (Macintosh; Intel Mac OS X 10_15_7) AppleWebKit/605.1.15 (KHTML, like Gecko) Version/17.6 Safari/605.1.15"
31.135.14.15 - - [31/Aug/2026:15:31:54 +0000] "GET / HTTP/1.1" 301 5 "-" "Mozilla/5.0 (Macintosh; Intel Mac OS X 10_15_7) AppleWebKit/605.1.15 (KHTML, like Gecko) Version/17.6 Safari/605.1.15"
72.167.149.90 - - [31/Aug/2026:15:59:14 +0000] "POST /wp-cron.php?doing_wp_cron=1788191953.4139380455017089843750 HTTP/1.1" 499 0 "-" "WordPress/7.1; https://uslconsultation.com"
43.165.4.2 - - [31/Aug/2026:15:59:14 +0000] "GET / HTTP/1.1" 301 5 "-" "Mozilla/5.0 (iPhone; CPU iPhone OS 13_2_3 like Mac OS X) AppleWebKit/605.1.15 (KHTML, like Gecko) Version/13.0.3 Mobile/15E148 Safari/604.1"
160.153.172.103 - - [31/Aug/2026:17:02:03 +0000] "GET /.well-known/acme-challenge/MQTS4L5B2U9UIODA7FHC1Q44XQHUKGWZ HTTP/1.1" 404 355 "-" "Cpanel-HTTP-Client/1.0"
160.153.172.103 - - [31/Aug/2026:17:02:05 +0000] "GET /.well-known/acme-challenge/-BD3LIOJ1_U2MJTGFMSJUI5Q7D_2TERH HTTP/1.1" 404 355 "-" "Cpanel-HTTP-Client/1.0"
160.153.172.103 - - [31/Aug/2026:17:02:05 +0000] "GET /.well-known/acme-challenge/5M8MPQ7LA7HPF35Q7I0S4S9AZH2EIXHP HTTP/1.1" 404 355 "-" "Cpanel-HTTP-Client/1.0"
72.167.149.90 - - [31/Aug/2026:17:06:15 +0000] "GET /.well-known/acme-challenge/CR_LNVQTW4ECCUBPMZVEL__ENKNTPT8F HTTP/1.1" 200 64 "-" "Cpanel-HTTP-Client/1.0"
72.167.149.90 - - [31/Aug/2026:17:06:17 +0000] "GET /.well-known/acme-challenge/-AF_KIYXFR9VWROLCWGG2WPL_6C2GNQD HTTP/1.1" 200 64 "-" "Cpanel-HTTP-Client/1.0"
72.167.149.90 - - [31/Aug/2026:17:06:17 +0000] "GET /.well-known/acme-challenge/_RXJT16ZBL938EWPBM583N913HBNVYQF HTTP/1.1" 200 64 "-" "Cpanel-HTTP-Client/1.0"
72.167.149.90 - - [31/Aug/2026:17:10:06 +0000] "POST /wp-cron.php?doing_wp_cron=1788196205.2091190814971923828125 HTTP/1.1" 499 0 "-" "WordPress/7.1; https://uslconsultation.com"
101.32.49.171 - - [31/Aug/2026:17:10:06 +0000] "GET / HTTP/1.1" 301 5 "-" "Mozilla/5.0 (iPhone; CPU iPhone OS 13_2_3 like Mac OS X) AppleWebKit/605.1.15 (KHTML, like Gecko) Version/13.0.3 Mobile/15E148 Safari/604.1"
72.167.149.90 - - [31/Aug/2026:17:12:57 +0000] "POST /wp-cron.php?doing_wp_cron=1788196376.5347011089324951171875 HTTP/1.1" 499 0 "-" "WordPress/7.1; https://uslconsultation.com"
175.27.171.245 - - [31/Aug/2026:17:12:57 +0000] "GET / HTTP/1.1" 301 5 "-" "Mozilla/5.0 (iPhone; CPU iPhone OS 13_2_3 like Mac OS X) AppleWebKit/605.1.15 (KHTML, like Gecko) Version/13.0.3 Mobile/15E148 Safari/604.1"
160.153.172.103 - - [31/Aug/2026:20:02:03 +0000] "GET /.well-known/acme-challenge/9R6WAR9_JT5SH91ED2-2MOVO91_JM_TY HTTP/1.1" 404 355 "-" "Cpanel-HTTP-Client/1.0"
160.153.172.103 - - [31/Aug/2026:20:02:05 +0000] "GET /.well-known/acme-challenge/3MRV1MJWOLILS7MR39179QE6AJG2_0ZU HTTP/1.1" 404 355 "-" "Cpanel-HTTP-Client/1.0"
160.153.172.103 - - [31/Aug/2026:20:02:05 +0000] "GET /.well-known/acme-challenge/X05MLOSENFX-F266ZFY8ZQF8HF8X1LSJ HTTP/1.1" 404 355 "-" "Cpanel-HTTP-Client/1.0"
72.167.149.90 - - [31/Aug/2026:20:06:19 +0000] "GET /.well-known/acme-challenge/L99RTG5B5C-_OSNOPDZC9P7JJFUYG_HG HTTP/1.1" 200 64 "-" "Cpanel-HTTP-Client/1.0"
72.167.149.90 - - [31/Aug/2026:20:06:21 +0000] "GET /.well-known/acme-challenge/VWHO038DQC6IE99R0RGUIPEGW5T1075R HTTP/1.1" 200 64 "-" "Cpanel-HTTP-Client/1.0"
72.167.149.90 - - [31/Aug/2026:20:06:22 +0000] "GET /.well-known/acme-challenge/6BMMRMZIGJ0V23KHUDTYTDKWSYIN1WC3 HTTP/1.1" 200 64 "-" "Cpanel-HTTP-Client/1.0"
72.167.149.90 - - [31/Aug/2026:20:30:12 +0000] "POST /wp-cron.php?doing_wp_cron=1788208211.4343690872192382812500 HTTP/1.1" 499 0 "-" "WordPress/7.1; https://uslconsultation.com"
100.61.245.67 - - [31/Aug/2026:20:30:12 +0000] "GET / HTTP/1.1" 301 5 "-" "Mozilla/5.0 (X11; Linux x86_64; rv:104.0) Gecko/20100101 Firefox/104.0"
175.27.136.83 - - [31/Aug/2026:22:05:40 +0000] "GET / HTTP/1.1" 301 5 "-" "Mozilla/5.0 (iPhone; CPU iPhone OS 13_2_3 like Mac OS X) AppleWebKit/605.1.15 (KHTML, like Gecko) Version/13.0.3 Mobile/15E148 Safari/604.1"
83.217.213.120 - - [31/Aug/2026:22:18:36 +0000] "GET /uncategorized/hello-world/ HTTP/1.0" 404 184439 "http://uslconsultation.com/uncategorized/hello-world/" "Mozilla/5.0 (Windows NT 10.0; Win64; x64) AppleWebKit/537.36 (KHTML, like Gecko) Chrome/131.0.0.0 Safari/537.36 Avast/131.0.0.0"
72.167.149.90 - - [31/Aug/2026:23:00:30 +0000] "POST /wp-cron.php?doing_wp_cron=1788217229.5501770973205566406250 HTTP/1.1" 499 0 "-" "WordPress/7.1; https://uslconsultation.com"
109.207.47.111 - - [31/Aug/2026:23:00:30 +0000] "GET /robots.txt HTTP/1.1" 200 129 "-" "Mozilla/5.0 (compatible; PisarBot/1.0)"
109.207.47.111 - - [31/Aug/2026:23:00:36 +0000] "GET / HTTP/1.1" 301 5 "-" "Mozilla/5.0 (compatible; PisarBot/1.0)"
160.153.172.103 - - [31/Aug/2026:23:02:04 +0000] "GET /.well-known/acme-challenge/P6XDT5SRR2KA3SFNGZYWWWEFZ3DU_FG1 HTTP/1.1" 404 355 "-" "Cpanel-HTTP-Client/1.0"
72.167.149.90 - - [31/Aug/2026:23:02:05 +0000] "POST /wp-cron.php?doing_wp_cron=1788217324.5796399116516113281250 HTTP/1.1" 499 0 "-" "WordPress/7.1; https://uslconsultation.com"
43.157.95.131 - - [31/Aug/2026:23:02:05 +0000] "GET / HTTP/1.1" 301 5 "-" "Mozilla/5.0 (iPhone; CPU iPhone OS 13_2_3 like Mac OS X) AppleWebKit/605.1.15 (KHTML, like Gecko) Version/13.0.3 Mobile/15E148 Safari/604.1"
160.153.172.103 - - [31/Aug/2026:23:02:05 +0000] "GET /.well-known/acme-challenge/71Z93LTDHLMNE9-3Y8BI1H2ZCVJPR-H_ HTTP/1.1" 404 355 "-" "Cpanel-HTTP-Client/1.0"
160.153.172.103 - - [31/Aug/2026:23:02:06 +0000] "GET /.well-known/acme-challenge/AE6G7MGB34XXUY9T-H4IRLFI5_BJVGCM HTTP/1.1" 404 355 "-" "Cpanel-HTTP-Client/1.0"
72.167.149.90 - - [31/Aug/2026:23:06:13 +0000] "GET /.well-known/acme-challenge/091HCTVOLCKX436HMJAF8ER8FFGUX750 HTTP/1.1" 200 64 "-" "Cpanel-HTTP-Client/1.0"
72.167.149.90 - - [31/Aug/2026:23:06:15 +0000] "GET /.well-known/acme-challenge/8B1WKG0WAB-BOK1TTAS14GPAPH4_XLH7 HTTP/1.1" 200 64 "-" "Cpanel-HTTP-Client/1.0"
72.167.149.90 - - [31/Aug/2026:23:06:16 +0000] "GET /.well-known/acme-challenge/19WJJUN48U2SX70EMJ_B4A78O6XUQ928 HTTP/1.1" 200 64 "-" "Cpanel-HTTP-Client/1.0"
72.167.149.90 - - [01/Sep/2026:00:00:28 +0000] "POST /wp-cron.php?doing_wp_cron=1788220827.4155600070953369140625 HTTP/1.1" 499 0 "-" "WordPress/7.1; https://uslconsultation.com"
170.106.143.6 - - [01/Sep/2026:00:00:28 +0000] "GET / HTTP/1.1" 301 5 "-" "Mozilla/5.0 (iPhone; CPU iPhone OS 13_2_3 like Mac OS X) AppleWebKit/605.1.15 (KHTML, like Gecko) Version/13.0.3 Mobile/15E148 Safari/604.1"
72.167.149.90 - - [01/Sep/2026:00:06:06 +0000] "POST /wp-cron.php?doing_wp_cron=1788221165.3486809730529785156250 HTTP/1.1" 499 0 "-" "WordPress/7.1; https://uslconsultation.com"
40.88.21.235 - - [01/Sep/2026:00:06:06 +0000] "GET / HTTP/1.1" 301 5 "-" "DuckDuckBot/1.1; (+http://duckduckgo.com/duckduckbot.html)"
40.88.21.235 - - [01/Sep/2026:00:06:12 +0000] "GET /favicon.ico HTTP/1.1" 499 0 "-" "DuckDuckBot/1.1; (+http://duckduckgo.com/duckduckbot.html)"
160.153.172.103 - - [01/Sep/2026:02:02:03 +0000] "GET /.well-known/acme-challenge/V7X3YUY_IONX-GRUTDPLLF6SZ35ZCAW- HTTP/1.1" 404 355 "-" "Cpanel-HTTP-Client/1.0"
160.153.172.103 - - [01/Sep/2026:02:02:05 +0000] "GET /.well-known/acme-challenge/KEPHZIKRT6NCO69824XFGOA91P0JRSHA HTTP/1.1" 404 355 "-" "Cpanel-HTTP-Client/1.0"
160.153.172.103 - - [01/Sep/2026:02:02:05 +0000] "GET /.well-known/acme-challenge/CPF0A79YKZVXAZNSVORGJ48IHYP-PEOY HTTP/1.1" 404 355 "-" "Cpanel-HTTP-Client/1.0"
72.167.149.90 - - [01/Sep/2026:02:06:14 +0000] "GET /.well-known/acme-challenge/A_BLO1YO1PQIR5JXEM3TALXAF0YMRTJS HTTP/1.1" 200 64 "-" "Cpanel-HTTP-Client/1.0"
72.167.149.90 - - [01/Sep/2026:02:06:16 +0000] "GET /.well-known/acme-challenge/KB_26CYPRV_WW4QD82XY1P0PCV_6YL_1 HTTP/1.1" 200 64 "-" "Cpanel-HTTP-Client/1.0"
72.167.149.90 - - [01/Sep/2026:02:06:17 +0000] "GET /.well-known/acme-challenge/RSZE6G7A8AXRYJNDUL9NJQZVE0C2SK04 HTTP/1.1" 200 64 "-" "Cpanel-HTTP-Client/1.0"
72.167.149.90 - - [01/Sep/2026:02:23:53 +0000] "POST /wp-cron.php?doing_wp_cron=1788229432.1527268886566162109375 HTTP/1.1" 499 0 "-" "WordPress/7.1; https://uslconsultation.com"
35.86.34.17 - - [01/Sep/2026:02:23:53 +0000] "GET / HTTP/1.1" 301 5 "-" "Mozilla/5.0 (Macintosh; Intel Mac OS X 10_15_7) AppleWebKit/605.1.15 (KHTML, like Gecko) Version/17.10 Safari/605.1.1"
72.167.149.90 - - [01/Sep/2026:03:32:36 +0000] "POST /wp-cron.php?doing_wp_cron=1788233555.2771110534667968750000 HTTP/1.1" 499 0 "-" "WordPress/7.1; https://uslconsultation.com"
175.178.110.121 - - [01/Sep/2026:03:32:36 +0000] "GET / HTTP/1.1" 301 5 "-" "Mozilla/5.0 (iPhone; CPU iPhone OS 13_2_3 like Mac OS X) AppleWebKit/605.1.15 (KHTML, like Gecko) Version/13.0.3 Mobile/15E148 Safari/604.1"
72.167.149.90 - - [01/Sep/2026:04:01:46 +0000] "POST /wp-cron.php?doing_wp_cron=1788235305.3437159061431884765625 HTTP/1.1" 499 0 "-" "WordPress/7.1; https://uslconsultation.com"
170.106.84.136 - - [01/Sep/2026:04:01:46 +0000] "GET / HTTP/1.1" 301 5 "-" "Mozilla/5.0 (iPhone; CPU iPhone OS 13_2_3 like Mac OS X) AppleWebKit/605.1.15 (KHTML, like Gecko) Version/13.0.3 Mobile/15E148 Safari/604.1"
72.167.149.90 - - [01/Sep/2026:04:50:29 +0000] "POST /wp-cron.php?doing_wp_cron=1788238228.0857169628143310546875 HTTP/1.1" 499 0 "-" "WordPress/7.1; https://uslconsultation.com"
43.167.157.80 - - [01/Sep/2026:04:50:29 +0000] "GET / HTTP/1.1" 301 5 "-" "Mozilla/5.0 (iPhone; CPU iPhone OS 13_2_3 like Mac OS X) AppleWebKit/605.1.15 (KHTML, like Gecko) Version/13.0.3 Mobile/15E148 Safari/604.1"
160.153.172.103 - - [01/Sep/2026:05:02:03 +0000] "GET /.well-known/acme-challenge/FDK5ILNL7CQC0A9M8-303177IVXDZAL8 HTTP/1.1" 404 355 "-" "Cpanel-HTTP-Client/1.0"
160.153.172.103 - - [01/Sep/2026:05:02:05 +0000] "GET /.well-known/acme-challenge/JW8Y-4LC6NKL7B-27CFB7CLDDJO5_MYT HTTP/1.1" 404 355 "-" "Cpanel-HTTP-Client/1.0"
160.153.172.103 - - [01/Sep/2026:05:02:05 +0000] "GET /.well-known/acme-challenge/G4GABQEKUACKF780KJU9XTMBZ6XUMADV HTTP/1.1" 404 355 "-" "Cpanel-HTTP-Client/1.0"
72.167.149.90 - - [01/Sep/2026:05:06:21 +0000] "GET /.well-known/acme-challenge/-MEX2H0MXMLCOD2Y3W3U6TWMAE7ZTET- HTTP/1.1" 200 64 "-" "Cpanel-HTTP-Client/1.0"
72.167.149.90 - - [01/Sep/2026:05:06:23 +0000] "GET /.well-known/acme-challenge/IU_TJDZLFH723XAMIJ75H_LL__QOEPZN HTTP/1.1" 200 64 "-" "Cpanel-HTTP-Client/1.0"
72.167.149.90 - - [01/Sep/2026:05:06:23 +0000] "GET /.well-known/acme-challenge/VXW-XBLQ83FDV_TKI2KURB4Y_XB2E76Y HTTP/1.1" 200 64 "-" "Cpanel-HTTP-Client/1.0"
155.94.246.71 - - [01/Sep/2026:06:35:11 +0000] "GET / HTTP/1.1" 301 5 "-" "Embarcadero URI Client/1.0"
204.48.27.220 - - [01/Sep/2026:07:47:42 +0000] "GET / HTTP/1.1" 499 0 "-" "Mozilla/5.0 (X11; Linux x86_64) AppleWebKit/537.36 (KHTML, like Gecko) Chrome/142.0.0.0 Safari/537.36"
72.167.149.90 - - [01/Sep/2026:07:47:42 +0000] "POST /wp-cron.php?doing_wp_cron=1788248861.4217569828033447265625 HTTP/1.1" 499 0 "-" "WordPress/7.1; https://uslconsultation.com"
160.153.172.103 - - [01/Sep/2026:08:02:04 +0000] "GET /.well-known/acme-challenge/JVX8JFLIG9YFPC2I86HO_P2STQ4EQGKL HTTP/1.1" 404 355 "-" "Cpanel-HTTP-Client/1.0"
160.153.172.103 - - [01/Sep/2026:08:02:05 +0000] "GET /.well-known/acme-challenge/CY7-B1BO397IC91XY71NCRM-2-_AZ7QP HTTP/1.1" 404 355 "-" "Cpanel-HTTP-Client/1.0"
160.153.172.103 - - [01/Sep/2026:08:02:06 +0000] "GET /.well-known/acme-challenge/M6DY-HHISXBJULO2JM20AHKF34DUNE17 HTTP/1.1" 404 355 "-" "Cpanel-HTTP-Client/1.0"
72.167.149.90 - - [01/Sep/2026:08:06:15 +0000] "GET /.well-known/acme-challenge/1SZUPHZW_VPIQRP6DVQ3HZZU-G4HJZOK HTTP/1.1" 200 64 "-" "Cpanel-HTTP-Client/1.0"
72.167.149.90 - - [01/Sep/2026:08:06:17 +0000] "GET /.well-known/acme-challenge/LE5W7N7W-CBCFU7NVEBQ0RNGXV-3ZJZE HTTP/1.1" 200 64 "-" "Cpanel-HTTP-Client/1.0"
72.167.149.90 - - [01/Sep/2026:08:06:18 +0000] "GET /.well-known/acme-challenge/53RLHU2DDQ-4VI3U13GCNA5PV1JA5MCY HTTP/1.1" 200 64 "-" "Cpanel-HTTP-Client/1.0"
72.167.149.90 - - [01/Sep/2026:08:38:47 +0000] "POST /wp-cron.php?doing_wp_cron=1788251926.4491720199584960937500 HTTP/1.1" 499 0 "-" "WordPress/7.1; https://uslconsultation.com"
146.56.199.139 - - [01/Sep/2026:08:38:47 +0000] "GET / HTTP/1.1" 301 5 "-" "Mozilla/5.0 (iPhone; CPU iPhone OS 13_2_3 like Mac OS X) AppleWebKit/605.1.15 (KHTML, like Gecko) Version/13.0.3 Mobile/15E148 Safari/604.1"
72.167.149.90 - - [01/Sep/2026:08:46:21 +0000] "POST /wp-cron.php?doing_wp_cron=1788252380.1978919506072998046875 HTTP/1.1" 499 0 "-" "WordPress/7.1; https://uslconsultation.com"
43.157.188.74 - - [01/Sep/2026:08:46:21 +0000] "GET / HTTP/1.1" 301 5 "-" "Mozilla/5.0 (iPhone; CPU iPhone OS 13_2_3 like Mac OS X) AppleWebKit/605.1.15 (KHTML, like Gecko) Version/13.0.3 Mobile/15E148 Safari/604.1"
72.167.149.90 - - [01/Sep/2026:09:29:16 +0000] "POST /wp-cron.php?doing_wp_cron=1788254955.1066610813140869140625 HTTP/1.1" 499 0 "-" "WordPress/7.1; https://uslconsultation.com"
43.134.78.217 - - [01/Sep/2026:09:29:16 +0000] "GET / HTTP/1.1" 301 5 "-" "Mozilla/5.0 (iPhone; CPU iPhone OS 13_2_3 like Mac OS X) AppleWebKit/605.1.15 (KHTML, like Gecko) Version/13.0.3 Mobile/15E148 Safari/604.1"
95.181.237.50 - - [01/Sep/2026:10:31:43 +0000] "GET /robots.txt HTTP/1.1" 301 5 "-" "panscient.com"
95.181.237.50 - - [01/Sep/2026:10:31:46 +0000] "GET /robots.txt HTTP/1.1" 200 129 "-" "panscient.com"
95.181.237.50 - - [01/Sep/2026:10:31:49 +0000] "GET / HTTP/1.1" 301 5 "-" "panscient.com"
160.153.172.103 - - [01/Sep/2026:11:02:03 +0000] "GET /.well-known/acme-challenge/EOP2E7XOT36S9GEAOJZF4J0QF8CUUXLY HTTP/1.1" 404 355 "-" "Cpanel-HTTP-Client/1.0"
160.153.172.103 - - [01/Sep/2026:11:02:05 +0000] "GET /.well-known/acme-challenge/NSGULYSO2SIZBM-2FTZDKKQ7V8LZ-3VN HTTP/1.1" 404 355 "-" "Cpanel-HTTP-Client/1.0"
160.153.172.103 - - [01/Sep/2026:11:02:05 +0000] "GET /.well-known/acme-challenge/MB5321DBX6EE098M6MU65_08LGRIW926 HTTP/1.1" 404 355 "-" "Cpanel-HTTP-Client/1.0"
72.167.149.90 - - [01/Sep/2026:11:06:14 +0000] "GET /.well-known/acme-challenge/N_7687Z21F74OCD-16RR7-O4WSRH0-34 HTTP/1.1" 200 64 "-" "Cpanel-HTTP-Client/1.0"
72.167.149.90 - - [01/Sep/2026:11:06:16 +0000] "GET /.well-known/acme-challenge/RK5VKK82NOUSI-H2M4LJV3P7MU7FS2UX HTTP/1.1" 200 64 "-" "Cpanel-HTTP-Client/1.0"
72.167.149.90 - - [01/Sep/2026:11:06:17 +0000] "GET /.well-known/acme-challenge/9D18TZXOO-INYCXF3M06NJN_IZY4HZA5 HTTP/1.1" 200 64 "-" "Cpanel-HTTP-Client/1.0"
8.217.145.188 - - [01/Sep/2026:11:12:43 +0000] "GET / HTTP/1.1" 301 5 "-" "Mozilla/5.0 (Windows NT 10.0; Win64; x64) AppleWebKit/537.36 (KHTML, like Gecko) Chrome/120.0.0.0 Safari/537.36"
72.167.149.90 - - [01/Sep/2026:11:58:40 +0000] "POST /wp-cron.php?doing_wp_cron=1788263919.9589200019836425781250 HTTP/1.1" 499 0 "-" "WordPress/7.1; https://uslconsultation.com"
106.63.26.140 - - [01/Sep/2026:11:58:41 +0000] "GET / HTTP/1.1" 301 5 "-" "Mozilla/5.0 (Macintosh; Intel Mac OS X 10_15_7) AppleWebKit/537.36 (KHTML, like Gecko) Chrome/120.0.0.0 Safari/537.36 Edg/120.0.0.0"
72.167.149.90 - - [01/Sep/2026:12:45:12 +0000] "POST /wp-cron.php?doing_wp_cron=1788266711.8654220104217529296875 HTTP/1.1" 499 0 "-" "WordPress/7.1; https://uslconsultation.com"
43.131.26.226 - - [01/Sep/2026:12:45:12 +0000] "GET / HTTP/1.1" 301 5 "-" "Mozilla/5.0 (iPhone; CPU iPhone OS 13_2_3 like Mac OS X) AppleWebKit/605.1.15 (KHTML, like Gecko) Version/13.0.3 Mobile/15E148 Safari/604.1"
72.167.149.90 - - [01/Sep/2026:12:47:40 +0000] "POST /wp-cron.php?doing_wp_cron=1788266859.9237589836120605468750 HTTP/1.1" 499 0 "-" "WordPress/7.1; https://uslconsultation.com"
62.141.44.236 - - [01/Sep/2026:12:47:41 +0000] "GET / HTTP/1.1" 301 5 "-" "Mozilla/5.0 (Windows NT 10.0; Win64; x64) AppleWebKit/537.36 (KHTML, like Gecko) Chrome/91.0.4472.114 Safari/537.36 Edg/91.0.864.54"
72.167.149.90 - - [01/Sep/2026:13:10:39 +0000] "POST /wp-cron.php?doing_wp_cron=1788268238.6868829727172851562500 HTTP/1.1" 499 0 "-" "WordPress/7.1; https://uslconsultation.com"
192.71.18.194 - - [01/Sep/2026:13:10:39 +0000] "GET / HTTP/1.1" 301 5 "-" "Mozilla/5.0 (Macintosh; Intel Mac OS X 10_15_7) AppleWebKit/605.1.15 (KHTML, like Gecko) Version/17.3.1 Safari/605.1.1"
62.60.130.198 - - [01/Sep/2026:13:25:59 +0000] "GET /wp-admin/css/ HTTP/1.1" 200 1805 "binance.com" "Mozilla/5.0 (Windows NT 10.0; Win64; x64) AppleWebKit/537.36 (KHTML, like Gecko) Chrome/90.0.4430.85 Safari/537.36"
62.60.130.198 - - [01/Sep/2026:13:26:03 +0000] "GET /wp-content/uploads/2026/09/ HTTP/1.1" 200 360 "binance.com" "Mozilla/5.0 (Windows NT 10.0; Win64; x64) AppleWebKit/537.36 (KHTML, like Gecko) Chrome/90.0.4430.85 Safari/537.36"
62.60.130.198 - - [01/Sep/2026:13:26:08 +0000] "GET /wp-content/uploads/2026/08/ HTTP/1.1" 200 360 "binance.com" "Mozilla/5.0 (Windows NT 10.0; Win64; x64) AppleWebKit/537.36 (KHTML, like Gecko) Chrome/90.0.4430.85 Safari/537.36"
62.60.130.198 - - [01/Sep/2026:13:26:13 +0000] "GET /wp-content/uploads/ HTTP/1.1" 200 847 "binance.com" "Mozilla/5.0 (Windows NT 10.0; Win64; x64) AppleWebKit/537.36 (KHTML, like Gecko) Chrome/90.0.4430.85 Safari/537.36"
62.60.130.198 - - [01/Sep/2026:13:26:17 +0000] "GET /wp-content/upgrade/ HTTP/1.1" 200 352 "binance.com" "Mozilla/5.0 (Windows NT 10.0; Win64; x64) AppleWebKit/537.36 (KHTML, like Gecko) Chrome/90.0.4430.85 Safari/537.36"
62.60.130.198 - - [01/Sep/2026:13:26:21 +0000] "GET /wp-content/languages/ HTTP/1.1" 200 2414 "binance.com" "Mozilla/5.0 (Windows NT 10.0; Win64; x64) AppleWebKit/537.36 (KHTML, like Gecko) Chrome/90.0.4430.85 Safari/537.36"
62.60.130.198 - - [01/Sep/2026:13:26:23 +0000] "GET /wp-content/languages/ HTTP/1.1" 200 2414 "binance.com" "Mozilla/5.0 (Windows NT 10.0; Win64; x64) AppleWebKit/537.36 (KHTML, like Gecko) Chrome/90.0.4430.85 Safari/537.36"
62.60.130.198 - - [01/Sep/2026:13:26:26 +0000] "GET /wp-content/languages/admin-ar.l10n.php HTTP/1.1" 200 31 "binance.com" "Mozilla/5.0 (Windows NT 10.0; Win64; x64) AppleWebKit/537.36 (KHTML, like Gecko) Chrome/90.0.4430.85 Safari/537.36"
62.60.130.198 - - [01/Sep/2026:13:26:29 +0000] "GET /wp-content/languages/admin-network-ar.l10n.php HTTP/1.1" 200 31 "binance.com" "Mozilla/5.0 (Windows NT 10.0; Win64; x64) AppleWebKit/537.36 (KHTML, like Gecko) Chrome/90.0.4430.85 Safari/537.36"
62.60.130.198 - - [01/Sep/2026:13:26:32 +0000] "GET /wp-content/languages/ar.l10n.php HTTP/1.1" 200 0 "binance.com" "Mozilla/5.0 (Windows NT 10.0; Win64; x64) AppleWebKit/537.36 (KHTML, like Gecko) Chrome/90.0.4430.85 Safari/537.36"
62.60.130.198 - - [01/Sep/2026:13:26:34 +0000] "GET /wp-content/languages/continents-cities-ar.l10n.php HTTP/1.1" 200 31 "binance.com" "Mozilla/5.0 (Windows NT 10.0; Win64; x64) AppleWebKit/537.36 (KHTML, like Gecko) Chrome/90.0.4430.85 Safari/537.36"
62.60.130.198 - - [01/Sep/2026:13:26:37 +0000] "GET /wp-admin/includes/ HTTP/1.1" 200 2287 "binance.com" "Mozilla/5.0 (Windows NT 10.0; Win64; x64) AppleWebKit/537.36 (KHTML, like Gecko) Chrome/90.0.4430.85 Safari/537.36"
62.60.130.198 - - [01/Sep/2026:13:26:41 +0000] "GET /wp-admin/includes/ HTTP/1.1" 200 2287 "binance.com" "Mozilla/5.0 (Windows NT 10.0; Win64; x64) AppleWebKit/537.36 (KHTML, like Gecko) Chrome/90.0.4430.85 Safari/537.36"
62.60.130.198 - - [01/Sep/2026:13:26:45 +0000] "GET /wp-admin/maint/ HTTP/1.1" 200 391 "binance.com" "Mozilla/5.0 (Windows NT 10.0; Win64; x64) AppleWebKit/537.36 (KHTML, like Gecko) Chrome/90.0.4430.85 Safari/537.36"
62.60.130.198 - - [01/Sep/2026:13:26:49 +0000] "GET /wp-admin/maint/ HTTP/1.1" 200 391 "binance.com" "Mozilla/5.0 (Windows NT 10.0; Win64; x64) AppleWebKit/537.36 (KHTML, like Gecko) Chrome/90.0.4430.85 Safari/537.36"
72.167.149.90 - - [01/Sep/2026:13:26:56 +0000] "POST /wp-cron.php?doing_wp_cron=1788269215.6519010066986083984375 HTTP/1.1" 499 0 "-" "WordPress/7.1; https://uslconsultation.com"
62.60.130.198 - - [01/Sep/2026:13:26:56 +0000] "GET /wp-admin/network/ HTTP/1.1" 302 5 "binance.com" "Mozilla/5.0 (Windows NT 10.0; Win64; x64) AppleWebKit/537.36 (KHTML, like Gecko) Chrome/90.0.4430.85 Safari/537.36"
62.60.130.198 - - [01/Sep/2026:13:27:15 +0000] "GET /wp-admin/user/ HTTP/1.1" 302 5 "binance.com" "Mozilla/5.0 (Windows NT 10.0; Win64; x64) AppleWebKit/537.36 (KHTML, like Gecko) Chrome/90.0.4430.85 Safari/537.36"
62.60.130.198 - - [01/Sep/2026:13:27:29 +0000] "GET /wp-admin/css/ HTTP/1.1" 200 1805 "binance.com" "Mozilla/5.0 (Windows NT 10.0; Win64; x64) AppleWebKit/537.36 (KHTML, like Gecko) Chrome/90.0.4430.85 Safari/537.36"
62.60.130.198 - - [01/Sep/2026:13:27:35 +0000] "GET /wp-admin/css/colors/ HTTP/1.1" 200 576 "binance.com" "Mozilla/5.0 (Windows NT 10.0; Win64; x64) AppleWebKit/537.36 (KHTML, like Gecko) Chrome/90.0.4430.85 Safari/537.36"
62.60.130.198 - - [01/Sep/2026:13:27:38 +0000] "GET /wp-admin/css/colors/blue/ HTTP/1.1" 200 455 "binance.com" "Mozilla/5.0 (Windows NT 10.0; Win64; x64) AppleWebKit/537.36 (KHTML, like Gecko) Chrome/90.0.4430.85 Safari/537.36"
62.60.130.198 - - [01/Sep/2026:13:27:41 +0000] "GET /wp-admin/css/colors/coffee/ HTTP/1.1" 200 454 "binance.com" "Mozilla/5.0 (Windows NT 10.0; Win64; x64) AppleWebKit/537.36 (KHTML, like Gecko) Chrome/90.0.4430.85 Safari/537.36"
62.60.130.198 - - [01/Sep/2026:13:27:44 +0000] "GET /wp-admin/css/colors/ectoplasm/ HTTP/1.1" 200 455 "binance.com" "Mozilla/5.0 (Windows NT 10.0; Win64; x64) AppleWebKit/537.36 (KHTML, like Gecko) Chrome/90.0.4430.85 Safari/537.36"
62.60.130.198 - - [01/Sep/2026:13:27:48 +0000] "GET /wp-admin/css/colors/light/ HTTP/1.1" 200 454 "binance.com" "Mozilla/5.0 (Windows NT 10.0; Win64; x64) AppleWebKit/537.36 (KHTML, like Gecko) Chrome/90.0.4430.85 Safari/537.36"
62.60.130.198 - - [01/Sep/2026:13:27:51 +0000] "GET /wp-admin/css/colors/midnight/ HTTP/1.1" 200 457 "binance.com" "Mozilla/5.0 (Windows NT 10.0; Win64; x64) AppleWebKit/537.36 (KHTML, like Gecko) Chrome/90.0.4430.85 Safari/537.36"
62.60.130.198 - - [01/Sep/2026:13:28:05 +0000] "GET /wp-admin/css/colors/modern/ HTTP/1.1" 200 466 "binance.com" "Mozilla/5.0 (Windows NT 10.0; Win64; x64) AppleWebKit/537.36 (KHTML, like Gecko) Chrome/90.0.4430.85 Safari/537.36"
62.60.130.198 - - [01/Sep/2026:13:28:11 +0000] "GET /wp-admin/css/colors/ocean/ HTTP/1.1" 200 452 "binance.com" "Mozilla/5.0 (Windows NT 10.0; Win64; x64) AppleWebKit/537.36 (KHTML, like Gecko) Chrome/90.0.4430.85 Safari/537.36"
72.167.149.90 - - [01/Sep/2026:13:28:19 +0000] "POST /wp-cron.php?doing_wp_cron=1788269298.1675651073455810546875 HTTP/1.1" 499 0 "-" "WordPress/7.1; https://uslconsultation.com"
62.60.130.198 - - [01/Sep/2026:13:28:19 +0000] "GET /wp-admin/css/colors/sunrise/%20 HTTP/1.1" 301 5 "binance.com" "Mozilla/5.0 (Windows NT 10.0; Win64; x64) AppleWebKit/537.36 (KHTML, like Gecko) Chrome/90.0.4430.85 Safari/537.36"
62.60.130.198 - - [01/Sep/2026:13:28:19 +0000] "GET /wp-admin/css/colors/sunrise/ HTTP/1.1" 200 455 "binance.com" "Mozilla/5.0 (Windows NT 10.0; Win64; x64) AppleWebKit/537.36 (KHTML, like Gecko) Chrome/90.0.4430.85 Safari/537.36"
62.60.130.198 - - [01/Sep/2026:13:28:24 +0000] "GET /wp-admin/images/ HTTP/1.1" 200 1969 "binance.com" "Mozilla/5.0 (Windows NT 10.0; Win64; x64) AppleWebKit/537.36 (KHTML, like Gecko) Chrome/90.0.4430.85 Safari/537.36"
62.60.130.198 - - [01/Sep/2026:13:28:27 +0000] "GET /wp-admin/js/ HTTP/1.1" 200 2170 "binance.com" "Mozilla/5.0 (Windows NT 10.0; Win64; x64) AppleWebKit/537.36 (KHTML, like Gecko) Chrome/90.0.4430.85 Safari/537.36"
62.60.130.198 - - [01/Sep/2026:13:28:29 +0000] "GET /wp-admin/js/widgets/ HTTP/1.1" 200 650 "binance.com" "Mozilla/5.0 (Windows NT 10.0; Win64; x64) AppleWebKit/537.36 (KHTML, like Gecko) Chrome/90.0.4430.85 Safari/537.36"
62.60.130.198 - - [01/Sep/2026:13:28:33 +0000] "GET /wp-includes/ HTTP/1.1" 200 5544 "binance.com" "Mozilla/5.0 (Windows NT 10.0; Win64; x64) AppleWebKit/537.36 (KHTML, like Gecko) Chrome/90.0.4430.85 Safari/537.36"
62.60.130.198 - - [01/Sep/2026:13:28:35 +0000] "GET /wp-includes/ HTTP/1.1" 200 5544 "binance.com" "Mozilla/5.0 (Windows NT 10.0; Win64; x64) AppleWebKit/537.36 (KHTML, like Gecko) Chrome/90.0.4430.85 Safari/537.36"
62.60.130.198 - - [01/Sep/2026:13:28:38 +0000] "GET /wp-includes/abilities-api.php HTTP/1.1" 200 0 "binance.com" "Mozilla/5.0 (Windows NT 10.0; Win64; x64) AppleWebKit/537.36 (KHTML, like Gecko) Chrome/90.0.4430.85 Safari/537.36"
62.60.130.198 - - [01/Sep/2026:13:28:40 +0000] "GET /wp-includes/abilities.php HTTP/1.1" 200 31 "binance.com" "Mozilla/5.0 (Windows NT 10.0; Win64; x64) AppleWebKit/537.36 (KHTML, like Gecko) Chrome/90.0.4430.85 Safari/537.36"
62.60.130.198 - - [01/Sep/2026:13:28:42 +0000] "GET /wp-includes/ai-client.php HTTP/1.1" 200 31 "binance.com" "Mozilla/5.0 (Windows NT 10.0; Win64; x64) AppleWebKit/537.36 (KHTML, like Gecko) Chrome/90.0.4430.85 Safari/537.36"
62.60.130.198 - - [01/Sep/2026:13:28:50 +0000] "GET /wp-includes/block-bindings.php HTTP/1.1" 200 31 "binance.com" "Mozilla/5.0 (Windows NT 10.0; Win64; x64) AppleWebKit/537.36 (KHTML, like Gecko) Chrome/90.0.4430.85 Safari/537.36"
62.60.130.198 - - [01/Sep/2026:13:28:54 +0000] "GET /wp-includes/block-editor.php HTTP/1.1" 200 31 "binance.com" "Mozilla/5.0 (Windows NT 10.0; Win64; x64) AppleWebKit/537.36 (KHTML, like Gecko) Chrome/90.0.4430.85 Safari/537.36"
62.60.130.198 - - [01/Sep/2026:13:29:00 +0000] "GET /wp-includes/block-template-utils.php HTTP/1.1" 200 31 "binance.com" "Mozilla/5.0 (Windows NT 10.0; Win64; x64) AppleWebKit/537.36 (KHTML, like Gecko) Chrome/90.0.4430.85 Safari/537.36"
62.60.130.198 - - [01/Sep/2026:13:29:10 +0000] "GET /wp-includes/block-template.php HTTP/1.1" 200 31 "binance.com" "Mozilla/5.0 (Windows NT 10.0; Win64; x64) AppleWebKit/537.36 (KHTML, like Gecko) Chrome/90.0.4430.85 Safari/537.36"
62.60.130.198 - - [01/Sep/2026:13:29:13 +0000] "GET /wp-includes/class-avif-info.php HTTP/1.1" 200 31 "binance.com" "Mozilla/5.0 (Windows NT 10.0; Win64; x64) AppleWebKit/537.36 (KHTML, like Gecko) Chrome/90.0.4430.85 Safari/537.36"
62.60.130.198 - - [01/Sep/2026:13:29:18 +0000] "GET /wp-includes/class-wp-block-bindings-registry.php HTTP/1.1" 200 31 "binance.com" "Mozilla/5.0 (Windows NT 10.0; Win64; x64) AppleWebKit/537.36 (KHTML, like Gecko) Chrome/90.0.4430.85 Safari/537.36"
62.60.130.198 - - [01/Sep/2026:13:29:22 +0000] "GET /wp-includes/class-wp-block-bindings-source.php HTTP/1.1" 200 31 "binance.com" "Mozilla/5.0 (Windows NT 10.0; Win64; x64) AppleWebKit/537.36 (KHTML, like Gecko) Chrome/90.0.4430.85 Safari/537.36"
62.60.130.198 - - [01/Sep/2026:13:29:26 +0000] "GET /wp-includes/class-wp-block-editor-context.php HTTP/1.1" 200 31 "binance.com" "Mozilla/5.0 (Windows NT 10.0; Win64; x64) AppleWebKit/537.36 (KHTML, like Gecko) Chrome/90.0.4430.85 Safari/537.36"
62.60.130.198 - - [01/Sep/2026:13:29:29 +0000] "GET /wp-includes/class-wp-block-metadata-registry.php HTTP/1.1" 200 31 "binance.com" "Mozilla/5.0 (Windows NT 10.0; Win64; x64) AppleWebKit/537.36 (KHTML, like Gecko) Chrome/90.0.4430.85 Safari/537.36"
62.60.130.198 - - [01/Sep/2026:13:29:34 +0000] "GET /wp-includes/class-wp-block-parser-block.php HTTP/1.1" 200 31 "binance.com" "Mozilla/5.0 (Windows NT 10.0; Win64; x64) AppleWebKit/537.36 (KHTML, like Gecko) Chrome/90.0.4430.85 Safari/537.36"
62.60.130.198 - - [01/Sep/2026:13:29:38 +0000] "GET /wp-includes/class-wp-block-parser-frame.php HTTP/1.1" 200 31 "binance.com" "Mozilla/5.0 (Windows NT 10.0; Win64; x64) AppleWebKit/537.36 (KHTML, like Gecko) Chrome/90.0.4430.85 Safari/537.36"
62.60.130.198 - - [01/Sep/2026:13:29:42 +0000] "GET /wp-includes/class-wp-block-processor.php HTTP/1.1" 200 31 "binance.com" "Mozilla/5.0 (Windows NT 10.0; Win64; x64) AppleWebKit/537.36 (KHTML, like Gecko) Chrome/90.0.4430.85 Safari/537.36"
62.60.130.198 - - [01/Sep/2026:13:29:46 +0000] "GET /wp-includes/class-wp-block-template.php HTTP/1.1" 200 31 "binance.com" "Mozilla/5.0 (Windows NT 10.0; Win64; x64) AppleWebKit/537.36 (KHTML, like Gecko) Chrome/90.0.4430.85 Safari/537.36"
62.60.130.198 - - [01/Sep/2026:13:29:50 +0000] "GET /wp-includes/class-wp-block-templates-registry.php HTTP/1.1" 200 31 "binance.com" "Mozilla/5.0 (Windows NT 10.0; Win64; x64) AppleWebKit/537.36 (KHTML, like Gecko) Chrome/90.0.4430.85 Safari/537.36"
62.60.130.198 - - [01/Sep/2026:13:29:54 +0000] "GET /wp-includes/class-wp-classic-to-block-menu-converter.php HTTP/1.1" 200 31 "binance.com" "Mozilla/5.0 (Windows NT 10.0; Win64; x64) AppleWebKit/537.36 (KHTML, like Gecko) Chrome/90.0.4430.85 Safari/537.36"
62.60.130.198 - - [01/Sep/2026:13:29:57 +0000] "GET /wp-includes/class-wp-connector-registry.php HTTP/1.1" 200 0 "binance.com" "Mozilla/5.0 (Windows NT 10.0; Win64; x64) AppleWebKit/537.36 (KHTML, like Gecko) Chrome/90.0.4430.85 Safari/537.36"
62.60.130.198 - - [01/Sep/2026:13:30:00 +0000] "GET /wp-includes/class-wp-dependencies.php HTTP/1.1" 200 31 "binance.com" "Mozilla/5.0 (Windows NT 10.0; Win64; x64) AppleWebKit/537.36 (KHTML, like Gecko) Chrome/90.0.4430.85 Safari/537.36"
62.60.130.198 - - [01/Sep/2026:13:30:04 +0000] "GET /wp-includes/class-wp-duotone.php HTTP/1.1" 200 31 "binance.com" "Mozilla/5.0 (Windows NT 10.0; Win64; x64) AppleWebKit/537.36 (KHTML, like Gecko) Chrome/90.0.4430.85 Safari/537.36"
62.60.130.198 - - [01/Sep/2026:13:30:08 +0000] "GET /wp-includes/class-wp-exception.php HTTP/1.1" 200 31 "binance.com" "Mozilla/5.0 (Windows NT 10.0; Win64; x64) AppleWebKit/537.36 (KHTML, like Gecko) Chrome/90.0.4430.85 Safari/537.36"
