uawdijnntqw1x1x1
IP : 216.73.216.76
Hostname : server.zoomride.app
Kernel : Linux server.zoomride.app 4.18.0-553.158.1.el8_10.x86_64 #1 SMP Wed Aug 26 03:18:33 EDT 2026 x86_64
Disable Function : None :)
OS : Linux
PATH:
/
home
/
zoomride2022
/
wordpress-backups
/
..
/
access-logs
/
uslconsultation.com.zoomride.app
/
/
160.153.172.103 - - [28/Aug/2026:14:02:03 +0000] "GET /.well-known/acme-challenge/XMBA1RCGLUVUFCVC1M3ENCKZPZND5YYK HTTP/1.1" 404 355 "-" "Cpanel-HTTP-Client/1.0"
160.153.172.103 - - [28/Aug/2026:14:02:05 +0000] "GET /.well-known/acme-challenge/LI00D93VIYGGM5P_4B9KW3JVAPG0L2OT HTTP/1.1" 404 355 "-" "Cpanel-HTTP-Client/1.0"
160.153.172.103 - - [28/Aug/2026:14:02:05 +0000] "GET /.well-known/acme-challenge/3ZBJTMLGTTZQIMKQWGPRPYD3-C8YK3D- HTTP/1.1" 404 355 "-" "Cpanel-HTTP-Client/1.0"
72.167.149.90 - - [28/Aug/2026:14:06:19 +0000] "GET /.well-known/acme-challenge/U-5JULD0PF0ZE90T8_YT1YNZZCI7DLE_ HTTP/1.1" 200 64 "-" "Cpanel-HTTP-Client/1.0"
72.167.149.90 - - [28/Aug/2026:14:06:22 +0000] "GET /.well-known/acme-challenge/C85ELQE0GTR5FFM-8SX58_BB2J726-BQ HTTP/1.1" 200 64 "-" "Cpanel-HTTP-Client/1.0"
72.167.149.90 - - [28/Aug/2026:14:06:22 +0000] "GET /.well-known/acme-challenge/4WM_5TL1EUNBIFM6MEX5HOMVUU_MWIK0 HTTP/1.1" 200 64 "-" "Cpanel-HTTP-Client/1.0"
178.34.162.162 - - [28/Aug/2026:14:11:59 +0000] "GET /uncategorized/hello-world/ HTTP/1.0" 404 184439 "http://uslconsultation.com/uncategorized/hello-world/" "Mozilla/5.0 (Windows NT 10.0; Win64; x64) AppleWebKit/537.36 (KHTML, like Gecko) Chrome/131.0.0.0 Safari/537.36"
72.167.149.90 - - [28/Aug/2026:14:19:46 +0000] "POST /wp-cron.php?doing_wp_cron=1787926785.4191009998321533203125 HTTP/1.1" 499 0 "-" "WordPress/7.1; https://uslconsultation.com"
43.159.145.149 - - [28/Aug/2026:14:19:46 +0000] "GET / HTTP/1.1" 301 5 "-" "Mozilla/5.0 (iPhone; CPU iPhone OS 13_2_3 like Mac OS X) AppleWebKit/605.1.15 (KHTML, like Gecko) Version/13.0.3 Mobile/15E148 Safari/604.1"
72.167.149.90 - - [28/Aug/2026:14:25:03 +0000] "POST /wp-cron.php?doing_wp_cron=1787927102.8839330673217773437500 HTTP/1.1" 499 0 "-" "WordPress/7.1; https://uslconsultation.com"
109.207.47.111 - - [28/Aug/2026:14:25:03 +0000] "GET /robots.txt HTTP/1.1" 200 129 "-" "Mozilla/5.0 (compatible; PisarBot/1.0)"
109.207.47.111 - - [28/Aug/2026:14:25:09 +0000] "GET / HTTP/1.1" 301 5 "-" "Mozilla/5.0 (compatible; PisarBot/1.0)"
72.167.149.90 - - [28/Aug/2026:15:02:42 +0000] "POST /wp-cron.php?doing_wp_cron=1787929361.0371780395507812500000 HTTP/1.1" 499 0 "-" "WordPress/7.1; https://uslconsultation.com"
146.56.199.139 - - [28/Aug/2026:15:02:42 +0000] "GET / HTTP/1.1" 301 5 "-" "Mozilla/5.0 (iPhone; CPU iPhone OS 13_2_3 like Mac OS X) AppleWebKit/605.1.15 (KHTML, like Gecko) Version/13.0.3 Mobile/15E148 Safari/604.1"
72.167.149.90 - - [28/Aug/2026:15:14:46 +0000] "POST /wp-cron.php?doing_wp_cron=1787930085.6899290084838867187500 HTTP/1.1" 499 0 "-" "WordPress/7.1; https://uslconsultation.com"
49.51.73.183 - - [28/Aug/2026:15:14:46 +0000] "GET / HTTP/1.1" 301 5 "-" "Mozilla/5.0 (iPhone; CPU iPhone OS 13_2_3 like Mac OS X) AppleWebKit/605.1.15 (KHTML, like Gecko) Version/13.0.3 Mobile/15E148 Safari/604.1"
72.167.149.90 - - [28/Aug/2026:15:23:30 +0000] "POST /wp-cron.php?doing_wp_cron=1787930609.1223399639129638671875 HTTP/1.1" 499 0 "-" "WordPress/7.1; https://uslconsultation.com"
62.60.130.128 - - [28/Aug/2026:15:23:30 +0000] "GET /blog/wp-admin/admin-ajax.php?action=wdpsso_step1&redirect= HTTP/1.1" 404 50999 "-" "Mozilla/5.0 (Windows NT 10.0; Win64; x64) AppleWebKit/537.36 (KHTML, like Gecko) Chrome/120.0.0.0 Safari/537.36"
160.153.172.103 - - [28/Aug/2026:17:02:04 +0000] "GET /.well-known/acme-challenge/25EMY6RCJXJUJWIN5HQ3SS0CFA0IY054 HTTP/1.1" 404 355 "-" "Cpanel-HTTP-Client/1.0"
160.153.172.103 - - [28/Aug/2026:17:02:06 +0000] "GET /.well-known/acme-challenge/LVGZ4Y6L37CFEZLFY1FFXHUWWHY8HCV- HTTP/1.1" 404 355 "-" "Cpanel-HTTP-Client/1.0"
160.153.172.103 - - [28/Aug/2026:17:02:06 +0000] "GET /.well-known/acme-challenge/H7U16MODLMKLJNVYTOIFMGCMM8B30ZJL HTTP/1.1" 404 355 "-" "Cpanel-HTTP-Client/1.0"
72.167.149.90 - - [28/Aug/2026:17:06:20 +0000] "GET /.well-known/acme-challenge/VWNJCNSHHFOE17R0O9EONRP6V_4ZU2R4 HTTP/1.1" 200 64 "-" "Cpanel-HTTP-Client/1.0"
72.167.149.90 - - [28/Aug/2026:17:06:23 +0000] "GET /.well-known/acme-challenge/5BQWI3ARA9-GA5NQGX6KFHHG9Z097A1_ HTTP/1.1" 200 64 "-" "Cpanel-HTTP-Client/1.0"
72.167.149.90 - - [28/Aug/2026:17:06:23 +0000] "GET /.well-known/acme-challenge/IQO_Y4YAMSV5K9I-N5_C87--QWDWKRW9 HTTP/1.1" 200 64 "-" "Cpanel-HTTP-Client/1.0"
57.131.49.232 - - [28/Aug/2026:19:05:54 +0000] "GET /images/images/cache.php HTTP/1.1" 404 50959 "www.google.com" "Mozlila/5.0 (Linux; Android 7.0; SM-G892A Bulid/NRD90M; wv) AppleWebKit/537.36 (KHTML, like Gecko) Version/4.0 Chrome/60.0.3112.107 Moblie Safari/537.36"
160.153.172.103 - - [28/Aug/2026:20:02:03 +0000] "GET /.well-known/acme-challenge/9NIILCXRPN66J5CLK64N6KH_S6_HE7JL HTTP/1.1" 404 355 "-" "Cpanel-HTTP-Client/1.0"
160.153.172.103 - - [28/Aug/2026:20:02:05 +0000] "GET /.well-known/acme-challenge/7NBPBFUTEWZV6ON9MNAS9ZKWBWS1V06G HTTP/1.1" 404 355 "-" "Cpanel-HTTP-Client/1.0"
160.153.172.103 - - [28/Aug/2026:20:02:06 +0000] "GET /.well-known/acme-challenge/TSF9KQS16R06LN8DDX6DWDYQY33X36VT HTTP/1.1" 404 355 "-" "Cpanel-HTTP-Client/1.0"
72.167.149.90 - - [28/Aug/2026:20:06:14 +0000] "GET /.well-known/acme-challenge/R12-EQ_K_U59MCGR7VIGAY1Z92G195_5 HTTP/1.1" 200 64 "-" "Cpanel-HTTP-Client/1.0"
72.167.149.90 - - [28/Aug/2026:20:06:16 +0000] "GET /.well-known/acme-challenge/CNUID723AJFDEY0ZJ2CZ5XE2QG6TTXKS HTTP/1.1" 200 64 "-" "Cpanel-HTTP-Client/1.0"
72.167.149.90 - - [28/Aug/2026:20:06:17 +0000] "GET /.well-known/acme-challenge/PS6Z1GUL31EPH4OSTOD_LA__JAKBFB7F HTTP/1.1" 200 64 "-" "Cpanel-HTTP-Client/1.0"
72.167.149.90 - - [28/Aug/2026:20:17:37 +0000] "POST /wp-cron.php?doing_wp_cron=1787948256.1421349048614501953125 HTTP/1.1" 499 0 "-" "WordPress/7.1; https://uslconsultation.com"
146.56.197.150 - - [28/Aug/2026:20:17:37 +0000] "GET / HTTP/1.1" 301 5 "-" "Mozilla/5.0 (iPhone; CPU iPhone OS 13_2_3 like Mac OS X) AppleWebKit/605.1.15 (KHTML, like Gecko) Version/13.0.3 Mobile/15E148 Safari/604.1"
72.167.149.90 - - [28/Aug/2026:20:57:48 +0000] "POST /wp-cron.php?doing_wp_cron=1787950667.8169009685516357421875 HTTP/1.1" 499 0 "-" "WordPress/7.1; https://uslconsultation.com"
170.106.187.106 - - [28/Aug/2026:20:57:48 +0000] "GET / HTTP/1.1" 301 5 "-" "Mozilla/5.0 (iPhone; CPU iPhone OS 13_2_3 like Mac OS X) AppleWebKit/605.1.15 (KHTML, like Gecko) Version/13.0.3 Mobile/15E148 Safari/604.1"
43.131.253.14 - - [28/Aug/2026:22:15:44 +0000] "GET / HTTP/1.1" 499 0 "-" "Mozilla/5.0 (iPhone; CPU iPhone OS 13_2_3 like Mac OS X) AppleWebKit/605.1.15 (KHTML, like Gecko) Version/13.0.3 Mobile/15E148 Safari/604.1"
160.153.172.103 - - [28/Aug/2026:23:02:03 +0000] "GET /.well-known/acme-challenge/I5D0E2YL8F_3PPOEI-5GE0CI_Z_1NKIL HTTP/1.1" 404 355 "-" "Cpanel-HTTP-Client/1.0"
160.153.172.103 - - [28/Aug/2026:23:02:05 +0000] "GET /.well-known/acme-challenge/8BYH_UA66JJ7H33DYN2OVGAGVC-6LQ64 HTTP/1.1" 404 355 "-" "Cpanel-HTTP-Client/1.0"
160.153.172.103 - - [28/Aug/2026:23:02:05 +0000] "GET /.well-known/acme-challenge/PMBMK4YOH-ORU2RHFVALIFZKXKXCY6-J HTTP/1.1" 404 355 "-" "Cpanel-HTTP-Client/1.0"
72.167.149.90 - - [28/Aug/2026:23:06:19 +0000] "GET /.well-known/acme-challenge/YS2_KKEW2ESJNQDZNQAMXU_JP6JCYKRB HTTP/1.1" 200 64 "-" "Cpanel-HTTP-Client/1.0"
72.167.149.90 - - [28/Aug/2026:23:06:22 +0000] "GET /.well-known/acme-challenge/N5M-_A9SOAG_I-QV6PG_SL1L_F0Q5MQY HTTP/1.1" 200 64 "-" "Cpanel-HTTP-Client/1.0"
72.167.149.90 - - [28/Aug/2026:23:06:23 +0000] "GET /.well-known/acme-challenge/Y9QO3YRYH8ET4BD0S05RXW-89Y8M_MS4 HTTP/1.1" 200 64 "-" "Cpanel-HTTP-Client/1.0"
72.167.149.90 - - [29/Aug/2026:00:34:55 +0000] "POST /wp-cron.php?doing_wp_cron=1787963694.6439340114593505859375 HTTP/1.1" 499 0 "-" "WordPress/7.1; https://uslconsultation.com"
93.183.94.195 - - [29/Aug/2026:00:34:56 +0000] "GET /uncategorized/hello-world/ HTTP/1.0" 404 184439 "http://uslconsultation.com/uncategorized/hello-world/" "Mozilla/5.0 (Windows NT 10.0; Win64; x64) AppleWebKit/537.36 (KHTML, like Gecko) Chrome/129.0.0.0 Safari/537.36"
72.167.149.90 - - [29/Aug/2026:01:01:06 +0000] "POST /wp-cron.php?doing_wp_cron=1787965265.5731909275054931640625 HTTP/1.1" 499 0 "-" "WordPress/7.1; https://uslconsultation.com"
199.45.155.61 - - [29/Aug/2026:01:01:06 +0000] "GET / HTTP/1.1" 301 5 "-" "Mozilla/5.0 (compatible; CensysInspect/1.1; +https://about.censys.io/)"
72.167.149.90 - - [29/Aug/2026:01:15:30 +0000] "POST /wp-cron.php?doing_wp_cron=1787966129.7842609882354736328125 HTTP/1.1" 499 0 "-" "WordPress/7.1; https://uslconsultation.com"
74.7.241.146 - - [29/Aug/2026:01:15:30 +0000] "GET /robots.txt HTTP/1.1" 200 124 "-" "Mozilla/5.0 (Macintosh; Intel Mac OS X 10_15_7) AppleWebKit/537.36 (KHTML, like Gecko) Chrome/131.0.0.0 Safari/537.36; compatible; OAI-SearchBot/1.4; robots.txt; +https://openai.com/searchbot"
72.167.149.90 - - [29/Aug/2026:01:16:05 +0000] "POST /wp-cron.php?doing_wp_cron=1787966164.0674901008605957031250 HTTP/1.1" 499 0 "-" "WordPress/7.1; https://uslconsultation.com"
74.7.241.37 - - [29/Aug/2026:01:16:05 +0000] "GET / HTTP/1.1" 301 5 "http://www.prashikshan.in" "Mozilla/5.0 AppleWebKit/537.36 (KHTML, like Gecko; compatible; GPTBot/1.4; +https://openai.com/gptbot)"
72.167.149.90 - - [29/Aug/2026:01:33:59 +0000] "POST /wp-cron.php?doing_wp_cron=1787967238.9810309410095214843750 HTTP/1.1" 499 0 "-" "WordPress/7.1; https://uslconsultation.com"
49.233.45.47 - - [29/Aug/2026:01:34:00 +0000] "GET / HTTP/1.1" 301 5 "-" "Mozilla/5.0 (iPhone; CPU iPhone OS 13_2_3 like Mac OS X) AppleWebKit/605.1.15 (KHTML, like Gecko) Version/13.0.3 Mobile/15E148 Safari/604.1"
198.199.85.116 - - [29/Aug/2026:01:35:41 +0000] "GET / HTTP/1.1" 499 0 "-" "Mozilla/5.0 (X11; Linux x86_64) AppleWebKit/537.36 (KHTML, like Gecko) Chrome/142.0.0.0 Safari/537.36"
72.167.149.90 - - [29/Aug/2026:01:35:42 +0000] "POST /wp-cron.php?doing_wp_cron=1787967341.0042800903320312500000 HTTP/1.1" 499 0 "-" "WordPress/7.1; https://uslconsultation.com"
160.153.172.103 - - [29/Aug/2026:02:02:03 +0000] "GET /.well-known/acme-challenge/AVD07O4GW5J6I2-CBZY0WDWN5PVJ41SG HTTP/1.1" 404 355 "-" "Cpanel-HTTP-Client/1.0"
160.153.172.103 - - [29/Aug/2026:02:02:04 +0000] "GET /.well-known/acme-challenge/OBY_1FD6YRBSUYCKZUA72OVRHJ9SDTHM HTTP/1.1" 404 355 "-" "Cpanel-HTTP-Client/1.0"
160.153.172.103 - - [29/Aug/2026:02:02:05 +0000] "GET /.well-known/acme-challenge/YUWIF0LNCNEHAL2MMEW1387E1-M0_JSM HTTP/1.1" 404 355 "-" "Cpanel-HTTP-Client/1.0"
72.167.149.90 - - [29/Aug/2026:02:05:30 +0000] "POST /wp-cron.php?doing_wp_cron=1787969129.3055179119110107421875 HTTP/1.1" 499 0 "-" "WordPress/7.1; https://uslconsultation.com"
176.56.39.244 - - [29/Aug/2026:02:05:30 +0000] "GET /wp-login.php HTTP/1.1" 302 5 "-" "Mozilla/5.0"
72.167.149.90 - - [29/Aug/2026:02:06:15 +0000] "GET /.well-known/acme-challenge/_2T3CX3HRB72FR3IZ_F6ICEJEG4W1PML HTTP/1.1" 200 64 "-" "Cpanel-HTTP-Client/1.0"
72.167.149.90 - - [29/Aug/2026:02:06:17 +0000] "GET /.well-known/acme-challenge/PT1-N61OCFN49C4JE7NUDO09U7PVR60N HTTP/1.1" 200 64 "-" "Cpanel-HTTP-Client/1.0"
72.167.149.90 - - [29/Aug/2026:02:06:18 +0000] "GET /.well-known/acme-challenge/F7JO0KQF8MJYM65FIP7HLQYKGZ7NCSON HTTP/1.1" 200 64 "-" "Cpanel-HTTP-Client/1.0"
72.167.149.90 - - [29/Aug/2026:02:43:16 +0000] "POST /wp-cron.php?doing_wp_cron=1787971395.3770470619201660156250 HTTP/1.1" 499 0 "-" "WordPress/7.1; https://uslconsultation.com"
43.161.234.148 - - [29/Aug/2026:02:43:16 +0000] "GET / HTTP/1.1" 301 5 "-" "Mozilla/5.0 (iPhone; CPU iPhone OS 13_2_3 like Mac OS X) AppleWebKit/605.1.15 (KHTML, like Gecko) Version/13.0.3 Mobile/15E148 Safari/604.1"
72.167.149.90 - - [29/Aug/2026:03:18:08 +0000] "POST /wp-cron.php?doing_wp_cron=1787973487.0112740993499755859375 HTTP/1.1" 499 0 "-" "WordPress/7.1; https://uslconsultation.com"
192.71.18.194 - - [29/Aug/2026:03:18:08 +0000] "GET / HTTP/1.1" 301 5 "-" "Mozilla/5.0 (iPhone; CPU iPhone OS 16_3 like Mac OS X) AppleWebKit/605.1.15 (KHTML, like Gecko) CriOS/122.0.6261.89 Mobile/15E148 Safari/604"
72.167.149.90 - - [29/Aug/2026:03:43:14 +0000] "POST /wp-cron.php?doing_wp_cron=1787974993.4325799942016601562500 HTTP/1.1" 499 0 "-" "WordPress/7.1; https://uslconsultation.com"
43.130.131.18 - - [29/Aug/2026:03:43:14 +0000] "GET / HTTP/1.1" 301 5 "-" "Mozilla/5.0 (iPhone; CPU iPhone OS 13_2_3 like Mac OS X) AppleWebKit/605.1.15 (KHTML, like Gecko) Version/13.0.3 Mobile/15E148 Safari/604.1"
71.6.236.183 - - [29/Aug/2026:04:05:07 +0000] "GET / HTTP/1.1" 499 0 "-" "RootEvidence/1.0"
72.167.149.90 - - [29/Aug/2026:04:05:08 +0000] "POST /wp-cron.php?doing_wp_cron=1787976307.3472828865051269531250 HTTP/1.1" 499 0 "-" "WordPress/7.1; https://uslconsultation.com"
71.6.236.183 - - [29/Aug/2026:04:20:36 +0000] "GET / HTTP/1.1" 301 5 "-" "RootEvidence/1.0"
160.153.172.103 - - [29/Aug/2026:05:02:03 +0000] "GET /.well-known/acme-challenge/3IXUVJOLJYCAULDL252Y4C_XM8DWGNPP HTTP/1.1" 404 355 "-" "Cpanel-HTTP-Client/1.0"
160.153.172.103 - - [29/Aug/2026:05:02:05 +0000] "GET /.well-known/acme-challenge/ZANOZT_8HLZVF9ISDT50J0XMMIYG5MJU HTTP/1.1" 404 355 "-" "Cpanel-HTTP-Client/1.0"
160.153.172.103 - - [29/Aug/2026:05:02:05 +0000] "GET /.well-known/acme-challenge/9JFZNYA4JHU7GFSGHCLFN7S9MA8F8O2Y HTTP/1.1" 404 355 "-" "Cpanel-HTTP-Client/1.0"
72.167.149.90 - - [29/Aug/2026:05:04:58 +0000] "POST /wp-cron.php?doing_wp_cron=1787979897.1118910312652587890625 HTTP/1.1" 499 0 "-" "WordPress/7.1; https://uslconsultation.com"
93.158.103.180 - - [29/Aug/2026:05:04:58 +0000] "GET / HTTP/1.1" 301 5 "-" "Mozilla/5.0 (Android 14; Mobile; rv:123.0) Gecko/123.0 Firefox/123"
72.167.149.90 - - [29/Aug/2026:05:06:17 +0000] "GET /.well-known/acme-challenge/IUZK_FT7-0B7GN7TH09YOTJNHVYYWK6A HTTP/1.1" 200 64 "-" "Cpanel-HTTP-Client/1.0"
72.167.149.90 - - [29/Aug/2026:05:06:19 +0000] "GET /.well-known/acme-challenge/U8KP6D8PDVGNWGU8NPX3U0J94FLJR-E1 HTTP/1.1" 200 64 "-" "Cpanel-HTTP-Client/1.0"
72.167.149.90 - - [29/Aug/2026:05:06:20 +0000] "GET /.well-known/acme-challenge/0I-O5AOLZIB34DWGPWOPK93NVYQ1IW55 HTTP/1.1" 200 64 "-" "Cpanel-HTTP-Client/1.0"
71.6.238.197 - - [29/Aug/2026:05:07:42 +0000] "GET / HTTP/1.1" 301 5 "-" "RootEvidence/1.0"
72.167.149.90 - - [29/Aug/2026:05:14:37 +0000] "POST /wp-cron.php?doing_wp_cron=1787980476.0132660865783691406250 HTTP/1.1" 499 0 "-" "WordPress/7.1; https://uslconsultation.com"
54.90.166.185 - - [29/Aug/2026:05:14:37 +0000] "GET / HTTP/1.1" 301 5 "-" "Mozilla/5.0 (Windows NT 10.0; Win64; x64) AppleWebKit/537.36 (KHTML, like Gecko) Chrome/86.0.4240.75 Safari/537.36"
72.167.149.90 - - [29/Aug/2026:06:45:41 +0000] "POST /wp-cron.php?doing_wp_cron=1787985940.6702771186828613281250 HTTP/1.1" 499 0 "-" "WordPress/7.1; https://uslconsultation.com"
162.14.114.97 - - [29/Aug/2026:06:45:41 +0000] "GET / HTTP/1.1" 301 5 "-" "Mozilla/5.0 (iPhone; CPU iPhone OS 13_2_3 like Mac OS X) AppleWebKit/605.1.15 (KHTML, like Gecko) Version/13.0.3 Mobile/15E148 Safari/604.1"
72.167.149.90 - - [29/Aug/2026:07:00:11 +0000] "POST /wp-cron.php?doing_wp_cron=1787986810.4559168815612792968750 HTTP/1.1" 499 0 "-" "WordPress/7.1; https://uslconsultation.com"
64.89.161.160 - - [29/Aug/2026:07:00:11 +0000] "GET /assets/js/file-uploader/server/php/index.php?file=tf2rghf.jpg HTTP/1.1" 301 5 "-" "ALittle Client"
64.89.161.160 - - [29/Aug/2026:07:00:59 +0000] "GET /assets/js/file-uploader/server/php/?file=tf2rghf.jpg HTTP/1.1" 404 184565 "-" "ALittle Client"
72.167.149.90 - - [29/Aug/2026:07:11:34 +0000] "POST /wp-cron.php?doing_wp_cron=1787987493.8411409854888916015625 HTTP/1.1" 499 0 "-" "WordPress/7.1; https://uslconsultation.com"
43.159.34.167 - - [29/Aug/2026:07:11:34 +0000] "GET / HTTP/1.1" 301 5 "-" "Mozilla/5.0 (iPhone; CPU iPhone OS 13_2_3 like Mac OS X) AppleWebKit/605.1.15 (KHTML, like Gecko) Version/13.0.3 Mobile/15E148 Safari/604.1"
72.167.149.90 - - [29/Aug/2026:07:44:55 +0000] "POST /wp-cron.php?doing_wp_cron=1787989494.9538528919219970703125 HTTP/1.1" 499 0 "-" "WordPress/7.1; https://uslconsultation.com"
80.94.95.173 - - [29/Aug/2026:07:44:56 +0000] "GET / HTTP/1.0" 301 0 "http://uslconsultation.com/" "Mozilla/5.0 (Windows NT 10.0; Win64; x64) AppleWebKit/537.36 (KHTML, like Gecko) Chrome/131.0.0.0 Safari/537.36"
72.167.149.90 - - [29/Aug/2026:08:01:19 +0000] "POST /wp-cron.php?doing_wp_cron=1787990478.8990108966827392578125 HTTP/1.1" 499 0 "-" "WordPress/7.1; https://uslconsultation.com"
43.157.170.126 - - [29/Aug/2026:08:01:19 +0000] "GET / HTTP/1.1" 301 5 "-" "Mozilla/5.0 (iPhone; CPU iPhone OS 13_2_3 like Mac OS X) AppleWebKit/605.1.15 (KHTML, like Gecko) Version/13.0.3 Mobile/15E148 Safari/604.1"
160.153.172.103 - - [29/Aug/2026:08:02:03 +0000] "GET /.well-known/acme-challenge/ZC-2Y0SI-AF-EKQUMO62UANNVUAKLEXU HTTP/1.1" 404 355 "-" "Cpanel-HTTP-Client/1.0"
160.153.172.103 - - [29/Aug/2026:08:02:05 +0000] "GET /.well-known/acme-challenge/VAV9LDAYIT19DTA4G6HD63MYV8BCZ5QA HTTP/1.1" 404 355 "-" "Cpanel-HTTP-Client/1.0"
160.153.172.103 - - [29/Aug/2026:08:02:05 +0000] "GET /.well-known/acme-challenge/PCN5FW4LFMYYIKJL8JFG1YOLLXX1CV2C HTTP/1.1" 404 355 "-" "Cpanel-HTTP-Client/1.0"
72.167.149.90 - - [29/Aug/2026:08:06:20 +0000] "GET /.well-known/acme-challenge/SI1F2L8QIOP4DEUFOP8GBVX5DO5TQMSU HTTP/1.1" 200 64 "-" "Cpanel-HTTP-Client/1.0"
72.167.149.90 - - [29/Aug/2026:08:06:22 +0000] "GET /.well-known/acme-challenge/Z-Y0UBYUVON91H9TICGL4_PX92_-6EHX HTTP/1.1" 200 64 "-" "Cpanel-HTTP-Client/1.0"
72.167.149.90 - - [29/Aug/2026:08:06:23 +0000] "GET /.well-known/acme-challenge/RWOPZ6JU58C7R1GA6ZV1TAD2N88JWZ4F HTTP/1.1" 200 64 "-" "Cpanel-HTTP-Client/1.0"
72.167.149.90 - - [29/Aug/2026:08:20:19 +0000] "POST /wp-cron.php?doing_wp_cron=1787991618.3467218875885009765625 HTTP/1.1" 499 0 "-" "WordPress/7.1; https://uslconsultation.com"
112.86.225.212 - - [29/Aug/2026:08:20:19 +0000] "GET /robots.txt HTTP/1.1" 200 124 "-" "Sogou web spider/4.0(+http://www.sogou.com/docs/help/webmasters.htm#07)"
72.167.149.90 - - [29/Aug/2026:08:29:41 +0000] "POST /wp-cron.php?doing_wp_cron=1787992180.4577291011810302734375 HTTP/1.1" 499 0 "-" "WordPress/7.1; https://uslconsultation.com"
66.132.172.128 - - [29/Aug/2026:08:29:41 +0000] "GET / HTTP/1.1" 301 5 "-" "Mozilla/5.0 (compatible; CensysInspect/1.1; +https://about.censys.io/)"
195.178.110.65 - - [29/Aug/2026:09:39:11 +0000] "GET / HTTP/1.1" 301 5 "-" "Mozilla/5.0 (Windows NT 10.0; Win64; x64) AppleWebKit/537.36"
71.6.242.121 - - [29/Aug/2026:09:44:57 +0000] "GET / HTTP/1.1" 301 5 "-" "RootEvidence/1.0"
72.167.149.90 - - [29/Aug/2026:10:21:37 +0000] "POST /wp-cron.php?doing_wp_cron=1787998896.2791450023651123046875 HTTP/1.1" 499 0 "-" "WordPress/7.1; https://uslconsultation.com"
66.132.195.77 - - [29/Aug/2026:10:21:37 +0000] "GET / HTTP/1.1" 301 5 "-" "Mozilla/5.0 (compatible; CensysInspect/1.1; +https://about.censys.io/)"
72.167.149.90 - - [29/Aug/2026:10:32:35 +0000] "POST /wp-cron.php?doing_wp_cron=1787999554.8921229839324951171875 HTTP/1.1" 499 0 "-" "WordPress/7.1; https://uslconsultation.com"
66.132.224.84 - - [29/Aug/2026:10:32:35 +0000] "GET / HTTP/1.1" 301 5 "-" "Mozilla/5.0 (compatible; CensysInspect/1.1; +https://about.censys.io/)"
72.167.149.90 - - [29/Aug/2026:10:58:09 +0000] "POST /wp-cron.php?doing_wp_cron=1788001088.7061760425567626953125 HTTP/1.1" 499 0 "-" "WordPress/7.1; https://uslconsultation.com"
32.197.93.224 - - [29/Aug/2026:10:58:09 +0000] "GET / HTTP/1.1" 301 5 "-" "Mozilla/5.0 (Windows NT 10.0; Win64; x64) AppleWebKit/537.36 (KHTML, like Gecko) Chrome/137.0.0.0 Safari/537.36 Edg/137.0.0.0"
160.153.172.103 - - [29/Aug/2026:11:02:04 +0000] "GET /.well-known/acme-challenge/I0BP69USY_TJZBR3ZMM-LH8I2AITW522 HTTP/1.1" 404 355 "-" "Cpanel-HTTP-Client/1.0"
160.153.172.103 - - [29/Aug/2026:11:02:05 +0000] "GET /.well-known/acme-challenge/1-T4648LHD3W2B6W758VUYV4933G1M6- HTTP/1.1" 404 355 "-" "Cpanel-HTTP-Client/1.0"
160.153.172.103 - - [29/Aug/2026:11:02:06 +0000] "GET /.well-known/acme-challenge/TOD1ZY9TOF8JCYK8_M15STVN3HI4J4K9 HTTP/1.1" 404 355 "-" "Cpanel-HTTP-Client/1.0"
72.167.149.90 - - [29/Aug/2026:11:06:16 +0000] "GET /.well-known/acme-challenge/Z53B23X85YRO8V07UB3NICS4JHD55K25 HTTP/1.1" 200 64 "-" "Cpanel-HTTP-Client/1.0"
72.167.149.90 - - [29/Aug/2026:11:06:19 +0000] "GET /.well-known/acme-challenge/QLVDBJ1ZSP4_XWTS54NLI5-H-RWXS_H5 HTTP/1.1" 200 64 "-" "Cpanel-HTTP-Client/1.0"
72.167.149.90 - - [29/Aug/2026:11:06:19 +0000] "GET /.well-known/acme-challenge/7-J9Z581PCTJQDW4X5BF-G-JT0_48GLF HTTP/1.1" 200 64 "-" "Cpanel-HTTP-Client/1.0"
43.130.102.7 - - [29/Aug/2026:11:27:59 +0000] "GET / HTTP/1.1" 301 5 "-" "Mozilla/5.0 (iPhone; CPU iPhone OS 13_2_3 like Mac OS X) AppleWebKit/605.1.15 (KHTML, like Gecko) Version/13.0.3 Mobile/15E148 Safari/604.1"
72.167.149.90 - - [29/Aug/2026:12:06:48 +0000] "POST /wp-cron.php?doing_wp_cron=1788005207.0509090423583984375000 HTTP/1.1" 499 0 "-" "WordPress/7.1; https://uslconsultation.com"
1.15.52.154 - - [29/Aug/2026:12:06:48 +0000] "GET / HTTP/1.1" 301 5 "-" "Mozilla/5.0 (iPhone; CPU iPhone OS 13_2_3 like Mac OS X) AppleWebKit/605.1.15 (KHTML, like Gecko) Version/13.0.3 Mobile/15E148 Safari/604.1"
72.167.149.90 - - [29/Aug/2026:12:16:14 +0000] "POST /wp-cron.php?doing_wp_cron=1788005773.8821361064910888671875 HTTP/1.1" 499 0 "-" "WordPress/7.1; https://uslconsultation.com"
49.51.233.46 - - [29/Aug/2026:12:16:14 +0000] "GET / HTTP/1.1" 301 5 "-" "Mozilla/5.0 (iPhone; CPU iPhone OS 13_2_3 like Mac OS X) AppleWebKit/605.1.15 (KHTML, like Gecko) Version/13.0.3 Mobile/15E148 Safari/604.1"
160.153.172.103 - - [29/Aug/2026:14:02:03 +0000] "GET /.well-known/acme-challenge/1JQK2WF9VGZSNEH05226NICJ_M_ROLAH HTTP/1.1" 404 355 "-" "Cpanel-HTTP-Client/1.0"
160.153.172.103 - - [29/Aug/2026:14:02:05 +0000] "GET /.well-known/acme-challenge/XKV_0E1UA4UBWQCWHYNVC9E1GY2Y2ZT8 HTTP/1.1" 404 355 "-" "Cpanel-HTTP-Client/1.0"
160.153.172.103 - - [29/Aug/2026:14:02:05 +0000] "GET /.well-known/acme-challenge/9Q2BKAO9MSTM6ULCYOXB-ODECQIMNE__ HTTP/1.1" 404 355 "-" "Cpanel-HTTP-Client/1.0"
72.167.149.90 - - [29/Aug/2026:14:06:16 +0000] "GET /.well-known/acme-challenge/35PN9TQWON_AHX_QZM-6X7Y-WPPYVIZ5 HTTP/1.1" 200 64 "-" "Cpanel-HTTP-Client/1.0"
72.167.149.90 - - [29/Aug/2026:14:06:18 +0000] "GET /.well-known/acme-challenge/1CKJ2WW_EOP366RSO1B4DLI4A8UT8HB2 HTTP/1.1" 200 64 "-" "Cpanel-HTTP-Client/1.0"
72.167.149.90 - - [29/Aug/2026:14:06:19 +0000] "GET /.well-known/acme-challenge/S_HTOJY76FTLTB5DYOGPT4MUY6I5WUHC HTTP/1.1" 200 64 "-" "Cpanel-HTTP-Client/1.0"
72.167.149.90 - - [29/Aug/2026:14:27:54 +0000] "POST /wp-cron.php?doing_wp_cron=1788013673.0374789237976074218750 HTTP/1.1" 499 0 "-" "WordPress/7.1; https://uslconsultation.com"
195.2.84.198 - - [29/Aug/2026:14:27:54 +0000] "GET /uncategorized/hello-world/ HTTP/1.0" 404 184439 "http://uslconsultation.com/uncategorized/hello-world/" "Mozilla/5.0 (Windows NT 10.0; Win64; x64) AppleWebKit/537.36 (KHTML, like Gecko) Chrome/130.0.0.0 Safari/537.36"
72.167.149.90 - - [29/Aug/2026:15:35:43 +0000] "POST /wp-cron.php?doing_wp_cron=1788017742.2873098850250244140625 HTTP/1.1" 499 0 "-" "WordPress/7.1; https://uslconsultation.com"
101.32.208.70 - - [29/Aug/2026:15:35:43 +0000] "GET / HTTP/1.1" 301 5 "-" "Mozilla/5.0 (iPhone; CPU iPhone OS 13_2_3 like Mac OS X) AppleWebKit/605.1.15 (KHTML, like Gecko) Version/13.0.3 Mobile/15E148 Safari/604.1"
72.167.149.90 - - [29/Aug/2026:16:21:24 +0000] "POST /wp-cron.php?doing_wp_cron=1788020483.8411610126495361328125 HTTP/1.1" 499 0 "-" "WordPress/7.1; https://uslconsultation.com"
43.131.45.213 - - [29/Aug/2026:16:21:24 +0000] "GET / HTTP/1.1" 301 5 "-" "Mozilla/5.0 (iPhone; CPU iPhone OS 13_2_3 like Mac OS X) AppleWebKit/605.1.15 (KHTML, like Gecko) Version/13.0.3 Mobile/15E148 Safari/604.1"
160.153.172.103 - - [29/Aug/2026:17:02:03 +0000] "GET /.well-known/acme-challenge/Q2S-GOQ2YK6C6THCUOF6J-WCLKV5959Q HTTP/1.1" 404 355 "-" "Cpanel-HTTP-Client/1.0"
160.153.172.103 - - [29/Aug/2026:17:02:04 +0000] "GET /.well-known/acme-challenge/K1B85N1CF-K89YOK-0J3CZHU2YVPS_O4 HTTP/1.1" 404 355 "-" "Cpanel-HTTP-Client/1.0"
160.153.172.103 - - [29/Aug/2026:17:02:05 +0000] "GET /.well-known/acme-challenge/TSZD6THF-KB1D261HZESZ_NZUU11Z_5C HTTP/1.1" 404 355 "-" "Cpanel-HTTP-Client/1.0"
72.167.149.90 - - [29/Aug/2026:17:06:14 +0000] "GET /.well-known/acme-challenge/J-XIY--910NEH4KXNFXU2QU53-FWBHWA HTTP/1.1" 200 64 "-" "Cpanel-HTTP-Client/1.0"
72.167.149.90 - - [29/Aug/2026:17:06:16 +0000] "GET /.well-known/acme-challenge/Q36-H-LBWPG9ZI23CRRFTA2E82NVFXSB HTTP/1.1" 200 64 "-" "Cpanel-HTTP-Client/1.0"
72.167.149.90 - - [29/Aug/2026:17:06:16 +0000] "GET /.well-known/acme-challenge/6OX0R804P-IME05V98-1NWQP_6G_ZFB4 HTTP/1.1" 200 64 "-" "Cpanel-HTTP-Client/1.0"
72.167.149.90 - - [29/Aug/2026:17:32:09 +0000] "POST /wp-cron.php?doing_wp_cron=1788024728.7663679122924804687500 HTTP/1.1" 499 0 "-" "WordPress/7.1; https://uslconsultation.com"
175.178.110.121 - - [29/Aug/2026:17:32:09 +0000] "GET / HTTP/1.1" 301 5 "-" "Mozilla/5.0 (iPhone; CPU iPhone OS 13_2_3 like Mac OS X) AppleWebKit/605.1.15 (KHTML, like Gecko) Version/13.0.3 Mobile/15E148 Safari/604.1"
72.167.149.90 - - [29/Aug/2026:19:29:06 +0000] "POST /wp-cron.php?doing_wp_cron=1788031745.0494880676269531250000 HTTP/1.1" 499 0 "-" "WordPress/7.1; https://uslconsultation.com"
106.63.26.149 - - [29/Aug/2026:19:29:06 +0000] "GET / HTTP/1.1" 301 5 "-" "Mozilla/5.0 (Macintosh; Intel Mac OS X 10_15_7) AppleWebKit/537.36 (KHTML, like Gecko) Chrome/120.0.0.0 Safari/537.36 Edg/120.0.0.0"
160.153.172.103 - - [29/Aug/2026:20:02:03 +0000] "GET /.well-known/acme-challenge/CKCQSZ7NK6XR-MLVJIRYRV824_Q_LIEZ HTTP/1.1" 404 355 "-" "Cpanel-HTTP-Client/1.0"
160.153.172.103 - - [29/Aug/2026:20:02:05 +0000] "GET /.well-known/acme-challenge/0UBDBGE_VJ85D9AEEAK0UWIWF53FNR1L HTTP/1.1" 404 355 "-" "Cpanel-HTTP-Client/1.0"
160.153.172.103 - - [29/Aug/2026:20:02:05 +0000] "GET /.well-known/acme-challenge/Z_31L4ZVI2OAGOZ_070G79XHEJIEFMQ2 HTTP/1.1" 404 355 "-" "Cpanel-HTTP-Client/1.0"
72.167.149.90 - - [29/Aug/2026:20:06:13 +0000] "GET /.well-known/acme-challenge/08LFKNOW-L4EIDUFN549-ISNH2RQSZ3B HTTP/1.1" 200 64 "-" "Cpanel-HTTP-Client/1.0"
72.167.149.90 - - [29/Aug/2026:20:06:15 +0000] "GET /.well-known/acme-challenge/307VOV9J_X0Q-_IV0DUPY4J7OTK7WUVR HTTP/1.1" 200 64 "-" "Cpanel-HTTP-Client/1.0"
72.167.149.90 - - [29/Aug/2026:20:06:15 +0000] "GET /.well-known/acme-challenge/X1K-VQT517_NLLL7ILJRIDQTK3QAPRIO HTTP/1.1" 200 64 "-" "Cpanel-HTTP-Client/1.0"
138.199.29.193 - - [29/Aug/2026:20:19:17 +0000] "GET / HTTP/1.1" 301 5 "-" "Python/3.11 aiohttp/3.13.3"
138.199.29.193 - - [29/Aug/2026:20:19:18 +0000] "GET / HTTP/1.1" 301 5 "-" "Python/3.11 aiohttp/3.13.3"
72.167.149.90 - - [29/Aug/2026:20:19:18 +0000] "POST /wp-cron.php?doing_wp_cron=1788034757.3357748985290527343750 HTTP/1.1" 499 0 "-" "WordPress/7.1; https://uslconsultation.com"
138.199.29.193 - - [29/Aug/2026:20:19:18 +0000] "GET / HTTP/1.1" 301 5 "-" "Python/3.11 aiohttp/3.13.3"
43.134.15.174 - - [29/Aug/2026:20:28:05 +0000] "GET / HTTP/1.1" 301 5 "-" "Mozilla/5.0 (iPhone; CPU iPhone OS 13_2_3 like Mac OS X) AppleWebKit/605.1.15 (KHTML, like Gecko) Version/13.0.3 Mobile/15E148 Safari/604.1"
72.167.149.90 - - [29/Aug/2026:21:28:17 +0000] "POST /wp-cron.php?doing_wp_cron=1788038896.7019319534301757812500 HTTP/1.1" 499 0 "-" "WordPress/7.1; https://uslconsultation.com"
43.167.232.38 - - [29/Aug/2026:21:28:17 +0000] "GET / HTTP/1.1" 301 5 "-" "Mozilla/5.0 (iPhone; CPU iPhone OS 13_2_3 like Mac OS X) AppleWebKit/605.1.15 (KHTML, like Gecko) Version/13.0.3 Mobile/15E148 Safari/604.1"
72.167.149.90 - - [29/Aug/2026:22:34:49 +0000] "POST /wp-cron.php?doing_wp_cron=1788042888.7404639720916748046875 HTTP/1.1" 499 0 "-" "WordPress/7.1; https://uslconsultation.com"
51.68.111.202 - - [29/Aug/2026:22:34:49 +0000] "GET /robots.txt HTTP/1.1" 200 124 "-" "Mozilla/5.0 (compatible; MJ12bot/v2.0.5; http://mj12bot.com/)"
51.68.111.202 - - [29/Aug/2026:22:34:51 +0000] "GET / HTTP/1.1" 301 5 "-" "Mozilla/5.0 (compatible; MJ12bot/v2.0.5; http://mj12bot.com/)"
91.92.240.86 - - [29/Aug/2026:22:47:38 +0000] "GET /wp-content/plugins/mailgun/readme.txt HTTP/1.1" 404 32776 "-" "Mozilla/5.0 (Macintosh; Intel Mac OS X 10_15_7) AppleWebKit/537.36 (KHTML, like Gecko) Chrome/100.0.4896.127 Safari/537.36"
72.167.149.90 - - [29/Aug/2026:22:47:38 +0000] "POST /wp-cron.php?doing_wp_cron=1788043657.7551829814910888671875 HTTP/1.1" 499 0 "-" "WordPress/7.1; https://uslconsultation.com"
91.92.240.86 - - [29/Aug/2026:22:47:40 +0000] "POST /wp-admin/admin-ajax.php?action=add_list HTTP/1.1" 400 11 "-" "Mozilla/5.0 (Knoppix; Linux x86_64) AppleWebKit/537.36 (KHTML, like Gecko) Chrome/128.0.0.0 Safari/537.36"
72.167.149.90 - - [29/Aug/2026:22:54:46 +0000] "POST /wp-cron.php?doing_wp_cron=1788044085.3273260593414306640625 HTTP/1.1" 499 0 "-" "WordPress/7.1; https://uslconsultation.com"
139.155.126.16 - - [29/Aug/2026:22:54:46 +0000] "GET / HTTP/1.1" 301 5 "-" "Mozilla/5.0 (iPhone; CPU iPhone OS 13_2_3 like Mac OS X) AppleWebKit/605.1.15 (KHTML, like Gecko) Version/13.0.3 Mobile/15E148 Safari/604.1"
160.153.172.103 - - [29/Aug/2026:23:02:03 +0000] "GET /.well-known/acme-challenge/CZUJ366Y50LLFSYAQDZ7Q63NO321J1VX HTTP/1.1" 404 355 "-" "Cpanel-HTTP-Client/1.0"
160.153.172.103 - - [29/Aug/2026:23:02:05 +0000] "GET /.well-known/acme-challenge/-_WZ3Z4TL9ACG-HDSU0RZBIIJ91ALN40 HTTP/1.1" 404 355 "-" "Cpanel-HTTP-Client/1.0"
160.153.172.103 - - [29/Aug/2026:23:02:05 +0000] "GET /.well-known/acme-challenge/6UV4SI-DJEK0RU7RT3XX_ZNQAE5T__HK HTTP/1.1" 404 355 "-" "Cpanel-HTTP-Client/1.0"
72.167.149.90 - - [29/Aug/2026:23:06:17 +0000] "GET /.well-known/acme-challenge/VNIX7X2B2I527XLAPX3RKBOFE6M2QZE6 HTTP/1.1" 200 64 "-" "Cpanel-HTTP-Client/1.0"
72.167.149.90 - - [29/Aug/2026:23:06:19 +0000] "GET /.well-known/acme-challenge/JI9OE34IONED5M_6QJA5VGVC63KADBSH HTTP/1.1" 200 64 "-" "Cpanel-HTTP-Client/1.0"
72.167.149.90 - - [29/Aug/2026:23:06:20 +0000] "GET /.well-known/acme-challenge/6LIQ-_F5B4M3LUS4BMAJHXL1_MCV1UP- HTTP/1.1" 200 64 "-" "Cpanel-HTTP-Client/1.0"
72.167.149.90 - - [29/Aug/2026:23:31:47 +0000] "POST /wp-cron.php?doing_wp_cron=1788046306.6022379398345947265625 HTTP/1.1" 499 0 "-" "WordPress/7.1; https://uslconsultation.com"
83.217.213.120 - - [29/Aug/2026:23:31:47 +0000] "GET /uncategorized/hello-world/ HTTP/1.0" 404 184439 "http://uslconsultation.com/uncategorized/hello-world/" "Mozilla/5.0 (Windows NT 10.0; Win64; x64) AppleWebKit/537.36 (KHTML, like Gecko) Chrome/130.0.0.0 Safari/537.36 CCleaner/130.0.0.0"
72.167.149.90 - - [29/Aug/2026:23:44:57 +0000] "POST /wp-cron.php?doing_wp_cron=1788047096.1455349922180175781250 HTTP/1.1" 499 0 "-" "WordPress/7.1; https://uslconsultation.com"
173.252.82.62 - - [29/Aug/2026:23:44:57 +0000] "GET /robots.txt HTTP/1.1" 200 124 "-" "facebookexternalhit/1.1 (+http://www.facebook.com/externalhit_uatext.php)"
72.167.149.90 - - [30/Aug/2026:00:39:18 +0000] "POST /wp-cron.php?doing_wp_cron=1788050357.5147869586944580078125 HTTP/1.1" 499 0 "-" "WordPress/7.1; https://uslconsultation.com"
66.132.186.201 - - [30/Aug/2026:00:39:18 +0000] "GET / HTTP/1.1" 301 5 "-" "Mozilla/5.0 (compatible; CensysInspect/1.1; +https://about.censys.io/)"
72.167.149.90 - - [30/Aug/2026:01:37:56 +0000] "POST /wp-cron.php?doing_wp_cron=1788053875.5790369510650634765625 HTTP/1.1" 499 0 "-" "WordPress/7.1; https://uslconsultation.com"
119.28.177.175 - - [30/Aug/2026:01:37:56 +0000] "GET / HTTP/1.1" 301 5 "-" "Mozilla/5.0 (iPhone; CPU iPhone OS 13_2_3 like Mac OS X) AppleWebKit/605.1.15 (KHTML, like Gecko) Version/13.0.3 Mobile/15E148 Safari/604.1"
160.153.172.103 - - [30/Aug/2026:02:02:03 +0000] "GET /.well-known/acme-challenge/YABY3BIJ1S-VJ36PAO5K13HT4A8CSSMQ HTTP/1.1" 404 355 "-" "Cpanel-HTTP-Client/1.0"
160.153.172.103 - - [30/Aug/2026:02:02:05 +0000] "GET /.well-known/acme-challenge/SFZ9O6WZ00BK-4WDH7WWH2LQUPCO4JL4 HTTP/1.1" 404 355 "-" "Cpanel-HTTP-Client/1.0"
160.153.172.103 - - [30/Aug/2026:02:02:05 +0000] "GET /.well-known/acme-challenge/QSG2Z9NGTA_1Z98AKYUNB1_9MSQ5LRKF HTTP/1.1" 404 355 "-" "Cpanel-HTTP-Client/1.0"
72.167.149.90 - - [30/Aug/2026:02:06:13 +0000] "GET /.well-known/acme-challenge/Q-ICZEUKLZ5-UWKTAQRL7K-VEUNUY03J HTTP/1.1" 200 64 "-" "Cpanel-HTTP-Client/1.0"
72.167.149.90 - - [30/Aug/2026:02:06:15 +0000] "GET /.well-known/acme-challenge/0PTOTCGGKWM2JV92RP830GHNQFTT02EM HTTP/1.1" 200 64 "-" "Cpanel-HTTP-Client/1.0"
72.167.149.90 - - [30/Aug/2026:02:06:15 +0000] "GET /.well-known/acme-challenge/DUTSC-W8KROQ89IPCU4EGNU3LHSX3SBF HTTP/1.1" 200 64 "-" "Cpanel-HTTP-Client/1.0"
72.167.149.90 - - [30/Aug/2026:02:27:09 +0000] "POST /wp-cron.php?doing_wp_cron=1788056828.2393779754638671875000 HTTP/1.1" 499 0 "-" "WordPress/7.1; https://uslconsultation.com"
43.153.15.51 - - [30/Aug/2026:02:27:09 +0000] "GET / HTTP/1.1" 301 5 "-" "Mozilla/5.0 (iPhone; CPU iPhone OS 13_2_3 like Mac OS X) AppleWebKit/605.1.15 (KHTML, like Gecko) Version/13.0.3 Mobile/15E148 Safari/604.1"
72.167.149.90 - - [30/Aug/2026:03:13:42 +0000] "POST /wp-cron.php?doing_wp_cron=1788059621.5419080257415771484375 HTTP/1.1" 499 0 "-" "WordPress/7.1; https://uslconsultation.com"
167.71.9.249 - - [30/Aug/2026:03:13:42 +0000] "GET /wp-login.php HTTP/1.1" 302 5 "-" "Mozilla/5.0"
72.167.149.90 - - [30/Aug/2026:04:07:36 +0000] "POST /wp-cron.php?doing_wp_cron=1788062855.1256148815155029296875 HTTP/1.1" 499 0 "-" "WordPress/7.1; https://uslconsultation.com"
129.204.188.64 - - [30/Aug/2026:04:07:36 +0000] "GET / HTTP/1.1" 301 5 "-" "Mozilla/5.0 (iPhone; CPU iPhone OS 13_2_3 like Mac OS X) AppleWebKit/605.1.15 (KHTML, like Gecko) Version/13.0.3 Mobile/15E148 Safari/604.1"
72.167.149.90 - - [30/Aug/2026:04:29:54 +0000] "POST /wp-cron.php?doing_wp_cron=1788064193.3541090488433837890625 HTTP/1.1" 499 0 "-" "WordPress/7.1; https://uslconsultation.com"
195.2.67.184 - - [30/Aug/2026:04:29:54 +0000] "GET /uncategorized/hello-world/ HTTP/1.0" 404 184439 "http://uslconsultation.com/uncategorized/hello-world/" "Mozilla/5.0 (Windows NT 10.0; Win64; x64) AppleWebKit/537.36 (KHTML, like Gecko) Chrome/130.0.0.0 Safari/537.36 CCleaner/130.0.0.0"
72.167.149.90 - - [30/Aug/2026:04:32:24 +0000] "POST /wp-cron.php?doing_wp_cron=1788064343.1228818893432617187500 HTTP/1.1" 499 0 "-" "WordPress/7.1; https://uslconsultation.com"
57.131.49.232 - - [30/Aug/2026:04:32:24 +0000] "GET /images/images/cache.php HTTP/1.1" 404 50959 "www.google.com" "Mozlila/5.0 (Linux; Android 7.0; SM-G892A Bulid/NRD90M; wv) AppleWebKit/537.36 (KHTML, like Gecko) Version/4.0 Chrome/60.0.3112.107 Moblie Safari/537.36"
117.132.188.204 - - [30/Aug/2026:04:55:54 +0000] "GET / HTTP/1.1" 499 0 "-" "Mozilla/5.0 (Windows NT 10.0; Win64; x64) AppleWebKit/537.36 (KHTML, like Gecko) Chrome/107.0.0.0 Safari/537.36"
72.167.149.90 - - [30/Aug/2026:04:55:57 +0000] "POST /wp-cron.php?doing_wp_cron=1788065756.0724709033966064453125 HTTP/1.1" 499 0 "-" "WordPress/7.1; https://uslconsultation.com"
160.153.172.103 - - [30/Aug/2026:05:02:03 +0000] "GET /.well-known/acme-challenge/F606NV43-6ABPCV_6PQ4XJCJG-WU2987 HTTP/1.1" 404 355 "-" "Cpanel-HTTP-Client/1.0"
160.153.172.103 - - [30/Aug/2026:05:02:05 +0000] "GET /.well-known/acme-challenge/AXXV9U2OPU3VVYB5UDDG2HJ3FPC2NZS6 HTTP/1.1" 404 355 "-" "Cpanel-HTTP-Client/1.0"
160.153.172.103 - - [30/Aug/2026:05:02:06 +0000] "GET /.well-known/acme-challenge/KA_AYZLH89VIIVJ7R_STI3U8G7OK_--B HTTP/1.1" 404 355 "-" "Cpanel-HTTP-Client/1.0"
72.167.149.90 - - [30/Aug/2026:05:06:15 +0000] "GET /.well-known/acme-challenge/G0ISV0YPGOT97UTKKRXZRTT3N7EQGI6V HTTP/1.1" 200 64 "-" "Cpanel-HTTP-Client/1.0"
72.167.149.90 - - [30/Aug/2026:05:06:17 +0000] "GET /.well-known/acme-challenge/2WGPDSJM64FGSL6YLPP2RIBZ61KUKE0A HTTP/1.1" 200 64 "-" "Cpanel-HTTP-Client/1.0"
72.167.149.90 - - [30/Aug/2026:05:06:18 +0000] "GET /.well-known/acme-challenge/TMCFZ0K5ETSK21LMQXFC2680AX0_NRDU HTTP/1.1" 200 64 "-" "Cpanel-HTTP-Client/1.0"
72.167.149.90 - - [30/Aug/2026:05:48:58 +0000] "POST /wp-cron.php?doing_wp_cron=1788068937.3159680366516113281250 HTTP/1.1" 499 0 "-" "WordPress/7.1; https://uslconsultation.com"
34.138.115.86 - - [30/Aug/2026:05:48:58 +0000] "GET /000.php HTTP/1.1" 404 50948 "-" "Go-http-client/1.1"
34.138.115.86 - - [30/Aug/2026:05:49:00 +0000] "GET /wp-admin/css/index.php HTTP/1.1" 301 5 "-" "Go-http-client/1.1"
34.138.115.86 - - [30/Aug/2026:05:49:00 +0000] "GET /wp-admin/css/ HTTP/1.1" 200 1805 "http://uslconsultation.com/wp-admin/css/index.php" "Go-http-client/1.1"
34.138.115.86 - - [30/Aug/2026:05:49:00 +0000] "GET /wp-content/plugins/index.php HTTP/1.1" 200 31 "-" "Go-http-client/1.1"
34.138.115.86 - - [30/Aug/2026:05:49:01 +0000] "GET /wp-content/index.php HTTP/1.1" 200 31 "-" "Go-http-client/1.1"
72.167.149.90 - - [30/Aug/2026:05:49:05 +0000] "POST /wp-cron.php?doing_wp_cron=1788068944.0420889854431152343750 HTTP/1.1" 499 0 "-" "WordPress/7.1; https://uslconsultation.com"
34.138.115.86 - - [30/Aug/2026:05:49:05 +0000] "GET //wp-content/plugins/fix/up.php HTTP/1.1" 301 5 "-" "Go-http-client/1.1"
34.138.115.86 - - [30/Aug/2026:05:49:08 +0000] "GET /wp-content/plugins/fix/up.php HTTP/1.1" 404 50955 "http://uslconsultation.com//wp-content/plugins/fix/up.php" "Go-http-client/1.1"
72.167.149.90 - - [30/Aug/2026:05:59:11 +0000] "POST /wp-cron.php?doing_wp_cron=1788069550.4153950214385986328125 HTTP/1.1" 499 0 "-" "WordPress/7.1; https://uslconsultation.com"
89.124.110.221 - - [30/Aug/2026:05:59:11 +0000] "GET /uncategorized/hello-world/ HTTP/1.0" 404 184439 "http://uslconsultation.com/uncategorized/hello-world/" "Mozilla/5.0 (Windows NT 10.0; Win64; x64) AppleWebKit/537.36 (KHTML, like Gecko) Chrome/130.0.0.0 Safari/537.36 CCleaner/130.0.0.0"
72.167.149.90 - - [30/Aug/2026:06:28:00 +0000] "POST /wp-cron.php?doing_wp_cron=1788071278.9797511100769042968750 HTTP/1.1" 499 0 "-" "WordPress/7.1; https://uslconsultation.com"
43.159.62.129 - - [30/Aug/2026:06:28:00 +0000] "GET / HTTP/1.1" 301 5 "-" "Mozilla/5.0 (iPhone; CPU iPhone OS 13_2_3 like Mac OS X) AppleWebKit/605.1.15 (KHTML, like Gecko) Version/13.0.3 Mobile/15E148 Safari/604.1"
72.167.149.90 - - [30/Aug/2026:07:15:06 +0000] "POST /wp-cron.php?doing_wp_cron=1788074105.9402170181274414062500 HTTP/1.1" 499 0 "-" "WordPress/7.1; https://uslconsultation.com"
43.164.131.148 - - [30/Aug/2026:07:15:07 +0000] "GET / HTTP/1.1" 301 5 "-" "Mozilla/5.0 (iPhone; CPU iPhone OS 13_2_3 like Mac OS X) AppleWebKit/605.1.15 (KHTML, like Gecko) Version/13.0.3 Mobile/15E148 Safari/604.1"
72.167.149.90 - - [30/Aug/2026:07:35:15 +0000] "POST /wp-cron.php?doing_wp_cron=1788075314.2922179698944091796875 HTTP/1.1" 499 0 "-" "WordPress/7.1; https://uslconsultation.com"
37.139.53.2 - - [30/Aug/2026:07:35:15 +0000] "GET /uncategorized/hello-world/ HTTP/1.0" 404 184439 "http://uslconsultation.com/uncategorized/hello-world/" "Mozilla/5.0 (Windows NT 10.0; Win64; x64) AppleWebKit/537.36 (KHTML, like Gecko) Chrome/129.0.0.0 Safari/537.36"
160.153.172.103 - - [30/Aug/2026:08:02:04 +0000] "GET /.well-known/acme-challenge/IATACYWSH20M5M5PK6825628D3KQ8LHA HTTP/1.1" 404 355 "-" "Cpanel-HTTP-Client/1.0"
160.153.172.103 - - [30/Aug/2026:08:02:05 +0000] "GET /.well-known/acme-challenge/2B7Y8NHF0J_PD6UZPRH3_J_67292XAWZ HTTP/1.1" 404 355 "-" "Cpanel-HTTP-Client/1.0"
160.153.172.103 - - [30/Aug/2026:08:02:05 +0000] "GET /.well-known/acme-challenge/0_P-MSGVZ_52A_LAQ98QJ8E9FD60Q7DN HTTP/1.1" 404 355 "-" "Cpanel-HTTP-Client/1.0"
72.167.149.90 - - [30/Aug/2026:08:06:14 +0000] "GET /.well-known/acme-challenge/W69F6KP_O26Y8YUXDM2VKWYBEUBA8W6S HTTP/1.1" 200 64 "-" "Cpanel-HTTP-Client/1.0"
72.167.149.90 - - [30/Aug/2026:08:06:16 +0000] "GET /.well-known/acme-challenge/YDAV69A2ETP2AW7KB08DO2WT__1FKAOP HTTP/1.1" 200 64 "-" "Cpanel-HTTP-Client/1.0"
72.167.149.90 - - [30/Aug/2026:08:06:16 +0000] "GET /.well-known/acme-challenge/4J27ODYV9OF2JMS2E10IOI4G7Y7YGQ38 HTTP/1.1" 200 64 "-" "Cpanel-HTTP-Client/1.0"
72.167.149.90 - - [30/Aug/2026:09:39:33 +0000] "POST /wp-cron.php?doing_wp_cron=1788082772.3178548812866210937500 HTTP/1.1" 499 0 "-" "WordPress/7.1; https://uslconsultation.com"
49.232.104.223 - - [30/Aug/2026:09:39:33 +0000] "GET / HTTP/1.1" 301 5 "-" "Mozilla/5.0 (iPhone; CPU iPhone OS 13_2_3 like Mac OS X) AppleWebKit/605.1.15 (KHTML, like Gecko) Version/13.0.3 Mobile/15E148 Safari/604.1"
72.167.149.90 - - [30/Aug/2026:10:17:22 +0000] "POST /wp-cron.php?doing_wp_cron=1788085041.4058558940887451171875 HTTP/1.1" 499 0 "-" "WordPress/7.1; https://uslconsultation.com"
141.98.11.224 - - [30/Aug/2026:10:17:22 +0000] "GET / HTTP/1.0" 301 0 "http://uslconsultation.com/" "Mozilla/5.0 (Windows NT 10.0; Win64; x64) AppleWebKit/537.36 (KHTML, like Gecko) Chrome/129.0.0.0 Safari/537.36"
72.167.149.90 - - [30/Aug/2026:10:39:28 +0000] "POST /wp-cron.php?doing_wp_cron=1788086367.5891311168670654296875 HTTP/1.1" 499 0 "-" "WordPress/7.1; https://uslconsultation.com"
3.89.195.41 - - [30/Aug/2026:10:39:28 +0000] "GET / HTTP/1.1" 301 5 "-" "Mozilla/5.0 (Windows; U; Windows NT 6.0 x64; en-US; rv:1.9pre) Gecko/2008072421 Minefield/3.0.2pre"
104.131.181.114 - - [30/Aug/2026:10:50:38 +0000] "GET / HTTP/1.1" 499 0 "-" "Mozilla/5.0 (X11; Linux x86_64; rv:142.0) Gecko/20100101 Firefox/142.0"
72.167.149.90 - - [30/Aug/2026:10:50:38 +0000] "POST /wp-cron.php?doing_wp_cron=1788087037.5440750122070312500000 HTTP/1.1" 499 0 "-" "WordPress/7.1; https://uslconsultation.com"
72.167.149.90 - - [30/Aug/2026:10:58:59 +0000] "POST /wp-cron.php?doing_wp_cron=1788087537.9905159473419189453125 HTTP/1.1" 499 0 "-" "WordPress/7.1; https://uslconsultation.com"
43.173.1.57 - - [30/Aug/2026:10:58:59 +0000] "GET / HTTP/1.1" 301 5 "-" "Mozilla/5.0 (iPhone; CPU iPhone OS 13_2_3 like Mac OS X) AppleWebKit/605.1.15 (KHTML, like Gecko) Version/13.0.3 Mobile/15E148 Safari/604.1"
160.153.172.103 - - [30/Aug/2026:11:02:03 +0000] "GET /.well-known/acme-challenge/UGSGWDEHTDMR38MY6K3ZZASY53GNZ1JP HTTP/1.1" 404 355 "-" "Cpanel-HTTP-Client/1.0"
160.153.172.103 - - [30/Aug/2026:11:02:05 +0000] "GET /.well-known/acme-challenge/PRSOAYQ3IFIDZAEE4AJF5RO5N-LT1J_L HTTP/1.1" 404 355 "-" "Cpanel-HTTP-Client/1.0"
160.153.172.103 - - [30/Aug/2026:11:02:05 +0000] "GET /.well-known/acme-challenge/AMFJMXSOA6_G1_-0CY0WN2LP-8GPBHJH HTTP/1.1" 404 355 "-" "Cpanel-HTTP-Client/1.0"
72.167.149.90 - - [30/Aug/2026:11:06:16 +0000] "GET /.well-known/acme-challenge/LP8639RE4KHMA825QDP37CTZRGNAX_RO HTTP/1.1" 200 64 "-" "Cpanel-HTTP-Client/1.0"
72.167.149.90 - - [30/Aug/2026:11:06:19 +0000] "GET /.well-known/acme-challenge/E9UE_H0F48P_ZPZGECZFNU23279SF92V HTTP/1.1" 200 64 "-" "Cpanel-HTTP-Client/1.0"
72.167.149.90 - - [30/Aug/2026:11:06:19 +0000] "GET /.well-known/acme-challenge/NPH99F16A2K8D-7OEYQESQCJIFDBJ7W5 HTTP/1.1" 200 64 "-" "Cpanel-HTTP-Client/1.0"
72.167.149.90 - - [30/Aug/2026:11:49:12 +0000] "POST /wp-cron.php?doing_wp_cron=1788090551.3463070392608642578125 HTTP/1.1" 499 0 "-" "WordPress/7.1; https://uslconsultation.com"
43.157.82.252 - - [30/Aug/2026:11:49:12 +0000] "GET / HTTP/1.1" 301 5 "-" "Mozilla/5.0 (iPhone; CPU iPhone OS 13_2_3 like Mac OS X) AppleWebKit/605.1.15 (KHTML, like Gecko) Version/13.0.3 Mobile/15E148 Safari/604.1"
160.153.172.103 - - [30/Aug/2026:14:02:03 +0000] "GET /.well-known/acme-challenge/_73HXLCXO54D4IE3BJS-O7HW03SZDIJ1 HTTP/1.1" 404 355 "-" "Cpanel-HTTP-Client/1.0"
160.153.172.103 - - [30/Aug/2026:14:02:04 +0000] "GET /.well-known/acme-challenge/NHC_OZ88--2O9B-FUVC05EMN_KJMYX9B HTTP/1.1" 404 355 "-" "Cpanel-HTTP-Client/1.0"
160.153.172.103 - - [30/Aug/2026:14:02:05 +0000] "GET /.well-known/acme-challenge/JYK9Y7LXRUTAE0OVRF4-FLI_BXBFA42E HTTP/1.1" 404 355 "-" "Cpanel-HTTP-Client/1.0"
72.167.149.90 - - [30/Aug/2026:14:06:14 +0000] "GET /.well-known/acme-challenge/7R3CVPHKQP-G_UX-YVAT87837C_QRE5Q HTTP/1.1" 200 64 "-" "Cpanel-HTTP-Client/1.0"
72.167.149.90 - - [30/Aug/2026:14:06:16 +0000] "GET /.well-known/acme-challenge/AF6O_3HMHYSMUS-POKOVOIYN-DFVLQHO HTTP/1.1" 200 64 "-" "Cpanel-HTTP-Client/1.0"
72.167.149.90 - - [30/Aug/2026:14:06:17 +0000] "GET /.well-known/acme-challenge/CFQ8HSUXUQG0Z05V8_H--W0E283MW6TE HTTP/1.1" 200 64 "-" "Cpanel-HTTP-Client/1.0"
72.167.149.90 - - [30/Aug/2026:14:37:52 +0000] "POST /wp-cron.php?doing_wp_cron=1788100671.3340930938720703125000 HTTP/1.1" 499 0 "-" "WordPress/7.1; https://uslconsultation.com"
106.63.26.131 - - [30/Aug/2026:14:37:52 +0000] "GET / HTTP/1.1" 301 5 "-" "Mozilla/5.0 (Macintosh; Intel Mac OS X 10_15_7) AppleWebKit/537.36 (KHTML, like Gecko) Chrome/120.0.0.0 Safari/537.36 Edg/120.0.0.0"
72.167.149.90 - - [30/Aug/2026:14:38:17 +0000] "POST /wp-cron.php?doing_wp_cron=1788100696.6470301151275634765625 HTTP/1.1" 499 0 "-" "WordPress/7.1; https://uslconsultation.com"
106.63.26.149 - - [30/Aug/2026:14:38:17 +0000] "GET /favicon.ico HTTP/1.1" 302 5 "-" "Mozilla/5.0 (Macintosh; Intel Mac OS X 10_15_7) AppleWebKit/537.36 (KHTML, like Gecko) Chrome/120.0.0.0 Safari/537.36 Edg/120.0.0.0"
106.63.26.20 - - [30/Aug/2026:14:38:23 +0000] "GET /robots.txt HTTP/1.1" 301 5 "-" "Mozilla/5.0 (Macintosh; Intel Mac OS X 10_15_7) AppleWebKit/537.36 (KHTML, like Gecko) Chrome/120.0.0.0 Safari/537.36 Edg/120.0.0.0"
106.63.26.132 - - [30/Aug/2026:14:38:27 +0000] "GET /robots.txt HTTP/1.1" 200 124 "http://www.uslconsultation.com/robots.txt" "Mozilla/5.0 (Macintosh; Intel Mac OS X 10_15_7) AppleWebKit/537.36 (KHTML, like Gecko) Chrome/120.0.0.0 Safari/537.36 Edg/120.0.0.0"
106.63.26.28 - - [30/Aug/2026:14:38:32 +0000] "GET /sitemap.xml HTTP/1.1" 301 5 "-" "Mozilla/5.0 (Macintosh; Intel Mac OS X 10_15_7) AppleWebKit/537.36 (KHTML, like Gecko) Chrome/120.0.0.0 Safari/537.36 Edg/120.0.0.0"
72.167.149.90 - - [30/Aug/2026:14:48:25 +0000] "POST /wp-cron.php?doing_wp_cron=1788101304.1000220775604248046875 HTTP/1.1" 499 0 "-" "WordPress/7.1; https://uslconsultation.com"
162.14.66.219 - - [30/Aug/2026:14:48:25 +0000] "GET / HTTP/1.1" 301 5 "-" "Mozilla/5.0 (iPhone; CPU iPhone OS 13_2_3 like Mac OS X) AppleWebKit/605.1.15 (KHTML, like Gecko) Version/13.0.3 Mobile/15E148 Safari/604.1"
72.167.149.90 - - [30/Aug/2026:15:13:38 +0000] "POST /wp-cron.php?doing_wp_cron=1788102817.8457870483398437500000 HTTP/1.1" 499 0 "-" "WordPress/7.1; https://uslconsultation.com"
43.133.139.6 - - [30/Aug/2026:15:13:38 +0000] "GET / HTTP/1.1" 301 5 "-" "Mozilla/5.0 (iPhone; CPU iPhone OS 13_2_3 like Mac OS X) AppleWebKit/605.1.15 (KHTML, like Gecko) Version/13.0.3 Mobile/15E148 Safari/604.1"
72.167.149.90 - - [30/Aug/2026:15:32:47 +0000] "POST /wp-cron.php?doing_wp_cron=1788103966.6142530441284179687500 HTTP/1.1" 499 0 "-" "WordPress/7.1; https://uslconsultation.com"
106.63.26.133 - - [30/Aug/2026:15:32:47 +0000] "GET / HTTP/1.1" 301 5 "-" "Mozilla/5.0 (Macintosh; Intel Mac OS X 10_15_7) AppleWebKit/537.36 (KHTML, like Gecko) Chrome/120.0.0.0 Safari/537.36 Edg/120.0.0.0"
72.167.149.90 - - [30/Aug/2026:15:45:38 +0000] "POST /wp-cron.php?doing_wp_cron=1788104737.7642800807952880859375 HTTP/1.1" 499 0 "-" "WordPress/7.1; https://uslconsultation.com"
51.68.111.215 - - [30/Aug/2026:15:45:38 +0000] "GET /robots.txt HTTP/1.1" 200 124 "-" "Mozilla/5.0 (compatible; MJ12bot/v2.0.5; http://mj12bot.com/)"
51.68.111.215 - - [30/Aug/2026:15:45:40 +0000] "GET / HTTP/1.1" 301 5 "-" "Mozilla/5.0 (compatible; MJ12bot/v2.0.5; http://mj12bot.com/)"
43.135.133.194 - - [30/Aug/2026:16:01:44 +0000] "GET / HTTP/1.1" 301 5 "-" "Mozilla/5.0 (iPhone; CPU iPhone OS 13_2_3 like Mac OS X) AppleWebKit/605.1.15 (KHTML, like Gecko) Version/13.0.3 Mobile/15E148 Safari/604.1"
160.153.172.103 - - [30/Aug/2026:17:02:03 +0000] "GET /.well-known/acme-challenge/2UW46UO39OPYAO8T-O9HPJOMRX0ZAATI HTTP/1.1" 404 355 "-" "Cpanel-HTTP-Client/1.0"
160.153.172.103 - - [30/Aug/2026:17:02:05 +0000] "GET /.well-known/acme-challenge/14PP4A01H53OJ7Z54NBY5RT-PRP20UTJ HTTP/1.1" 404 355 "-" "Cpanel-HTTP-Client/1.0"
160.153.172.103 - - [30/Aug/2026:17:02:05 +0000] "GET /.well-known/acme-challenge/6JMESHUR2C138J670UYHF1R3IOD3KLTV HTTP/1.1" 404 355 "-" "Cpanel-HTTP-Client/1.0"
72.167.149.90 - - [30/Aug/2026:17:05:14 +0000] "POST /wp-cron.php?doing_wp_cron=1788109513.2598679065704345703125 HTTP/1.1" 499 0 "-" "WordPress/7.1; https://uslconsultation.com"
160.250.133.203 - - [30/Aug/2026:17:05:14 +0000] "GET /wp-admin/admin-ajax.php?action=wdpsso_step1&redirect= HTTP/1.1" 400 11 "-" "Mozilla/5.0 (Windows NT 10.0; Win64; x64) AppleWebKit/537.36 (KHTML, like Gecko) Chrome/120.0.0.0 Safari/537.36"
72.167.149.90 - - [30/Aug/2026:17:06:22 +0000] "GET /.well-known/acme-challenge/NWNLIC9OTD242RRBF3A9VD3_QNBFYPMY HTTP/1.1" 200 64 "-" "Cpanel-HTTP-Client/1.0"
72.167.149.90 - - [30/Aug/2026:17:06:24 +0000] "GET /.well-known/acme-challenge/YHHP2E91GWDKV-TPQUF-Q6XUOKA2B4K7 HTTP/1.1" 200 64 "-" "Cpanel-HTTP-Client/1.0"
72.167.149.90 - - [30/Aug/2026:17:06:25 +0000] "GET /.well-known/acme-challenge/-7VHX0SOBRZDUM6W1QXTRS81LGUW_SIX HTTP/1.1" 200 64 "-" "Cpanel-HTTP-Client/1.0"
72.167.149.90 - - [30/Aug/2026:20:00:53 +0000] "POST /wp-cron.php?doing_wp_cron=1788120051.9916820526123046875000 HTTP/1.1" 499 0 "-" "WordPress/7.1; https://uslconsultation.com"
43.136.86.241 - - [30/Aug/2026:20:00:53 +0000] "GET / HTTP/1.1" 301 5 "-" "Mozilla/5.0 (iPhone; CPU iPhone OS 13_2_3 like Mac OS X) AppleWebKit/605.1.15 (KHTML, like Gecko) Version/13.0.3 Mobile/15E148 Safari/604.1"
160.153.172.103 - - [30/Aug/2026:20:02:03 +0000] "GET /.well-known/acme-challenge/E43U462WW18P8LL69O1-7X4IIJGJUMCD HTTP/1.1" 404 355 "-" "Cpanel-HTTP-Client/1.0"
160.153.172.103 - - [30/Aug/2026:20:02:04 +0000] "GET /.well-known/acme-challenge/MG-3JSS48GI33NN0TTL4-X6S277VHVNZ HTTP/1.1" 404 355 "-" "Cpanel-HTTP-Client/1.0"
160.153.172.103 - - [30/Aug/2026:20:02:04 +0000] "GET /.well-known/acme-challenge/1U35DGVA7ONQ622VAM4I-XRUNNPQPKMJ HTTP/1.1" 404 355 "-" "Cpanel-HTTP-Client/1.0"
72.167.149.90 - - [30/Aug/2026:20:06:13 +0000] "GET /.well-known/acme-challenge/FAM1MQOWAOPH6V0GFLD04L6POXV5R2FV HTTP/1.1" 200 64 "-" "Cpanel-HTTP-Client/1.0"
72.167.149.90 - - [30/Aug/2026:20:06:15 +0000] "GET /.well-known/acme-challenge/UQA1C0EMZUHRFMC_HU2EQVINWU2G138F HTTP/1.1" 200 64 "-" "Cpanel-HTTP-Client/1.0"
