220.181.108.113 - - [28/Aug/2026:22:58:29 +0000] "GET /ar/post-new-or-edit-request/?requestid=1195017 HTTP/1.1" 200 37826 "-" "Mozilla/5.0 (compatible; Baiduspider/2.0; +http://www.baidu.com/search/spider.html)"
216.73.217.173 - - [28/Aug/2026:22:58:35 +0000] "GET /ar/post-new-or-edit-request/?requestid=1193168 HTTP/1.1" 302 5 "-" "Mozilla/5.0 AppleWebKit/537.36 (KHTML, like Gecko; compatible; ClaudeBot/1.0; +claudebot@anthropic.com)"
216.73.217.173 - - [28/Aug/2026:22:58:39 +0000] "GET /ar/post-new-or-edit-request/ HTTP/1.1" 302 5 "https://wp.syrtalents.com/ar/post-new-or-edit-request/?requestid=1193168" "Mozilla/5.0 AppleWebKit/537.36 (KHTML, like Gecko; compatible; ClaudeBot/1.0; +claudebot@anthropic.com)"
116.179.37.165 - - [28/Aug/2026:22:58:40 +0000] "POST /wp-content/plugins/translatepress-multilingual/includes/trp-ajax.php HTTP/1.1" 200 33 "https://wp.syrtalents.com/ar/post-new-or-edit-request/?requestid=1195017" "Mozilla/5.0 (compatible; Baiduspider-render/2.0; +http://www.baidu.com/search/spider.html)"
116.179.37.213 - - [28/Aug/2026:22:58:41 +0000] "POST /wp-content/plugins/translatepress-multilingual/includes/trp-ajax.php HTTP/1.1" 200 33 "https://wp.syrtalents.com/ar/post-new-or-edit-request/?requestid=1195017" "Mozilla/5.0 (compatible; Baiduspider-render/2.0; +http://www.baidu.com/search/spider.html)"
116.179.37.196 - - [28/Aug/2026:22:58:41 +0000] "POST /wp-content/plugins/translatepress-multilingual/includes/trp-ajax.php HTTP/1.1" 200 164 "https://wp.syrtalents.com/ar/post-new-or-edit-request/?requestid=1195017" "Mozilla/5.0 (compatible; Baiduspider-render/2.0; +http://www.baidu.com/search/spider.html)"
216.73.217.173 - - [28/Aug/2026:22:58:41 +0000] "GET /ar/post-new-or-edit-request/?requestid=1195018 HTTP/1.1" 499 0 "https://wp.syrtalents.com/ar/post-new-or-edit-request/" "Mozilla/5.0 AppleWebKit/537.36 (KHTML, like Gecko; compatible; ClaudeBot/1.0; +claudebot@anthropic.com)"
116.179.37.217 - - [28/Aug/2026:22:58:41 +0000] "POST /wp-content/plugins/translatepress-multilingual/includes/trp-ajax.php HTTP/1.1" 200 159 "https://wp.syrtalents.com/ar/post-new-or-edit-request/?requestid=1195017" "Mozilla/5.0 (compatible; Baiduspider-render/2.0; +http://www.baidu.com/search/spider.html)"
116.179.37.148 - - [28/Aug/2026:22:58:42 +0000] "POST /wp-content/plugins/translatepress-multilingual/includes/trp-ajax.php HTTP/1.1" 200 33 "https://wp.syrtalents.com/ar/post-new-or-edit-request/?requestid=1195017" "Mozilla/5.0 (compatible; Baiduspider-render/2.0; +http://www.baidu.com/search/spider.html)"
116.179.37.158 - - [28/Aug/2026:22:58:45 +0000] "POST /wp-admin/admin-ajax.php?action=un_config_get HTTP/1.1" 200 1479 "https://wp.syrtalents.com/ar/post-new-or-edit-request/?requestid=1195017" "Mozilla/5.0 (compatible; Baiduspider-render/2.0; +http://www.baidu.com/search/spider.html)"
116.179.37.185 - - [28/Aug/2026:22:58:45 +0000] "POST /wp-content/plugins/translatepress-multilingual/includes/trp-ajax.php HTTP/1.1" 400 0 "https://wp.syrtalents.com/ar/post-new-or-edit-request/?requestid=1195017" "Mozilla/5.0 (compatible; Baiduspider-render/2.0; +http://www.baidu.com/search/spider.html)"
116.179.37.214 - - [28/Aug/2026:22:58:46 +0000] "POST /wp-content/plugins/translatepress-multilingual/includes/trp-ajax.php HTTP/1.1" 200 157 "https://wp.syrtalents.com/ar/post-new-or-edit-request/?requestid=1195017" "Mozilla/5.0 (compatible; Baiduspider-render/2.0; +http://www.baidu.com/search/spider.html)"
116.179.37.182 - - [28/Aug/2026:22:58:51 +0000] "POST /wp-admin/admin-ajax.php HTTP/1.1" 200 10800 "https://wp.syrtalents.com/ar/post-new-or-edit-request/?requestid=1195017" "Mozilla/5.0 (compatible; Baiduspider-render/2.0; +http://www.baidu.com/search/spider.html)"
216.73.217.173 - - [28/Aug/2026:22:59:05 +0000] "GET /ar/post-new-or-edit-request/?requestid=1189943 HTTP/1.1" 302 5 "-" "Mozilla/5.0 AppleWebKit/537.36 (KHTML, like Gecko; compatible; ClaudeBot/1.0; +claudebot@anthropic.com)"
216.73.217.173 - - [28/Aug/2026:22:59:07 +0000] "GET /ar/post-new-or-edit-request/ HTTP/1.1" 302 5 "https://wp.syrtalents.com/ar/post-new-or-edit-request/?requestid=1189943" "Mozilla/5.0 AppleWebKit/537.36 (KHTML, like Gecko; compatible; ClaudeBot/1.0; +claudebot@anthropic.com)"
216.73.217.173 - - [28/Aug/2026:22:59:11 +0000] "GET /ar/post-new-or-edit-request/?requestid=1195019 HTTP/1.1" 200 37824 "https://wp.syrtalents.com/ar/post-new-or-edit-request/" "Mozilla/5.0 AppleWebKit/537.36 (KHTML, like Gecko; compatible; ClaudeBot/1.0; +claudebot@anthropic.com)"
216.73.217.173 - - [28/Aug/2026:22:59:24 +0000] "GET /post-new-or-edit-request/?requestid=1192311 HTTP/1.1" 302 5 "-" "Mozilla/5.0 AppleWebKit/537.36 (KHTML, like Gecko; compatible; ClaudeBot/1.0; +claudebot@anthropic.com)"
216.73.217.173 - - [28/Aug/2026:22:59:25 +0000] "GET /post-new-or-edit-request/ HTTP/1.1" 302 5 "https://wp.syrtalents.com/post-new-or-edit-request/?requestid=1192311" "Mozilla/5.0 AppleWebKit/537.36 (KHTML, like Gecko; compatible; ClaudeBot/1.0; +claudebot@anthropic.com)"
216.73.217.173 - - [28/Aug/2026:22:59:28 +0000] "GET /post-new-or-edit-request/?requestid=1195020 HTTP/1.1" 200 35242 "https://wp.syrtalents.com/post-new-or-edit-request/" "Mozilla/5.0 AppleWebKit/537.36 (KHTML, like Gecko; compatible; ClaudeBot/1.0; +claudebot@anthropic.com)"
216.73.217.173 - - [28/Aug/2026:22:59:54 +0000] "GET /ar/job-categories/java/feed/ HTTP/1.1" 200 588 "-" "Mozilla/5.0 AppleWebKit/537.36 (KHTML, like Gecko; compatible; ClaudeBot/1.0; +claudebot@anthropic.com)"
216.73.217.173 - - [28/Aug/2026:23:00:33 +0000] "GET /post-new-or-edit-request/?requestid=1182737 HTTP/1.1" 499 0 "-" "Mozilla/5.0 AppleWebKit/537.36 (KHTML, like Gecko; compatible; ClaudeBot/1.0; +claudebot@anthropic.com)"
72.167.149.90 - - [28/Aug/2026:23:00:34 +0000] "POST /wp-cron.php?doing_wp_cron=1787958032.9595661163330078125000 HTTP/1.1" 499 0 "-" "WordPress/7.1; https://wp.syrtalents.com"
216.73.217.173 - - [28/Aug/2026:23:01:00 +0000] "GET /ar/post-new-or-edit-request/?requestid=1188697 HTTP/1.1" 302 5 "-" "Mozilla/5.0 AppleWebKit/537.36 (KHTML, like Gecko; compatible; ClaudeBot/1.0; +claudebot@anthropic.com)"
216.73.217.173 - - [28/Aug/2026:23:01:04 +0000] "GET /ar/post-new-or-edit-request/ HTTP/1.1" 302 5 "https://wp.syrtalents.com/ar/post-new-or-edit-request/?requestid=1188697" "Mozilla/5.0 AppleWebKit/537.36 (KHTML, like Gecko; compatible; ClaudeBot/1.0; +claudebot@anthropic.com)"
216.73.217.173 - - [28/Aug/2026:23:01:04 +0000] "GET /ar/post-new-or-edit-request/?requestid=1195021 HTTP/1.1" 499 0 "https://wp.syrtalents.com/ar/post-new-or-edit-request/" "Mozilla/5.0 AppleWebKit/537.36 (KHTML, like Gecko; compatible; ClaudeBot/1.0; +claudebot@anthropic.com)"
72.167.149.90 - - [28/Aug/2026:23:01:49 +0000] "POST /wp-cron.php?doing_wp_cron=1787958108.3994610309600830078125 HTTP/1.1" 499 0 "-" "WordPress/7.1; https://wp.syrtalents.com"
216.73.217.173 - - [28/Aug/2026:23:01:49 +0000] "GET /post-new-or-edit-request/?requestid=1185054 HTTP/1.1" 302 5 "-" "Mozilla/5.0 AppleWebKit/537.36 (KHTML, like Gecko; compatible; ClaudeBot/1.0; +claudebot@anthropic.com)"
216.73.217.173 - - [28/Aug/2026:23:01:53 +0000] "GET /post-new-or-edit-request/ HTTP/1.1" 499 0 "https://wp.syrtalents.com/post-new-or-edit-request/?requestid=1185054" "Mozilla/5.0 AppleWebKit/537.36 (KHTML, like Gecko; compatible; ClaudeBot/1.0; +claudebot@anthropic.com)"
43.131.32.36 - - [28/Aug/2026:23:02:07 +0000] "GET / HTTP/1.1" 200 63350 "http://wp.syrtalents.com" "Mozilla/5.0 (iPhone; CPU iPhone OS 13_2_3 like Mac OS X) AppleWebKit/605.1.15 (KHTML, like Gecko) Version/13.0.3 Mobile/15E148 Safari/604.1"
72.167.149.90 - - [28/Aug/2026:23:04:05 +0000] "POST /wp-cron.php?doing_wp_cron=1787958244.2084519863128662109375 HTTP/1.1" 499 0 "-" "WordPress/7.1; https://wp.syrtalents.com"
216.73.217.106 - - [28/Aug/2026:23:04:05 +0000] "GET /post-new-or-edit-request/?requestid=1194544 HTTP/1.1" 302 5 "-" "Mozilla/5.0 AppleWebKit/537.36 (KHTML, like Gecko; compatible; ClaudeBot/1.0; +claudebot@anthropic.com)"
216.73.217.106 - - [28/Aug/2026:23:04:07 +0000] "GET /post-new-or-edit-request/ HTTP/1.1" 302 5 "https://wp.syrtalents.com/post-new-or-edit-request/?requestid=1194544" "Mozilla/5.0 AppleWebKit/537.36 (KHTML, like Gecko; compatible; ClaudeBot/1.0; +claudebot@anthropic.com)"
216.73.217.106 - - [28/Aug/2026:23:04:09 +0000] "GET /post-new-or-edit-request/?requestid=1195023 HTTP/1.1" 200 35240 "https://wp.syrtalents.com/post-new-or-edit-request/" "Mozilla/5.0 AppleWebKit/537.36 (KHTML, like Gecko; compatible; ClaudeBot/1.0; +claudebot@anthropic.com)"
216.73.217.106 - - [28/Aug/2026:23:04:35 +0000] "GET /ar/post-new-or-edit-request/?requestid=1194698 HTTP/1.1" 302 5 "-" "Mozilla/5.0 AppleWebKit/537.36 (KHTML, like Gecko; compatible; ClaudeBot/1.0; +claudebot@anthropic.com)"
216.73.217.106 - - [28/Aug/2026:23:04:37 +0000] "GET /ar/post-new-or-edit-request/ HTTP/1.1" 302 5 "https://wp.syrtalents.com/ar/post-new-or-edit-request/?requestid=1194698" "Mozilla/5.0 AppleWebKit/537.36 (KHTML, like Gecko; compatible; ClaudeBot/1.0; +claudebot@anthropic.com)"
216.73.217.106 - - [28/Aug/2026:23:04:42 +0000] "GET /ar/post-new-or-edit-request/?requestid=1195024 HTTP/1.1" 499 0 "https://wp.syrtalents.com/ar/post-new-or-edit-request/" "Mozilla/5.0 AppleWebKit/537.36 (KHTML, like Gecko; compatible; ClaudeBot/1.0; +claudebot@anthropic.com)"
216.73.217.106 - - [28/Aug/2026:23:04:54 +0000] "GET /ar/post-new-or-edit-request/?requestid=1190787 HTTP/1.1" 302 5 "-" "Mozilla/5.0 AppleWebKit/537.36 (KHTML, like Gecko; compatible; ClaudeBot/1.0; +claudebot@anthropic.com)"
216.73.217.106 - - [28/Aug/2026:23:04:56 +0000] "GET /post-new-or-edit-request/?requestid=1191891 HTTP/1.1" 302 5 "-" "Mozilla/5.0 AppleWebKit/537.36 (KHTML, like Gecko; compatible; ClaudeBot/1.0; +claudebot@anthropic.com)"
216.73.217.106 - - [28/Aug/2026:23:04:58 +0000] "GET /ar/post-new-or-edit-request/ HTTP/1.1" 302 5 "https://wp.syrtalents.com/ar/post-new-or-edit-request/?requestid=1190787" "Mozilla/5.0 AppleWebKit/537.36 (KHTML, like Gecko; compatible; ClaudeBot/1.0; +claudebot@anthropic.com)"
216.73.217.106 - - [28/Aug/2026:23:04:58 +0000] "GET /post-new-or-edit-request/ HTTP/1.1" 302 5 "https://wp.syrtalents.com/post-new-or-edit-request/?requestid=1191891" "Mozilla/5.0 AppleWebKit/537.36 (KHTML, like Gecko; compatible; ClaudeBot/1.0; +claudebot@anthropic.com)"
216.73.217.106 - - [28/Aug/2026:23:05:01 +0000] "GET /ar/post-new-or-edit-request/?requestid=1195025 HTTP/1.1" 200 37828 "https://wp.syrtalents.com/ar/post-new-or-edit-request/" "Mozilla/5.0 AppleWebKit/537.36 (KHTML, like Gecko; compatible; ClaudeBot/1.0; +claudebot@anthropic.com)"
216.73.217.106 - - [28/Aug/2026:23:05:03 +0000] "GET /post-new-or-edit-request/?requestid=1195026 HTTP/1.1" 200 35237 "https://wp.syrtalents.com/post-new-or-edit-request/" "Mozilla/5.0 AppleWebKit/537.36 (KHTML, like Gecko; compatible; ClaudeBot/1.0; +claudebot@anthropic.com)"
72.167.149.90 - - [28/Aug/2026:23:05:27 +0000] "POST /wp-cron.php?doing_wp_cron=1787958326.0734720230102539062500 HTTP/1.1" 499 0 "-" "WordPress/7.1; https://wp.syrtalents.com/ar"
216.73.217.106 - - [28/Aug/2026:23:05:27 +0000] "GET /ar/post-new-or-edit-request/?requestid=1193628 HTTP/1.1" 302 5 "-" "Mozilla/5.0 AppleWebKit/537.36 (KHTML, like Gecko; compatible; ClaudeBot/1.0; +claudebot@anthropic.com)"
216.73.217.106 - - [28/Aug/2026:23:05:29 +0000] "GET /ar/post-new-or-edit-request/ HTTP/1.1" 302 5 "https://wp.syrtalents.com/ar/post-new-or-edit-request/?requestid=1193628" "Mozilla/5.0 AppleWebKit/537.36 (KHTML, like Gecko; compatible; ClaudeBot/1.0; +claudebot@anthropic.com)"
216.73.217.106 - - [28/Aug/2026:23:05:33 +0000] "GET /ar/post-new-or-edit-request/?requestid=1187765 HTTP/1.1" 302 5 "-" "Mozilla/5.0 AppleWebKit/537.36 (KHTML, like Gecko; compatible; ClaudeBot/1.0; +claudebot@anthropic.com)"
216.73.217.106 - - [28/Aug/2026:23:05:34 +0000] "GET /ar/post-new-or-edit-request/?requestid=1195027 HTTP/1.1" 499 0 "https://wp.syrtalents.com/ar/post-new-or-edit-request/" "Mozilla/5.0 AppleWebKit/537.36 (KHTML, like Gecko; compatible; ClaudeBot/1.0; +claudebot@anthropic.com)"
216.73.217.106 - - [28/Aug/2026:23:05:37 +0000] "GET /ar/post-new-or-edit-request/ HTTP/1.1" 302 5 "https://wp.syrtalents.com/ar/post-new-or-edit-request/?requestid=1187765" "Mozilla/5.0 AppleWebKit/537.36 (KHTML, like Gecko; compatible; ClaudeBot/1.0; +claudebot@anthropic.com)"
216.73.217.106 - - [28/Aug/2026:23:05:39 +0000] "GET /ar/post-new-or-edit-request/?requestid=1195028 HTTP/1.1" 499 0 "https://wp.syrtalents.com/ar/post-new-or-edit-request/" "Mozilla/5.0 AppleWebKit/537.36 (KHTML, like Gecko; compatible; ClaudeBot/1.0; +claudebot@anthropic.com)"
216.73.217.106 - - [28/Aug/2026:23:06:09 +0000] "GET /ar/post-new-or-edit-request/?requestid=1193687 HTTP/1.1" 499 0 "-" "Mozilla/5.0 AppleWebKit/537.36 (KHTML, like Gecko; compatible; ClaudeBot/1.0; +claudebot@anthropic.com)"
216.73.217.106 - - [28/Aug/2026:23:06:34 +0000] "GET /post-new-or-edit-request/?requestid=1190950 HTTP/1.1" 302 5 "-" "Mozilla/5.0 AppleWebKit/537.36 (KHTML, like Gecko; compatible; ClaudeBot/1.0; +claudebot@anthropic.com)"
216.73.217.106 - - [28/Aug/2026:23:06:39 +0000] "GET /post-new-or-edit-request/ HTTP/1.1" 302 5 "https://wp.syrtalents.com/post-new-or-edit-request/?requestid=1190950" "Mozilla/5.0 AppleWebKit/537.36 (KHTML, like Gecko; compatible; ClaudeBot/1.0; +claudebot@anthropic.com)"
216.73.217.106 - - [28/Aug/2026:23:06:40 +0000] "GET /post-new-or-edit-request/?requestid=1195029 HTTP/1.1" 499 0 "https://wp.syrtalents.com/post-new-or-edit-request/" "Mozilla/5.0 AppleWebKit/537.36 (KHTML, like Gecko; compatible; ClaudeBot/1.0; +claudebot@anthropic.com)"
216.73.217.106 - - [28/Aug/2026:23:07:11 +0000] "GET /post-new-or-edit-request/?requestid=1192513 HTTP/1.1" 302 5 "-" "Mozilla/5.0 AppleWebKit/537.36 (KHTML, like Gecko; compatible; ClaudeBot/1.0; +claudebot@anthropic.com)"
216.73.217.106 - - [28/Aug/2026:23:07:14 +0000] "GET /post-new-or-edit-request/?requestid=1195026 HTTP/1.1" 200 35236 "https://wp.syrtalents.com/post-new-or-edit-request/?requestid=1192513" "Mozilla/5.0 AppleWebKit/537.36 (KHTML, like Gecko; compatible; ClaudeBot/1.0; +claudebot@anthropic.com)"
72.167.149.90 - - [28/Aug/2026:23:07:45 +0000] "POST /wp-cron.php?doing_wp_cron=1787958464.3919699192047119140625 HTTP/1.1" 499 0 "-" "WordPress/7.1; https://wp.syrtalents.com/ar"
216.73.217.106 - - [28/Aug/2026:23:07:45 +0000] "GET /ar/post-new-or-edit-request/?requestid=1192932 HTTP/1.1" 302 5 "-" "Mozilla/5.0 AppleWebKit/537.36 (KHTML, like Gecko; compatible; ClaudeBot/1.0; +claudebot@anthropic.com)"
216.73.217.106 - - [28/Aug/2026:23:07:47 +0000] "GET /ar/post-new-or-edit-request/ HTTP/1.1" 302 5 "https://wp.syrtalents.com/ar/post-new-or-edit-request/?requestid=1192932" "Mozilla/5.0 AppleWebKit/537.36 (KHTML, like Gecko; compatible; ClaudeBot/1.0; +claudebot@anthropic.com)"
216.73.217.106 - - [28/Aug/2026:23:07:51 +0000] "GET /ar/post-new-or-edit-request/?requestid=1195030 HTTP/1.1" 499 0 "https://wp.syrtalents.com/ar/post-new-or-edit-request/" "Mozilla/5.0 AppleWebKit/537.36 (KHTML, like Gecko; compatible; ClaudeBot/1.0; +claudebot@anthropic.com)"
72.167.149.90 - - [28/Aug/2026:23:08:14 +0000] "POST /wp-cron.php?doing_wp_cron=1787958493.8671000003814697265625 HTTP/1.1" 499 0 "-" "WordPress/7.1; https://wp.syrtalents.com"
216.73.217.106 - - [28/Aug/2026:23:08:14 +0000] "GET /post-new-or-edit-request/?requestid=1190505 HTTP/1.1" 302 5 "-" "Mozilla/5.0 AppleWebKit/537.36 (KHTML, like Gecko; compatible; ClaudeBot/1.0; +claudebot@anthropic.com)"
216.73.217.106 - - [28/Aug/2026:23:08:17 +0000] "GET /post-new-or-edit-request/?requestid=1195029 HTTP/1.1" 200 35243 "https://wp.syrtalents.com/post-new-or-edit-request/?requestid=1190505" "Mozilla/5.0 AppleWebKit/537.36 (KHTML, like Gecko; compatible; ClaudeBot/1.0; +claudebot@anthropic.com)"
220.181.108.166 - - [28/Aug/2026:23:08:33 +0000] "GET /ar/post-new-or-edit-request/?requestid=1173667 HTTP/1.1" 302 5 "-" "Mozilla/5.0 (compatible; Baiduspider/2.0; +http://www.baidu.com/search/spider.html)"
220.181.108.166 - - [28/Aug/2026:23:08:36 +0000] "GET /ar/post-new-or-edit-request/ HTTP/1.1" 302 5 "-" "Mozilla/5.0 (compatible; Baiduspider/2.0; +http://www.baidu.com/search/spider.html)"
220.181.108.147 - - [28/Aug/2026:23:08:42 +0000] "GET /ar/post-new-or-edit-request/?requestid=1195031 HTTP/1.1" 200 37829 "-" "Mozilla/5.0 (compatible; Baiduspider/2.0; +http://www.baidu.com/search/spider.html)"
116.179.37.110 - - [28/Aug/2026:23:08:50 +0000] "POST /wp-content/plugins/translatepress-multilingual/includes/trp-ajax.php HTTP/1.1" 200 33 "https://wp.syrtalents.com/ar/post-new-or-edit-request/?requestid=1195031" "Mozilla/5.0 (compatible; Baiduspider-render/2.0; +http://www.baidu.com/search/spider.html)"
116.179.37.13 - - [28/Aug/2026:23:08:50 +0000] "POST /wp-content/plugins/translatepress-multilingual/includes/trp-ajax.php HTTP/1.1" 200 33 "https://wp.syrtalents.com/ar/post-new-or-edit-request/?requestid=1195031" "Mozilla/5.0 (compatible; Baiduspider-render/2.0; +http://www.baidu.com/search/spider.html)"
116.179.37.221 - - [28/Aug/2026:23:08:51 +0000] "POST /wp-content/plugins/translatepress-multilingual/includes/trp-ajax.php HTTP/1.1" 200 164 "https://wp.syrtalents.com/ar/post-new-or-edit-request/?requestid=1195031" "Mozilla/5.0 (compatible; Baiduspider-render/2.0; +http://www.baidu.com/search/spider.html)"
116.179.37.249 - - [28/Aug/2026:23:08:51 +0000] "POST /wp-content/plugins/translatepress-multilingual/includes/trp-ajax.php HTTP/1.1" 200 159 "https://wp.syrtalents.com/ar/post-new-or-edit-request/?requestid=1195031" "Mozilla/5.0 (compatible; Baiduspider-render/2.0; +http://www.baidu.com/search/spider.html)"
116.179.37.107 - - [28/Aug/2026:23:08:51 +0000] "POST /wp-content/plugins/translatepress-multilingual/includes/trp-ajax.php HTTP/1.1" 200 33 "https://wp.syrtalents.com/ar/post-new-or-edit-request/?requestid=1195031" "Mozilla/5.0 (compatible; Baiduspider-render/2.0; +http://www.baidu.com/search/spider.html)"
116.179.37.217 - - [28/Aug/2026:23:08:52 +0000] "POST /wp-content/plugins/translatepress-multilingual/includes/trp-ajax.php HTTP/1.1" 200 8241 "https://wp.syrtalents.com/ar/post-new-or-edit-request/?requestid=1195031" "Mozilla/5.0 (compatible; Baiduspider-render/2.0; +http://www.baidu.com/search/spider.html)"
216.73.217.106 - - [28/Aug/2026:23:08:53 +0000] "GET /post-new-or-edit-request/?requestid=1188942 HTTP/1.1" 302 5 "-" "Mozilla/5.0 AppleWebKit/537.36 (KHTML, like Gecko; compatible; ClaudeBot/1.0; +claudebot@anthropic.com)"
116.179.37.61 - - [28/Aug/2026:23:08:54 +0000] "POST /wp-admin/admin-ajax.php?action=un_config_get HTTP/1.1" 200 1478 "https://wp.syrtalents.com/ar/post-new-or-edit-request/?requestid=1195031" "Mozilla/5.0 (compatible; Baiduspider-render/2.0; +http://www.baidu.com/search/spider.html)"
116.179.37.159 - - [28/Aug/2026:23:08:55 +0000] "POST /wp-content/plugins/translatepress-multilingual/includes/trp-ajax.php HTTP/1.1" 200 157 "https://wp.syrtalents.com/ar/post-new-or-edit-request/?requestid=1195031" "Mozilla/5.0 (compatible; Baiduspider-render/2.0; +http://www.baidu.com/search/spider.html)"
216.73.217.106 - - [28/Aug/2026:23:08:56 +0000] "GET /post-new-or-edit-request/?requestid=1195026 HTTP/1.1" 200 35237 "https://wp.syrtalents.com/post-new-or-edit-request/?requestid=1188942" "Mozilla/5.0 AppleWebKit/537.36 (KHTML, like Gecko; compatible; ClaudeBot/1.0; +claudebot@anthropic.com)"
216.73.217.106 - - [28/Aug/2026:23:09:34 +0000] "GET /post-new-or-edit-request/?requestid=1190071 HTTP/1.1" 302 5 "-" "Mozilla/5.0 AppleWebKit/537.36 (KHTML, like Gecko; compatible; ClaudeBot/1.0; +claudebot@anthropic.com)"
216.73.217.106 - - [28/Aug/2026:23:09:37 +0000] "GET /post-new-or-edit-request/?requestid=1195029 HTTP/1.1" 200 35241 "https://wp.syrtalents.com/post-new-or-edit-request/?requestid=1190071" "Mozilla/5.0 AppleWebKit/537.36 (KHTML, like Gecko; compatible; ClaudeBot/1.0; +claudebot@anthropic.com)"
72.167.149.90 - - [28/Aug/2026:23:10:39 +0000] "POST /wp-cron.php?doing_wp_cron=1787958638.9514191150665283203125 HTTP/1.1" 499 0 "-" "WordPress/7.1; https://wp.syrtalents.com"
216.73.217.106 - - [28/Aug/2026:23:10:40 +0000] "GET /post-new-or-edit-request/?requestid=1192012 HTTP/1.1" 302 5 "-" "Mozilla/5.0 AppleWebKit/537.36 (KHTML, like Gecko; compatible; ClaudeBot/1.0; +claudebot@anthropic.com)"
216.73.217.106 - - [28/Aug/2026:23:10:43 +0000] "GET /post-new-or-edit-request/ HTTP/1.1" 302 5 "https://wp.syrtalents.com/post-new-or-edit-request/?requestid=1192012" "Mozilla/5.0 AppleWebKit/537.36 (KHTML, like Gecko; compatible; ClaudeBot/1.0; +claudebot@anthropic.com)"
216.73.217.106 - - [28/Aug/2026:23:10:46 +0000] "GET /post-new-or-edit-request/?requestid=1195032 HTTP/1.1" 499 0 "https://wp.syrtalents.com/post-new-or-edit-request/" "Mozilla/5.0 AppleWebKit/537.36 (KHTML, like Gecko; compatible; ClaudeBot/1.0; +claudebot@anthropic.com)"
216.73.217.106 - - [28/Aug/2026:23:11:09 +0000] "GET /post-new-or-edit-request/?requestid=1191946 HTTP/1.1" 302 5 "-" "Mozilla/5.0 AppleWebKit/537.36 (KHTML, like Gecko; compatible; ClaudeBot/1.0; +claudebot@anthropic.com)"
216.73.217.106 - - [28/Aug/2026:23:11:12 +0000] "GET /post-new-or-edit-request/ HTTP/1.1" 302 5 "https://wp.syrtalents.com/post-new-or-edit-request/?requestid=1191946" "Mozilla/5.0 AppleWebKit/537.36 (KHTML, like Gecko; compatible; ClaudeBot/1.0; +claudebot@anthropic.com)"
216.73.217.106 - - [28/Aug/2026:23:11:16 +0000] "GET /post-new-or-edit-request/?requestid=1195033 HTTP/1.1" 499 0 "https://wp.syrtalents.com/post-new-or-edit-request/" "Mozilla/5.0 AppleWebKit/537.36 (KHTML, like Gecko; compatible; ClaudeBot/1.0; +claudebot@anthropic.com)"
216.73.217.106 - - [28/Aug/2026:23:11:40 +0000] "GET /post-new-or-edit-request/?requestid=1187528 HTTP/1.1" 302 5 "-" "Mozilla/5.0 AppleWebKit/537.36 (KHTML, like Gecko; compatible; ClaudeBot/1.0; +claudebot@anthropic.com)"
216.73.217.106 - - [28/Aug/2026:23:11:42 +0000] "GET /post-new-or-edit-request/ HTTP/1.1" 302 5 "https://wp.syrtalents.com/post-new-or-edit-request/?requestid=1187528" "Mozilla/5.0 AppleWebKit/537.36 (KHTML, like Gecko; compatible; ClaudeBot/1.0; +claudebot@anthropic.com)"
216.73.217.106 - - [28/Aug/2026:23:11:46 +0000] "GET /post-new-or-edit-request/?requestid=1195034 HTTP/1.1" 200 35242 "https://wp.syrtalents.com/post-new-or-edit-request/" "Mozilla/5.0 AppleWebKit/537.36 (KHTML, like Gecko; compatible; ClaudeBot/1.0; +claudebot@anthropic.com)"
216.73.217.106 - - [28/Aug/2026:23:12:09 +0000] "GET /post-new-or-edit-request/?requestid=1195009 HTTP/1.1" 302 5 "-" "Mozilla/5.0 AppleWebKit/537.36 (KHTML, like Gecko; compatible; ClaudeBot/1.0; +claudebot@anthropic.com)"
216.73.217.106 - - [28/Aug/2026:23:12:12 +0000] "GET /post-new-or-edit-request/ HTTP/1.1" 302 5 "https://wp.syrtalents.com/post-new-or-edit-request/?requestid=1195009" "Mozilla/5.0 AppleWebKit/537.36 (KHTML, like Gecko; compatible; ClaudeBot/1.0; +claudebot@anthropic.com)"
216.73.217.106 - - [28/Aug/2026:23:12:15 +0000] "GET /post-new-or-edit-request/?requestid=1195035 HTTP/1.1" 200 35241 "https://wp.syrtalents.com/post-new-or-edit-request/" "Mozilla/5.0 AppleWebKit/537.36 (KHTML, like Gecko; compatible; ClaudeBot/1.0; +claudebot@anthropic.com)"
216.73.217.106 - - [28/Aug/2026:23:12:40 +0000] "GET /post-new-or-edit-request/?requestid=1193723 HTTP/1.1" 302 5 "-" "Mozilla/5.0 AppleWebKit/537.36 (KHTML, like Gecko; compatible; ClaudeBot/1.0; +claudebot@anthropic.com)"
216.73.217.106 - - [28/Aug/2026:23:12:43 +0000] "GET /post-new-or-edit-request/?requestid=1195033 HTTP/1.1" 200 35242 "https://wp.syrtalents.com/post-new-or-edit-request/?requestid=1193723" "Mozilla/5.0 AppleWebKit/537.36 (KHTML, like Gecko; compatible; ClaudeBot/1.0; +claudebot@anthropic.com)"
72.167.149.90 - - [28/Aug/2026:23:13:11 +0000] "POST /wp-cron.php?doing_wp_cron=1787958790.4337959289550781250000 HTTP/1.1" 499 0 "-" "WordPress/7.1; https://wp.syrtalents.com"
216.73.217.106 - - [28/Aug/2026:23:13:11 +0000] "GET /post-new-or-edit-request/?requestid=1193560 HTTP/1.1" 302 5 "-" "Mozilla/5.0 AppleWebKit/537.36 (KHTML, like Gecko; compatible; ClaudeBot/1.0; +claudebot@anthropic.com)"
216.73.217.106 - - [28/Aug/2026:23:13:14 +0000] "GET /post-new-or-edit-request/ HTTP/1.1" 302 5 "https://wp.syrtalents.com/post-new-or-edit-request/?requestid=1193560" "Mozilla/5.0 AppleWebKit/537.36 (KHTML, like Gecko; compatible; ClaudeBot/1.0; +claudebot@anthropic.com)"
216.73.217.106 - - [28/Aug/2026:23:13:17 +0000] "GET /post-new-or-edit-request/?requestid=1195036 HTTP/1.1" 200 35241 "https://wp.syrtalents.com/post-new-or-edit-request/" "Mozilla/5.0 AppleWebKit/537.36 (KHTML, like Gecko; compatible; ClaudeBot/1.0; +claudebot@anthropic.com)"
216.73.217.106 - - [28/Aug/2026:23:13:39 +0000] "GET /ar/post-new-or-edit-request/?category=java-req HTTP/1.1" 302 5 "-" "Mozilla/5.0 AppleWebKit/537.36 (KHTML, like Gecko; compatible; ClaudeBot/1.0; +claudebot@anthropic.com)"
216.73.217.106 - - [28/Aug/2026:23:13:43 +0000] "GET /post-new-or-edit-request/?requestid=1192060 HTTP/1.1" 302 5 "-" "Mozilla/5.0 AppleWebKit/537.36 (KHTML, like Gecko; compatible; ClaudeBot/1.0; +claudebot@anthropic.com)"
216.73.217.106 - - [28/Aug/2026:23:13:43 +0000] "GET /ar/post-new-or-edit-request/?requestid=1195037&category=java-req HTTP/1.1" 200 37853 "https://wp.syrtalents.com/ar/post-new-or-edit-request/?category=java-req" "Mozilla/5.0 AppleWebKit/537.36 (KHTML, like Gecko; compatible; ClaudeBot/1.0; +claudebot@anthropic.com)"
216.73.217.106 - - [28/Aug/2026:23:13:45 +0000] "GET /post-new-or-edit-request/?requestid=1195034 HTTP/1.1" 200 35241 "https://wp.syrtalents.com/post-new-or-edit-request/?requestid=1192060" "Mozilla/5.0 AppleWebKit/537.36 (KHTML, like Gecko; compatible; ClaudeBot/1.0; +claudebot@anthropic.com)"
216.73.217.106 - - [28/Aug/2026:23:14:14 +0000] "GET /post-new-or-edit-request/?requestid=1184931 HTTP/1.1" 302 5 "-" "Mozilla/5.0 AppleWebKit/537.36 (KHTML, like Gecko; compatible; ClaudeBot/1.0; +claudebot@anthropic.com)"
216.73.217.106 - - [28/Aug/2026:23:14:16 +0000] "GET /post-new-or-edit-request/ HTTP/1.1" 302 5 "https://wp.syrtalents.com/post-new-or-edit-request/?requestid=1184931" "Mozilla/5.0 AppleWebKit/537.36 (KHTML, like Gecko; compatible; ClaudeBot/1.0; +claudebot@anthropic.com)"
216.73.217.106 - - [28/Aug/2026:23:14:18 +0000] "GET /post-new-or-edit-request/?requestid=1195038 HTTP/1.1" 200 35241 "https://wp.syrtalents.com/post-new-or-edit-request/" "Mozilla/5.0 AppleWebKit/537.36 (KHTML, like Gecko; compatible; ClaudeBot/1.0; +claudebot@anthropic.com)"
216.73.217.106 - - [28/Aug/2026:23:14:40 +0000] "GET /post-new-or-edit-request/?requestid=1193323 HTTP/1.1" 302 5 "-" "Mozilla/5.0 AppleWebKit/537.36 (KHTML, like Gecko; compatible; ClaudeBot/1.0; +claudebot@anthropic.com)"
216.73.217.106 - - [28/Aug/2026:23:14:42 +0000] "GET /post-new-or-edit-request/?requestid=1195036 HTTP/1.1" 200 35241 "https://wp.syrtalents.com/post-new-or-edit-request/?requestid=1193323" "Mozilla/5.0 AppleWebKit/537.36 (KHTML, like Gecko; compatible; ClaudeBot/1.0; +claudebot@anthropic.com)"
216.73.217.106 - - [28/Aug/2026:23:16:01 +0000] "GET /post-new-or-edit-request/?requestid=1193401 HTTP/1.1" 302 5 "-" "Mozilla/5.0 AppleWebKit/537.36 (KHTML, like Gecko; compatible; ClaudeBot/1.0; +claudebot@anthropic.com)"
216.73.217.106 - - [28/Aug/2026:23:16:04 +0000] "GET /post-new-or-edit-request/?requestid=1195036 HTTP/1.1" 200 35241 "https://wp.syrtalents.com/post-new-or-edit-request/?requestid=1193401" "Mozilla/5.0 AppleWebKit/537.36 (KHTML, like Gecko; compatible; ClaudeBot/1.0; +claudebot@anthropic.com)"
54.147.238.89 - - [28/Aug/2026:23:16:11 +0000] "GET /ar/wp-json/wp/v2/tags?post=198643 HTTP/1.1" 200 33 "-" "Mozilla/5.0 AppleWebKit/537.36 (KHTML, like Gecko; compatible; Amazonbot/0.1; +https://developer.amazon.com/support/amazonbot) Chrome/119.0.6045.214 Safari/537.36"
44.209.35.147 - - [28/Aug/2026:23:16:19 +0000] "GET /ar/wp-json/wp/v2/tags?post=198649 HTTP/1.1" 200 33 "-" "Mozilla/5.0 AppleWebKit/537.36 (KHTML, like Gecko; compatible; Amazonbot/0.1; +https://developer.amazon.com/support/amazonbot) Chrome/119.0.6045.214 Safari/537.36"
216.73.217.106 - - [28/Aug/2026:23:17:21 +0000] "GET /post-new-or-edit-request/?requestid=1193071 HTTP/1.1" 302 5 "-" "Mozilla/5.0 AppleWebKit/537.36 (KHTML, like Gecko; compatible; ClaudeBot/1.0; +claudebot@anthropic.com)"
216.73.217.106 - - [28/Aug/2026:23:17:23 +0000] "GET /post-new-or-edit-request/ HTTP/1.1" 302 5 "https://wp.syrtalents.com/post-new-or-edit-request/?requestid=1193071" "Mozilla/5.0 AppleWebKit/537.36 (KHTML, like Gecko; compatible; ClaudeBot/1.0; +claudebot@anthropic.com)"
216.73.217.106 - - [28/Aug/2026:23:17:25 +0000] "GET /post-new-or-edit-request/?requestid=1195039 HTTP/1.1" 200 35241 "https://wp.syrtalents.com/post-new-or-edit-request/" "Mozilla/5.0 AppleWebKit/537.36 (KHTML, like Gecko; compatible; ClaudeBot/1.0; +claudebot@anthropic.com)"
216.73.217.106 - - [28/Aug/2026:23:17:51 +0000] "GET /post-new-or-edit-request/?requestid=1192419 HTTP/1.1" 302 5 "-" "Mozilla/5.0 AppleWebKit/537.36 (KHTML, like Gecko; compatible; ClaudeBot/1.0; +claudebot@anthropic.com)"
72.167.149.90 - - [28/Aug/2026:23:17:54 +0000] "POST /wp-cron.php?doing_wp_cron=1787959073.0489690303802490234375 HTTP/1.1" 499 0 "-" "WordPress/7.1; https://wp.syrtalents.com"
216.73.217.106 - - [28/Aug/2026:23:17:54 +0000] "GET /post-new-or-edit-request/ HTTP/1.1" 302 5 "https://wp.syrtalents.com/post-new-or-edit-request/?requestid=1192419" "Mozilla/5.0 AppleWebKit/537.36 (KHTML, like Gecko; compatible; ClaudeBot/1.0; +claudebot@anthropic.com)"
216.73.217.106 - - [28/Aug/2026:23:17:57 +0000] "GET /post-new-or-edit-request/?requestid=1195040 HTTP/1.1" 200 35241 "https://wp.syrtalents.com/post-new-or-edit-request/" "Mozilla/5.0 AppleWebKit/537.36 (KHTML, like Gecko; compatible; ClaudeBot/1.0; +claudebot@anthropic.com)"
216.73.217.106 - - [28/Aug/2026:23:18:22 +0000] "GET /post-new-or-edit-request/?requestid=1188357 HTTP/1.1" 302 5 "-" "Mozilla/5.0 AppleWebKit/537.36 (KHTML, like Gecko; compatible; ClaudeBot/1.0; +claudebot@anthropic.com)"
216.73.217.106 - - [28/Aug/2026:23:18:24 +0000] "GET /post-new-or-edit-request/ HTTP/1.1" 302 5 "https://wp.syrtalents.com/post-new-or-edit-request/?requestid=1188357" "Mozilla/5.0 AppleWebKit/537.36 (KHTML, like Gecko; compatible; ClaudeBot/1.0; +claudebot@anthropic.com)"
216.73.217.106 - - [28/Aug/2026:23:18:27 +0000] "GET /post-new-or-edit-request/?requestid=1195041 HTTP/1.1" 200 35241 "https://wp.syrtalents.com/post-new-or-edit-request/" "Mozilla/5.0 AppleWebKit/537.36 (KHTML, like Gecko; compatible; ClaudeBot/1.0; +claudebot@anthropic.com)"
216.73.217.106 - - [28/Aug/2026:23:18:41 +0000] "GET /ar/post-new-or-edit-request/?requestid=1192897 HTTP/1.1" 302 5 "-" "Mozilla/5.0 AppleWebKit/537.36 (KHTML, like Gecko; compatible; ClaudeBot/1.0; +claudebot@anthropic.com)"
116.179.32.205 - - [28/Aug/2026:23:18:41 +0000] "GET /ar/post-new-or-edit-request/?requestid=1172062 HTTP/1.1" 302 5 "-" "Mozilla/5.0 (compatible; Baiduspider/2.0; +http://www.baidu.com/search/spider.html)"
216.73.217.106 - - [28/Aug/2026:23:18:43 +0000] "GET /ar/post-new-or-edit-request/ HTTP/1.1" 302 5 "https://wp.syrtalents.com/ar/post-new-or-edit-request/?requestid=1192897" "Mozilla/5.0 AppleWebKit/537.36 (KHTML, like Gecko; compatible; ClaudeBot/1.0; +claudebot@anthropic.com)"
116.179.32.37 - - [28/Aug/2026:23:18:44 +0000] "GET /ar/post-new-or-edit-request/ HTTP/1.1" 302 5 "-" "Mozilla/5.0 (compatible; Baiduspider/2.0; +http://www.baidu.com/search/spider.html)"
216.73.217.106 - - [28/Aug/2026:23:18:47 +0000] "GET /ar/post-new-or-edit-request/?requestid=1195042 HTTP/1.1" 200 37828 "https://wp.syrtalents.com/ar/post-new-or-edit-request/" "Mozilla/5.0 AppleWebKit/537.36 (KHTML, like Gecko; compatible; ClaudeBot/1.0; +claudebot@anthropic.com)"
116.179.32.44 - - [28/Aug/2026:23:18:49 +0000] "GET /ar/post-new-or-edit-request/?requestid=1195043 HTTP/1.1" 200 37828 "-" "Mozilla/5.0 (compatible; Baiduspider/2.0; +http://www.baidu.com/search/spider.html)"
116.179.37.177 - - [28/Aug/2026:23:18:59 +0000] "POST /wp-content/plugins/translatepress-multilingual/includes/trp-ajax.php HTTP/1.1" 200 33 "https://wp.syrtalents.com/ar/post-new-or-edit-request/?requestid=1195043" "Mozilla/5.0 (compatible; Baiduspider-render/2.0; +http://www.baidu.com/search/spider.html)"
116.179.37.175 - - [28/Aug/2026:23:18:59 +0000] "POST /wp-content/plugins/translatepress-multilingual/includes/trp-ajax.php HTTP/1.1" 200 164 "https://wp.syrtalents.com/ar/post-new-or-edit-request/?requestid=1195043" "Mozilla/5.0 (compatible; Baiduspider-render/2.0; +http://www.baidu.com/search/spider.html)"
116.179.37.215 - - [28/Aug/2026:23:18:59 +0000] "POST /wp-content/plugins/translatepress-multilingual/includes/trp-ajax.php HTTP/1.1" 200 159 "https://wp.syrtalents.com/ar/post-new-or-edit-request/?requestid=1195043" "Mozilla/5.0 (compatible; Baiduspider-render/2.0; +http://www.baidu.com/search/spider.html)"
116.179.37.11 - - [28/Aug/2026:23:18:59 +0000] "POST /wp-content/plugins/translatepress-multilingual/includes/trp-ajax.php HTTP/1.1" 200 33 "https://wp.syrtalents.com/ar/post-new-or-edit-request/?requestid=1195043" "Mozilla/5.0 (compatible; Baiduspider-render/2.0; +http://www.baidu.com/search/spider.html)"
116.179.37.114 - - [28/Aug/2026:23:18:59 +0000] "GET /wp-content/uploads/2025/11/card-visa.png HTTP/1.1" 200 1121 "https://wp.syrtalents.com/ar/post-new-or-edit-request/?requestid=1195043" "Mozilla/5.0 (compatible; Baiduspider-render/2.0; +http://www.baidu.com/search/spider.html)"
116.179.37.155 - - [28/Aug/2026:23:18:59 +0000] "POST /wp-content/plugins/translatepress-multilingual/includes/trp-ajax.php HTTP/1.1" 200 33 "https://wp.syrtalents.com/ar/post-new-or-edit-request/?requestid=1195043" "Mozilla/5.0 (compatible; Baiduspider-render/2.0; +http://www.baidu.com/search/spider.html)"
116.179.37.206 - - [28/Aug/2026:23:19:02 +0000] "POST /wp-content/plugins/translatepress-multilingual/includes/trp-ajax.php HTTP/1.1" 400 0 "https://wp.syrtalents.com/ar/post-new-or-edit-request/?requestid=1195043" "Mozilla/5.0 (compatible; Baiduspider-render/2.0; +http://www.baidu.com/search/spider.html)"
116.179.37.199 - - [28/Aug/2026:23:19:02 +0000] "POST /wp-admin/admin-ajax.php?action=un_config_get HTTP/1.1" 400 0 "https://wp.syrtalents.com/ar/post-new-or-edit-request/?requestid=1195043" "Mozilla/5.0 (compatible; Baiduspider-render/2.0; +http://www.baidu.com/search/spider.html)"
116.179.37.189 - - [28/Aug/2026:23:19:04 +0000] "POST /wp-admin/admin-ajax.php HTTP/1.1" 200 10800 "https://wp.syrtalents.com/ar/post-new-or-edit-request/?requestid=1195043" "Mozilla/5.0 (compatible; Baiduspider-render/2.0; +http://www.baidu.com/search/spider.html)"
216.73.217.106 - - [28/Aug/2026:23:19:12 +0000] "GET /ar/post-new-or-edit-request/?requestid=1193750 HTTP/1.1" 302 5 "-" "Mozilla/5.0 AppleWebKit/537.36 (KHTML, like Gecko; compatible; ClaudeBot/1.0; +claudebot@anthropic.com)"
216.73.217.106 - - [28/Aug/2026:23:19:14 +0000] "GET /ar/post-new-or-edit-request/ HTTP/1.1" 302 5 "https://wp.syrtalents.com/ar/post-new-or-edit-request/?requestid=1193750" "Mozilla/5.0 AppleWebKit/537.36 (KHTML, like Gecko; compatible; ClaudeBot/1.0; +claudebot@anthropic.com)"
216.73.217.106 - - [28/Aug/2026:23:19:17 +0000] "GET /ar/post-new-or-edit-request/?requestid=1195044 HTTP/1.1" 200 37829 "https://wp.syrtalents.com/ar/post-new-or-edit-request/" "Mozilla/5.0 AppleWebKit/537.36 (KHTML, like Gecko; compatible; ClaudeBot/1.0; +claudebot@anthropic.com)"
216.73.217.106 - - [28/Aug/2026:23:19:42 +0000] "GET /ar/post-new-or-edit-request/?requestid=1192064 HTTP/1.1" 302 5 "-" "Mozilla/5.0 AppleWebKit/537.36 (KHTML, like Gecko; compatible; ClaudeBot/1.0; +claudebot@anthropic.com)"
74.7.228.52 - - [28/Aug/2026:23:19:44 +0000] "GET /robots.txt HTTP/1.1" 200 54 "-" "Mozilla/5.0 (Macintosh; Intel Mac OS X 10_15_7) AppleWebKit/537.36 (KHTML, like Gecko) Chrome/131.0.0.0 Safari/537.36; compatible; OAI-SearchBot/1.4; robots.txt; +https://openai.com/searchbot"
216.73.217.106 - - [28/Aug/2026:23:19:44 +0000] "GET /ar/post-new-or-edit-request/ HTTP/1.1" 302 5 "https://wp.syrtalents.com/ar/post-new-or-edit-request/?requestid=1192064" "Mozilla/5.0 AppleWebKit/537.36 (KHTML, like Gecko; compatible; ClaudeBot/1.0; +claudebot@anthropic.com)"
216.73.217.106 - - [28/Aug/2026:23:19:47 +0000] "GET /ar/post-new-or-edit-request/?requestid=1195045 HTTP/1.1" 200 37828 "https://wp.syrtalents.com/ar/post-new-or-edit-request/" "Mozilla/5.0 AppleWebKit/537.36 (KHTML, like Gecko; compatible; ClaudeBot/1.0; +claudebot@anthropic.com)"
116.179.37.185 - - [28/Aug/2026:23:19:59 +0000] "POST /wp-content/plugins/translatepress-multilingual/includes/trp-ajax.php HTTP/1.1" 408 0 "https://wp.syrtalents.com/ar/post-new-or-edit-request/?requestid=1195043" "Mozilla/5.0 (compatible; Baiduspider-render/2.0; +http://www.baidu.com/search/spider.html)"
85.208.96.208 - - [28/Aug/2026:23:20:00 +0000] "GET /all-news/ HTTP/1.1" 200 30588 "-" "Mozilla/5.0 (compatible; SemrushBot/7~bl; +http://www.semrush.com/bot.html)"
72.167.149.90 - - [28/Aug/2026:23:20:12 +0000] "POST /wp-cron.php?doing_wp_cron=1787959211.8687219619750976562500 HTTP/1.1" 499 0 "-" "WordPress/7.1; https://wp.syrtalents.com/ar"
216.73.217.106 - - [28/Aug/2026:23:20:12 +0000] "GET /ar/post-new-or-edit-request/?requestid=1186591 HTTP/1.1" 302 5 "-" "Mozilla/5.0 AppleWebKit/537.36 (KHTML, like Gecko; compatible; ClaudeBot/1.0; +claudebot@anthropic.com)"
216.73.217.106 - - [28/Aug/2026:23:20:15 +0000] "GET /ar/post-new-or-edit-request/ HTTP/1.1" 302 5 "https://wp.syrtalents.com/ar/post-new-or-edit-request/?requestid=1186591" "Mozilla/5.0 AppleWebKit/537.36 (KHTML, like Gecko; compatible; ClaudeBot/1.0; +claudebot@anthropic.com)"
216.73.217.106 - - [28/Aug/2026:23:20:17 +0000] "GET /ar/post-new-or-edit-request/?requestid=1195046 HTTP/1.1" 200 37828 "https://wp.syrtalents.com/ar/post-new-or-edit-request/" "Mozilla/5.0 AppleWebKit/537.36 (KHTML, like Gecko; compatible; ClaudeBot/1.0; +claudebot@anthropic.com)"
216.73.217.106 - - [28/Aug/2026:23:20:43 +0000] "GET /sitemap.xml HTTP/1.1" 200 372 "-" "Mozilla/5.0 AppleWebKit/537.36 (KHTML, like Gecko; compatible; ClaudeBot/1.0; +claudebot@anthropic.com)"
216.73.217.106 - - [28/Aug/2026:23:21:31 +0000] "GET /ar/post-new-or-edit-request/?requestid=1187162 HTTP/1.1" 302 5 "-" "Mozilla/5.0 AppleWebKit/537.36 (KHTML, like Gecko; compatible; ClaudeBot/1.0; +claudebot@anthropic.com)"
216.73.217.106 - - [28/Aug/2026:23:21:35 +0000] "GET /ar/post-new-or-edit-request/?requestid=1195046 HTTP/1.1" 200 37829 "https://wp.syrtalents.com/ar/post-new-or-edit-request/?requestid=1187162" "Mozilla/5.0 AppleWebKit/537.36 (KHTML, like Gecko; compatible; ClaudeBot/1.0; +claudebot@anthropic.com)"
216.73.217.106 - - [28/Aug/2026:23:22:52 +0000] "GET /ar/post-new-or-edit-request/?requestid=1193202 HTTP/1.1" 302 5 "-" "Mozilla/5.0 AppleWebKit/537.36 (KHTML, like Gecko; compatible; ClaudeBot/1.0; +claudebot@anthropic.com)"
72.167.149.90 - - [28/Aug/2026:23:22:57 +0000] "POST /wp-cron.php?doing_wp_cron=1787959376.9540879726409912109375 HTTP/1.1" 499 0 "-" "WordPress/7.1; https://wp.syrtalents.com/ar"
216.73.217.106 - - [28/Aug/2026:23:22:58 +0000] "GET /ar/post-new-or-edit-request/?requestid=1195046 HTTP/1.1" 200 37827 "https://wp.syrtalents.com/ar/post-new-or-edit-request/?requestid=1193202" "Mozilla/5.0 AppleWebKit/537.36 (KHTML, like Gecko; compatible; ClaudeBot/1.0; +claudebot@anthropic.com)"
135.236.141.99 - - [28/Aug/2026:23:23:47 +0000] "GET /wp-login.php HTTP/1.1" 302 5 "-" "Mozilla/5.0 (Windows NT 10.0; Win64; x64) AppleWebKit/537.36 (KHTML, like Gecko) Chrome/151.0.0.0 Safari/537.36"
135.236.141.99 - - [28/Aug/2026:23:23:51 +0000] "GET /authentication-login/ HTTP/1.1" 200 28507 "https://wp.syrtalents.com/wp-login.php" "Mozilla/5.0 (Windows NT 10.0; Win64; x64) AppleWebKit/537.36 (KHTML, like Gecko) Chrome/151.0.0.0 Safari/537.36"
135.236.141.99 - - [28/Aug/2026:23:23:54 +0000] "POST /wp-admin/admin-ajax.php?action=tnp&na=s HTTP/1.1" 200 861 "https://wp.syrtalents.com/wp-login.php" "Mozilla/5.0 (Windows NT 10.0; Win64; x64) AppleWebKit/537.36 (KHTML, like Gecko) Chrome/151.0.0.0 Safari/537.36"
216.73.217.106 - - [28/Aug/2026:23:24:02 +0000] "GET /post-new-or-edit-request/?requestid=1190804 HTTP/1.1" 302 5 "-" "Mozilla/5.0 AppleWebKit/537.36 (KHTML, like Gecko; compatible; ClaudeBot/1.0; +claudebot@anthropic.com)"
216.73.217.106 - - [28/Aug/2026:23:24:03 +0000] "GET /post-new-or-edit-request/ HTTP/1.1" 302 5 "https://wp.syrtalents.com/post-new-or-edit-request/?requestid=1190804" "Mozilla/5.0 AppleWebKit/537.36 (KHTML, like Gecko; compatible; ClaudeBot/1.0; +claudebot@anthropic.com)"
216.73.217.106 - - [28/Aug/2026:23:24:06 +0000] "GET /post-new-or-edit-request/?requestid=1195047 HTTP/1.1" 200 35244 "https://wp.syrtalents.com/post-new-or-edit-request/" "Mozilla/5.0 AppleWebKit/537.36 (KHTML, like Gecko; compatible; ClaudeBot/1.0; +claudebot@anthropic.com)"
172.93.101.38 - magrathea [28/Aug/2026:23:24:17 +0000] "GET /wp-json/wp/v2/users/me HTTP/1.1" 403 117 "-" "Mozilla/5.0 (Windows NT 10.0; Win64; x64) AppleWebKit/537.36 (KHTML, like Gecko) Chrome/151.0.0.0 Safari/537.36"
216.73.217.106 - - [28/Aug/2026:23:24:31 +0000] "GET /post-new-or-edit-request/?requestid=1192703 HTTP/1.1" 302 5 "-" "Mozilla/5.0 AppleWebKit/537.36 (KHTML, like Gecko; compatible; ClaudeBot/1.0; +claudebot@anthropic.com)"
216.73.217.106 - - [28/Aug/2026:23:24:32 +0000] "GET /post-new-or-edit-request/?requestid=1191807 HTTP/1.1" 302 5 "-" "Mozilla/5.0 AppleWebKit/537.36 (KHTML, like Gecko; compatible; ClaudeBot/1.0; +claudebot@anthropic.com)"
216.73.217.106 - - [28/Aug/2026:23:24:34 +0000] "GET /post-new-or-edit-request/ HTTP/1.1" 302 5 "https://wp.syrtalents.com/post-new-or-edit-request/?requestid=1192703" "Mozilla/5.0 AppleWebKit/537.36 (KHTML, like Gecko; compatible; ClaudeBot/1.0; +claudebot@anthropic.com)"
216.73.217.106 - - [28/Aug/2026:23:24:34 +0000] "GET /post-new-or-edit-request/ HTTP/1.1" 302 5 "https://wp.syrtalents.com/post-new-or-edit-request/?requestid=1191807" "Mozilla/5.0 AppleWebKit/537.36 (KHTML, like Gecko; compatible; ClaudeBot/1.0; +claudebot@anthropic.com)"
216.73.217.106 - - [28/Aug/2026:23:24:37 +0000] "GET /post-new-or-edit-request/?requestid=1195048 HTTP/1.1" 200 35242 "https://wp.syrtalents.com/post-new-or-edit-request/" "Mozilla/5.0 AppleWebKit/537.36 (KHTML, like Gecko; compatible; ClaudeBot/1.0; +claudebot@anthropic.com)"
216.73.217.106 - - [28/Aug/2026:23:24:40 +0000] "GET /post-new-or-edit-request/?requestid=1195049 HTTP/1.1" 499 0 "https://wp.syrtalents.com/post-new-or-edit-request/" "Mozilla/5.0 AppleWebKit/537.36 (KHTML, like Gecko; compatible; ClaudeBot/1.0; +claudebot@anthropic.com)"
216.73.217.106 - - [28/Aug/2026:23:24:43 +0000] "GET /post-new-or-edit-request/?requestid=1192354 HTTP/1.1" 302 5 "-" "Mozilla/5.0 AppleWebKit/537.36 (KHTML, like Gecko; compatible; ClaudeBot/1.0; +claudebot@anthropic.com)"
216.73.217.106 - - [28/Aug/2026:23:24:45 +0000] "GET /post-new-or-edit-request/?requestid=1191916 HTTP/1.1" 302 5 "-" "Mozilla/5.0 AppleWebKit/537.36 (KHTML, like Gecko; compatible; ClaudeBot/1.0; +claudebot@anthropic.com)"
216.73.217.106 - - [28/Aug/2026:23:24:47 +0000] "GET /post-new-or-edit-request/?requestid=1195049 HTTP/1.1" 499 0 "https://wp.syrtalents.com/post-new-or-edit-request/?requestid=1192354" "Mozilla/5.0 AppleWebKit/537.36 (KHTML, like Gecko; compatible; ClaudeBot/1.0; +claudebot@anthropic.com)"
216.73.217.106 - - [28/Aug/2026:23:24:50 +0000] "GET /post-new-or-edit-request/?requestid=1195049 HTTP/1.1" 200 35241 "https://wp.syrtalents.com/post-new-or-edit-request/?requestid=1191916" "Mozilla/5.0 AppleWebKit/537.36 (KHTML, like Gecko; compatible; ClaudeBot/1.0; +claudebot@anthropic.com)"
216.73.217.106 - - [28/Aug/2026:23:24:52 +0000] "GET /post-new-or-edit-request/?requestid=1189725 HTTP/1.1" 302 5 "-" "Mozilla/5.0 AppleWebKit/537.36 (KHTML, like Gecko; compatible; ClaudeBot/1.0; +claudebot@anthropic.com)"
216.73.217.106 - - [28/Aug/2026:23:24:55 +0000] "GET /ar/post-new-or-edit-request/?requestid=1193600 HTTP/1.1" 302 5 "-" "Mozilla/5.0 AppleWebKit/537.36 (KHTML, like Gecko; compatible; ClaudeBot/1.0; +claudebot@anthropic.com)"
216.73.217.106 - - [28/Aug/2026:23:24:55 +0000] "GET /post-new-or-edit-request/?requestid=1191530 HTTP/1.1" 302 5 "-" "Mozilla/5.0 AppleWebKit/537.36 (KHTML, like Gecko; compatible; ClaudeBot/1.0; +claudebot@anthropic.com)"
216.73.217.106 - - [28/Aug/2026:23:24:56 +0000] "GET /ar/post-new-or-edit-request/?requestid=1190410 HTTP/1.1" 302 5 "-" "Mozilla/5.0 AppleWebKit/537.36 (KHTML, like Gecko; compatible; ClaudeBot/1.0; +claudebot@anthropic.com)"
216.73.217.106 - - [28/Aug/2026:23:24:57 +0000] "GET /post-new-or-edit-request/?requestid=1195049 HTTP/1.1" 499 0 "https://wp.syrtalents.com/post-new-or-edit-request/?requestid=1189725" "Mozilla/5.0 AppleWebKit/537.36 (KHTML, like Gecko; compatible; ClaudeBot/1.0; +claudebot@anthropic.com)"
216.73.217.106 - - [28/Aug/2026:23:25:00 +0000] "GET /ar/post-new-or-edit-request/ HTTP/1.1" 302 5 "https://wp.syrtalents.com/ar/post-new-or-edit-request/?requestid=1190410" "Mozilla/5.0 AppleWebKit/537.36 (KHTML, like Gecko; compatible; ClaudeBot/1.0; +claudebot@anthropic.com)"
216.73.217.106 - - [28/Aug/2026:23:25:00 +0000] "GET /post-new-or-edit-request/?requestid=1195049 HTTP/1.1" 499 0 "https://wp.syrtalents.com/post-new-or-edit-request/?requestid=1191530" "Mozilla/5.0 AppleWebKit/537.36 (KHTML, like Gecko; compatible; ClaudeBot/1.0; +claudebot@anthropic.com)"
216.73.217.106 - - [28/Aug/2026:23:25:00 +0000] "GET /ar/post-new-or-edit-request/ HTTP/1.1" 302 5 "https://wp.syrtalents.com/ar/post-new-or-edit-request/?requestid=1193600" "Mozilla/5.0 AppleWebKit/537.36 (KHTML, like Gecko; compatible; ClaudeBot/1.0; +claudebot@anthropic.com)"
216.73.217.106 - - [28/Aug/2026:23:25:01 +0000] "GET /ar/post-new-or-edit-request/?requestid=1195051 HTTP/1.1" 499 0 "https://wp.syrtalents.com/ar/post-new-or-edit-request/" "Mozilla/5.0 AppleWebKit/537.36 (KHTML, like Gecko; compatible; ClaudeBot/1.0; +claudebot@anthropic.com)"
216.73.217.106 - - [28/Aug/2026:23:25:02 +0000] "GET /ar/post-new-or-edit-request/?requestid=1195050 HTTP/1.1" 499 0 "https://wp.syrtalents.com/ar/post-new-or-edit-request/" "Mozilla/5.0 AppleWebKit/537.36 (KHTML, like Gecko; compatible; ClaudeBot/1.0; +claudebot@anthropic.com)"
216.73.217.106 - - [28/Aug/2026:23:25:11 +0000] "GET /ar/post-new-or-edit-request/?requestid=1192936 HTTP/1.1" 499 0 "-" "Mozilla/5.0 AppleWebKit/537.36 (KHTML, like Gecko; compatible; ClaudeBot/1.0; +claudebot@anthropic.com)"
216.73.217.106 - - [28/Aug/2026:23:25:12 +0000] "GET /ar/post-new-or-edit-request/?requestid=1192919 HTTP/1.1" 499 0 "-" "Mozilla/5.0 AppleWebKit/537.36 (KHTML, like Gecko; compatible; ClaudeBot/1.0; +claudebot@anthropic.com)"
216.73.217.106 - - [28/Aug/2026:23:25:15 +0000] "GET /ar/post-new-or-edit-request/?requestid=1192652 HTTP/1.1" 302 5 "-" "Mozilla/5.0 AppleWebKit/537.36 (KHTML, like Gecko; compatible; ClaudeBot/1.0; +claudebot@anthropic.com)"
216.73.217.106 - - [28/Aug/2026:23:25:22 +0000] "GET /ar/post-new-or-edit-request/?requestid=1195051 HTTP/1.1" 499 0 "https://wp.syrtalents.com/ar/post-new-or-edit-request/?requestid=1192652" "Mozilla/5.0 AppleWebKit/537.36 (KHTML, like Gecko; compatible; ClaudeBot/1.0; +claudebot@anthropic.com)"
216.73.217.106 - - [28/Aug/2026:23:25:22 +0000] "GET /ar/post-new-or-edit-request/?requestid=1182965 HTTP/1.1" 499 0 "-" "Mozilla/5.0 AppleWebKit/537.36 (KHTML, like Gecko; compatible; ClaudeBot/1.0; +claudebot@anthropic.com)"
216.73.217.106 - - [28/Aug/2026:23:25:27 +0000] "GET /ar/post-new-or-edit-request/?requestid=1183158 HTTP/1.1" 302 5 "-" "Mozilla/5.0 AppleWebKit/537.36 (KHTML, like Gecko; compatible; ClaudeBot/1.0; +claudebot@anthropic.com)"
216.73.217.106 - - [28/Aug/2026:23:25:32 +0000] "GET /ar/post-new-or-edit-request/?requestid=1195051 HTTP/1.1" 499 0 "https://wp.syrtalents.com/ar/post-new-or-edit-request/?requestid=1183158" "Mozilla/5.0 AppleWebKit/537.36 (KHTML, like Gecko; compatible; ClaudeBot/1.0; +claudebot@anthropic.com)"
216.73.217.106 - - [28/Aug/2026:23:25:39 +0000] "GET /ar/post-new-or-edit-request/?requestid=1191780 HTTP/1.1" 302 5 "-" "Mozilla/5.0 AppleWebKit/537.36 (KHTML, like Gecko; compatible; ClaudeBot/1.0; +claudebot@anthropic.com)"
216.73.217.106 - - [28/Aug/2026:23:25:42 +0000] "GET /ar/post-new-or-edit-request/?requestid=1195051 HTTP/1.1" 499 0 "https://wp.syrtalents.com/ar/post-new-or-edit-request/?requestid=1191780" "Mozilla/5.0 AppleWebKit/537.36 (KHTML, like Gecko; compatible; ClaudeBot/1.0; +claudebot@anthropic.com)"
216.73.217.106 - - [28/Aug/2026:23:25:46 +0000] "GET /ar/post-new-or-edit-request/?requestid=1192858 HTTP/1.1" 302 5 "-" "Mozilla/5.0 AppleWebKit/537.36 (KHTML, like Gecko; compatible; ClaudeBot/1.0; +claudebot@anthropic.com)"
216.73.217.106 - - [28/Aug/2026:23:25:50 +0000] "GET /ar/post-new-or-edit-request/?requestid=1195051 HTTP/1.1" 200 37832 "https://wp.syrtalents.com/ar/post-new-or-edit-request/?requestid=1192858" "Mozilla/5.0 AppleWebKit/537.36 (KHTML, like Gecko; compatible; ClaudeBot/1.0; +claudebot@anthropic.com)"
216.73.217.106 - - [28/Aug/2026:23:25:53 +0000] "GET /ar/post-new-or-edit-request/?requestid=1191092 HTTP/1.1" 302 5 "-" "Mozilla/5.0 AppleWebKit/537.36 (KHTML, like Gecko; compatible; ClaudeBot/1.0; +claudebot@anthropic.com)"
216.73.217.106 - - [28/Aug/2026:23:25:55 +0000] "GET /ar/post-new-or-edit-request/?category=java-req HTTP/1.1" 302 5 "-" "Mozilla/5.0 AppleWebKit/537.36 (KHTML, like Gecko; compatible; ClaudeBot/1.0; +claudebot@anthropic.com)"
216.73.217.106 - - [28/Aug/2026:23:25:57 +0000] "GET /ar/post-new-or-edit-request/?requestid=1195051 HTTP/1.1" 200 37829 "https://wp.syrtalents.com/ar/post-new-or-edit-request/?requestid=1191092" "Mozilla/5.0 AppleWebKit/537.36 (KHTML, like Gecko; compatible; ClaudeBot/1.0; +claudebot@anthropic.com)"
