216.73.217.120 - - [28/Aug/2026:18:04:45 +0000] "GET /ar/post-new-or-edit-request/?requestid=1183092 HTTP/1.1" 302 5 "-" "Mozilla/5.0 AppleWebKit/537.36 (KHTML, like Gecko; compatible; ClaudeBot/1.0; +claudebot@anthropic.com)"
216.73.217.120 - - [28/Aug/2026:18:04:46 +0000] "GET /ar/post-new-or-edit-request/ HTTP/1.1" 499 0 "https://wp.syrtalents.com/ar/post-new-or-edit-request/?requestid=1183092" "Mozilla/5.0 AppleWebKit/537.36 (KHTML, like Gecko; compatible; ClaudeBot/1.0; +claudebot@anthropic.com)"
216.73.217.120 - - [28/Aug/2026:18:04:56 +0000] "GET /ar/post-new-or-edit-request/?requestid=1186131 HTTP/1.1" 499 0 "-" "Mozilla/5.0 AppleWebKit/537.36 (KHTML, like Gecko; compatible; ClaudeBot/1.0; +claudebot@anthropic.com)"
216.73.217.120 - - [28/Aug/2026:18:04:58 +0000] "GET /ar/post-new-or-edit-request/?requestid=1186382 HTTP/1.1" 302 5 "-" "Mozilla/5.0 AppleWebKit/537.36 (KHTML, like Gecko; compatible; ClaudeBot/1.0; +claudebot@anthropic.com)"
216.73.217.120 - - [28/Aug/2026:18:05:03 +0000] "GET /ar/post-new-or-edit-request/ HTTP/1.1" 499 0 "https://wp.syrtalents.com/ar/post-new-or-edit-request/?requestid=1186382" "Mozilla/5.0 AppleWebKit/537.36 (KHTML, like Gecko; compatible; ClaudeBot/1.0; +claudebot@anthropic.com)"
216.73.217.120 - - [28/Aug/2026:18:05:13 +0000] "GET /ar/post-new-or-edit-request/?requestid=1190320 HTTP/1.1" 499 0 "-" "Mozilla/5.0 AppleWebKit/537.36 (KHTML, like Gecko; compatible; ClaudeBot/1.0; +claudebot@anthropic.com)"
216.73.217.120 - - [28/Aug/2026:18:05:23 +0000] "GET /ar/post-new-or-edit-request/?requestid=1192550 HTTP/1.1" 499 0 "-" "Mozilla/5.0 AppleWebKit/537.36 (KHTML, like Gecko; compatible; ClaudeBot/1.0; +claudebot@anthropic.com)"
72.167.149.90 - - [28/Aug/2026:18:05:33 +0000] "POST /wp-cron.php?doing_wp_cron=1787940332.3033740520477294921875 HTTP/1.1" 499 0 "-" "WordPress/7.1; https://wp.syrtalents.com/ar"
216.73.217.120 - - [28/Aug/2026:18:05:33 +0000] "GET /ar/post-new-or-edit-request/?requestid=1189828 HTTP/1.1" 499 0 "-" "Mozilla/5.0 AppleWebKit/537.36 (KHTML, like Gecko; compatible; ClaudeBot/1.0; +claudebot@anthropic.com)"
216.73.217.120 - - [28/Aug/2026:18:05:43 +0000] "GET /ar/post-new-or-edit-request/?requestid=1190350 HTTP/1.1" 499 0 "-" "Mozilla/5.0 AppleWebKit/537.36 (KHTML, like Gecko; compatible; ClaudeBot/1.0; +claudebot@anthropic.com)"
216.73.217.120 - - [28/Aug/2026:18:05:49 +0000] "GET /ar/post-new-or-edit-request/?requestid=1192584 HTTP/1.1" 302 5 "-" "Mozilla/5.0 AppleWebKit/537.36 (KHTML, like Gecko; compatible; ClaudeBot/1.0; +claudebot@anthropic.com)"
216.73.217.120 - - [28/Aug/2026:18:05:51 +0000] "GET /ar/post-new-or-edit-request/ HTTP/1.1" 302 5 "https://wp.syrtalents.com/ar/post-new-or-edit-request/?requestid=1192584" "Mozilla/5.0 AppleWebKit/537.36 (KHTML, like Gecko; compatible; ClaudeBot/1.0; +claudebot@anthropic.com)"
216.73.217.120 - - [28/Aug/2026:18:05:53 +0000] "GET /ar/post-new-or-edit-request/?requestid=1194673 HTTP/1.1" 499 0 "https://wp.syrtalents.com/ar/post-new-or-edit-request/" "Mozilla/5.0 AppleWebKit/537.36 (KHTML, like Gecko; compatible; ClaudeBot/1.0; +claudebot@anthropic.com)"
216.73.217.120 - - [28/Aug/2026:18:06:03 +0000] "GET /ar/post-new-or-edit-request/?requestid=1192782 HTTP/1.1" 499 0 "-" "Mozilla/5.0 AppleWebKit/537.36 (KHTML, like Gecko; compatible; ClaudeBot/1.0; +claudebot@anthropic.com)"
72.167.149.90 - - [28/Aug/2026:18:08:24 +0000] "POST /wp-cron.php?doing_wp_cron=1787940503.8852789402008056640625 HTTP/1.1" 499 0 "-" "WordPress/7.1; https://wp.syrtalents.com"
216.73.217.101 - - [28/Aug/2026:18:08:25 +0000] "GET /post-new-or-edit-request/?requestid=1189017 HTTP/1.1" 302 5 "-" "Mozilla/5.0 AppleWebKit/537.36 (KHTML, like Gecko; compatible; ClaudeBot/1.0; +claudebot@anthropic.com)"
216.73.217.101 - - [28/Aug/2026:18:08:27 +0000] "GET /post-new-or-edit-request/ HTTP/1.1" 302 5 "https://wp.syrtalents.com/post-new-or-edit-request/?requestid=1189017" "Mozilla/5.0 AppleWebKit/537.36 (KHTML, like Gecko; compatible; ClaudeBot/1.0; +claudebot@anthropic.com)"
216.73.217.101 - - [28/Aug/2026:18:08:30 +0000] "GET /post-new-or-edit-request/?requestid=1194674 HTTP/1.1" 200 15709 "https://wp.syrtalents.com/post-new-or-edit-request/" "Mozilla/5.0 AppleWebKit/537.36 (KHTML, like Gecko; compatible; ClaudeBot/1.0; +claudebot@anthropic.com)"
216.73.217.101 - - [28/Aug/2026:18:08:32 +0000] "GET /post-new-or-edit-request/?requestid=1193142 HTTP/1.1" 302 5 "-" "Mozilla/5.0 AppleWebKit/537.36 (KHTML, like Gecko; compatible; ClaudeBot/1.0; +claudebot@anthropic.com)"
216.73.217.101 - - [28/Aug/2026:18:08:34 +0000] "GET /post-new-or-edit-request/?requestid=1194674 HTTP/1.1" 200 35238 "https://wp.syrtalents.com/post-new-or-edit-request/?requestid=1193142" "Mozilla/5.0 AppleWebKit/537.36 (KHTML, like Gecko; compatible; ClaudeBot/1.0; +claudebot@anthropic.com)"
216.73.217.101 - - [28/Aug/2026:18:08:40 +0000] "GET /post-new-or-edit-request/?requestid=1189007 HTTP/1.1" 302 5 "-" "Mozilla/5.0 AppleWebKit/537.36 (KHTML, like Gecko; compatible; ClaudeBot/1.0; +claudebot@anthropic.com)"
216.73.217.101 - - [28/Aug/2026:18:08:43 +0000] "GET /post-new-or-edit-request/?requestid=1194674 HTTP/1.1" 200 35239 "https://wp.syrtalents.com/post-new-or-edit-request/?requestid=1189007" "Mozilla/5.0 AppleWebKit/537.36 (KHTML, like Gecko; compatible; ClaudeBot/1.0; +claudebot@anthropic.com)"
216.73.217.101 - - [28/Aug/2026:18:08:48 +0000] "GET /post-new-or-edit-request/?requestid=1192174 HTTP/1.1" 302 5 "-" "Mozilla/5.0 AppleWebKit/537.36 (KHTML, like Gecko; compatible; ClaudeBot/1.0; +claudebot@anthropic.com)"
216.73.217.101 - - [28/Aug/2026:18:08:51 +0000] "GET /post-new-or-edit-request/?requestid=1194674 HTTP/1.1" 200 35240 "https://wp.syrtalents.com/post-new-or-edit-request/?requestid=1192174" "Mozilla/5.0 AppleWebKit/537.36 (KHTML, like Gecko; compatible; ClaudeBot/1.0; +claudebot@anthropic.com)"
216.73.217.101 - - [28/Aug/2026:18:08:53 +0000] "GET /post-new-or-edit-request/?requestid=1191671 HTTP/1.1" 302 5 "-" "Mozilla/5.0 AppleWebKit/537.36 (KHTML, like Gecko; compatible; ClaudeBot/1.0; +claudebot@anthropic.com)"
216.73.217.101 - - [28/Aug/2026:18:08:57 +0000] "GET /post-new-or-edit-request/ HTTP/1.1" 302 5 "https://wp.syrtalents.com/post-new-or-edit-request/?requestid=1191671" "Mozilla/5.0 AppleWebKit/537.36 (KHTML, like Gecko; compatible; ClaudeBot/1.0; +claudebot@anthropic.com)"
216.73.217.101 - - [28/Aug/2026:18:09:00 +0000] "GET /post-new-or-edit-request/?requestid=1194675 HTTP/1.1" 499 0 "https://wp.syrtalents.com/post-new-or-edit-request/" "Mozilla/5.0 AppleWebKit/537.36 (KHTML, like Gecko; compatible; ClaudeBot/1.0; +claudebot@anthropic.com)"
216.73.217.101 - - [28/Aug/2026:18:09:10 +0000] "GET /post-new-or-edit-request/?requestid=1193522 HTTP/1.1" 499 0 "-" "Mozilla/5.0 AppleWebKit/537.36 (KHTML, like Gecko; compatible; ClaudeBot/1.0; +claudebot@anthropic.com)"
216.73.217.101 - - [28/Aug/2026:18:09:17 +0000] "GET /post-new-or-edit-request/?requestid=1189756 HTTP/1.1" 302 5 "-" "Mozilla/5.0 AppleWebKit/537.36 (KHTML, like Gecko; compatible; ClaudeBot/1.0; +claudebot@anthropic.com)"
216.73.217.101 - - [28/Aug/2026:18:09:22 +0000] "GET /post-new-or-edit-request/?requestid=1194675 HTTP/1.1" 499 0 "https://wp.syrtalents.com/post-new-or-edit-request/?requestid=1189756" "Mozilla/5.0 AppleWebKit/537.36 (KHTML, like Gecko; compatible; ClaudeBot/1.0; +claudebot@anthropic.com)"
216.73.217.101 - - [28/Aug/2026:18:09:24 +0000] "GET /post-new-or-edit-request/?requestid=1193815 HTTP/1.1" 302 5 "-" "Mozilla/5.0 AppleWebKit/537.36 (KHTML, like Gecko; compatible; ClaudeBot/1.0; +claudebot@anthropic.com)"
216.73.217.101 - - [28/Aug/2026:18:09:27 +0000] "GET /post-new-or-edit-request/ HTTP/1.1" 302 5 "https://wp.syrtalents.com/post-new-or-edit-request/?requestid=1193815" "Mozilla/5.0 AppleWebKit/537.36 (KHTML, like Gecko; compatible; ClaudeBot/1.0; +claudebot@anthropic.com)"
216.73.217.101 - - [28/Aug/2026:18:09:30 +0000] "GET /post-new-or-edit-request/?requestid=1194676 HTTP/1.1" 499 0 "https://wp.syrtalents.com/post-new-or-edit-request/" "Mozilla/5.0 AppleWebKit/537.36 (KHTML, like Gecko; compatible; ClaudeBot/1.0; +claudebot@anthropic.com)"
216.73.217.101 - - [28/Aug/2026:18:09:33 +0000] "GET /post-new-or-edit-request/?requestid=1192412 HTTP/1.1" 302 5 "-" "Mozilla/5.0 AppleWebKit/537.36 (KHTML, like Gecko; compatible; ClaudeBot/1.0; +claudebot@anthropic.com)"
216.73.217.101 - - [28/Aug/2026:18:09:37 +0000] "GET /post-new-or-edit-request/?requestid=1194676 HTTP/1.1" 200 35240 "https://wp.syrtalents.com/post-new-or-edit-request/?requestid=1192412" "Mozilla/5.0 AppleWebKit/537.36 (KHTML, like Gecko; compatible; ClaudeBot/1.0; +claudebot@anthropic.com)"
216.73.217.101 - - [28/Aug/2026:18:09:40 +0000] "GET /post-new-or-edit-request/?requestid=1193688 HTTP/1.1" 302 5 "-" "Mozilla/5.0 AppleWebKit/537.36 (KHTML, like Gecko; compatible; ClaudeBot/1.0; +claudebot@anthropic.com)"
216.73.217.101 - - [28/Aug/2026:18:09:43 +0000] "GET /post-new-or-edit-request/?requestid=1194676 HTTP/1.1" 200 35240 "https://wp.syrtalents.com/post-new-or-edit-request/?requestid=1193688" "Mozilla/5.0 AppleWebKit/537.36 (KHTML, like Gecko; compatible; ClaudeBot/1.0; +claudebot@anthropic.com)"
216.73.217.101 - - [28/Aug/2026:18:09:49 +0000] "GET /post-new-or-edit-request/?requestid=1192635 HTTP/1.1" 302 5 "-" "Mozilla/5.0 AppleWebKit/537.36 (KHTML, like Gecko; compatible; ClaudeBot/1.0; +claudebot@anthropic.com)"
216.73.217.101 - - [28/Aug/2026:18:09:51 +0000] "GET /post-new-or-edit-request/ HTTP/1.1" 302 5 "https://wp.syrtalents.com/post-new-or-edit-request/?requestid=1192635" "Mozilla/5.0 AppleWebKit/537.36 (KHTML, like Gecko; compatible; ClaudeBot/1.0; +claudebot@anthropic.com)"
216.73.217.101 - - [28/Aug/2026:18:09:53 +0000] "GET /post-new-or-edit-request/?requestid=1194677 HTTP/1.1" 200 35236 "https://wp.syrtalents.com/post-new-or-edit-request/" "Mozilla/5.0 AppleWebKit/537.36 (KHTML, like Gecko; compatible; ClaudeBot/1.0; +claudebot@anthropic.com)"
216.73.217.101 - - [28/Aug/2026:18:09:56 +0000] "GET /post-new-or-edit-request/?requestid=1186561 HTTP/1.1" 302 5 "-" "Mozilla/5.0 AppleWebKit/537.36 (KHTML, like Gecko; compatible; ClaudeBot/1.0; +claudebot@anthropic.com)"
216.73.217.101 - - [28/Aug/2026:18:09:58 +0000] "GET /post-new-or-edit-request/?requestid=1194677 HTTP/1.1" 200 35240 "https://wp.syrtalents.com/post-new-or-edit-request/?requestid=1186561" "Mozilla/5.0 AppleWebKit/537.36 (KHTML, like Gecko; compatible; ClaudeBot/1.0; +claudebot@anthropic.com)"
72.167.149.90 - - [28/Aug/2026:18:10:06 +0000] "POST /wp-cron.php?doing_wp_cron=1787940605.5926849842071533203125 HTTP/1.1" 499 0 "-" "WordPress/7.1; https://wp.syrtalents.com"
216.73.217.101 - - [28/Aug/2026:18:10:06 +0000] "GET /post-new-or-edit-request/?requestid=1187039 HTTP/1.1" 302 5 "-" "Mozilla/5.0 AppleWebKit/537.36 (KHTML, like Gecko; compatible; ClaudeBot/1.0; +claudebot@anthropic.com)"
216.73.217.101 - - [28/Aug/2026:18:10:10 +0000] "GET /post-new-or-edit-request/?requestid=1194677 HTTP/1.1" 200 35239 "https://wp.syrtalents.com/post-new-or-edit-request/?requestid=1187039" "Mozilla/5.0 AppleWebKit/537.36 (KHTML, like Gecko; compatible; ClaudeBot/1.0; +claudebot@anthropic.com)"
216.73.217.101 - - [28/Aug/2026:18:10:15 +0000] "GET /post-new-or-edit-request/?requestid=1192711 HTTP/1.1" 302 5 "-" "Mozilla/5.0 AppleWebKit/537.36 (KHTML, like Gecko; compatible; ClaudeBot/1.0; +claudebot@anthropic.com)"
216.73.217.101 - - [28/Aug/2026:18:10:19 +0000] "GET /post-new-or-edit-request/?requestid=1194677 HTTP/1.1" 200 35239 "https://wp.syrtalents.com/post-new-or-edit-request/?requestid=1192711" "Mozilla/5.0 AppleWebKit/537.36 (KHTML, like Gecko; compatible; ClaudeBot/1.0; +claudebot@anthropic.com)"
216.73.217.101 - - [28/Aug/2026:18:10:20 +0000] "GET /post-new-or-edit-request/?requestid=1189930 HTTP/1.1" 302 5 "-" "Mozilla/5.0 AppleWebKit/537.36 (KHTML, like Gecko; compatible; ClaudeBot/1.0; +claudebot@anthropic.com)"
216.73.217.101 - - [28/Aug/2026:18:10:22 +0000] "GET /post-new-or-edit-request/ HTTP/1.1" 302 5 "https://wp.syrtalents.com/post-new-or-edit-request/?requestid=1189930" "Mozilla/5.0 AppleWebKit/537.36 (KHTML, like Gecko; compatible; ClaudeBot/1.0; +claudebot@anthropic.com)"
216.73.217.101 - - [28/Aug/2026:18:10:25 +0000] "GET /post-new-or-edit-request/?requestid=1194678 HTTP/1.1" 200 35237 "https://wp.syrtalents.com/post-new-or-edit-request/" "Mozilla/5.0 AppleWebKit/537.36 (KHTML, like Gecko; compatible; ClaudeBot/1.0; +claudebot@anthropic.com)"
216.73.217.101 - - [28/Aug/2026:18:10:27 +0000] "GET /post-new-or-edit-request/?requestid=1186330 HTTP/1.1" 302 5 "-" "Mozilla/5.0 AppleWebKit/537.36 (KHTML, like Gecko; compatible; ClaudeBot/1.0; +claudebot@anthropic.com)"
216.73.217.101 - - [28/Aug/2026:18:10:31 +0000] "GET /post-new-or-edit-request/?requestid=1194678 HTTP/1.1" 200 35240 "https://wp.syrtalents.com/post-new-or-edit-request/?requestid=1186330" "Mozilla/5.0 AppleWebKit/537.36 (KHTML, like Gecko; compatible; ClaudeBot/1.0; +claudebot@anthropic.com)"
216.73.217.101 - - [28/Aug/2026:18:10:33 +0000] "GET /post-new-or-edit-request/?requestid=1190062 HTTP/1.1" 302 5 "-" "Mozilla/5.0 AppleWebKit/537.36 (KHTML, like Gecko; compatible; ClaudeBot/1.0; +claudebot@anthropic.com)"
216.73.217.101 - - [28/Aug/2026:18:10:36 +0000] "GET /post-new-or-edit-request/ HTTP/1.1" 302 5 "https://wp.syrtalents.com/post-new-or-edit-request/?requestid=1190062" "Mozilla/5.0 AppleWebKit/537.36 (KHTML, like Gecko; compatible; ClaudeBot/1.0; +claudebot@anthropic.com)"
216.73.217.101 - - [28/Aug/2026:18:10:40 +0000] "GET /post-new-or-edit-request/?requestid=1194679 HTTP/1.1" 499 0 "https://wp.syrtalents.com/post-new-or-edit-request/" "Mozilla/5.0 AppleWebKit/537.36 (KHTML, like Gecko; compatible; ClaudeBot/1.0; +claudebot@anthropic.com)"
216.73.217.101 - - [28/Aug/2026:18:10:43 +0000] "GET /post-new-or-edit-request/?requestid=1185846 HTTP/1.1" 302 5 "-" "Mozilla/5.0 AppleWebKit/537.36 (KHTML, like Gecko; compatible; ClaudeBot/1.0; +claudebot@anthropic.com)"
216.73.217.101 - - [28/Aug/2026:18:10:47 +0000] "GET /post-new-or-edit-request/?requestid=1194679 HTTP/1.1" 200 35238 "https://wp.syrtalents.com/post-new-or-edit-request/?requestid=1185846" "Mozilla/5.0 AppleWebKit/537.36 (KHTML, like Gecko; compatible; ClaudeBot/1.0; +claudebot@anthropic.com)"
116.179.32.196 - - [28/Aug/2026:18:10:48 +0000] "GET /post-new-or-edit-request/?requestid=1112424 HTTP/1.1" 302 5 "-" "Mozilla/5.0 (compatible; Baiduspider/2.0; +http://www.baidu.com/search/spider.html)"
216.73.217.101 - - [28/Aug/2026:18:10:51 +0000] "GET /post-new-or-edit-request/?requestid=1192357 HTTP/1.1" 302 5 "-" "Mozilla/5.0 AppleWebKit/537.36 (KHTML, like Gecko; compatible; ClaudeBot/1.0; +claudebot@anthropic.com)"
116.179.32.14 - - [28/Aug/2026:18:10:51 +0000] "GET /post-new-or-edit-request/ HTTP/1.1" 302 5 "-" "Mozilla/5.0 (compatible; Baiduspider/2.0; +http://www.baidu.com/search/spider.html)"
216.73.217.101 - - [28/Aug/2026:18:10:54 +0000] "GET /post-new-or-edit-request/?requestid=1194679 HTTP/1.1" 200 35238 "https://wp.syrtalents.com/post-new-or-edit-request/?requestid=1192357" "Mozilla/5.0 AppleWebKit/537.36 (KHTML, like Gecko; compatible; ClaudeBot/1.0; +claudebot@anthropic.com)"
116.179.32.100 - - [28/Aug/2026:18:10:55 +0000] "GET /post-new-or-edit-request/?requestid=1194680 HTTP/1.1" 200 35239 "-" "Mozilla/5.0 (compatible; Baiduspider/2.0; +http://www.baidu.com/search/spider.html)"
216.73.217.101 - - [28/Aug/2026:18:10:59 +0000] "GET /post-new-or-edit-request/?requestid=1192616 HTTP/1.1" 302 5 "-" "Mozilla/5.0 AppleWebKit/537.36 (KHTML, like Gecko; compatible; ClaudeBot/1.0; +claudebot@anthropic.com)"
216.73.217.101 - - [28/Aug/2026:18:11:03 +0000] "GET /post-new-or-edit-request/?requestid=1194679 HTTP/1.1" 200 35241 "https://wp.syrtalents.com/post-new-or-edit-request/?requestid=1192616" "Mozilla/5.0 AppleWebKit/537.36 (KHTML, like Gecko; compatible; ClaudeBot/1.0; +claudebot@anthropic.com)"
216.73.217.101 - - [28/Aug/2026:18:11:04 +0000] "GET /post-new-or-edit-request/?requestid=1193981 HTTP/1.1" 302 5 "-" "Mozilla/5.0 AppleWebKit/537.36 (KHTML, like Gecko; compatible; ClaudeBot/1.0; +claudebot@anthropic.com)"
216.73.217.101 - - [28/Aug/2026:18:11:08 +0000] "GET /post-new-or-edit-request/?requestid=1194677 HTTP/1.1" 200 35238 "https://wp.syrtalents.com/post-new-or-edit-request/?requestid=1193981" "Mozilla/5.0 AppleWebKit/537.36 (KHTML, like Gecko; compatible; ClaudeBot/1.0; +claudebot@anthropic.com)"
116.179.37.177 - - [28/Aug/2026:18:11:09 +0000] "POST /wp-admin/admin-ajax.php?action=un_config_get HTTP/1.1" 200 972 "https://wp.syrtalents.com/post-new-or-edit-request/?requestid=1194680" "Mozilla/5.0 (compatible; Baiduspider-render/2.0; +http://www.baidu.com/search/spider.html)"
216.73.217.101 - - [28/Aug/2026:18:11:12 +0000] "GET /post-new-or-edit-request/?requestid=1193865 HTTP/1.1" 302 5 "-" "Mozilla/5.0 AppleWebKit/537.36 (KHTML, like Gecko; compatible; ClaudeBot/1.0; +claudebot@anthropic.com)"
216.73.217.101 - - [28/Aug/2026:18:11:16 +0000] "GET /post-new-or-edit-request/?requestid=1194677 HTTP/1.1" 200 35240 "https://wp.syrtalents.com/post-new-or-edit-request/?requestid=1193865" "Mozilla/5.0 AppleWebKit/537.36 (KHTML, like Gecko; compatible; ClaudeBot/1.0; +claudebot@anthropic.com)"
216.73.217.101 - - [28/Aug/2026:18:11:20 +0000] "GET /post-new-or-edit-request/?requestid=1194266 HTTP/1.1" 302 5 "-" "Mozilla/5.0 AppleWebKit/537.36 (KHTML, like Gecko; compatible; ClaudeBot/1.0; +claudebot@anthropic.com)"
216.73.217.101 - - [28/Aug/2026:18:11:22 +0000] "GET /post-new-or-edit-request/?requestid=1194677 HTTP/1.1" 200 35237 "https://wp.syrtalents.com/post-new-or-edit-request/?requestid=1194266" "Mozilla/5.0 AppleWebKit/537.36 (KHTML, like Gecko; compatible; ClaudeBot/1.0; +claudebot@anthropic.com)"
216.73.217.101 - - [28/Aug/2026:18:11:37 +0000] "GET /post-new-or-edit-request/?requestid=1194275 HTTP/1.1" 302 5 "-" "Mozilla/5.0 AppleWebKit/537.36 (KHTML, like Gecko; compatible; ClaudeBot/1.0; +claudebot@anthropic.com)"
216.73.217.101 - - [28/Aug/2026:18:11:40 +0000] "GET /post-new-or-edit-request/?requestid=1194677 HTTP/1.1" 200 35238 "https://wp.syrtalents.com/post-new-or-edit-request/?requestid=1194275" "Mozilla/5.0 AppleWebKit/537.36 (KHTML, like Gecko; compatible; ClaudeBot/1.0; +claudebot@anthropic.com)"
216.73.217.101 - - [28/Aug/2026:18:12:09 +0000] "GET /post-new-or-edit-request/?requestid=1192951 HTTP/1.1" 302 5 "-" "Mozilla/5.0 AppleWebKit/537.36 (KHTML, like Gecko; compatible; ClaudeBot/1.0; +claudebot@anthropic.com)"
216.73.217.101 - - [28/Aug/2026:18:12:12 +0000] "GET /post-new-or-edit-request/?requestid=1194677 HTTP/1.1" 200 35239 "https://wp.syrtalents.com/post-new-or-edit-request/?requestid=1192951" "Mozilla/5.0 AppleWebKit/537.36 (KHTML, like Gecko; compatible; ClaudeBot/1.0; +claudebot@anthropic.com)"
72.167.149.90 - - [28/Aug/2026:18:13:09 +0000] "POST /wp-cron.php?doing_wp_cron=1787940788.3045859336853027343750 HTTP/1.1" 499 0 "-" "WordPress/7.1; https://wp.syrtalents.com/ar"
85.208.96.201 - - [28/Aug/2026:18:13:09 +0000] "GET /ar/post-new-or-edit-request/?category=ai-content-creation-req HTTP/1.1" 302 5 "-" "Mozilla/5.0 (compatible; SemrushBot/7~bl; +http://www.semrush.com/bot.html)"
216.73.217.101 - - [28/Aug/2026:18:13:13 +0000] "GET /post-new-or-edit-request/?requestid=1193961 HTTP/1.1" 302 5 "-" "Mozilla/5.0 AppleWebKit/537.36 (KHTML, like Gecko; compatible; ClaudeBot/1.0; +claudebot@anthropic.com)"
216.73.217.101 - - [28/Aug/2026:18:13:16 +0000] "GET /post-new-or-edit-request/?requestid=1194677 HTTP/1.1" 200 35237 "https://wp.syrtalents.com/post-new-or-edit-request/?requestid=1193961" "Mozilla/5.0 AppleWebKit/537.36 (KHTML, like Gecko; compatible; ClaudeBot/1.0; +claudebot@anthropic.com)"
216.73.216.56 - - [28/Aug/2026:18:15:00 +0000] "GET /post-new-or-edit-request/?requestid=1193736 HTTP/1.1" 302 5 "-" "Mozilla/5.0 AppleWebKit/537.36 (KHTML, like Gecko; compatible; ClaudeBot/1.0; +claudebot@anthropic.com)"
216.73.216.56 - - [28/Aug/2026:18:15:04 +0000] "GET /post-new-or-edit-request/ HTTP/1.1" 302 5 "https://wp.syrtalents.com/post-new-or-edit-request/?requestid=1193736" "Mozilla/5.0 AppleWebKit/537.36 (KHTML, like Gecko; compatible; ClaudeBot/1.0; +claudebot@anthropic.com)"
216.73.216.56 - - [28/Aug/2026:18:15:08 +0000] "GET /post-new-or-edit-request/?requestid=1194682 HTTP/1.1" 200 35238 "https://wp.syrtalents.com/post-new-or-edit-request/" "Mozilla/5.0 AppleWebKit/537.36 (KHTML, like Gecko; compatible; ClaudeBot/1.0; +claudebot@anthropic.com)"
216.73.216.56 - - [28/Aug/2026:18:15:31 +0000] "GET /ar/post-new-or-edit-request/?requestid=1193550 HTTP/1.1" 302 5 "-" "Mozilla/5.0 AppleWebKit/537.36 (KHTML, like Gecko; compatible; ClaudeBot/1.0; +claudebot@anthropic.com)"
216.73.216.56 - - [28/Aug/2026:18:15:34 +0000] "GET /ar/post-new-or-edit-request/ HTTP/1.1" 302 5 "https://wp.syrtalents.com/ar/post-new-or-edit-request/?requestid=1193550" "Mozilla/5.0 AppleWebKit/537.36 (KHTML, like Gecko; compatible; ClaudeBot/1.0; +claudebot@anthropic.com)"
216.73.216.56 - - [28/Aug/2026:18:15:39 +0000] "GET /ar/post-new-or-edit-request/?requestid=1194683 HTTP/1.1" 499 0 "https://wp.syrtalents.com/ar/post-new-or-edit-request/" "Mozilla/5.0 AppleWebKit/537.36 (KHTML, like Gecko; compatible; ClaudeBot/1.0; +claudebot@anthropic.com)"
216.73.216.56 - - [28/Aug/2026:18:16:02 +0000] "GET /ar/post-new-or-edit-request/?requestid=1190330 HTTP/1.1" 302 5 "-" "Mozilla/5.0 AppleWebKit/537.36 (KHTML, like Gecko; compatible; ClaudeBot/1.0; +claudebot@anthropic.com)"
216.73.216.56 - - [28/Aug/2026:18:16:05 +0000] "GET /ar/post-new-or-edit-request/ HTTP/1.1" 302 5 "https://wp.syrtalents.com/ar/post-new-or-edit-request/?requestid=1190330" "Mozilla/5.0 AppleWebKit/537.36 (KHTML, like Gecko; compatible; ClaudeBot/1.0; +claudebot@anthropic.com)"
216.73.216.56 - - [28/Aug/2026:18:16:09 +0000] "GET /ar/post-new-or-edit-request/?requestid=1194684 HTTP/1.1" 499 0 "https://wp.syrtalents.com/ar/post-new-or-edit-request/" "Mozilla/5.0 AppleWebKit/537.36 (KHTML, like Gecko; compatible; ClaudeBot/1.0; +claudebot@anthropic.com)"
216.73.216.56 - - [28/Aug/2026:18:16:12 +0000] "GET /ar/post-new-or-edit-request/?requestid=1190439 HTTP/1.1" 302 5 "-" "Mozilla/5.0 AppleWebKit/537.36 (KHTML, like Gecko; compatible; ClaudeBot/1.0; +claudebot@anthropic.com)"
216.73.216.56 - - [28/Aug/2026:18:16:14 +0000] "GET /ar/post-new-or-edit-request/ HTTP/1.1" 302 5 "https://wp.syrtalents.com/ar/post-new-or-edit-request/?requestid=1190439" "Mozilla/5.0 AppleWebKit/537.36 (KHTML, like Gecko; compatible; ClaudeBot/1.0; +claudebot@anthropic.com)"
216.73.216.56 - - [28/Aug/2026:18:16:17 +0000] "GET /ar/post-new-or-edit-request/?requestid=1194685 HTTP/1.1" 200 37829 "https://wp.syrtalents.com/ar/post-new-or-edit-request/" "Mozilla/5.0 AppleWebKit/537.36 (KHTML, like Gecko; compatible; ClaudeBot/1.0; +claudebot@anthropic.com)"
216.73.216.56 - - [28/Aug/2026:18:16:42 +0000] "GET /ar/post-new-or-edit-request/?requestid=1192637 HTTP/1.1" 302 5 "-" "Mozilla/5.0 AppleWebKit/537.36 (KHTML, like Gecko; compatible; ClaudeBot/1.0; +claudebot@anthropic.com)"
216.73.216.56 - - [28/Aug/2026:18:16:44 +0000] "GET /ar/post-new-or-edit-request/ HTTP/1.1" 302 5 "https://wp.syrtalents.com/ar/post-new-or-edit-request/?requestid=1192637" "Mozilla/5.0 AppleWebKit/537.36 (KHTML, like Gecko; compatible; ClaudeBot/1.0; +claudebot@anthropic.com)"
216.73.216.56 - - [28/Aug/2026:18:16:48 +0000] "GET /ar/post-new-or-edit-request/?requestid=1194686 HTTP/1.1" 200 37828 "https://wp.syrtalents.com/ar/post-new-or-edit-request/" "Mozilla/5.0 AppleWebKit/537.36 (KHTML, like Gecko; compatible; ClaudeBot/1.0; +claudebot@anthropic.com)"
216.73.216.56 - - [28/Aug/2026:18:17:05 +0000] "GET /ar/post-new-or-edit-request/?requestid=1192616 HTTP/1.1" 302 5 "-" "Mozilla/5.0 AppleWebKit/537.36 (KHTML, like Gecko; compatible; ClaudeBot/1.0; +claudebot@anthropic.com)"
216.73.216.56 - - [28/Aug/2026:18:17:09 +0000] "GET /ar/post-new-or-edit-request/ HTTP/1.1" 499 0 "https://wp.syrtalents.com/ar/post-new-or-edit-request/?requestid=1192616" "Mozilla/5.0 AppleWebKit/537.36 (KHTML, like Gecko; compatible; ClaudeBot/1.0; +claudebot@anthropic.com)"
216.73.216.56 - - [28/Aug/2026:18:17:33 +0000] "GET /post-new-or-edit-request/?requestid=1187686 HTTP/1.1" 302 5 "-" "Mozilla/5.0 AppleWebKit/537.36 (KHTML, like Gecko; compatible; ClaudeBot/1.0; +claudebot@anthropic.com)"
216.73.216.56 - - [28/Aug/2026:18:17:35 +0000] "GET /post-new-or-edit-request/ HTTP/1.1" 302 5 "https://wp.syrtalents.com/post-new-or-edit-request/?requestid=1187686" "Mozilla/5.0 AppleWebKit/537.36 (KHTML, like Gecko; compatible; ClaudeBot/1.0; +claudebot@anthropic.com)"
216.73.216.56 - - [28/Aug/2026:18:17:38 +0000] "GET /post-new-or-edit-request/?requestid=1194688 HTTP/1.1" 200 35238 "https://wp.syrtalents.com/post-new-or-edit-request/" "Mozilla/5.0 AppleWebKit/537.36 (KHTML, like Gecko; compatible; ClaudeBot/1.0; +claudebot@anthropic.com)"
72.167.149.90 - - [28/Aug/2026:18:18:05 +0000] "POST /wp-cron.php?doing_wp_cron=1787941084.8931100368499755859375 HTTP/1.1" 499 0 "-" "WordPress/7.1; https://wp.syrtalents.com"
216.73.216.56 - - [28/Aug/2026:18:18:05 +0000] "GET /post-new-or-edit-request/?requestid=1185494 HTTP/1.1" 302 5 "-" "Mozilla/5.0 AppleWebKit/537.36 (KHTML, like Gecko; compatible; ClaudeBot/1.0; +claudebot@anthropic.com)"
216.73.216.56 - - [28/Aug/2026:18:18:08 +0000] "GET /post-new-or-edit-request/ HTTP/1.1" 302 5 "https://wp.syrtalents.com/post-new-or-edit-request/?requestid=1185494" "Mozilla/5.0 AppleWebKit/537.36 (KHTML, like Gecko; compatible; ClaudeBot/1.0; +claudebot@anthropic.com)"
216.73.216.56 - - [28/Aug/2026:18:18:10 +0000] "GET /post-new-or-edit-request/?requestid=1194689 HTTP/1.1" 499 0 "https://wp.syrtalents.com/post-new-or-edit-request/" "Mozilla/5.0 AppleWebKit/537.36 (KHTML, like Gecko; compatible; ClaudeBot/1.0; +claudebot@anthropic.com)"
72.167.149.90 - - [28/Aug/2026:18:20:14 +0000] "POST /wp-cron.php?doing_wp_cron=1787941213.3176989555358886718750 HTTP/1.1" 499 0 "-" "WordPress/7.1; https://wp.syrtalents.com"
216.73.216.56 - - [28/Aug/2026:18:20:14 +0000] "GET /post-new-or-edit-request/?requestid=1186933 HTTP/1.1" 302 5 "-" "Mozilla/5.0 AppleWebKit/537.36 (KHTML, like Gecko; compatible; ClaudeBot/1.0; +claudebot@anthropic.com)"
216.73.216.56 - - [28/Aug/2026:18:20:18 +0000] "GET /post-new-or-edit-request/?requestid=1194689 HTTP/1.1" 499 0 "https://wp.syrtalents.com/post-new-or-edit-request/?requestid=1186933" "Mozilla/5.0 AppleWebKit/537.36 (KHTML, like Gecko; compatible; ClaudeBot/1.0; +claudebot@anthropic.com)"
216.73.216.56 - - [28/Aug/2026:18:21:47 +0000] "GET /post-new-or-edit-request/?requestid=1189396 HTTP/1.1" 302 5 "-" "Mozilla/5.0 AppleWebKit/537.36 (KHTML, like Gecko; compatible; ClaudeBot/1.0; +claudebot@anthropic.com)"
216.73.216.56 - - [28/Aug/2026:18:21:50 +0000] "GET /post-new-or-edit-request/ HTTP/1.1" 302 5 "https://wp.syrtalents.com/post-new-or-edit-request/?requestid=1189396" "Mozilla/5.0 AppleWebKit/537.36 (KHTML, like Gecko; compatible; ClaudeBot/1.0; +claudebot@anthropic.com)"
216.73.216.56 - - [28/Aug/2026:18:21:53 +0000] "GET /post-new-or-edit-request/?requestid=1194690 HTTP/1.1" 499 0 "https://wp.syrtalents.com/post-new-or-edit-request/" "Mozilla/5.0 AppleWebKit/537.36 (KHTML, like Gecko; compatible; ClaudeBot/1.0; +claudebot@anthropic.com)"
216.73.216.56 - - [28/Aug/2026:18:22:16 +0000] "GET /post-new-or-edit-request/?requestid=1193835 HTTP/1.1" 302 5 "-" "Mozilla/5.0 AppleWebKit/537.36 (KHTML, like Gecko; compatible; ClaudeBot/1.0; +claudebot@anthropic.com)"
216.73.216.56 - - [28/Aug/2026:18:22:20 +0000] "GET /post-new-or-edit-request/ HTTP/1.1" 302 5 "https://wp.syrtalents.com/post-new-or-edit-request/?requestid=1193835" "Mozilla/5.0 AppleWebKit/537.36 (KHTML, like Gecko; compatible; ClaudeBot/1.0; +claudebot@anthropic.com)"
216.73.216.56 - - [28/Aug/2026:18:22:23 +0000] "GET /post-new-or-edit-request/?requestid=1194691 HTTP/1.1" 499 0 "https://wp.syrtalents.com/post-new-or-edit-request/" "Mozilla/5.0 AppleWebKit/537.36 (KHTML, like Gecko; compatible; ClaudeBot/1.0; +claudebot@anthropic.com)"
216.73.216.56 - - [28/Aug/2026:18:22:48 +0000] "GET /post-new-or-edit-request/?requestid=1194234 HTTP/1.1" 302 5 "-" "Mozilla/5.0 AppleWebKit/537.36 (KHTML, like Gecko; compatible; ClaudeBot/1.0; +claudebot@anthropic.com)"
216.73.216.56 - - [28/Aug/2026:18:22:51 +0000] "GET /post-new-or-edit-request/ HTTP/1.1" 302 5 "https://wp.syrtalents.com/post-new-or-edit-request/?requestid=1194234" "Mozilla/5.0 AppleWebKit/537.36 (KHTML, like Gecko; compatible; ClaudeBot/1.0; +claudebot@anthropic.com)"
216.73.216.56 - - [28/Aug/2026:18:22:53 +0000] "GET /post-new-or-edit-request/?requestid=1194692 HTTP/1.1" 499 0 "https://wp.syrtalents.com/post-new-or-edit-request/" "Mozilla/5.0 AppleWebKit/537.36 (KHTML, like Gecko; compatible; ClaudeBot/1.0; +claudebot@anthropic.com)"
72.167.149.90 - - [28/Aug/2026:18:22:57 +0000] "POST /wp-cron.php?doing_wp_cron=1787941376.6383280754089355468750 HTTP/1.1" 499 0 "-" "WordPress/7.1; https://wp.syrtalents.com"
216.73.216.56 - - [28/Aug/2026:18:23:08 +0000] "GET /post-new-or-edit-request/?requestid=1192543 HTTP/1.1" 302 5 "-" "Mozilla/5.0 AppleWebKit/537.36 (KHTML, like Gecko; compatible; ClaudeBot/1.0; +claudebot@anthropic.com)"
216.73.216.56 - - [28/Aug/2026:18:23:11 +0000] "GET /post-new-or-edit-request/?requestid=1190687 HTTP/1.1" 302 5 "-" "Mozilla/5.0 AppleWebKit/537.36 (KHTML, like Gecko; compatible; ClaudeBot/1.0; +claudebot@anthropic.com)"
216.73.216.56 - - [28/Aug/2026:18:23:12 +0000] "GET /post-new-or-edit-request/ HTTP/1.1" 302 5 "https://wp.syrtalents.com/post-new-or-edit-request/?requestid=1192543" "Mozilla/5.0 AppleWebKit/537.36 (KHTML, like Gecko; compatible; ClaudeBot/1.0; +claudebot@anthropic.com)"
216.73.216.56 - - [28/Aug/2026:18:23:14 +0000] "GET /post-new-or-edit-request/?requestid=1194693 HTTP/1.1" 499 0 "https://wp.syrtalents.com/post-new-or-edit-request/" "Mozilla/5.0 AppleWebKit/537.36 (KHTML, like Gecko; compatible; ClaudeBot/1.0; +claudebot@anthropic.com)"
216.73.216.56 - - [28/Aug/2026:18:23:16 +0000] "GET /post-new-or-edit-request/ HTTP/1.1" 302 5 "https://wp.syrtalents.com/post-new-or-edit-request/?requestid=1190687" "Mozilla/5.0 AppleWebKit/537.36 (KHTML, like Gecko; compatible; ClaudeBot/1.0; +claudebot@anthropic.com)"
216.73.216.56 - - [28/Aug/2026:18:23:17 +0000] "GET /post-new-or-edit-request/?requestid=1194694 HTTP/1.1" 499 0 "https://wp.syrtalents.com/post-new-or-edit-request/" "Mozilla/5.0 AppleWebKit/537.36 (KHTML, like Gecko; compatible; ClaudeBot/1.0; +claudebot@anthropic.com)"
220.181.108.144 - - [28/Aug/2026:18:23:20 +0000] "GET /post-new-or-edit-request/?requestid=1109308 HTTP/1.1" 302 5 "-" "Mozilla/5.0 (compatible; Baiduspider/2.0; +http://www.baidu.com/search/spider.html)"
220.181.108.90 - - [28/Aug/2026:18:23:25 +0000] "GET /post-new-or-edit-request/ HTTP/1.1" 302 5 "-" "Mozilla/5.0 (compatible; Baiduspider/2.0; +http://www.baidu.com/search/spider.html)"
220.181.108.169 - - [28/Aug/2026:18:23:30 +0000] "GET /post-new-or-edit-request/?requestid=1194695 HTTP/1.1" 200 35244 "-" "Mozilla/5.0 (compatible; Baiduspider/2.0; +http://www.baidu.com/search/spider.html)"
116.179.37.245 - - [28/Aug/2026:18:23:35 +0000] "GET /wp-content/plugins/easy-social-share-buttons3/assets/js/essb-core.js?ver=9.6 HTTP/1.1" 200 14613 "https://wp.syrtalents.com/post-new-or-edit-request/?requestid=1194695" "Mozilla/5.0 (compatible; Baiduspider-render/2.0; +http://www.baidu.com/search/spider.html)"
216.73.216.56 - - [28/Aug/2026:18:23:41 +0000] "GET /ar/post-new-or-edit-request/?requestid=1187848 HTTP/1.1" 302 5 "-" "Mozilla/5.0 AppleWebKit/537.36 (KHTML, like Gecko; compatible; ClaudeBot/1.0; +claudebot@anthropic.com)"
216.73.216.56 - - [28/Aug/2026:18:23:45 +0000] "GET /ar/post-new-or-edit-request/ HTTP/1.1" 302 5 "https://wp.syrtalents.com/ar/post-new-or-edit-request/?requestid=1187848" "Mozilla/5.0 AppleWebKit/537.36 (KHTML, like Gecko; compatible; ClaudeBot/1.0; +claudebot@anthropic.com)"
116.179.37.168 - - [28/Aug/2026:18:23:47 +0000] "POST /wp-admin/admin-ajax.php?action=un_config_get HTTP/1.1" 200 971 "https://wp.syrtalents.com/post-new-or-edit-request/?requestid=1194695" "Mozilla/5.0 (compatible; Baiduspider-render/2.0; +http://www.baidu.com/search/spider.html)"
216.73.216.56 - - [28/Aug/2026:18:23:48 +0000] "GET /ar/post-new-or-edit-request/?requestid=1194696 HTTP/1.1" 499 0 "https://wp.syrtalents.com/ar/post-new-or-edit-request/" "Mozilla/5.0 AppleWebKit/537.36 (KHTML, like Gecko; compatible; ClaudeBot/1.0; +claudebot@anthropic.com)"
216.73.216.56 - - [28/Aug/2026:18:24:12 +0000] "GET /post-new-or-edit-request/?requestid=1188598 HTTP/1.1" 302 5 "-" "Mozilla/5.0 AppleWebKit/537.36 (KHTML, like Gecko; compatible; ClaudeBot/1.0; +claudebot@anthropic.com)"
216.73.216.56 - - [28/Aug/2026:18:24:14 +0000] "GET /post-new-or-edit-request/ HTTP/1.1" 302 5 "https://wp.syrtalents.com/post-new-or-edit-request/?requestid=1188598" "Mozilla/5.0 AppleWebKit/537.36 (KHTML, like Gecko; compatible; ClaudeBot/1.0; +claudebot@anthropic.com)"
216.73.216.56 - - [28/Aug/2026:18:24:18 +0000] "GET /post-new-or-edit-request/?requestid=1194697 HTTP/1.1" 200 35239 "https://wp.syrtalents.com/post-new-or-edit-request/" "Mozilla/5.0 AppleWebKit/537.36 (KHTML, like Gecko; compatible; ClaudeBot/1.0; +claudebot@anthropic.com)"
216.73.216.56 - - [28/Aug/2026:18:24:32 +0000] "GET /post-new-or-edit-request/?requestid=1185392 HTTP/1.1" 302 5 "-" "Mozilla/5.0 AppleWebKit/537.36 (KHTML, like Gecko; compatible; ClaudeBot/1.0; +claudebot@anthropic.com)"
216.73.216.56 - - [28/Aug/2026:18:24:34 +0000] "GET /post-new-or-edit-request/ HTTP/1.1" 302 5 "https://wp.syrtalents.com/post-new-or-edit-request/?requestid=1185392" "Mozilla/5.0 AppleWebKit/537.36 (KHTML, like Gecko; compatible; ClaudeBot/1.0; +claudebot@anthropic.com)"
216.73.216.56 - - [28/Aug/2026:18:24:38 +0000] "GET /post-new-or-edit-request/?requestid=1194698 HTTP/1.1" 200 35240 "https://wp.syrtalents.com/post-new-or-edit-request/" "Mozilla/5.0 AppleWebKit/537.36 (KHTML, like Gecko; compatible; ClaudeBot/1.0; +claudebot@anthropic.com)"
216.73.216.56 - - [28/Aug/2026:18:25:49 +0000] "GET /ar/post-new-or-edit-request/?requestid=1186653 HTTP/1.1" 302 5 "-" "Mozilla/5.0 AppleWebKit/537.36 (KHTML, like Gecko; compatible; ClaudeBot/1.0; +claudebot@anthropic.com)"
216.73.216.56 - - [28/Aug/2026:18:25:53 +0000] "GET /ar/post-new-or-edit-request/?requestid=1194696 HTTP/1.1" 200 37828 "https://wp.syrtalents.com/ar/post-new-or-edit-request/?requestid=1186653" "Mozilla/5.0 AppleWebKit/537.36 (KHTML, like Gecko; compatible; ClaudeBot/1.0; +claudebot@anthropic.com)"
216.73.216.56 - - [28/Aug/2026:18:26:40 +0000] "GET /ar/post-new-or-edit-request/?requestid=1187696 HTTP/1.1" 302 5 "-" "Mozilla/5.0 AppleWebKit/537.36 (KHTML, like Gecko; compatible; ClaudeBot/1.0; +claudebot@anthropic.com)"
216.73.216.56 - - [28/Aug/2026:18:26:45 +0000] "GET /ar/post-new-or-edit-request/?requestid=1194698 HTTP/1.1" 200 37826 "https://wp.syrtalents.com/ar/post-new-or-edit-request/?requestid=1187696" "Mozilla/5.0 AppleWebKit/537.36 (KHTML, like Gecko; compatible; ClaudeBot/1.0; +claudebot@anthropic.com)"
72.167.149.90 - - [28/Aug/2026:18:28:24 +0000] "POST /wp-cron.php?doing_wp_cron=1787941703.6426188945770263671875 HTTP/1.1" 499 0 "-" "WordPress/7.1; https://wp.syrtalents.com"
216.73.216.56 - - [28/Aug/2026:18:28:24 +0000] "GET /post-new-or-edit-request/?requestid=1190349 HTTP/1.1" 302 5 "-" "Mozilla/5.0 AppleWebKit/537.36 (KHTML, like Gecko; compatible; ClaudeBot/1.0; +claudebot@anthropic.com)"
216.73.216.56 - - [28/Aug/2026:18:28:28 +0000] "GET /post-new-or-edit-request/ HTTP/1.1" 302 5 "https://wp.syrtalents.com/post-new-or-edit-request/?requestid=1190349" "Mozilla/5.0 AppleWebKit/537.36 (KHTML, like Gecko; compatible; ClaudeBot/1.0; +claudebot@anthropic.com)"
216.73.216.56 - - [28/Aug/2026:18:28:31 +0000] "GET /post-new-or-edit-request/?requestid=1194699 HTTP/1.1" 499 0 "https://wp.syrtalents.com/post-new-or-edit-request/" "Mozilla/5.0 AppleWebKit/537.36 (KHTML, like Gecko; compatible; ClaudeBot/1.0; +claudebot@anthropic.com)"
216.73.216.56 - - [28/Aug/2026:18:28:54 +0000] "GET /ar/post-new-or-edit-request/?requestid=1188415 HTTP/1.1" 302 5 "-" "Mozilla/5.0 AppleWebKit/537.36 (KHTML, like Gecko; compatible; ClaudeBot/1.0; +claudebot@anthropic.com)"
216.73.216.56 - - [28/Aug/2026:18:28:57 +0000] "GET /ar/post-new-or-edit-request/ HTTP/1.1" 302 5 "https://wp.syrtalents.com/ar/post-new-or-edit-request/?requestid=1188415" "Mozilla/5.0 AppleWebKit/537.36 (KHTML, like Gecko; compatible; ClaudeBot/1.0; +claudebot@anthropic.com)"
216.73.216.56 - - [28/Aug/2026:18:29:02 +0000] "GET /ar/post-new-or-edit-request/?requestid=1194700 HTTP/1.1" 499 0 "https://wp.syrtalents.com/ar/post-new-or-edit-request/" "Mozilla/5.0 AppleWebKit/537.36 (KHTML, like Gecko; compatible; ClaudeBot/1.0; +claudebot@anthropic.com)"
72.167.149.90 - - [28/Aug/2026:18:29:33 +0000] "POST /wp-cron.php?doing_wp_cron=1787941772.2041349411010742187500 HTTP/1.1" 499 0 "-" "WordPress/7.1; https://wp.syrtalents.com/ar"
216.73.216.56 - - [28/Aug/2026:18:29:33 +0000] "GET /ar/post-new-or-edit-request/?requestid=1192329 HTTP/1.1" 302 5 "-" "Mozilla/5.0 AppleWebKit/537.36 (KHTML, like Gecko; compatible; ClaudeBot/1.0; +claudebot@anthropic.com)"
216.73.216.56 - - [28/Aug/2026:18:29:35 +0000] "GET /ar/post-new-or-edit-request/ HTTP/1.1" 302 5 "https://wp.syrtalents.com/ar/post-new-or-edit-request/?requestid=1192329" "Mozilla/5.0 AppleWebKit/537.36 (KHTML, like Gecko; compatible; ClaudeBot/1.0; +claudebot@anthropic.com)"
216.73.216.56 - - [28/Aug/2026:18:29:35 +0000] "GET /ar/post-new-or-edit-request/?requestid=1194701 HTTP/1.1" 499 0 "https://wp.syrtalents.com/ar/post-new-or-edit-request/" "Mozilla/5.0 AppleWebKit/537.36 (KHTML, like Gecko; compatible; ClaudeBot/1.0; +claudebot@anthropic.com)"
216.73.216.56 - - [28/Aug/2026:18:29:58 +0000] "GET /ar/post-new-or-edit-request/?requestid=1192618 HTTP/1.1" 302 5 "-" "Mozilla/5.0 AppleWebKit/537.36 (KHTML, like Gecko; compatible; ClaudeBot/1.0; +claudebot@anthropic.com)"
216.73.216.56 - - [28/Aug/2026:18:30:00 +0000] "GET /ar/post-new-or-edit-request/ HTTP/1.1" 302 5 "https://wp.syrtalents.com/ar/post-new-or-edit-request/?requestid=1192618" "Mozilla/5.0 AppleWebKit/537.36 (KHTML, like Gecko; compatible; ClaudeBot/1.0; +claudebot@anthropic.com)"
216.73.216.56 - - [28/Aug/2026:18:30:06 +0000] "GET /ar/post-new-or-edit-request/?requestid=1194702 HTTP/1.1" 499 0 "https://wp.syrtalents.com/ar/post-new-or-edit-request/" "Mozilla/5.0 AppleWebKit/537.36 (KHTML, like Gecko; compatible; ClaudeBot/1.0; +claudebot@anthropic.com)"
72.167.149.90 - - [28/Aug/2026:18:30:07 +0000] "POST /wp-cron.php?doing_wp_cron=1787941806.4698810577392578125000 HTTP/1.1" 499 0 "-" "WordPress/7.1; https://wp.syrtalents.com/ar"
216.73.216.56 - - [28/Aug/2026:18:30:07 +0000] "GET /ar/post-new-or-edit-request/?requestid=1191912 HTTP/1.1" 302 5 "-" "Mozilla/5.0 AppleWebKit/537.36 (KHTML, like Gecko; compatible; ClaudeBot/1.0; +claudebot@anthropic.com)"
216.73.216.56 - - [28/Aug/2026:18:30:11 +0000] "GET /ar/post-new-or-edit-request/ HTTP/1.1" 302 5 "https://wp.syrtalents.com/ar/post-new-or-edit-request/?requestid=1191912" "Mozilla/5.0 AppleWebKit/537.36 (KHTML, like Gecko; compatible; ClaudeBot/1.0; +claudebot@anthropic.com)"
216.73.216.56 - - [28/Aug/2026:18:30:12 +0000] "GET /ar/post-new-or-edit-request/?requestid=1194703 HTTP/1.1" 499 0 "https://wp.syrtalents.com/ar/post-new-or-edit-request/" "Mozilla/5.0 AppleWebKit/537.36 (KHTML, like Gecko; compatible; ClaudeBot/1.0; +claudebot@anthropic.com)"
216.73.216.56 - - [28/Aug/2026:18:30:34 +0000] "GET /post-new-or-edit-request/?requestid=1191805 HTTP/1.1" 302 5 "-" "Mozilla/5.0 AppleWebKit/537.36 (KHTML, like Gecko; compatible; ClaudeBot/1.0; +claudebot@anthropic.com)"
216.73.216.56 - - [28/Aug/2026:18:30:37 +0000] "GET /post-new-or-edit-request/ HTTP/1.1" 302 5 "https://wp.syrtalents.com/post-new-or-edit-request/?requestid=1191805" "Mozilla/5.0 AppleWebKit/537.36 (KHTML, like Gecko; compatible; ClaudeBot/1.0; +claudebot@anthropic.com)"
216.73.216.56 - - [28/Aug/2026:18:30:40 +0000] "GET /ar/post-new-or-edit-request/?requestid=1190281 HTTP/1.1" 302 5 "-" "Mozilla/5.0 AppleWebKit/537.36 (KHTML, like Gecko; compatible; ClaudeBot/1.0; +claudebot@anthropic.com)"
216.73.216.56 - - [28/Aug/2026:18:30:40 +0000] "GET /post-new-or-edit-request/?requestid=1194704 HTTP/1.1" 200 35240 "https://wp.syrtalents.com/post-new-or-edit-request/" "Mozilla/5.0 AppleWebKit/537.36 (KHTML, like Gecko; compatible; ClaudeBot/1.0; +claudebot@anthropic.com)"
216.73.216.56 - - [28/Aug/2026:18:30:42 +0000] "GET /ar/post-new-or-edit-request/ HTTP/1.1" 302 5 "https://wp.syrtalents.com/ar/post-new-or-edit-request/?requestid=1190281" "Mozilla/5.0 AppleWebKit/537.36 (KHTML, like Gecko; compatible; ClaudeBot/1.0; +claudebot@anthropic.com)"
216.73.216.56 - - [28/Aug/2026:18:30:45 +0000] "GET /ar/post-new-or-edit-request/?requestid=1194705 HTTP/1.1" 200 37828 "https://wp.syrtalents.com/ar/post-new-or-edit-request/" "Mozilla/5.0 AppleWebKit/537.36 (KHTML, like Gecko; compatible; ClaudeBot/1.0; +claudebot@anthropic.com)"
216.73.216.56 - - [28/Aug/2026:18:32:12 +0000] "GET /ar/post-new-or-edit-request/?requestid=1184524 HTTP/1.1" 302 5 "-" "Mozilla/5.0 AppleWebKit/537.36 (KHTML, like Gecko; compatible; ClaudeBot/1.0; +claudebot@anthropic.com)"
216.73.216.56 - - [28/Aug/2026:18:32:20 +0000] "GET /ar/post-new-or-edit-request/?requestid=1194703 HTTP/1.1" 499 0 "https://wp.syrtalents.com/ar/post-new-or-edit-request/?requestid=1184524" "Mozilla/5.0 AppleWebKit/537.36 (KHTML, like Gecko; compatible; ClaudeBot/1.0; +claudebot@anthropic.com)"
72.167.149.90 - - [28/Aug/2026:18:34:58 +0000] "POST /wp-cron.php?doing_wp_cron=1787942097.0194220542907714843750 HTTP/1.1" 499 0 "-" "WordPress/7.1; https://wp.syrtalents.com/ar"
216.73.216.30 - - [28/Aug/2026:18:34:58 +0000] "GET /ar/post-new-or-edit-request/?requestid=1192425 HTTP/1.1" 302 5 "-" "Mozilla/5.0 AppleWebKit/537.36 (KHTML, like Gecko; compatible; ClaudeBot/1.0; +claudebot@anthropic.com)"
216.73.216.30 - - [28/Aug/2026:18:35:01 +0000] "GET /ar/post-new-or-edit-request/ HTTP/1.1" 302 5 "https://wp.syrtalents.com/ar/post-new-or-edit-request/?requestid=1192425" "Mozilla/5.0 AppleWebKit/537.36 (KHTML, like Gecko; compatible; ClaudeBot/1.0; +claudebot@anthropic.com)"
216.73.216.30 - - [28/Aug/2026:18:35:03 +0000] "GET /ar/post-new-or-edit-request/?requestid=1194706 HTTP/1.1" 499 0 "https://wp.syrtalents.com/ar/post-new-or-edit-request/" "Mozilla/5.0 AppleWebKit/537.36 (KHTML, like Gecko; compatible; ClaudeBot/1.0; +claudebot@anthropic.com)"
216.73.216.30 - - [28/Aug/2026:18:35:27 +0000] "GET /post-new-or-edit-request/?requestid=1193030 HTTP/1.1" 302 5 "-" "Mozilla/5.0 AppleWebKit/537.36 (KHTML, like Gecko; compatible; ClaudeBot/1.0; +claudebot@anthropic.com)"
216.73.216.30 - - [28/Aug/2026:18:35:29 +0000] "GET /post-new-or-edit-request/ HTTP/1.1" 302 5 "https://wp.syrtalents.com/post-new-or-edit-request/?requestid=1193030" "Mozilla/5.0 AppleWebKit/537.36 (KHTML, like Gecko; compatible; ClaudeBot/1.0; +claudebot@anthropic.com)"
216.73.216.30 - - [28/Aug/2026:18:35:33 +0000] "GET /post-new-or-edit-request/?requestid=1194707 HTTP/1.1" 200 35237 "https://wp.syrtalents.com/post-new-or-edit-request/" "Mozilla/5.0 AppleWebKit/537.36 (KHTML, like Gecko; compatible; ClaudeBot/1.0; +claudebot@anthropic.com)"
216.73.216.30 - - [28/Aug/2026:18:35:49 +0000] "GET /post-new-or-edit-request/?requestid=1193844 HTTP/1.1" 302 5 "-" "Mozilla/5.0 AppleWebKit/537.36 (KHTML, like Gecko; compatible; ClaudeBot/1.0; +claudebot@anthropic.com)"
116.179.32.31 - - [28/Aug/2026:18:35:51 +0000] "GET /post-new-or-edit-request/?requestid=1109254 HTTP/1.1" 302 5 "-" "Mozilla/5.0 (compatible; Baiduspider/2.0; +http://www.baidu.com/search/spider.html)"
216.73.216.30 - - [28/Aug/2026:18:35:51 +0000] "GET /post-new-or-edit-request/ HTTP/1.1" 302 5 "https://wp.syrtalents.com/post-new-or-edit-request/?requestid=1193844" "Mozilla/5.0 AppleWebKit/537.36 (KHTML, like Gecko; compatible; ClaudeBot/1.0; +claudebot@anthropic.com)"
116.179.32.207 - - [28/Aug/2026:18:35:54 +0000] "GET /post-new-or-edit-request/ HTTP/1.1" 302 5 "-" "Mozilla/5.0 (compatible; Baiduspider/2.0; +http://www.baidu.com/search/spider.html)"
216.73.216.30 - - [28/Aug/2026:18:35:55 +0000] "GET /post-new-or-edit-request/?requestid=1194708 HTTP/1.1" 200 35239 "https://wp.syrtalents.com/post-new-or-edit-request/" "Mozilla/5.0 AppleWebKit/537.36 (KHTML, like Gecko; compatible; ClaudeBot/1.0; +claudebot@anthropic.com)"
116.179.32.33 - - [28/Aug/2026:18:35:59 +0000] "GET /post-new-or-edit-request/?requestid=1194709 HTTP/1.1" 200 35239 "-" "Mozilla/5.0 (compatible; Baiduspider/2.0; +http://www.baidu.com/search/spider.html)"
216.73.216.30 - - [28/Aug/2026:18:36:09 +0000] "GET /post-new-or-edit-request/?requestid=1192508 HTTP/1.1" 302 5 "-" "Mozilla/5.0 AppleWebKit/537.36 (KHTML, like Gecko; compatible; ClaudeBot/1.0; +claudebot@anthropic.com)"
116.179.37.22 - - [28/Aug/2026:18:36:11 +0000] "POST /wp-admin/admin-ajax.php?action=un_config_get HTTP/1.1" 200 972 "https://wp.syrtalents.com/post-new-or-edit-request/?requestid=1194709" "Mozilla/5.0 (compatible; Baiduspider-render/2.0; +http://www.baidu.com/search/spider.html)"
216.73.216.30 - - [28/Aug/2026:18:36:11 +0000] "GET /post-new-or-edit-request/ HTTP/1.1" 302 5 "https://wp.syrtalents.com/post-new-or-edit-request/?requestid=1192508" "Mozilla/5.0 AppleWebKit/537.36 (KHTML, like Gecko; compatible; ClaudeBot/1.0; +claudebot@anthropic.com)"
216.73.216.30 - - [28/Aug/2026:18:36:14 +0000] "GET /post-new-or-edit-request/?requestid=1194710 HTTP/1.1" 200 35239 "https://wp.syrtalents.com/post-new-or-edit-request/" "Mozilla/5.0 AppleWebKit/537.36 (KHTML, like Gecko; compatible; ClaudeBot/1.0; +claudebot@anthropic.com)"
216.73.216.30 - - [28/Aug/2026:18:36:40 +0000] "GET /ar/post-new-or-edit-request/?requestid=1183977 HTTP/1.1" 302 5 "-" "Mozilla/5.0 AppleWebKit/537.36 (KHTML, like Gecko; compatible; ClaudeBot/1.0; +claudebot@anthropic.com)"
216.73.216.30 - - [28/Aug/2026:18:36:43 +0000] "GET /ar/post-new-or-edit-request/ HTTP/1.1" 302 5 "https://wp.syrtalents.com/ar/post-new-or-edit-request/?requestid=1183977" "Mozilla/5.0 AppleWebKit/537.36 (KHTML, like Gecko; compatible; ClaudeBot/1.0; +claudebot@anthropic.com)"
216.73.216.30 - - [28/Aug/2026:18:36:46 +0000] "GET /ar/post-new-or-edit-request/?requestid=1194711 HTTP/1.1" 499 0 "https://wp.syrtalents.com/ar/post-new-or-edit-request/" "Mozilla/5.0 AppleWebKit/537.36 (KHTML, like Gecko; compatible; ClaudeBot/1.0; +claudebot@anthropic.com)"
216.73.216.30 - - [28/Aug/2026:18:37:11 +0000] "GET /post-new-or-edit-request/?requestid=1182870 HTTP/1.1" 302 5 "-" "Mozilla/5.0 AppleWebKit/537.36 (KHTML, like Gecko; compatible; ClaudeBot/1.0; +claudebot@anthropic.com)"
216.73.216.30 - - [28/Aug/2026:18:37:13 +0000] "GET /post-new-or-edit-request/ HTTP/1.1" 302 5 "https://wp.syrtalents.com/post-new-or-edit-request/?requestid=1182870" "Mozilla/5.0 AppleWebKit/537.36 (KHTML, like Gecko; compatible; ClaudeBot/1.0; +claudebot@anthropic.com)"
216.73.216.30 - - [28/Aug/2026:18:37:17 +0000] "GET /post-new-or-edit-request/?requestid=1194712 HTTP/1.1" 499 0 "https://wp.syrtalents.com/post-new-or-edit-request/" "Mozilla/5.0 AppleWebKit/537.36 (KHTML, like Gecko; compatible; ClaudeBot/1.0; +claudebot@anthropic.com)"
216.73.216.30 - - [28/Aug/2026:18:37:32 +0000] "GET /post-new-or-edit-request/?requestid=1188516 HTTP/1.1" 302 5 "-" "Mozilla/5.0 AppleWebKit/537.36 (KHTML, like Gecko; compatible; ClaudeBot/1.0; +claudebot@anthropic.com)"
216.73.216.30 - - [28/Aug/2026:18:37:35 +0000] "GET /post-new-or-edit-request/ HTTP/1.1" 302 5 "https://wp.syrtalents.com/post-new-or-edit-request/?requestid=1188516" "Mozilla/5.0 AppleWebKit/537.36 (KHTML, like Gecko; compatible; ClaudeBot/1.0; +claudebot@anthropic.com)"
216.73.216.30 - - [28/Aug/2026:18:37:37 +0000] "GET /post-new-or-edit-request/?requestid=1194713 HTTP/1.1" 499 0 "https://wp.syrtalents.com/post-new-or-edit-request/" "Mozilla/5.0 AppleWebKit/537.36 (KHTML, like Gecko; compatible; ClaudeBot/1.0; +claudebot@anthropic.com)"
72.167.149.90 - - [28/Aug/2026:18:38:00 +0000] "POST /wp-cron.php?doing_wp_cron=1787942279.5341660976409912109375 HTTP/1.1" 499 0 "-" "WordPress/7.1; https://wp.syrtalents.com"
3.211.105.134 - - [28/Aug/2026:18:38:00 +0000] "GET /job-categories/science?job_cat=science/ HTTP/1.1" 301 5 "-" "Mozilla/5.0 AppleWebKit/537.36 (KHTML, like Gecko; compatible; Amazonbot/0.1; +https://developer.amazon.com/support/amazonbot) Chrome/119.0.6045.214 Safari/537.36"
44.223.115.10 - - [28/Aug/2026:18:38:06 +0000] "GET /job-categories/science/ HTTP/1.1" 200 32307 "-" "Mozilla/5.0 AppleWebKit/537.36 (KHTML, like Gecko; compatible; Amazonbot/0.1; +https://developer.amazon.com/support/amazonbot) Chrome/119.0.6045.214 Safari/537.36"
216.73.216.30 - - [28/Aug/2026:18:38:47 +0000] "GET /ar/post-new-or-edit-request/?requestid=1187046 HTTP/1.1" 302 5 "-" "Mozilla/5.0 AppleWebKit/537.36 (KHTML, like Gecko; compatible; ClaudeBot/1.0; +claudebot@anthropic.com)"
216.73.216.30 - - [28/Aug/2026:18:38:51 +0000] "GET /ar/post-new-or-edit-request/?requestid=1194711 HTTP/1.1" 200 37827 "https://wp.syrtalents.com/ar/post-new-or-edit-request/?requestid=1187046" "Mozilla/5.0 AppleWebKit/537.36 (KHTML, like Gecko; compatible; ClaudeBot/1.0; +claudebot@anthropic.com)"
72.167.149.90 - - [28/Aug/2026:18:41:38 +0000] "POST /wp-cron.php?doing_wp_cron=1787942497.5407249927520751953125 HTTP/1.1" 499 0 "-" "WordPress/7.1; https://wp.syrtalents.com"
216.73.216.189 - - [28/Aug/2026:18:41:38 +0000] "GET /post-new-or-edit-request/?requestid=1193630 HTTP/1.1" 302 5 "-" "Mozilla/5.0 AppleWebKit/537.36 (KHTML, like Gecko; compatible; ClaudeBot/1.0; +claudebot@anthropic.com)"
