216.73.216.58 - - [29/Aug/2026:02:43:30 +0000] "GET /ar/post-new-or-edit-request/?requestid=1183278 HTTP/1.1" 302 5 "-" "Mozilla/5.0 AppleWebKit/537.36 (KHTML, like Gecko; compatible; ClaudeBot/1.0; +claudebot@anthropic.com)"
216.73.216.58 - - [29/Aug/2026:02:43:33 +0000] "GET /post-new-or-edit-request/?requestid=1190590 HTTP/1.1" 302 5 "-" "Mozilla/5.0 AppleWebKit/537.36 (KHTML, like Gecko; compatible; ClaudeBot/1.0; +claudebot@anthropic.com)"
216.73.216.58 - - [29/Aug/2026:02:43:33 +0000] "GET /ar/post-new-or-edit-request/?requestid=1195305 HTTP/1.1" 200 37826 "https://wp.syrtalents.com/ar/post-new-or-edit-request/?requestid=1183278" "Mozilla/5.0 AppleWebKit/537.36 (KHTML, like Gecko; compatible; ClaudeBot/1.0; +claudebot@anthropic.com)"
216.73.216.58 - - [29/Aug/2026:02:43:36 +0000] "GET /post-new-or-edit-request/ HTTP/1.1" 302 5 "https://wp.syrtalents.com/post-new-or-edit-request/?requestid=1190590" "Mozilla/5.0 AppleWebKit/537.36 (KHTML, like Gecko; compatible; ClaudeBot/1.0; +claudebot@anthropic.com)"
216.73.216.58 - - [29/Aug/2026:02:43:36 +0000] "GET /ar/post-new-or-edit-request/?requestid=1192314 HTTP/1.1" 302 5 "-" "Mozilla/5.0 AppleWebKit/537.36 (KHTML, like Gecko; compatible; ClaudeBot/1.0; +claudebot@anthropic.com)"
216.73.216.58 - - [29/Aug/2026:02:43:39 +0000] "GET /ar/post-new-or-edit-request/ HTTP/1.1" 302 5 "https://wp.syrtalents.com/ar/post-new-or-edit-request/?requestid=1192314" "Mozilla/5.0 AppleWebKit/537.36 (KHTML, like Gecko; compatible; ClaudeBot/1.0; +claudebot@anthropic.com)"
216.73.216.58 - - [29/Aug/2026:02:43:41 +0000] "GET /post-new-or-edit-request/?requestid=1195306 HTTP/1.1" 499 0 "https://wp.syrtalents.com/post-new-or-edit-request/" "Mozilla/5.0 AppleWebKit/537.36 (KHTML, like Gecko; compatible; ClaudeBot/1.0; +claudebot@anthropic.com)"
216.73.216.58 - - [29/Aug/2026:02:43:44 +0000] "GET /ar/post-new-or-edit-request/?requestid=1195307 HTTP/1.1" 200 15700 "https://wp.syrtalents.com/ar/post-new-or-edit-request/" "Mozilla/5.0 AppleWebKit/537.36 (KHTML, like Gecko; compatible; ClaudeBot/1.0; +claudebot@anthropic.com)"
34.194.233.48 - - [29/Aug/2026:02:43:44 +0000] "GET /ar/order/ HTTP/1.1" 302 5 "-" "Mozilla/5.0 AppleWebKit/537.36 (KHTML, like Gecko; compatible; Amazonbot/0.1; +https://developer.amazon.com/support/amazonbot) Chrome/119.0.6045.214 Safari/537.36"
216.73.216.58 - - [29/Aug/2026:02:43:46 +0000] "GET /ar/post-new-or-edit-request/?requestid=1184400 HTTP/1.1" 302 5 "-" "Mozilla/5.0 AppleWebKit/537.36 (KHTML, like Gecko; compatible; ClaudeBot/1.0; +claudebot@anthropic.com)"
34.231.118.144 - - [29/Aug/2026:02:43:48 +0000] "GET /ar/wp-json/wp/v2/media/344745 HTTP/1.1" 200 2397 "-" "Mozilla/5.0 AppleWebKit/537.36 (KHTML, like Gecko; compatible; Amazonbot/0.1; +https://developer.amazon.com/support/amazonbot) Chrome/119.0.6045.214 Safari/537.36"
216.73.216.58 - - [29/Aug/2026:02:43:50 +0000] "GET /ar/post-new-or-edit-request/?requestid=1195307 HTTP/1.1" 200 37826 "https://wp.syrtalents.com/ar/post-new-or-edit-request/?requestid=1184400" "Mozilla/5.0 AppleWebKit/537.36 (KHTML, like Gecko; compatible; ClaudeBot/1.0; +claudebot@anthropic.com)"
216.73.216.58 - - [29/Aug/2026:02:43:53 +0000] "GET /ar/post-new-or-edit-request/?requestid=1192617 HTTP/1.1" 302 5 "-" "Mozilla/5.0 AppleWebKit/537.36 (KHTML, like Gecko; compatible; ClaudeBot/1.0; +claudebot@anthropic.com)"
216.73.216.58 - - [29/Aug/2026:02:43:56 +0000] "GET /ar/post-new-or-edit-request/?requestid=1195307 HTTP/1.1" 200 37827 "https://wp.syrtalents.com/ar/post-new-or-edit-request/?requestid=1192617" "Mozilla/5.0 AppleWebKit/537.36 (KHTML, like Gecko; compatible; ClaudeBot/1.0; +claudebot@anthropic.com)"
216.73.216.58 - - [29/Aug/2026:02:43:59 +0000] "GET /ar/post-new-or-edit-request/?requestid=1188294 HTTP/1.1" 302 5 "-" "Mozilla/5.0 AppleWebKit/537.36 (KHTML, like Gecko; compatible; ClaudeBot/1.0; +claudebot@anthropic.com)"
216.73.216.58 - - [29/Aug/2026:02:44:03 +0000] "GET /ar/post-new-or-edit-request/?requestid=1195307 HTTP/1.1" 200 37828 "https://wp.syrtalents.com/ar/post-new-or-edit-request/?requestid=1188294" "Mozilla/5.0 AppleWebKit/537.36 (KHTML, like Gecko; compatible; ClaudeBot/1.0; +claudebot@anthropic.com)"
216.73.216.58 - - [29/Aug/2026:02:44:06 +0000] "GET /ar/post-new-or-edit-request/?requestid=1192725 HTTP/1.1" 302 5 "-" "Mozilla/5.0 AppleWebKit/537.36 (KHTML, like Gecko; compatible; ClaudeBot/1.0; +claudebot@anthropic.com)"
216.73.216.58 - - [29/Aug/2026:02:44:12 +0000] "GET /ar/post-new-or-edit-request/?requestid=1195307 HTTP/1.1" 200 37825 "https://wp.syrtalents.com/ar/post-new-or-edit-request/?requestid=1192725" "Mozilla/5.0 AppleWebKit/537.36 (KHTML, like Gecko; compatible; ClaudeBot/1.0; +claudebot@anthropic.com)"
216.73.216.58 - - [29/Aug/2026:02:44:17 +0000] "GET /ar/post-new-or-edit-request/?requestid=1180507 HTTP/1.1" 302 5 "-" "Mozilla/5.0 AppleWebKit/537.36 (KHTML, like Gecko; compatible; ClaudeBot/1.0; +claudebot@anthropic.com)"
216.73.216.58 - - [29/Aug/2026:02:44:20 +0000] "GET /ar/post-new-or-edit-request/?requestid=1195307 HTTP/1.1" 200 37825 "https://wp.syrtalents.com/ar/post-new-or-edit-request/?requestid=1180507" "Mozilla/5.0 AppleWebKit/537.36 (KHTML, like Gecko; compatible; ClaudeBot/1.0; +claudebot@anthropic.com)"
216.73.216.58 - - [29/Aug/2026:02:44:24 +0000] "GET /ar/post-new-or-edit-request/?requestid=1185937 HTTP/1.1" 302 5 "-" "Mozilla/5.0 AppleWebKit/537.36 (KHTML, like Gecko; compatible; ClaudeBot/1.0; +claudebot@anthropic.com)"
216.73.216.58 - - [29/Aug/2026:02:44:27 +0000] "GET /ar/post-new-or-edit-request/?requestid=1195307 HTTP/1.1" 200 37824 "https://wp.syrtalents.com/ar/post-new-or-edit-request/?requestid=1185937" "Mozilla/5.0 AppleWebKit/537.36 (KHTML, like Gecko; compatible; ClaudeBot/1.0; +claudebot@anthropic.com)"
216.73.216.58 - - [29/Aug/2026:02:44:32 +0000] "GET /ar/post-new-or-edit-request/?requestid=1192699 HTTP/1.1" 302 5 "-" "Mozilla/5.0 AppleWebKit/537.36 (KHTML, like Gecko; compatible; ClaudeBot/1.0; +claudebot@anthropic.com)"
216.73.216.58 - - [29/Aug/2026:02:44:34 +0000] "GET /ar/post-new-or-edit-request/?requestid=1195307 HTTP/1.1" 200 37825 "https://wp.syrtalents.com/ar/post-new-or-edit-request/?requestid=1192699" "Mozilla/5.0 AppleWebKit/537.36 (KHTML, like Gecko; compatible; ClaudeBot/1.0; +claudebot@anthropic.com)"
216.73.216.58 - - [29/Aug/2026:02:44:37 +0000] "GET /ar/post-new-or-edit-request/?requestid=1181635 HTTP/1.1" 302 5 "-" "Mozilla/5.0 AppleWebKit/537.36 (KHTML, like Gecko; compatible; ClaudeBot/1.0; +claudebot@anthropic.com)"
216.73.216.58 - - [29/Aug/2026:02:44:39 +0000] "GET /ar/post-new-or-edit-request/?requestid=1195305 HTTP/1.1" 200 37825 "https://wp.syrtalents.com/ar/post-new-or-edit-request/?requestid=1181635" "Mozilla/5.0 AppleWebKit/537.36 (KHTML, like Gecko; compatible; ClaudeBot/1.0; +claudebot@anthropic.com)"
216.73.216.58 - - [29/Aug/2026:02:44:52 +0000] "GET /ar/post-new-or-edit-request/?requestid=1195194 HTTP/1.1" 302 5 "-" "Mozilla/5.0 AppleWebKit/537.36 (KHTML, like Gecko; compatible; ClaudeBot/1.0; +claudebot@anthropic.com)"
216.73.216.58 - - [29/Aug/2026:02:44:56 +0000] "GET /ar/post-new-or-edit-request/?requestid=1195305 HTTP/1.1" 200 37824 "https://wp.syrtalents.com/ar/post-new-or-edit-request/?requestid=1195194" "Mozilla/5.0 AppleWebKit/537.36 (KHTML, like Gecko; compatible; ClaudeBot/1.0; +claudebot@anthropic.com)"
216.73.216.58 - - [29/Aug/2026:02:45:13 +0000] "GET /ar/post-new-or-edit-request/?requestid=1185644 HTTP/1.1" 302 5 "-" "Mozilla/5.0 AppleWebKit/537.36 (KHTML, like Gecko; compatible; ClaudeBot/1.0; +claudebot@anthropic.com)"
216.73.216.58 - - [29/Aug/2026:02:45:17 +0000] "GET /ar/post-new-or-edit-request/?requestid=1195307 HTTP/1.1" 200 37826 "https://wp.syrtalents.com/ar/post-new-or-edit-request/?requestid=1185644" "Mozilla/5.0 AppleWebKit/537.36 (KHTML, like Gecko; compatible; ClaudeBot/1.0; +claudebot@anthropic.com)"
216.73.217.126 - - [29/Aug/2026:02:47:34 +0000] "GET /post-new-or-edit-request/?requestid=1194763 HTTP/1.1" 302 5 "-" "Mozilla/5.0 AppleWebKit/537.36 (KHTML, like Gecko; compatible; ClaudeBot/1.0; +claudebot@anthropic.com)"
216.73.217.126 - - [29/Aug/2026:02:47:36 +0000] "GET /post-new-or-edit-request/ HTTP/1.1" 302 5 "https://wp.syrtalents.com/post-new-or-edit-request/?requestid=1194763" "Mozilla/5.0 AppleWebKit/537.36 (KHTML, like Gecko; compatible; ClaudeBot/1.0; +claudebot@anthropic.com)"
216.73.217.126 - - [29/Aug/2026:02:47:39 +0000] "GET /post-new-or-edit-request/?requestid=1195308 HTTP/1.1" 200 35242 "https://wp.syrtalents.com/post-new-or-edit-request/" "Mozilla/5.0 AppleWebKit/537.36 (KHTML, like Gecko; compatible; ClaudeBot/1.0; +claudebot@anthropic.com)"
72.167.149.90 - - [29/Aug/2026:02:48:05 +0000] "POST /wp-cron.php?doing_wp_cron=1787971684.7559859752655029296875 HTTP/1.1" 499 0 "-" "WordPress/7.1; https://wp.syrtalents.com"
216.73.217.126 - - [29/Aug/2026:02:48:05 +0000] "GET /post-new-or-edit-request/?requestid=1195195 HTTP/1.1" 302 5 "-" "Mozilla/5.0 AppleWebKit/537.36 (KHTML, like Gecko; compatible; ClaudeBot/1.0; +claudebot@anthropic.com)"
216.73.217.126 - - [29/Aug/2026:02:48:07 +0000] "GET /post-new-or-edit-request/ HTTP/1.1" 302 5 "https://wp.syrtalents.com/post-new-or-edit-request/?requestid=1195195" "Mozilla/5.0 AppleWebKit/537.36 (KHTML, like Gecko; compatible; ClaudeBot/1.0; +claudebot@anthropic.com)"
216.73.217.126 - - [29/Aug/2026:02:48:10 +0000] "GET /post-new-or-edit-request/?requestid=1195309 HTTP/1.1" 200 35241 "https://wp.syrtalents.com/post-new-or-edit-request/" "Mozilla/5.0 AppleWebKit/537.36 (KHTML, like Gecko; compatible; ClaudeBot/1.0; +claudebot@anthropic.com)"
216.73.217.126 - - [29/Aug/2026:02:48:34 +0000] "GET /ar/post-new-or-edit-request/?requestid=1193272 HTTP/1.1" 302 5 "-" "Mozilla/5.0 AppleWebKit/537.36 (KHTML, like Gecko; compatible; ClaudeBot/1.0; +claudebot@anthropic.com)"
216.73.217.126 - - [29/Aug/2026:02:48:35 +0000] "GET /ar/post-new-or-edit-request/ HTTP/1.1" 302 5 "https://wp.syrtalents.com/ar/post-new-or-edit-request/?requestid=1193272" "Mozilla/5.0 AppleWebKit/537.36 (KHTML, like Gecko; compatible; ClaudeBot/1.0; +claudebot@anthropic.com)"
216.73.217.126 - - [29/Aug/2026:02:48:38 +0000] "GET /ar/post-new-or-edit-request/?requestid=1195310 HTTP/1.1" 200 37825 "https://wp.syrtalents.com/ar/post-new-or-edit-request/" "Mozilla/5.0 AppleWebKit/537.36 (KHTML, like Gecko; compatible; ClaudeBot/1.0; +claudebot@anthropic.com)"
216.73.217.126 - - [29/Aug/2026:02:48:51 +0000] "GET /post-new-or-edit-request/?requestid=1193273 HTTP/1.1" 302 5 "-" "Mozilla/5.0 AppleWebKit/537.36 (KHTML, like Gecko; compatible; ClaudeBot/1.0; +claudebot@anthropic.com)"
216.73.217.126 - - [29/Aug/2026:02:48:53 +0000] "GET /post-new-or-edit-request/ HTTP/1.1" 302 5 "https://wp.syrtalents.com/post-new-or-edit-request/?requestid=1193273" "Mozilla/5.0 AppleWebKit/537.36 (KHTML, like Gecko; compatible; ClaudeBot/1.0; +claudebot@anthropic.com)"
216.73.217.126 - - [29/Aug/2026:02:48:55 +0000] "GET /post-new-or-edit-request/?requestid=1195311 HTTP/1.1" 200 35241 "https://wp.syrtalents.com/post-new-or-edit-request/" "Mozilla/5.0 AppleWebKit/537.36 (KHTML, like Gecko; compatible; ClaudeBot/1.0; +claudebot@anthropic.com)"
216.73.217.126 - - [29/Aug/2026:02:49:22 +0000] "GET /post-new-or-edit-request/?requestid=1185086 HTTP/1.1" 302 5 "-" "Mozilla/5.0 AppleWebKit/537.36 (KHTML, like Gecko; compatible; ClaudeBot/1.0; +claudebot@anthropic.com)"
216.73.217.126 - - [29/Aug/2026:02:49:24 +0000] "GET /post-new-or-edit-request/ HTTP/1.1" 302 5 "https://wp.syrtalents.com/post-new-or-edit-request/?requestid=1185086" "Mozilla/5.0 AppleWebKit/537.36 (KHTML, like Gecko; compatible; ClaudeBot/1.0; +claudebot@anthropic.com)"
216.73.217.126 - - [29/Aug/2026:02:49:26 +0000] "GET /post-new-or-edit-request/?requestid=1195312 HTTP/1.1" 200 35240 "https://wp.syrtalents.com/post-new-or-edit-request/" "Mozilla/5.0 AppleWebKit/537.36 (KHTML, like Gecko; compatible; ClaudeBot/1.0; +claudebot@anthropic.com)"
220.181.108.156 - - [29/Aug/2026:02:49:49 +0000] "GET /ar/post-new-or-edit-request/?requestid=1176335 HTTP/1.1" 302 5 "-" "Mozilla/5.0 (compatible; Baiduspider/2.0; +http://www.baidu.com/search/spider.html)"
216.73.217.126 - - [29/Aug/2026:02:49:52 +0000] "GET /post-new-or-edit-request/?requestid=1190783 HTTP/1.1" 302 5 "-" "Mozilla/5.0 AppleWebKit/537.36 (KHTML, like Gecko; compatible; ClaudeBot/1.0; +claudebot@anthropic.com)"
220.181.108.102 - - [29/Aug/2026:02:49:52 +0000] "GET /ar/post-new-or-edit-request/ HTTP/1.1" 302 5 "-" "Mozilla/5.0 (compatible; Baiduspider/2.0; +http://www.baidu.com/search/spider.html)"
216.73.217.126 - - [29/Aug/2026:02:49:54 +0000] "GET /post-new-or-edit-request/ HTTP/1.1" 302 5 "https://wp.syrtalents.com/post-new-or-edit-request/?requestid=1190783" "Mozilla/5.0 AppleWebKit/537.36 (KHTML, like Gecko; compatible; ClaudeBot/1.0; +claudebot@anthropic.com)"
220.181.108.84 - - [29/Aug/2026:02:49:56 +0000] "GET /ar/post-new-or-edit-request/?requestid=1195313 HTTP/1.1" 200 37827 "-" "Mozilla/5.0 (compatible; Baiduspider/2.0; +http://www.baidu.com/search/spider.html)"
216.73.217.126 - - [29/Aug/2026:02:49:57 +0000] "GET /post-new-or-edit-request/?requestid=1195314 HTTP/1.1" 200 35242 "https://wp.syrtalents.com/post-new-or-edit-request/" "Mozilla/5.0 AppleWebKit/537.36 (KHTML, like Gecko; compatible; ClaudeBot/1.0; +claudebot@anthropic.com)"
116.179.37.39 - - [29/Aug/2026:02:50:01 +0000] "GET /wp-content/plugins/image-watermark/js/no-right-click.js?ver=2.0.12 HTTP/1.1" 200 1079 "https://wp.syrtalents.com/ar/post-new-or-edit-request/?requestid=1195313" "Mozilla/5.0 (compatible; Baiduspider-render/2.0; +http://www.baidu.com/search/spider.html)"
116.179.37.153 - - [29/Aug/2026:02:50:01 +0000] "GET /wp-includes/js/jquery/ui/effect-blind.min.js?ver=1.14.2 HTTP/1.1" 200 522 "https://wp.syrtalents.com/ar/post-new-or-edit-request/?requestid=1195313" "Mozilla/5.0 (compatible; Baiduspider-render/2.0; +http://www.baidu.com/search/spider.html)"
116.179.37.93 - - [29/Aug/2026:02:50:01 +0000] "GET /wp-content/themes/wpjobster/vendor/semantic-ui/dist/semantic.min.js?ver=2.4.1 HTTP/1.1" 200 72164 "https://wp.syrtalents.com/ar/post-new-or-edit-request/?requestid=1195313" "Mozilla/5.0 (compatible; Baiduspider-render/2.0; +http://www.baidu.com/search/spider.html)"
116.179.37.239 - - [29/Aug/2026:02:50:01 +0000] "GET /wp-content/plugins/wp-smush-pro/app/assets/js/smush-lazy-load.min.js?ver=3.23.4 HTTP/1.1" 200 8125 "https://wp.syrtalents.com/ar/post-new-or-edit-request/?requestid=1195313" "Mozilla/5.0 (compatible; Baiduspider-render/2.0; +http://www.baidu.com/search/spider.html)"
116.179.37.27 - - [29/Aug/2026:02:50:15 +0000] "POST /wp-content/plugins/translatepress-multilingual/includes/trp-ajax.php HTTP/1.1" 200 164 "https://wp.syrtalents.com/ar/post-new-or-edit-request/?requestid=1195313" "Mozilla/5.0 (compatible; Baiduspider-render/2.0; +http://www.baidu.com/search/spider.html)"
116.179.37.102 - - [29/Aug/2026:02:50:15 +0000] "POST /wp-content/plugins/translatepress-multilingual/includes/trp-ajax.php HTTP/1.1" 200 33 "https://wp.syrtalents.com/ar/post-new-or-edit-request/?requestid=1195313" "Mozilla/5.0 (compatible; Baiduspider-render/2.0; +http://www.baidu.com/search/spider.html)"
116.179.37.179 - - [29/Aug/2026:02:50:15 +0000] "POST /wp-content/plugins/translatepress-multilingual/includes/trp-ajax.php HTTP/1.1" 200 159 "https://wp.syrtalents.com/ar/post-new-or-edit-request/?requestid=1195313" "Mozilla/5.0 (compatible; Baiduspider-render/2.0; +http://www.baidu.com/search/spider.html)"
116.179.37.47 - - [29/Aug/2026:02:50:15 +0000] "POST /wp-content/plugins/translatepress-multilingual/includes/trp-ajax.php HTTP/1.1" 200 33 "https://wp.syrtalents.com/ar/post-new-or-edit-request/?requestid=1195313" "Mozilla/5.0 (compatible; Baiduspider-render/2.0; +http://www.baidu.com/search/spider.html)"
116.179.37.202 - - [29/Aug/2026:02:50:15 +0000] "POST /wp-content/plugins/translatepress-multilingual/includes/trp-ajax.php HTTP/1.1" 200 33 "https://wp.syrtalents.com/ar/post-new-or-edit-request/?requestid=1195313" "Mozilla/5.0 (compatible; Baiduspider-render/2.0; +http://www.baidu.com/search/spider.html)"
116.179.37.51 - - [29/Aug/2026:02:50:15 +0000] "POST /wp-content/plugins/translatepress-multilingual/includes/trp-ajax.php HTTP/1.1" 200 8241 "https://wp.syrtalents.com/ar/post-new-or-edit-request/?requestid=1195313" "Mozilla/5.0 (compatible; Baiduspider-render/2.0; +http://www.baidu.com/search/spider.html)"
72.167.149.90 - - [29/Aug/2026:02:50:18 +0000] "POST /wp-cron.php?doing_wp_cron=1787971817.8822550773620605468750 HTTP/1.1" 499 0 "-" "WordPress/7.1; https://wp.syrtalents.com/ar"
116.179.37.89 - - [29/Aug/2026:02:50:19 +0000] "POST /wp-admin/admin-ajax.php?action=un_config_get HTTP/1.1" 200 1479 "https://wp.syrtalents.com/ar/post-new-or-edit-request/?requestid=1195313" "Mozilla/5.0 (compatible; Baiduspider-render/2.0; +http://www.baidu.com/search/spider.html)"
116.179.37.121 - - [29/Aug/2026:02:50:20 +0000] "POST /wp-content/plugins/translatepress-multilingual/includes/trp-ajax.php HTTP/1.1" 200 157 "https://wp.syrtalents.com/ar/post-new-or-edit-request/?requestid=1195313" "Mozilla/5.0 (compatible; Baiduspider-render/2.0; +http://www.baidu.com/search/spider.html)"
216.73.217.126 - - [29/Aug/2026:02:50:26 +0000] "GET /post-new-or-edit-request/?requestid=1195164 HTTP/1.1" 302 5 "-" "Mozilla/5.0 AppleWebKit/537.36 (KHTML, like Gecko; compatible; ClaudeBot/1.0; +claudebot@anthropic.com)"
216.73.217.126 - - [29/Aug/2026:02:50:29 +0000] "GET /post-new-or-edit-request/?requestid=1195309 HTTP/1.1" 200 35240 "https://wp.syrtalents.com/post-new-or-edit-request/?requestid=1195164" "Mozilla/5.0 AppleWebKit/537.36 (KHTML, like Gecko; compatible; ClaudeBot/1.0; +claudebot@anthropic.com)"
216.73.217.126 - - [29/Aug/2026:02:50:56 +0000] "GET /ar/post-new-or-edit-request/?requestid=1192889 HTTP/1.1" 302 5 "-" "Mozilla/5.0 AppleWebKit/537.36 (KHTML, like Gecko; compatible; ClaudeBot/1.0; +claudebot@anthropic.com)"
216.73.217.126 - - [29/Aug/2026:02:50:59 +0000] "GET /ar/post-new-or-edit-request/?requestid=1195314 HTTP/1.1" 200 37827 "https://wp.syrtalents.com/ar/post-new-or-edit-request/?requestid=1192889" "Mozilla/5.0 AppleWebKit/537.36 (KHTML, like Gecko; compatible; ClaudeBot/1.0; +claudebot@anthropic.com)"
216.73.217.126 - - [29/Aug/2026:02:52:00 +0000] "GET /ar/post-new-or-edit-request/?requestid=1187299 HTTP/1.1" 302 5 "-" "Mozilla/5.0 AppleWebKit/537.36 (KHTML, like Gecko; compatible; ClaudeBot/1.0; +claudebot@anthropic.com)"
216.73.217.126 - - [29/Aug/2026:02:52:04 +0000] "GET /ar/post-new-or-edit-request/?requestid=1195314 HTTP/1.1" 200 37826 "https://wp.syrtalents.com/ar/post-new-or-edit-request/?requestid=1187299" "Mozilla/5.0 AppleWebKit/537.36 (KHTML, like Gecko; compatible; ClaudeBot/1.0; +claudebot@anthropic.com)"
72.167.149.90 - - [29/Aug/2026:02:54:18 +0000] "POST /wp-cron.php?doing_wp_cron=1787972057.6508529186248779296875 HTTP/1.1" 499 0 "-" "WordPress/7.1; https://wp.syrtalents.com"
216.73.216.214 - - [29/Aug/2026:02:54:18 +0000] "GET /post-new-or-edit-request/?requestid=1189986 HTTP/1.1" 302 5 "-" "Mozilla/5.0 AppleWebKit/537.36 (KHTML, like Gecko; compatible; ClaudeBot/1.0; +claudebot@anthropic.com)"
216.73.216.214 - - [29/Aug/2026:02:54:21 +0000] "GET /post-new-or-edit-request/ HTTP/1.1" 302 5 "https://wp.syrtalents.com/post-new-or-edit-request/?requestid=1189986" "Mozilla/5.0 AppleWebKit/537.36 (KHTML, like Gecko; compatible; ClaudeBot/1.0; +claudebot@anthropic.com)"
216.73.216.214 - - [29/Aug/2026:02:54:24 +0000] "GET /post-new-or-edit-request/?requestid=1195315 HTTP/1.1" 200 35242 "https://wp.syrtalents.com/post-new-or-edit-request/" "Mozilla/5.0 AppleWebKit/537.36 (KHTML, like Gecko; compatible; ClaudeBot/1.0; +claudebot@anthropic.com)"
216.73.216.214 - - [29/Aug/2026:02:54:36 +0000] "GET /robots.txt HTTP/1.1" 200 54 "-" "Mozilla/5.0 AppleWebKit/537.36 (KHTML, like Gecko; compatible; ClaudeBot/1.0; +claudebot@anthropic.com)"
216.73.216.214 - - [29/Aug/2026:02:54:47 +0000] "GET /post-new-or-edit-request/?requestid=1192310 HTTP/1.1" 302 5 "-" "Mozilla/5.0 AppleWebKit/537.36 (KHTML, like Gecko; compatible; ClaudeBot/1.0; +claudebot@anthropic.com)"
216.73.216.214 - - [29/Aug/2026:02:54:49 +0000] "GET /post-new-or-edit-request/ HTTP/1.1" 302 5 "https://wp.syrtalents.com/post-new-or-edit-request/?requestid=1192310" "Mozilla/5.0 AppleWebKit/537.36 (KHTML, like Gecko; compatible; ClaudeBot/1.0; +claudebot@anthropic.com)"
216.73.216.214 - - [29/Aug/2026:02:54:52 +0000] "GET /post-new-or-edit-request/?requestid=1195316 HTTP/1.1" 200 35243 "https://wp.syrtalents.com/post-new-or-edit-request/" "Mozilla/5.0 AppleWebKit/537.36 (KHTML, like Gecko; compatible; ClaudeBot/1.0; +claudebot@anthropic.com)"
216.73.216.214 - - [29/Aug/2026:02:55:14 +0000] "GET /post-new-or-edit-request/?requestid=1195302 HTTP/1.1" 302 5 "-" "Mozilla/5.0 AppleWebKit/537.36 (KHTML, like Gecko; compatible; ClaudeBot/1.0; +claudebot@anthropic.com)"
216.73.216.214 - - [29/Aug/2026:02:55:17 +0000] "GET /post-new-or-edit-request/ HTTP/1.1" 302 5 "https://wp.syrtalents.com/post-new-or-edit-request/?requestid=1195302" "Mozilla/5.0 AppleWebKit/537.36 (KHTML, like Gecko; compatible; ClaudeBot/1.0; +claudebot@anthropic.com)"
216.73.216.214 - - [29/Aug/2026:02:55:19 +0000] "GET /post-new-or-edit-request/?requestid=1195317 HTTP/1.1" 200 35240 "https://wp.syrtalents.com/post-new-or-edit-request/" "Mozilla/5.0 AppleWebKit/537.36 (KHTML, like Gecko; compatible; ClaudeBot/1.0; +claudebot@anthropic.com)"
216.73.216.214 - - [29/Aug/2026:02:55:45 +0000] "GET /ar/post-new-or-edit-request/?requestid=1190437 HTTP/1.1" 302 5 "-" "Mozilla/5.0 AppleWebKit/537.36 (KHTML, like Gecko; compatible; ClaudeBot/1.0; +claudebot@anthropic.com)"
216.73.216.214 - - [29/Aug/2026:02:55:47 +0000] "GET /ar/post-new-or-edit-request/ HTTP/1.1" 302 5 "https://wp.syrtalents.com/ar/post-new-or-edit-request/?requestid=1190437" "Mozilla/5.0 AppleWebKit/537.36 (KHTML, like Gecko; compatible; ClaudeBot/1.0; +claudebot@anthropic.com)"
216.73.216.214 - - [29/Aug/2026:02:55:49 +0000] "GET /ar/post-new-or-edit-request/?requestid=1195318 HTTP/1.1" 200 37823 "https://wp.syrtalents.com/ar/post-new-or-edit-request/" "Mozilla/5.0 AppleWebKit/537.36 (KHTML, like Gecko; compatible; ClaudeBot/1.0; +claudebot@anthropic.com)"
216.73.216.214 - - [29/Aug/2026:02:56:03 +0000] "GET /ar/post-new-or-edit-request/?requestid=1183390 HTTP/1.1" 302 5 "-" "Mozilla/5.0 AppleWebKit/537.36 (KHTML, like Gecko; compatible; ClaudeBot/1.0; +claudebot@anthropic.com)"
216.73.216.214 - - [29/Aug/2026:02:56:05 +0000] "GET /ar/post-new-or-edit-request/ HTTP/1.1" 302 5 "https://wp.syrtalents.com/ar/post-new-or-edit-request/?requestid=1183390" "Mozilla/5.0 AppleWebKit/537.36 (KHTML, like Gecko; compatible; ClaudeBot/1.0; +claudebot@anthropic.com)"
216.73.216.214 - - [29/Aug/2026:02:56:09 +0000] "GET /ar/post-new-or-edit-request/?requestid=1195319 HTTP/1.1" 200 37825 "https://wp.syrtalents.com/ar/post-new-or-edit-request/" "Mozilla/5.0 AppleWebKit/537.36 (KHTML, like Gecko; compatible; ClaudeBot/1.0; +claudebot@anthropic.com)"
72.167.149.90 - - [29/Aug/2026:02:56:23 +0000] "POST /wp-cron.php?doing_wp_cron=1787972182.0733520984649658203125 HTTP/1.1" 499 0 "-" "WordPress/7.1; https://wp.syrtalents.com/ar"
216.73.216.214 - - [29/Aug/2026:02:56:23 +0000] "GET /ar/post-new-or-edit-request/?requestid=1195101 HTTP/1.1" 302 5 "-" "Mozilla/5.0 AppleWebKit/537.36 (KHTML, like Gecko; compatible; ClaudeBot/1.0; +claudebot@anthropic.com)"
216.73.216.214 - - [29/Aug/2026:02:56:25 +0000] "GET /ar/post-new-or-edit-request/ HTTP/1.1" 302 5 "https://wp.syrtalents.com/ar/post-new-or-edit-request/?requestid=1195101" "Mozilla/5.0 AppleWebKit/537.36 (KHTML, like Gecko; compatible; ClaudeBot/1.0; +claudebot@anthropic.com)"
216.73.216.214 - - [29/Aug/2026:02:56:29 +0000] "GET /ar/post-new-or-edit-request/?requestid=1195320 HTTP/1.1" 200 37828 "https://wp.syrtalents.com/ar/post-new-or-edit-request/" "Mozilla/5.0 AppleWebKit/537.36 (KHTML, like Gecko; compatible; ClaudeBot/1.0; +claudebot@anthropic.com)"
216.73.216.214 - - [29/Aug/2026:02:56:59 +0000] "GET /post-new-or-edit-request/?requestid=1193109 HTTP/1.1" 302 5 "-" "Mozilla/5.0 AppleWebKit/537.36 (KHTML, like Gecko; compatible; ClaudeBot/1.0; +claudebot@anthropic.com)"
216.73.216.214 - - [29/Aug/2026:02:57:01 +0000] "GET /post-new-or-edit-request/ HTTP/1.1" 302 5 "https://wp.syrtalents.com/post-new-or-edit-request/?requestid=1193109" "Mozilla/5.0 AppleWebKit/537.36 (KHTML, like Gecko; compatible; ClaudeBot/1.0; +claudebot@anthropic.com)"
216.73.216.214 - - [29/Aug/2026:02:57:05 +0000] "GET /post-new-or-edit-request/?requestid=1195321 HTTP/1.1" 200 35241 "https://wp.syrtalents.com/post-new-or-edit-request/" "Mozilla/5.0 AppleWebKit/537.36 (KHTML, like Gecko; compatible; ClaudeBot/1.0; +claudebot@anthropic.com)"
216.73.216.214 - - [29/Aug/2026:02:57:37 +0000] "GET /ar/post-new-or-edit-request/?requestid=1195269 HTTP/1.1" 302 5 "-" "Mozilla/5.0 AppleWebKit/537.36 (KHTML, like Gecko; compatible; ClaudeBot/1.0; +claudebot@anthropic.com)"
216.73.216.214 - - [29/Aug/2026:02:57:44 +0000] "GET /ar/post-new-or-edit-request/?requestid=1195320 HTTP/1.1" 499 0 "https://wp.syrtalents.com/ar/post-new-or-edit-request/?requestid=1195269" "Mozilla/5.0 AppleWebKit/537.36 (KHTML, like Gecko; compatible; ClaudeBot/1.0; +claudebot@anthropic.com)"
72.167.149.90 - - [29/Aug/2026:03:00:54 +0000] "POST /wp-cron.php?doing_wp_cron=1787972453.5267949104309082031250 HTTP/1.1" 499 0 "-" "WordPress/7.1; https://wp.syrtalents.com"
216.73.217.15 - - [29/Aug/2026:03:00:54 +0000] "GET /post-new-or-edit-request/?requestid=1194533 HTTP/1.1" 302 5 "-" "Mozilla/5.0 AppleWebKit/537.36 (KHTML, like Gecko; compatible; ClaudeBot/1.0; +claudebot@anthropic.com)"
216.73.217.15 - - [29/Aug/2026:03:00:56 +0000] "GET /post-new-or-edit-request/ HTTP/1.1" 302 5 "https://wp.syrtalents.com/post-new-or-edit-request/?requestid=1194533" "Mozilla/5.0 AppleWebKit/537.36 (KHTML, like Gecko; compatible; ClaudeBot/1.0; +claudebot@anthropic.com)"
216.73.217.15 - - [29/Aug/2026:03:00:59 +0000] "GET /post-new-or-edit-request/?requestid=1195322 HTTP/1.1" 499 0 "https://wp.syrtalents.com/post-new-or-edit-request/" "Mozilla/5.0 AppleWebKit/537.36 (KHTML, like Gecko; compatible; ClaudeBot/1.0; +claudebot@anthropic.com)"
216.73.217.15 - - [29/Aug/2026:03:01:22 +0000] "GET /post-new-or-edit-request/?requestid=1192650 HTTP/1.1" 302 5 "-" "Mozilla/5.0 AppleWebKit/537.36 (KHTML, like Gecko; compatible; ClaudeBot/1.0; +claudebot@anthropic.com)"
216.73.217.15 - - [29/Aug/2026:03:01:25 +0000] "GET /post-new-or-edit-request/ HTTP/1.1" 302 5 "https://wp.syrtalents.com/post-new-or-edit-request/?requestid=1192650" "Mozilla/5.0 AppleWebKit/537.36 (KHTML, like Gecko; compatible; ClaudeBot/1.0; +claudebot@anthropic.com)"
216.73.217.15 - - [29/Aug/2026:03:01:27 +0000] "GET /post-new-or-edit-request/?requestid=1195323 HTTP/1.1" 200 35240 "https://wp.syrtalents.com/post-new-or-edit-request/" "Mozilla/5.0 AppleWebKit/537.36 (KHTML, like Gecko; compatible; ClaudeBot/1.0; +claudebot@anthropic.com)"
72.167.149.90 - - [29/Aug/2026:03:01:56 +0000] "POST /wp-cron.php?doing_wp_cron=1787972515.5164370536804199218750 HTTP/1.1" 499 0 "-" "WordPress/7.1; https://wp.syrtalents.com"
216.73.217.15 - - [29/Aug/2026:03:01:56 +0000] "GET /post-new-or-edit-request/?requestid=1192462 HTTP/1.1" 302 5 "-" "Mozilla/5.0 AppleWebKit/537.36 (KHTML, like Gecko; compatible; ClaudeBot/1.0; +claudebot@anthropic.com)"
216.73.217.15 - - [29/Aug/2026:03:02:00 +0000] "GET /post-new-or-edit-request/ HTTP/1.1" 499 0 "https://wp.syrtalents.com/post-new-or-edit-request/?requestid=1192462" "Mozilla/5.0 AppleWebKit/537.36 (KHTML, like Gecko; compatible; ClaudeBot/1.0; +claudebot@anthropic.com)"
216.73.217.15 - - [29/Aug/2026:03:02:22 +0000] "GET /ar/post-new-or-edit-request/?requestid=1190277 HTTP/1.1" 302 5 "-" "Mozilla/5.0 AppleWebKit/537.36 (KHTML, like Gecko; compatible; ClaudeBot/1.0; +claudebot@anthropic.com)"
216.73.217.15 - - [29/Aug/2026:03:02:25 +0000] "GET /ar/post-new-or-edit-request/ HTTP/1.1" 302 5 "https://wp.syrtalents.com/ar/post-new-or-edit-request/?requestid=1190277" "Mozilla/5.0 AppleWebKit/537.36 (KHTML, like Gecko; compatible; ClaudeBot/1.0; +claudebot@anthropic.com)"
216.73.217.15 - - [29/Aug/2026:03:02:30 +0000] "GET /ar/post-new-or-edit-request/?requestid=1195325 HTTP/1.1" 499 0 "https://wp.syrtalents.com/ar/post-new-or-edit-request/" "Mozilla/5.0 AppleWebKit/537.36 (KHTML, like Gecko; compatible; ClaudeBot/1.0; +claudebot@anthropic.com)"
216.73.217.15 - - [29/Aug/2026:03:02:32 +0000] "GET /ar/post-new-or-edit-request/?requestid=1190161 HTTP/1.1" 302 5 "-" "Mozilla/5.0 AppleWebKit/537.36 (KHTML, like Gecko; compatible; ClaudeBot/1.0; +claudebot@anthropic.com)"
216.73.217.15 - - [29/Aug/2026:03:02:37 +0000] "GET /ar/post-new-or-edit-request/ HTTP/1.1" 302 5 "https://wp.syrtalents.com/ar/post-new-or-edit-request/?requestid=1190161" "Mozilla/5.0 AppleWebKit/537.36 (KHTML, like Gecko; compatible; ClaudeBot/1.0; +claudebot@anthropic.com)"
216.73.217.15 - - [29/Aug/2026:03:02:38 +0000] "GET /ar/post-new-or-edit-request/?requestid=1195326 HTTP/1.1" 499 0 "https://wp.syrtalents.com/ar/post-new-or-edit-request/" "Mozilla/5.0 AppleWebKit/537.36 (KHTML, like Gecko; compatible; ClaudeBot/1.0; +claudebot@anthropic.com)"
216.73.217.15 - - [29/Aug/2026:03:02:52 +0000] "GET /post-new-or-edit-request/?requestid=1187303 HTTP/1.1" 302 5 "-" "Mozilla/5.0 AppleWebKit/537.36 (KHTML, like Gecko; compatible; ClaudeBot/1.0; +claudebot@anthropic.com)"
72.167.149.90 - - [29/Aug/2026:03:02:56 +0000] "POST /wp-cron.php?doing_wp_cron=1787972575.7558300495147705078125 HTTP/1.1" 499 0 "-" "WordPress/7.1; https://wp.syrtalents.com"
216.73.217.15 - - [29/Aug/2026:03:02:56 +0000] "GET /post-new-or-edit-request/ HTTP/1.1" 302 5 "https://wp.syrtalents.com/post-new-or-edit-request/?requestid=1187303" "Mozilla/5.0 AppleWebKit/537.36 (KHTML, like Gecko; compatible; ClaudeBot/1.0; +claudebot@anthropic.com)"
216.73.217.15 - - [29/Aug/2026:03:02:59 +0000] "GET /post-new-or-edit-request/?requestid=1195327 HTTP/1.1" 499 0 "https://wp.syrtalents.com/post-new-or-edit-request/" "Mozilla/5.0 AppleWebKit/537.36 (KHTML, like Gecko; compatible; ClaudeBot/1.0; +claudebot@anthropic.com)"
216.73.217.15 - - [29/Aug/2026:03:03:23 +0000] "GET /ar/post-new-or-edit-request/?requestid=1185848 HTTP/1.1" 302 5 "-" "Mozilla/5.0 AppleWebKit/537.36 (KHTML, like Gecko; compatible; ClaudeBot/1.0; +claudebot@anthropic.com)"
216.73.217.15 - - [29/Aug/2026:03:03:26 +0000] "GET /ar/post-new-or-edit-request/ HTTP/1.1" 302 5 "https://wp.syrtalents.com/ar/post-new-or-edit-request/?requestid=1185848" "Mozilla/5.0 AppleWebKit/537.36 (KHTML, like Gecko; compatible; ClaudeBot/1.0; +claudebot@anthropic.com)"
216.73.217.15 - - [29/Aug/2026:03:03:29 +0000] "GET /ar/post-new-or-edit-request/?requestid=1195328 HTTP/1.1" 499 0 "https://wp.syrtalents.com/ar/post-new-or-edit-request/" "Mozilla/5.0 AppleWebKit/537.36 (KHTML, like Gecko; compatible; ClaudeBot/1.0; +claudebot@anthropic.com)"
216.73.217.15 - - [29/Aug/2026:03:03:54 +0000] "GET /ar/post-new-or-edit-request/?requestid=1191735 HTTP/1.1" 302 5 "-" "Mozilla/5.0 AppleWebKit/537.36 (KHTML, like Gecko; compatible; ClaudeBot/1.0; +claudebot@anthropic.com)"
216.73.217.15 - - [29/Aug/2026:03:03:59 +0000] "GET /ar/post-new-or-edit-request/ HTTP/1.1" 499 0 "https://wp.syrtalents.com/ar/post-new-or-edit-request/?requestid=1191735" "Mozilla/5.0 AppleWebKit/537.36 (KHTML, like Gecko; compatible; ClaudeBot/1.0; +claudebot@anthropic.com)"
216.73.217.15 - - [29/Aug/2026:03:04:03 +0000] "GET /post-new-or-edit-request/?requestid=1186470 HTTP/1.1" 302 5 "-" "Mozilla/5.0 AppleWebKit/537.36 (KHTML, like Gecko; compatible; ClaudeBot/1.0; +claudebot@anthropic.com)"
216.73.217.15 - - [29/Aug/2026:03:04:04 +0000] "GET /ar/post-new-or-edit-request/?requestid=1191580 HTTP/1.1" 302 5 "-" "Mozilla/5.0 AppleWebKit/537.36 (KHTML, like Gecko; compatible; ClaudeBot/1.0; +claudebot@anthropic.com)"
216.73.217.15 - - [29/Aug/2026:03:04:06 +0000] "GET /post-new-or-edit-request/ HTTP/1.1" 499 0 "https://wp.syrtalents.com/post-new-or-edit-request/?requestid=1186470" "Mozilla/5.0 AppleWebKit/537.36 (KHTML, like Gecko; compatible; ClaudeBot/1.0; +claudebot@anthropic.com)"
216.73.217.15 - - [29/Aug/2026:03:04:07 +0000] "GET /ar/post-new-or-edit-request/ HTTP/1.1" 499 0 "https://wp.syrtalents.com/ar/post-new-or-edit-request/?requestid=1191580" "Mozilla/5.0 AppleWebKit/537.36 (KHTML, like Gecko; compatible; ClaudeBot/1.0; +claudebot@anthropic.com)"
85.208.96.196 - - [29/Aug/2026:03:04:15 +0000] "GET /robots.txt HTTP/1.1" 200 54 "-" "Mozilla/5.0 (compatible; SemrushBot/7~bl; +http://www.semrush.com/bot.html)"
185.191.171.12 - - [29/Aug/2026:03:04:21 +0000] "GET /job-categories/flutter/ HTTP/1.1" 200 32305 "-" "Mozilla/5.0 (compatible; SemrushBot/7~bl; +http://www.semrush.com/bot.html)"
216.73.217.15 - - [29/Aug/2026:03:04:37 +0000] "GET /ar/post-new-or-edit-request/?requestid=1194679 HTTP/1.1" 302 5 "-" "Mozilla/5.0 AppleWebKit/537.36 (KHTML, like Gecko; compatible; ClaudeBot/1.0; +claudebot@anthropic.com)"
216.73.217.15 - - [29/Aug/2026:03:04:44 +0000] "GET /ar/post-new-or-edit-request/?requestid=1195328 HTTP/1.1" 200 37826 "https://wp.syrtalents.com/ar/post-new-or-edit-request/?requestid=1194679" "Mozilla/5.0 AppleWebKit/537.36 (KHTML, like Gecko; compatible; ClaudeBot/1.0; +claudebot@anthropic.com)"
18.211.39.188 - - [29/Aug/2026:03:05:03 +0000] "GET /request/other-2-req/equipment-host-syria/?page HTTP/1.1" 200 34189 "-" "Mozilla/5.0 AppleWebKit/537.36 (KHTML, like Gecko; compatible; Amazonbot/0.1; +https://developer.amazon.com/support/amazonbot) Chrome/119.0.6045.214 Safari/537.36"
216.73.217.15 - - [29/Aug/2026:03:05:19 +0000] "GET /ar/post-new-or-edit-request/?requestid=1193723 HTTP/1.1" 302 5 "-" "Mozilla/5.0 AppleWebKit/537.36 (KHTML, like Gecko; compatible; ClaudeBot/1.0; +claudebot@anthropic.com)"
216.73.217.15 - - [29/Aug/2026:03:05:22 +0000] "GET /ar/post-new-or-edit-request/ HTTP/1.1" 499 0 "https://wp.syrtalents.com/ar/post-new-or-edit-request/?requestid=1193723" "Mozilla/5.0 AppleWebKit/537.36 (KHTML, like Gecko; compatible; ClaudeBot/1.0; +claudebot@anthropic.com)"
72.167.149.90 - - [29/Aug/2026:03:05:24 +0000] "POST /wp-cron.php?doing_wp_cron=1787972723.7203009128570556640625 HTTP/1.1" 499 0 "-" "WordPress/7.1; https://wp.syrtalents.com/ar"
216.73.217.15 - - [29/Aug/2026:03:05:55 +0000] "GET /ar/post-new-or-edit-request/?requestid=1191956 HTTP/1.1" 302 5 "-" "Mozilla/5.0 AppleWebKit/537.36 (KHTML, like Gecko; compatible; ClaudeBot/1.0; +claudebot@anthropic.com)"
216.73.217.15 - - [29/Aug/2026:03:05:59 +0000] "GET /ar/post-new-or-edit-request/?requestid=1195328 HTTP/1.1" 499 0 "https://wp.syrtalents.com/ar/post-new-or-edit-request/?requestid=1191956" "Mozilla/5.0 AppleWebKit/537.36 (KHTML, like Gecko; compatible; ClaudeBot/1.0; +claudebot@anthropic.com)"
216.73.217.15 - - [29/Aug/2026:03:06:56 +0000] "GET /ar/post-new-or-edit-request/?requestid=1191624 HTTP/1.1" 302 5 "-" "Mozilla/5.0 AppleWebKit/537.36 (KHTML, like Gecko; compatible; ClaudeBot/1.0; +claudebot@anthropic.com)"
216.73.217.15 - - [29/Aug/2026:03:07:03 +0000] "GET /ar/post-new-or-edit-request/?requestid=1195328 HTTP/1.1" 499 0 "https://wp.syrtalents.com/ar/post-new-or-edit-request/?requestid=1191624" "Mozilla/5.0 AppleWebKit/537.36 (KHTML, like Gecko; compatible; ClaudeBot/1.0; +claudebot@anthropic.com)"
72.167.149.90 - - [29/Aug/2026:03:07:37 +0000] "POST /wp-cron.php?doing_wp_cron=1787972856.3128359317779541015625 HTTP/1.1" 499 0 "-" "WordPress/7.1; https://wp.syrtalents.com/ar"
216.73.217.15 - - [29/Aug/2026:03:07:37 +0000] "GET /ar/post-new-or-edit-request/?requestid=1191908 HTTP/1.1" 302 5 "-" "Mozilla/5.0 AppleWebKit/537.36 (KHTML, like Gecko; compatible; ClaudeBot/1.0; +claudebot@anthropic.com)"
216.73.217.15 - - [29/Aug/2026:03:07:40 +0000] "GET /ar/post-new-or-edit-request/ HTTP/1.1" 302 5 "https://wp.syrtalents.com/ar/post-new-or-edit-request/?requestid=1191908" "Mozilla/5.0 AppleWebKit/537.36 (KHTML, like Gecko; compatible; ClaudeBot/1.0; +claudebot@anthropic.com)"
216.73.217.15 - - [29/Aug/2026:03:07:42 +0000] "GET /ar/post-new-or-edit-request/?requestid=1195333 HTTP/1.1" 499 0 "https://wp.syrtalents.com/ar/post-new-or-edit-request/" "Mozilla/5.0 AppleWebKit/537.36 (KHTML, like Gecko; compatible; ClaudeBot/1.0; +claudebot@anthropic.com)"
72.167.149.90 - - [29/Aug/2026:03:08:06 +0000] "POST /wp-cron.php?doing_wp_cron=1787972885.3125600814819335937500 HTTP/1.1" 499 0 "-" "WordPress/7.1; https://wp.syrtalents.com"
216.73.217.15 - - [29/Aug/2026:03:08:06 +0000] "GET /post-new-or-edit-request/?requestid=1189849 HTTP/1.1" 302 5 "-" "Mozilla/5.0 AppleWebKit/537.36 (KHTML, like Gecko; compatible; ClaudeBot/1.0; +claudebot@anthropic.com)"
216.73.217.15 - - [29/Aug/2026:03:08:08 +0000] "GET /post-new-or-edit-request/ HTTP/1.1" 302 5 "https://wp.syrtalents.com/post-new-or-edit-request/?requestid=1189849" "Mozilla/5.0 AppleWebKit/537.36 (KHTML, like Gecko; compatible; ClaudeBot/1.0; +claudebot@anthropic.com)"
216.73.217.15 - - [29/Aug/2026:03:08:11 +0000] "GET /post-new-or-edit-request/?requestid=1195334 HTTP/1.1" 200 35241 "https://wp.syrtalents.com/post-new-or-edit-request/" "Mozilla/5.0 AppleWebKit/537.36 (KHTML, like Gecko; compatible; ClaudeBot/1.0; +claudebot@anthropic.com)"
216.73.217.15 - - [29/Aug/2026:03:08:39 +0000] "GET /post-new-or-edit-request/?requestid=1192014 HTTP/1.1" 302 5 "-" "Mozilla/5.0 AppleWebKit/537.36 (KHTML, like Gecko; compatible; ClaudeBot/1.0; +claudebot@anthropic.com)"
216.73.217.15 - - [29/Aug/2026:03:08:43 +0000] "GET /post-new-or-edit-request/?requestid=1195333 HTTP/1.1" 200 35242 "https://wp.syrtalents.com/post-new-or-edit-request/?requestid=1192014" "Mozilla/5.0 AppleWebKit/537.36 (KHTML, like Gecko; compatible; ClaudeBot/1.0; +claudebot@anthropic.com)"
216.73.217.15 - - [29/Aug/2026:03:08:59 +0000] "GET /ar/post-new-or-edit-request/?requestid=1188404 HTTP/1.1" 302 5 "-" "Mozilla/5.0 AppleWebKit/537.36 (KHTML, like Gecko; compatible; ClaudeBot/1.0; +claudebot@anthropic.com)"
216.73.217.15 - - [29/Aug/2026:03:09:04 +0000] "GET /ar/post-new-or-edit-request/ HTTP/1.1" 302 5 "https://wp.syrtalents.com/ar/post-new-or-edit-request/?requestid=1188404" "Mozilla/5.0 AppleWebKit/537.36 (KHTML, like Gecko; compatible; ClaudeBot/1.0; +claudebot@anthropic.com)"
216.73.217.15 - - [29/Aug/2026:03:09:06 +0000] "GET /ar/post-new-or-edit-request/?requestid=1195335 HTTP/1.1" 499 0 "https://wp.syrtalents.com/ar/post-new-or-edit-request/" "Mozilla/5.0 AppleWebKit/537.36 (KHTML, like Gecko; compatible; ClaudeBot/1.0; +claudebot@anthropic.com)"
220.181.108.91 - - [29/Aug/2026:03:09:19 +0000] "GET /post-new-or-edit-request/?requestid=1171518 HTTP/1.1" 302 5 "-" "Mozilla/5.0 (compatible; Baiduspider/2.0; +http://www.baidu.com/search/spider.html)"
220.181.108.82 - - [29/Aug/2026:03:09:22 +0000] "GET /post-new-or-edit-request/ HTTP/1.1" 302 5 "-" "Mozilla/5.0 (compatible; Baiduspider/2.0; +http://www.baidu.com/search/spider.html)"
220.181.108.176 - - [29/Aug/2026:03:09:25 +0000] "GET /post-new-or-edit-request/?requestid=1195336 HTTP/1.1" 200 35242 "-" "Mozilla/5.0 (compatible; Baiduspider/2.0; +http://www.baidu.com/search/spider.html)"
216.73.217.15 - - [29/Aug/2026:03:09:29 +0000] "GET /ar/post-new-or-edit-request/?requestid=1192445 HTTP/1.1" 302 5 "-" "Mozilla/5.0 AppleWebKit/537.36 (KHTML, like Gecko; compatible; ClaudeBot/1.0; +claudebot@anthropic.com)"
216.73.217.15 - - [29/Aug/2026:03:09:33 +0000] "GET /ar/post-new-or-edit-request/ HTTP/1.1" 302 5 "https://wp.syrtalents.com/ar/post-new-or-edit-request/?requestid=1192445" "Mozilla/5.0 AppleWebKit/537.36 (KHTML, like Gecko; compatible; ClaudeBot/1.0; +claudebot@anthropic.com)"
216.73.217.15 - - [29/Aug/2026:03:09:37 +0000] "GET /ar/post-new-or-edit-request/?requestid=1195337 HTTP/1.1" 499 0 "https://wp.syrtalents.com/ar/post-new-or-edit-request/" "Mozilla/5.0 AppleWebKit/537.36 (KHTML, like Gecko; compatible; ClaudeBot/1.0; +claudebot@anthropic.com)"
116.179.37.252 - - [29/Aug/2026:03:09:37 +0000] "POST /wp-admin/admin-ajax.php?action=un_config_get HTTP/1.1" 200 971 "https://wp.syrtalents.com/post-new-or-edit-request/?requestid=1195336" "Mozilla/5.0 (compatible; Baiduspider-render/2.0; +http://www.baidu.com/search/spider.html)"
216.73.217.15 - - [29/Aug/2026:03:10:00 +0000] "GET /post-new-or-edit-request/?requestid=1190301 HTTP/1.1" 302 5 "-" "Mozilla/5.0 AppleWebKit/537.36 (KHTML, like Gecko; compatible; ClaudeBot/1.0; +claudebot@anthropic.com)"
216.73.217.15 - - [29/Aug/2026:03:10:04 +0000] "GET /post-new-or-edit-request/ HTTP/1.1" 302 5 "https://wp.syrtalents.com/post-new-or-edit-request/?requestid=1190301" "Mozilla/5.0 AppleWebKit/537.36 (KHTML, like Gecko; compatible; ClaudeBot/1.0; +claudebot@anthropic.com)"
216.73.217.15 - - [29/Aug/2026:03:10:07 +0000] "GET /post-new-or-edit-request/?requestid=1195338 HTTP/1.1" 499 0 "https://wp.syrtalents.com/post-new-or-edit-request/" "Mozilla/5.0 AppleWebKit/537.36 (KHTML, like Gecko; compatible; ClaudeBot/1.0; +claudebot@anthropic.com)"
72.167.149.90 - - [29/Aug/2026:03:10:10 +0000] "POST /wp-cron.php?doing_wp_cron=1787973009.4347369670867919921875 HTTP/1.1" 499 0 "-" "WordPress/7.1; https://wp.syrtalents.com"
216.73.217.15 - - [29/Aug/2026:03:10:30 +0000] "GET /post-new-or-edit-request/?requestid=1192390 HTTP/1.1" 302 5 "-" "Mozilla/5.0 AppleWebKit/537.36 (KHTML, like Gecko; compatible; ClaudeBot/1.0; +claudebot@anthropic.com)"
216.73.217.15 - - [29/Aug/2026:03:10:31 +0000] "GET /post-new-or-edit-request/ HTTP/1.1" 302 5 "https://wp.syrtalents.com/post-new-or-edit-request/?requestid=1192390" "Mozilla/5.0 AppleWebKit/537.36 (KHTML, like Gecko; compatible; ClaudeBot/1.0; +claudebot@anthropic.com)"
216.73.217.15 - - [29/Aug/2026:03:10:34 +0000] "GET /post-new-or-edit-request/?requestid=1195339 HTTP/1.1" 200 35239 "https://wp.syrtalents.com/post-new-or-edit-request/" "Mozilla/5.0 AppleWebKit/537.36 (KHTML, like Gecko; compatible; ClaudeBot/1.0; +claudebot@anthropic.com)"
216.73.217.15 - - [29/Aug/2026:03:11:10 +0000] "GET /ar/post-new-or-edit-request/?requestid=1191638 HTTP/1.1" 302 5 "-" "Mozilla/5.0 AppleWebKit/537.36 (KHTML, like Gecko; compatible; ClaudeBot/1.0; +claudebot@anthropic.com)"
216.73.217.15 - - [29/Aug/2026:03:11:14 +0000] "GET /ar/post-new-or-edit-request/?requestid=1195335 HTTP/1.1" 200 37826 "https://wp.syrtalents.com/ar/post-new-or-edit-request/?requestid=1191638" "Mozilla/5.0 AppleWebKit/537.36 (KHTML, like Gecko; compatible; ClaudeBot/1.0; +claudebot@anthropic.com)"
216.73.217.15 - - [29/Aug/2026:03:11:45 +0000] "GET /post-new-or-edit-request/?requestid=1192943 HTTP/1.1" 302 5 "-" "Mozilla/5.0 AppleWebKit/537.36 (KHTML, like Gecko; compatible; ClaudeBot/1.0; +claudebot@anthropic.com)"
216.73.217.15 - - [29/Aug/2026:03:11:48 +0000] "GET /post-new-or-edit-request/?requestid=1195339 HTTP/1.1" 200 35240 "https://wp.syrtalents.com/post-new-or-edit-request/?requestid=1192943" "Mozilla/5.0 AppleWebKit/537.36 (KHTML, like Gecko; compatible; ClaudeBot/1.0; +claudebot@anthropic.com)"
72.167.149.90 - - [29/Aug/2026:03:14:10 +0000] "POST /wp-cron.php?doing_wp_cron=1787973249.4393169879913330078125 HTTP/1.1" 499 0 "-" "WordPress/7.1; https://wp.syrtalents.com"
216.73.217.5 - - [29/Aug/2026:03:14:10 +0000] "GET /post-new-or-edit-request/?requestid=1192907 HTTP/1.1" 302 5 "-" "Mozilla/5.0 AppleWebKit/537.36 (KHTML, like Gecko; compatible; ClaudeBot/1.0; +claudebot@anthropic.com)"
216.73.217.5 - - [29/Aug/2026:03:14:12 +0000] "GET /post-new-or-edit-request/ HTTP/1.1" 302 5 "https://wp.syrtalents.com/post-new-or-edit-request/?requestid=1192907" "Mozilla/5.0 AppleWebKit/537.36 (KHTML, like Gecko; compatible; ClaudeBot/1.0; +claudebot@anthropic.com)"
216.73.217.5 - - [29/Aug/2026:03:14:15 +0000] "GET /post-new-or-edit-request/?requestid=1195340 HTTP/1.1" 200 35240 "https://wp.syrtalents.com/post-new-or-edit-request/" "Mozilla/5.0 AppleWebKit/537.36 (KHTML, like Gecko; compatible; ClaudeBot/1.0; +claudebot@anthropic.com)"
216.73.217.5 - - [29/Aug/2026:03:14:39 +0000] "GET /post-new-or-edit-request/?requestid=1193287 HTTP/1.1" 302 5 "-" "Mozilla/5.0 AppleWebKit/537.36 (KHTML, like Gecko; compatible; ClaudeBot/1.0; +claudebot@anthropic.com)"
216.73.217.5 - - [29/Aug/2026:03:14:41 +0000] "GET /post-new-or-edit-request/ HTTP/1.1" 302 5 "https://wp.syrtalents.com/post-new-or-edit-request/?requestid=1193287" "Mozilla/5.0 AppleWebKit/537.36 (KHTML, like Gecko; compatible; ClaudeBot/1.0; +claudebot@anthropic.com)"
216.73.217.5 - - [29/Aug/2026:03:14:45 +0000] "GET /post-new-or-edit-request/?requestid=1195341 HTTP/1.1" 200 35239 "https://wp.syrtalents.com/post-new-or-edit-request/" "Mozilla/5.0 AppleWebKit/537.36 (KHTML, like Gecko; compatible; ClaudeBot/1.0; +claudebot@anthropic.com)"
216.73.217.5 - - [29/Aug/2026:03:15:11 +0000] "GET /ar/post-new-or-edit-request/?requestid=1189700 HTTP/1.1" 302 5 "-" "Mozilla/5.0 AppleWebKit/537.36 (KHTML, like Gecko; compatible; ClaudeBot/1.0; +claudebot@anthropic.com)"
216.73.217.5 - - [29/Aug/2026:03:15:14 +0000] "GET /ar/post-new-or-edit-request/ HTTP/1.1" 302 5 "https://wp.syrtalents.com/ar/post-new-or-edit-request/?requestid=1189700" "Mozilla/5.0 AppleWebKit/537.36 (KHTML, like Gecko; compatible; ClaudeBot/1.0; +claudebot@anthropic.com)"
216.73.217.5 - - [29/Aug/2026:03:15:17 +0000] "GET /ar/post-new-or-edit-request/?requestid=1195342 HTTP/1.1" 499 0 "https://wp.syrtalents.com/ar/post-new-or-edit-request/" "Mozilla/5.0 AppleWebKit/537.36 (KHTML, like Gecko; compatible; ClaudeBot/1.0; +claudebot@anthropic.com)"
216.73.217.5 - - [29/Aug/2026:03:15:35 +0000] "GET /post-new-or-edit-request/?requestid=1190728 HTTP/1.1" 302 5 "-" "Mozilla/5.0 AppleWebKit/537.36 (KHTML, like Gecko; compatible; ClaudeBot/1.0; +claudebot@anthropic.com)"
216.73.217.5 - - [29/Aug/2026:03:15:38 +0000] "GET /post-new-or-edit-request/?requestid=1195340 HTTP/1.1" 200 35241 "https://wp.syrtalents.com/post-new-or-edit-request/?requestid=1190728" "Mozilla/5.0 AppleWebKit/537.36 (KHTML, like Gecko; compatible; ClaudeBot/1.0; +claudebot@anthropic.com)"
216.73.217.5 - - [29/Aug/2026:03:15:46 +0000] "GET /ar/post-new-or-edit-request/?requestid=1180097 HTTP/1.1" 302 5 "-" "Mozilla/5.0 AppleWebKit/537.36 (KHTML, like Gecko; compatible; ClaudeBot/1.0; +claudebot@anthropic.com)"
216.73.217.5 - - [29/Aug/2026:03:15:47 +0000] "GET /ar/post-new-or-edit-request/?requestid=1187322 HTTP/1.1" 302 5 "-" "Mozilla/5.0 AppleWebKit/537.36 (KHTML, like Gecko; compatible; ClaudeBot/1.0; +claudebot@anthropic.com)"
216.73.217.5 - - [29/Aug/2026:03:15:49 +0000] "GET /ar/post-new-or-edit-request/ HTTP/1.1" 302 5 "https://wp.syrtalents.com/ar/post-new-or-edit-request/?requestid=1187322" "Mozilla/5.0 AppleWebKit/537.36 (KHTML, like Gecko; compatible; ClaudeBot/1.0; +claudebot@anthropic.com)"
216.73.217.5 - - [29/Aug/2026:03:15:50 +0000] "GET /ar/post-new-or-edit-request/ HTTP/1.1" 302 5 "https://wp.syrtalents.com/ar/post-new-or-edit-request/?requestid=1180097" "Mozilla/5.0 AppleWebKit/537.36 (KHTML, like Gecko; compatible; ClaudeBot/1.0; +claudebot@anthropic.com)"
216.73.217.5 - - [29/Aug/2026:03:15:53 +0000] "GET /ar/post-new-or-edit-request/?requestid=1195344 HTTP/1.1" 499 0 "https://wp.syrtalents.com/ar/post-new-or-edit-request/" "Mozilla/5.0 AppleWebKit/537.36 (KHTML, like Gecko; compatible; ClaudeBot/1.0; +claudebot@anthropic.com)"
216.73.217.5 - - [29/Aug/2026:03:15:54 +0000] "GET /ar/post-new-or-edit-request/?requestid=1195343 HTTP/1.1" 499 0 "https://wp.syrtalents.com/ar/post-new-or-edit-request/" "Mozilla/5.0 AppleWebKit/537.36 (KHTML, like Gecko; compatible; ClaudeBot/1.0; +claudebot@anthropic.com)"
216.73.217.5 - - [29/Aug/2026:03:15:54 +0000] "GET /ar/post-new-or-edit-request/?requestid=1187066 HTTP/1.1" 302 5 "-" "Mozilla/5.0 AppleWebKit/537.36 (KHTML, like Gecko; compatible; ClaudeBot/1.0; +claudebot@anthropic.com)"
216.73.217.5 - - [29/Aug/2026:03:15:54 +0000] "GET /ar/post-new-or-edit-request/?requestid=1190460 HTTP/1.1" 302 5 "-" "Mozilla/5.0 AppleWebKit/537.36 (KHTML, like Gecko; compatible; ClaudeBot/1.0; +claudebot@anthropic.com)"
216.73.217.5 - - [29/Aug/2026:03:15:56 +0000] "GET /ar/post-new-or-edit-request/ HTTP/1.1" 302 5 "https://wp.syrtalents.com/ar/post-new-or-edit-request/?requestid=1190460" "Mozilla/5.0 AppleWebKit/537.36 (KHTML, like Gecko; compatible; ClaudeBot/1.0; +claudebot@anthropic.com)"
216.73.217.5 - - [29/Aug/2026:03:15:57 +0000] "GET /ar/post-new-or-edit-request/ HTTP/1.1" 302 5 "https://wp.syrtalents.com/ar/post-new-or-edit-request/?requestid=1187066" "Mozilla/5.0 AppleWebKit/537.36 (KHTML, like Gecko; compatible; ClaudeBot/1.0; +claudebot@anthropic.com)"
216.73.217.5 - - [29/Aug/2026:03:16:00 +0000] "GET /ar/post-new-or-edit-request/?requestid=1195345 HTTP/1.1" 200 37828 "https://wp.syrtalents.com/ar/post-new-or-edit-request/" "Mozilla/5.0 AppleWebKit/537.36 (KHTML, like Gecko; compatible; ClaudeBot/1.0; +claudebot@anthropic.com)"
216.73.217.5 - - [29/Aug/2026:03:16:01 +0000] "GET /ar/post-new-or-edit-request/?requestid=1195346 HTTP/1.1" 499 0 "https://wp.syrtalents.com/ar/post-new-or-edit-request/" "Mozilla/5.0 AppleWebKit/537.36 (KHTML, like Gecko; compatible; ClaudeBot/1.0; +claudebot@anthropic.com)"
216.73.217.5 - - [29/Aug/2026:03:16:08 +0000] "GET /ar/post-new-or-edit-request/?requestid=1193875 HTTP/1.1" 302 5 "-" "Mozilla/5.0 AppleWebKit/537.36 (KHTML, like Gecko; compatible; ClaudeBot/1.0; +claudebot@anthropic.com)"
216.73.217.5 - - [29/Aug/2026:03:16:09 +0000] "GET /post-new-or-edit-request/?requestid=1180907 HTTP/1.1" 302 5 "-" "Mozilla/5.0 AppleWebKit/537.36 (KHTML, like Gecko; compatible; ClaudeBot/1.0; +claudebot@anthropic.com)"
216.73.217.5 - - [29/Aug/2026:03:16:09 +0000] "GET /sitemap.xml HTTP/1.1" 200 372 "-" "Mozilla/5.0 AppleWebKit/537.36 (KHTML, like Gecko; compatible; ClaudeBot/1.0; +claudebot@anthropic.com)"
