216.73.216.14 - - [29/Aug/2026:04:07:07 +0000] "GET /ar/post-new-or-edit-request/?requestid=1195412 HTTP/1.1" 499 0 "https://wp.syrtalents.com/ar/post-new-or-edit-request/" "Mozilla/5.0 AppleWebKit/537.36 (KHTML, like Gecko; compatible; ClaudeBot/1.0; +claudebot@anthropic.com)"
216.73.216.14 - - [29/Aug/2026:04:07:13 +0000] "GET /ar/post-new-or-edit-request/?requestid=1188175 HTTP/1.1" 302 5 "-" "Mozilla/5.0 AppleWebKit/537.36 (KHTML, like Gecko; compatible; ClaudeBot/1.0; +claudebot@anthropic.com)"
216.73.216.14 - - [29/Aug/2026:04:07:17 +0000] "GET /ar/post-new-or-edit-request/ HTTP/1.1" 302 5 "https://wp.syrtalents.com/ar/post-new-or-edit-request/?requestid=1188175" "Mozilla/5.0 AppleWebKit/537.36 (KHTML, like Gecko; compatible; ClaudeBot/1.0; +claudebot@anthropic.com)"
216.73.216.14 - - [29/Aug/2026:04:07:21 +0000] "GET /ar/post-new-or-edit-request/?requestid=1195413 HTTP/1.1" 499 0 "https://wp.syrtalents.com/ar/post-new-or-edit-request/" "Mozilla/5.0 AppleWebKit/537.36 (KHTML, like Gecko; compatible; ClaudeBot/1.0; +claudebot@anthropic.com)"
72.167.149.90 - - [29/Aug/2026:04:07:21 +0000] "POST /wp-cron.php?doing_wp_cron=1787976440.8780529499053955078125 HTTP/1.1" 499 0 "-" "WordPress/7.1; https://wp.syrtalents.com/ar"
72.167.149.90 - - [29/Aug/2026:04:07:36 +0000] "POST /wp-cron.php?doing_wp_cron=1787976455.0134990215301513671875 HTTP/1.1" 499 0 "-" "WordPress/7.1; https://wp.syrtalents.com/ar"
216.73.216.14 - - [29/Aug/2026:04:07:36 +0000] "GET /ar/post-new-or-edit-request/?requestid=1192292 HTTP/1.1" 302 5 "-" "Mozilla/5.0 AppleWebKit/537.36 (KHTML, like Gecko; compatible; ClaudeBot/1.0; +claudebot@anthropic.com)"
216.73.216.14 - - [29/Aug/2026:04:07:38 +0000] "GET /ar/post-new-or-edit-request/ HTTP/1.1" 302 5 "https://wp.syrtalents.com/ar/post-new-or-edit-request/?requestid=1192292" "Mozilla/5.0 AppleWebKit/537.36 (KHTML, like Gecko; compatible; ClaudeBot/1.0; +claudebot@anthropic.com)"
216.73.216.14 - - [29/Aug/2026:04:07:41 +0000] "GET /ar/post-new-or-edit-request/?requestid=1195414 HTTP/1.1" 499 0 "https://wp.syrtalents.com/ar/post-new-or-edit-request/" "Mozilla/5.0 AppleWebKit/537.36 (KHTML, like Gecko; compatible; ClaudeBot/1.0; +claudebot@anthropic.com)"
72.167.149.90 - - [29/Aug/2026:04:07:59 +0000] "POST /wp-cron.php?doing_wp_cron=1787976478.2338469028472900390625 HTTP/1.1" 499 0 "-" "WordPress/7.1; https://wp.syrtalents.com"
216.73.216.14 - - [29/Aug/2026:04:07:59 +0000] "GET /post-new-or-edit-request/?requestid=1181520 HTTP/1.1" 302 5 "-" "Mozilla/5.0 AppleWebKit/537.36 (KHTML, like Gecko; compatible; ClaudeBot/1.0; +claudebot@anthropic.com)"
216.73.216.14 - - [29/Aug/2026:04:08:02 +0000] "GET /post-new-or-edit-request/?requestid=1195414 HTTP/1.1" 200 35241 "https://wp.syrtalents.com/post-new-or-edit-request/?requestid=1181520" "Mozilla/5.0 AppleWebKit/537.36 (KHTML, like Gecko; compatible; ClaudeBot/1.0; +claudebot@anthropic.com)"
220.181.108.155 - - [29/Aug/2026:04:08:14 +0000] "GET /post-new-or-edit-request/?requestid=1171333 HTTP/1.1" 302 5 "-" "Mozilla/5.0 (compatible; Baiduspider/2.0; +http://www.baidu.com/search/spider.html)"
220.181.108.165 - - [29/Aug/2026:04:08:17 +0000] "GET /post-new-or-edit-request/ HTTP/1.1" 302 5 "-" "Mozilla/5.0 (compatible; Baiduspider/2.0; +http://www.baidu.com/search/spider.html)"
220.181.108.110 - - [29/Aug/2026:04:08:21 +0000] "GET /post-new-or-edit-request/?requestid=1195415 HTTP/1.1" 200 35241 "-" "Mozilla/5.0 (compatible; Baiduspider/2.0; +http://www.baidu.com/search/spider.html)"
216.73.216.14 - - [29/Aug/2026:04:08:22 +0000] "GET /post-new-or-edit-request/?requestid=1184260 HTTP/1.1" 302 5 "-" "Mozilla/5.0 AppleWebKit/537.36 (KHTML, like Gecko; compatible; ClaudeBot/1.0; +claudebot@anthropic.com)"
216.73.216.14 - - [29/Aug/2026:04:08:25 +0000] "GET /post-new-or-edit-request/?requestid=1195414 HTTP/1.1" 200 35242 "https://wp.syrtalents.com/post-new-or-edit-request/?requestid=1184260" "Mozilla/5.0 AppleWebKit/537.36 (KHTML, like Gecko; compatible; ClaudeBot/1.0; +claudebot@anthropic.com)"
116.179.37.198 - - [29/Aug/2026:04:08:36 +0000] "POST /wp-admin/admin-ajax.php?action=un_config_get HTTP/1.1" 200 971 "https://wp.syrtalents.com/post-new-or-edit-request/?requestid=1195415" "Mozilla/5.0 (compatible; Baiduspider-render/2.0; +http://www.baidu.com/search/spider.html)"
216.73.216.14 - - [29/Aug/2026:04:08:46 +0000] "GET /post-new-or-edit-request/?requestid=1187087 HTTP/1.1" 302 5 "-" "Mozilla/5.0 AppleWebKit/537.36 (KHTML, like Gecko; compatible; ClaudeBot/1.0; +claudebot@anthropic.com)"
216.73.216.14 - - [29/Aug/2026:04:08:50 +0000] "GET /post-new-or-edit-request/?requestid=1195414 HTTP/1.1" 200 35241 "https://wp.syrtalents.com/post-new-or-edit-request/?requestid=1187087" "Mozilla/5.0 AppleWebKit/537.36 (KHTML, like Gecko; compatible; ClaudeBot/1.0; +claudebot@anthropic.com)"
72.167.149.90 - - [29/Aug/2026:04:11:55 +0000] "POST /wp-cron.php?doing_wp_cron=1787976714.9254910945892333984375 HTTP/1.1" 499 0 "-" "WordPress/7.1; https://wp.syrtalents.com"
216.73.216.245 - - [29/Aug/2026:04:11:56 +0000] "GET /post-new-or-edit-request/?requestid=1194697 HTTP/1.1" 302 5 "-" "Mozilla/5.0 AppleWebKit/537.36 (KHTML, like Gecko; compatible; ClaudeBot/1.0; +claudebot@anthropic.com)"
216.73.216.245 - - [29/Aug/2026:04:11:57 +0000] "GET /post-new-or-edit-request/ HTTP/1.1" 302 5 "https://wp.syrtalents.com/post-new-or-edit-request/?requestid=1194697" "Mozilla/5.0 AppleWebKit/537.36 (KHTML, like Gecko; compatible; ClaudeBot/1.0; +claudebot@anthropic.com)"
216.73.216.245 - - [29/Aug/2026:04:12:01 +0000] "GET /post-new-or-edit-request/?requestid=1195416 HTTP/1.1" 200 35243 "https://wp.syrtalents.com/post-new-or-edit-request/" "Mozilla/5.0 AppleWebKit/537.36 (KHTML, like Gecko; compatible; ClaudeBot/1.0; +claudebot@anthropic.com)"
216.73.216.245 - - [29/Aug/2026:04:12:18 +0000] "GET /post-new-or-edit-request/?requestid=1191997 HTTP/1.1" 302 5 "-" "Mozilla/5.0 AppleWebKit/537.36 (KHTML, like Gecko; compatible; ClaudeBot/1.0; +claudebot@anthropic.com)"
216.73.216.245 - - [29/Aug/2026:04:12:22 +0000] "GET /post-new-or-edit-request/?requestid=1195416 HTTP/1.1" 200 35241 "https://wp.syrtalents.com/post-new-or-edit-request/?requestid=1191997" "Mozilla/5.0 AppleWebKit/537.36 (KHTML, like Gecko; compatible; ClaudeBot/1.0; +claudebot@anthropic.com)"
216.73.216.245 - - [29/Aug/2026:04:12:24 +0000] "GET /post-new-or-edit-request/?requestid=1193494 HTTP/1.1" 302 5 "-" "Mozilla/5.0 AppleWebKit/537.36 (KHTML, like Gecko; compatible; ClaudeBot/1.0; +claudebot@anthropic.com)"
216.73.216.245 - - [29/Aug/2026:04:12:26 +0000] "GET /post-new-or-edit-request/ HTTP/1.1" 302 5 "https://wp.syrtalents.com/post-new-or-edit-request/?requestid=1193494" "Mozilla/5.0 AppleWebKit/537.36 (KHTML, like Gecko; compatible; ClaudeBot/1.0; +claudebot@anthropic.com)"
216.73.216.245 - - [29/Aug/2026:04:12:29 +0000] "GET /post-new-or-edit-request/?requestid=1195417 HTTP/1.1" 200 35242 "https://wp.syrtalents.com/post-new-or-edit-request/" "Mozilla/5.0 AppleWebKit/537.36 (KHTML, like Gecko; compatible; ClaudeBot/1.0; +claudebot@anthropic.com)"
216.73.216.245 - - [29/Aug/2026:04:12:35 +0000] "GET /post-new-or-edit-request/?requestid=1191715 HTTP/1.1" 302 5 "-" "Mozilla/5.0 AppleWebKit/537.36 (KHTML, like Gecko; compatible; ClaudeBot/1.0; +claudebot@anthropic.com)"
216.73.216.245 - - [29/Aug/2026:04:12:37 +0000] "GET /post-new-or-edit-request/ HTTP/1.1" 302 5 "https://wp.syrtalents.com/post-new-or-edit-request/?requestid=1191715" "Mozilla/5.0 AppleWebKit/537.36 (KHTML, like Gecko; compatible; ClaudeBot/1.0; +claudebot@anthropic.com)"
216.73.216.245 - - [29/Aug/2026:04:12:40 +0000] "GET /post-new-or-edit-request/?requestid=1195418 HTTP/1.1" 200 35241 "https://wp.syrtalents.com/post-new-or-edit-request/" "Mozilla/5.0 AppleWebKit/537.36 (KHTML, like Gecko; compatible; ClaudeBot/1.0; +claudebot@anthropic.com)"
72.167.149.90 - - [29/Aug/2026:04:13:00 +0000] "POST /wp-cron.php?doing_wp_cron=1787976779.1073129177093505859375 HTTP/1.1" 499 0 "-" "WordPress/7.1; https://wp.syrtalents.com"
216.73.216.245 - - [29/Aug/2026:04:13:00 +0000] "GET /post-new-or-edit-request/?requestid=1195399 HTTP/1.1" 302 5 "-" "Mozilla/5.0 AppleWebKit/537.36 (KHTML, like Gecko; compatible; ClaudeBot/1.0; +claudebot@anthropic.com)"
216.73.216.245 - - [29/Aug/2026:04:13:05 +0000] "GET /post-new-or-edit-request/?requestid=1195418 HTTP/1.1" 200 35240 "https://wp.syrtalents.com/post-new-or-edit-request/?requestid=1195399" "Mozilla/5.0 AppleWebKit/537.36 (KHTML, like Gecko; compatible; ClaudeBot/1.0; +claudebot@anthropic.com)"
216.73.216.245 - - [29/Aug/2026:04:13:06 +0000] "GET /ar/post-new-or-edit-request/?requestid=1187448 HTTP/1.1" 302 5 "-" "Mozilla/5.0 AppleWebKit/537.36 (KHTML, like Gecko; compatible; ClaudeBot/1.0; +claudebot@anthropic.com)"
216.73.216.245 - - [29/Aug/2026:04:13:09 +0000] "GET /ar/post-new-or-edit-request/ HTTP/1.1" 302 5 "https://wp.syrtalents.com/ar/post-new-or-edit-request/?requestid=1187448" "Mozilla/5.0 AppleWebKit/537.36 (KHTML, like Gecko; compatible; ClaudeBot/1.0; +claudebot@anthropic.com)"
216.73.216.245 - - [29/Aug/2026:04:13:10 +0000] "GET /ar/post-new-or-edit-request/?requestid=1194039 HTTP/1.1" 302 5 "-" "Mozilla/5.0 AppleWebKit/537.36 (KHTML, like Gecko; compatible; ClaudeBot/1.0; +claudebot@anthropic.com)"
216.73.216.245 - - [29/Aug/2026:04:13:12 +0000] "GET /ar/post-new-or-edit-request/?requestid=1195419 HTTP/1.1" 499 0 "https://wp.syrtalents.com/ar/post-new-or-edit-request/" "Mozilla/5.0 AppleWebKit/537.36 (KHTML, like Gecko; compatible; ClaudeBot/1.0; +claudebot@anthropic.com)"
216.73.216.245 - - [29/Aug/2026:04:13:13 +0000] "GET /ar/post-new-or-edit-request/ HTTP/1.1" 302 5 "https://wp.syrtalents.com/ar/post-new-or-edit-request/?requestid=1194039" "Mozilla/5.0 AppleWebKit/537.36 (KHTML, like Gecko; compatible; ClaudeBot/1.0; +claudebot@anthropic.com)"
216.73.216.245 - - [29/Aug/2026:04:13:16 +0000] "GET /ar/post-new-or-edit-request/?requestid=1195420 HTTP/1.1" 200 37829 "https://wp.syrtalents.com/ar/post-new-or-edit-request/" "Mozilla/5.0 AppleWebKit/537.36 (KHTML, like Gecko; compatible; ClaudeBot/1.0; +claudebot@anthropic.com)"
216.73.216.245 - - [29/Aug/2026:04:13:33 +0000] "GET /ar/post-new-or-edit-request/?requestid=1194768 HTTP/1.1" 302 5 "-" "Mozilla/5.0 AppleWebKit/537.36 (KHTML, like Gecko; compatible; ClaudeBot/1.0; +claudebot@anthropic.com)"
216.73.216.245 - - [29/Aug/2026:04:13:41 +0000] "GET /ar/post-new-or-edit-request/?requestid=1195420 HTTP/1.1" 499 0 "https://wp.syrtalents.com/ar/post-new-or-edit-request/?requestid=1194768" "Mozilla/5.0 AppleWebKit/537.36 (KHTML, like Gecko; compatible; ClaudeBot/1.0; +claudebot@anthropic.com)"
216.73.216.245 - - [29/Aug/2026:04:13:42 +0000] "GET /ar/post-new-or-edit-request/?requestid=1185260 HTTP/1.1" 302 5 "-" "Mozilla/5.0 AppleWebKit/537.36 (KHTML, like Gecko; compatible; ClaudeBot/1.0; +claudebot@anthropic.com)"
216.73.216.245 - - [29/Aug/2026:04:13:45 +0000] "GET /ar/post-new-or-edit-request/ HTTP/1.1" 302 5 "https://wp.syrtalents.com/ar/post-new-or-edit-request/?requestid=1185260" "Mozilla/5.0 AppleWebKit/537.36 (KHTML, like Gecko; compatible; ClaudeBot/1.0; +claudebot@anthropic.com)"
216.73.216.245 - - [29/Aug/2026:04:13:48 +0000] "GET /ar/post-new-or-edit-request/?requestid=1195421 HTTP/1.1" 499 0 "https://wp.syrtalents.com/ar/post-new-or-edit-request/" "Mozilla/5.0 AppleWebKit/537.36 (KHTML, like Gecko; compatible; ClaudeBot/1.0; +claudebot@anthropic.com)"
216.73.216.245 - - [29/Aug/2026:04:13:54 +0000] "GET /ar/post-new-or-edit-request/?requestid=1193862 HTTP/1.1" 302 5 "-" "Mozilla/5.0 AppleWebKit/537.36 (KHTML, like Gecko; compatible; ClaudeBot/1.0; +claudebot@anthropic.com)"
216.73.216.245 - - [29/Aug/2026:04:13:57 +0000] "GET /ar/post-new-or-edit-request/ HTTP/1.1" 302 5 "https://wp.syrtalents.com/ar/post-new-or-edit-request/?requestid=1193862" "Mozilla/5.0 AppleWebKit/537.36 (KHTML, like Gecko; compatible; ClaudeBot/1.0; +claudebot@anthropic.com)"
216.73.216.245 - - [29/Aug/2026:04:14:01 +0000] "GET /ar/post-new-or-edit-request/?requestid=1195422 HTTP/1.1" 499 0 "https://wp.syrtalents.com/ar/post-new-or-edit-request/" "Mozilla/5.0 AppleWebKit/537.36 (KHTML, like Gecko; compatible; ClaudeBot/1.0; +claudebot@anthropic.com)"
216.73.216.245 - - [29/Aug/2026:04:14:14 +0000] "GET /post-new-or-edit-request/?requestid=1175868 HTTP/1.1" 302 5 "-" "Mozilla/5.0 AppleWebKit/537.36 (KHTML, like Gecko; compatible; ClaudeBot/1.0; +claudebot@anthropic.com)"
216.73.216.245 - - [29/Aug/2026:04:14:16 +0000] "GET /post-new-or-edit-request/ HTTP/1.1" 302 5 "https://wp.syrtalents.com/post-new-or-edit-request/?requestid=1175868" "Mozilla/5.0 AppleWebKit/537.36 (KHTML, like Gecko; compatible; ClaudeBot/1.0; +claudebot@anthropic.com)"
216.73.216.245 - - [29/Aug/2026:04:14:19 +0000] "GET /post-new-or-edit-request/?requestid=1195423 HTTP/1.1" 200 35240 "https://wp.syrtalents.com/post-new-or-edit-request/" "Mozilla/5.0 AppleWebKit/537.36 (KHTML, like Gecko; compatible; ClaudeBot/1.0; +claudebot@anthropic.com)"
216.73.216.245 - - [29/Aug/2026:04:14:32 +0000] "GET /post-new-or-edit-request/?requestid=1187073 HTTP/1.1" 302 5 "-" "Mozilla/5.0 AppleWebKit/537.36 (KHTML, like Gecko; compatible; ClaudeBot/1.0; +claudebot@anthropic.com)"
216.73.216.245 - - [29/Aug/2026:04:14:34 +0000] "GET /post-new-or-edit-request/ HTTP/1.1" 302 5 "https://wp.syrtalents.com/post-new-or-edit-request/?requestid=1187073" "Mozilla/5.0 AppleWebKit/537.36 (KHTML, like Gecko; compatible; ClaudeBot/1.0; +claudebot@anthropic.com)"
216.73.216.245 - - [29/Aug/2026:04:14:37 +0000] "GET /post-new-or-edit-request/?requestid=1195424 HTTP/1.1" 200 35241 "https://wp.syrtalents.com/post-new-or-edit-request/" "Mozilla/5.0 AppleWebKit/537.36 (KHTML, like Gecko; compatible; ClaudeBot/1.0; +claudebot@anthropic.com)"
216.73.216.245 - - [29/Aug/2026:04:14:51 +0000] "GET /post-new-or-edit-request/?requestid=1191606 HTTP/1.1" 302 5 "-" "Mozilla/5.0 AppleWebKit/537.36 (KHTML, like Gecko; compatible; ClaudeBot/1.0; +claudebot@anthropic.com)"
216.73.216.245 - - [29/Aug/2026:04:14:54 +0000] "GET /post-new-or-edit-request/ HTTP/1.1" 302 5 "https://wp.syrtalents.com/post-new-or-edit-request/?requestid=1191606" "Mozilla/5.0 AppleWebKit/537.36 (KHTML, like Gecko; compatible; ClaudeBot/1.0; +claudebot@anthropic.com)"
216.73.216.245 - - [29/Aug/2026:04:14:57 +0000] "GET /post-new-or-edit-request/?requestid=1195425 HTTP/1.1" 200 35242 "https://wp.syrtalents.com/post-new-or-edit-request/" "Mozilla/5.0 AppleWebKit/537.36 (KHTML, like Gecko; compatible; ClaudeBot/1.0; +claudebot@anthropic.com)"
216.73.216.245 - - [29/Aug/2026:04:15:15 +0000] "GET /post-new-or-edit-request/?requestid=1190291 HTTP/1.1" 302 5 "-" "Mozilla/5.0 AppleWebKit/537.36 (KHTML, like Gecko; compatible; ClaudeBot/1.0; +claudebot@anthropic.com)"
216.73.216.245 - - [29/Aug/2026:04:15:17 +0000] "GET /post-new-or-edit-request/?requestid=1195425 HTTP/1.1" 200 35245 "https://wp.syrtalents.com/post-new-or-edit-request/?requestid=1190291" "Mozilla/5.0 AppleWebKit/537.36 (KHTML, like Gecko; compatible; ClaudeBot/1.0; +claudebot@anthropic.com)"
216.73.216.245 - - [29/Aug/2026:04:15:41 +0000] "GET /post-new-or-edit-request/?requestid=1190644 HTTP/1.1" 302 5 "-" "Mozilla/5.0 AppleWebKit/537.36 (KHTML, like Gecko; compatible; ClaudeBot/1.0; +claudebot@anthropic.com)"
216.73.216.245 - - [29/Aug/2026:04:15:44 +0000] "GET /post-new-or-edit-request/?requestid=1195425 HTTP/1.1" 200 35241 "https://wp.syrtalents.com/post-new-or-edit-request/?requestid=1190644" "Mozilla/5.0 AppleWebKit/537.36 (KHTML, like Gecko; compatible; ClaudeBot/1.0; +claudebot@anthropic.com)"
72.167.149.90 - - [29/Aug/2026:04:18:29 +0000] "POST /wp-cron.php?doing_wp_cron=1787977108.5938620567321777343750 HTTP/1.1" 499 0 "-" "WordPress/7.1; https://wp.syrtalents.com"
216.73.217.146 - - [29/Aug/2026:04:18:29 +0000] "GET /post-new-or-edit-request/?requestid=1190792 HTTP/1.1" 302 5 "-" "Mozilla/5.0 AppleWebKit/537.36 (KHTML, like Gecko; compatible; ClaudeBot/1.0; +claudebot@anthropic.com)"
216.73.217.146 - - [29/Aug/2026:04:18:32 +0000] "GET /post-new-or-edit-request/ HTTP/1.1" 302 5 "https://wp.syrtalents.com/post-new-or-edit-request/?requestid=1190792" "Mozilla/5.0 AppleWebKit/537.36 (KHTML, like Gecko; compatible; ClaudeBot/1.0; +claudebot@anthropic.com)"
216.73.217.146 - - [29/Aug/2026:04:18:36 +0000] "GET /post-new-or-edit-request/?requestid=1195426 HTTP/1.1" 200 35242 "https://wp.syrtalents.com/post-new-or-edit-request/" "Mozilla/5.0 AppleWebKit/537.36 (KHTML, like Gecko; compatible; ClaudeBot/1.0; +claudebot@anthropic.com)"
216.73.217.146 - - [29/Aug/2026:04:18:53 +0000] "GET /post-new-or-edit-request/?requestid=1191256 HTTP/1.1" 302 5 "-" "Mozilla/5.0 AppleWebKit/537.36 (KHTML, like Gecko; compatible; ClaudeBot/1.0; +claudebot@anthropic.com)"
216.73.217.146 - - [29/Aug/2026:04:18:58 +0000] "GET /post-new-or-edit-request/?requestid=1195426 HTTP/1.1" 200 35242 "https://wp.syrtalents.com/post-new-or-edit-request/?requestid=1191256" "Mozilla/5.0 AppleWebKit/537.36 (KHTML, like Gecko; compatible; ClaudeBot/1.0; +claudebot@anthropic.com)"
216.73.217.146 - - [29/Aug/2026:04:18:59 +0000] "GET /post-new-or-edit-request/?requestid=1191055 HTTP/1.1" 302 5 "-" "Mozilla/5.0 AppleWebKit/537.36 (KHTML, like Gecko; compatible; ClaudeBot/1.0; +claudebot@anthropic.com)"
216.73.217.146 - - [29/Aug/2026:04:19:02 +0000] "GET /post-new-or-edit-request/?requestid=1192353 HTTP/1.1" 302 5 "-" "Mozilla/5.0 AppleWebKit/537.36 (KHTML, like Gecko; compatible; ClaudeBot/1.0; +claudebot@anthropic.com)"
216.73.217.146 - - [29/Aug/2026:04:19:03 +0000] "GET /post-new-or-edit-request/ HTTP/1.1" 302 5 "https://wp.syrtalents.com/post-new-or-edit-request/?requestid=1191055" "Mozilla/5.0 AppleWebKit/537.36 (KHTML, like Gecko; compatible; ClaudeBot/1.0; +claudebot@anthropic.com)"
216.73.217.146 - - [29/Aug/2026:04:19:05 +0000] "GET /post-new-or-edit-request/ HTTP/1.1" 302 5 "https://wp.syrtalents.com/post-new-or-edit-request/?requestid=1192353" "Mozilla/5.0 AppleWebKit/537.36 (KHTML, like Gecko; compatible; ClaudeBot/1.0; +claudebot@anthropic.com)"
216.73.217.146 - - [29/Aug/2026:04:19:06 +0000] "GET /post-new-or-edit-request/?requestid=1195427 HTTP/1.1" 499 0 "https://wp.syrtalents.com/post-new-or-edit-request/" "Mozilla/5.0 AppleWebKit/537.36 (KHTML, like Gecko; compatible; ClaudeBot/1.0; +claudebot@anthropic.com)"
216.73.217.146 - - [29/Aug/2026:04:19:09 +0000] "GET /post-new-or-edit-request/?requestid=1195428 HTTP/1.1" 499 0 "https://wp.syrtalents.com/post-new-or-edit-request/" "Mozilla/5.0 AppleWebKit/537.36 (KHTML, like Gecko; compatible; ClaudeBot/1.0; +claudebot@anthropic.com)"
216.73.217.146 - - [29/Aug/2026:04:19:25 +0000] "GET /post-new-or-edit-request/?requestid=1190564 HTTP/1.1" 302 5 "-" "Mozilla/5.0 AppleWebKit/537.36 (KHTML, like Gecko; compatible; ClaudeBot/1.0; +claudebot@anthropic.com)"
216.73.217.146 - - [29/Aug/2026:04:19:28 +0000] "GET /post-new-or-edit-request/?requestid=1195428 HTTP/1.1" 200 35242 "https://wp.syrtalents.com/post-new-or-edit-request/?requestid=1190564" "Mozilla/5.0 AppleWebKit/537.36 (KHTML, like Gecko; compatible; ClaudeBot/1.0; +claudebot@anthropic.com)"
216.73.217.146 - - [29/Aug/2026:04:19:31 +0000] "GET /post-new-or-edit-request/?requestid=1186423 HTTP/1.1" 302 5 "-" "Mozilla/5.0 AppleWebKit/537.36 (KHTML, like Gecko; compatible; ClaudeBot/1.0; +claudebot@anthropic.com)"
216.73.217.146 - - [29/Aug/2026:04:19:34 +0000] "GET /post-new-or-edit-request/ HTTP/1.1" 302 5 "https://wp.syrtalents.com/post-new-or-edit-request/?requestid=1186423" "Mozilla/5.0 AppleWebKit/537.36 (KHTML, like Gecko; compatible; ClaudeBot/1.0; +claudebot@anthropic.com)"
216.73.217.146 - - [29/Aug/2026:04:19:37 +0000] "GET /post-new-or-edit-request/?requestid=1195429 HTTP/1.1" 200 35241 "https://wp.syrtalents.com/post-new-or-edit-request/" "Mozilla/5.0 AppleWebKit/537.36 (KHTML, like Gecko; compatible; ClaudeBot/1.0; +claudebot@anthropic.com)"
216.73.217.146 - - [29/Aug/2026:04:19:40 +0000] "GET /post-new-or-edit-request/?requestid=1192150 HTTP/1.1" 302 5 "-" "Mozilla/5.0 AppleWebKit/537.36 (KHTML, like Gecko; compatible; ClaudeBot/1.0; +claudebot@anthropic.com)"
216.73.217.146 - - [29/Aug/2026:04:19:42 +0000] "GET /post-new-or-edit-request/ HTTP/1.1" 302 5 "https://wp.syrtalents.com/post-new-or-edit-request/?requestid=1192150" "Mozilla/5.0 AppleWebKit/537.36 (KHTML, like Gecko; compatible; ClaudeBot/1.0; +claudebot@anthropic.com)"
216.73.217.146 - - [29/Aug/2026:04:19:43 +0000] "GET /ar/post-new-or-edit-request/?requestid=1194615 HTTP/1.1" 302 5 "-" "Mozilla/5.0 AppleWebKit/537.36 (KHTML, like Gecko; compatible; ClaudeBot/1.0; +claudebot@anthropic.com)"
216.73.217.146 - - [29/Aug/2026:04:19:45 +0000] "GET /post-new-or-edit-request/?requestid=1195430 HTTP/1.1" 200 35241 "https://wp.syrtalents.com/post-new-or-edit-request/" "Mozilla/5.0 AppleWebKit/537.36 (KHTML, like Gecko; compatible; ClaudeBot/1.0; +claudebot@anthropic.com)"
216.73.217.146 - - [29/Aug/2026:04:19:45 +0000] "GET /ar/post-new-or-edit-request/ HTTP/1.1" 302 5 "https://wp.syrtalents.com/ar/post-new-or-edit-request/?requestid=1194615" "Mozilla/5.0 AppleWebKit/537.36 (KHTML, like Gecko; compatible; ClaudeBot/1.0; +claudebot@anthropic.com)"
216.73.217.146 - - [29/Aug/2026:04:19:48 +0000] "GET /ar/post-new-or-edit-request/?requestid=1195431 HTTP/1.1" 200 37824 "https://wp.syrtalents.com/ar/post-new-or-edit-request/" "Mozilla/5.0 AppleWebKit/537.36 (KHTML, like Gecko; compatible; ClaudeBot/1.0; +claudebot@anthropic.com)"
216.73.217.146 - - [29/Aug/2026:04:20:02 +0000] "GET /ar/post-new-or-edit-request/?requestid=1189556 HTTP/1.1" 302 5 "-" "Mozilla/5.0 AppleWebKit/537.36 (KHTML, like Gecko; compatible; ClaudeBot/1.0; +claudebot@anthropic.com)"
72.167.149.90 - - [29/Aug/2026:04:20:06 +0000] "POST /wp-cron.php?doing_wp_cron=1787977205.5241999626159667968750 HTTP/1.1" 499 0 "-" "WordPress/7.1; https://wp.syrtalents.com/ar"
216.73.217.146 - - [29/Aug/2026:04:20:06 +0000] "GET /ar/post-new-or-edit-request/ HTTP/1.1" 302 5 "https://wp.syrtalents.com/ar/post-new-or-edit-request/?requestid=1189556" "Mozilla/5.0 AppleWebKit/537.36 (KHTML, like Gecko; compatible; ClaudeBot/1.0; +claudebot@anthropic.com)"
216.73.217.146 - - [29/Aug/2026:04:20:09 +0000] "GET /ar/post-new-or-edit-request/?requestid=1195432 HTTP/1.1" 499 0 "https://wp.syrtalents.com/ar/post-new-or-edit-request/" "Mozilla/5.0 AppleWebKit/537.36 (KHTML, like Gecko; compatible; ClaudeBot/1.0; +claudebot@anthropic.com)"
216.73.217.146 - - [29/Aug/2026:04:20:21 +0000] "GET /ar/post-new-or-edit-request/?requestid=1191647 HTTP/1.1" 302 5 "-" "Mozilla/5.0 AppleWebKit/537.36 (KHTML, like Gecko; compatible; ClaudeBot/1.0; +claudebot@anthropic.com)"
216.73.217.146 - - [29/Aug/2026:04:20:23 +0000] "GET /ar/post-new-or-edit-request/ HTTP/1.1" 302 5 "https://wp.syrtalents.com/ar/post-new-or-edit-request/?requestid=1191647" "Mozilla/5.0 AppleWebKit/537.36 (KHTML, like Gecko; compatible; ClaudeBot/1.0; +claudebot@anthropic.com)"
216.73.217.146 - - [29/Aug/2026:04:20:26 +0000] "GET /ar/post-new-or-edit-request/?requestid=1195433 HTTP/1.1" 200 37828 "https://wp.syrtalents.com/ar/post-new-or-edit-request/" "Mozilla/5.0 AppleWebKit/537.36 (KHTML, like Gecko; compatible; ClaudeBot/1.0; +claudebot@anthropic.com)"
216.73.217.146 - - [29/Aug/2026:04:20:45 +0000] "GET /ar/post-new-or-edit-request/?requestid=1192769 HTTP/1.1" 302 5 "-" "Mozilla/5.0 AppleWebKit/537.36 (KHTML, like Gecko; compatible; ClaudeBot/1.0; +claudebot@anthropic.com)"
216.73.217.146 - - [29/Aug/2026:04:20:50 +0000] "GET /ar/post-new-or-edit-request/?requestid=1195433 HTTP/1.1" 200 37829 "https://wp.syrtalents.com/ar/post-new-or-edit-request/?requestid=1192769" "Mozilla/5.0 AppleWebKit/537.36 (KHTML, like Gecko; compatible; ClaudeBot/1.0; +claudebot@anthropic.com)"
216.73.217.146 - - [29/Aug/2026:04:20:52 +0000] "GET /post-new-or-edit-request/?requestid=1181454 HTTP/1.1" 302 5 "-" "Mozilla/5.0 AppleWebKit/537.36 (KHTML, like Gecko; compatible; ClaudeBot/1.0; +claudebot@anthropic.com)"
216.73.217.146 - - [29/Aug/2026:04:20:55 +0000] "GET /post-new-or-edit-request/ HTTP/1.1" 302 5 "https://wp.syrtalents.com/post-new-or-edit-request/?requestid=1181454" "Mozilla/5.0 AppleWebKit/537.36 (KHTML, like Gecko; compatible; ClaudeBot/1.0; +claudebot@anthropic.com)"
216.73.217.146 - - [29/Aug/2026:04:20:59 +0000] "GET /post-new-or-edit-request/?requestid=1195434 HTTP/1.1" 499 0 "https://wp.syrtalents.com/post-new-or-edit-request/" "Mozilla/5.0 AppleWebKit/537.36 (KHTML, like Gecko; compatible; ClaudeBot/1.0; +claudebot@anthropic.com)"
216.73.217.146 - - [29/Aug/2026:04:21:04 +0000] "GET /ar/post-new-or-edit-request/?requestid=1190631 HTTP/1.1" 302 5 "-" "Mozilla/5.0 AppleWebKit/537.36 (KHTML, like Gecko; compatible; ClaudeBot/1.0; +claudebot@anthropic.com)"
216.73.217.146 - - [29/Aug/2026:04:21:07 +0000] "GET /ar/post-new-or-edit-request/ HTTP/1.1" 302 5 "https://wp.syrtalents.com/ar/post-new-or-edit-request/?requestid=1190631" "Mozilla/5.0 AppleWebKit/537.36 (KHTML, like Gecko; compatible; ClaudeBot/1.0; +claudebot@anthropic.com)"
216.73.217.146 - - [29/Aug/2026:04:21:10 +0000] "GET /ar/post-new-or-edit-request/?requestid=1195435 HTTP/1.1" 200 37828 "https://wp.syrtalents.com/ar/post-new-or-edit-request/" "Mozilla/5.0 AppleWebKit/537.36 (KHTML, like Gecko; compatible; ClaudeBot/1.0; +claudebot@anthropic.com)"
216.73.217.146 - - [29/Aug/2026:04:21:32 +0000] "GET /ar/post-new-or-edit-request/?requestid=1189928 HTTP/1.1" 302 5 "-" "Mozilla/5.0 AppleWebKit/537.36 (KHTML, like Gecko; compatible; ClaudeBot/1.0; +claudebot@anthropic.com)"
216.73.217.146 - - [29/Aug/2026:04:21:38 +0000] "GET /ar/post-new-or-edit-request/?requestid=1195433 HTTP/1.1" 200 37829 "https://wp.syrtalents.com/ar/post-new-or-edit-request/?requestid=1189928" "Mozilla/5.0 AppleWebKit/537.36 (KHTML, like Gecko; compatible; ClaudeBot/1.0; +claudebot@anthropic.com)"
54.83.180.239 - - [29/Aug/2026:04:21:51 +0000] "GET /ar/my-account/email-settings/ HTTP/1.1" 302 5 "-" "Mozilla/5.0 AppleWebKit/537.36 (KHTML, like Gecko; compatible; Amazonbot/0.1; +https://developer.amazon.com/support/amazonbot) Chrome/119.0.6045.214 Safari/537.36"
216.73.217.146 - - [29/Aug/2026:04:21:55 +0000] "GET /ar/post-new-or-edit-request/?requestid=1187986 HTTP/1.1" 302 5 "-" "Mozilla/5.0 AppleWebKit/537.36 (KHTML, like Gecko; compatible; ClaudeBot/1.0; +claudebot@anthropic.com)"
54.84.169.196 - - [29/Aug/2026:04:21:57 +0000] "GET /fake-page-78910/ HTTP/1.1" 404 28972 "-" "Mozilla/5.0 AppleWebKit/537.36 (KHTML, like Gecko; compatible; Amazonbot/0.1; +https://developer.amazon.com/support/amazonbot) Chrome/119.0.6045.214 Safari/537.36"
216.73.217.146 - - [29/Aug/2026:04:22:00 +0000] "GET /ar/post-new-or-edit-request/?requestid=1195433 HTTP/1.1" 200 37826 "https://wp.syrtalents.com/ar/post-new-or-edit-request/?requestid=1187986" "Mozilla/5.0 AppleWebKit/537.36 (KHTML, like Gecko; compatible; ClaudeBot/1.0; +claudebot@anthropic.com)"
18.215.77.19 - - [29/Aug/2026:04:22:02 +0000] "GET /how-to-avoid-common-mistakes-when-ordering-on-shababek/?page HTTP/1.1" 200 33712 "-" "Mozilla/5.0 AppleWebKit/537.36 (KHTML, like Gecko; compatible; Amazonbot/0.1; +https://developer.amazon.com/support/amazonbot) Chrome/119.0.6045.214 Safari/537.36"
34.206.212.24 - - [29/Aug/2026:04:22:06 +0000] "GET /fake-page-51046/ HTTP/1.1" 404 28973 "-" "Mozilla/5.0 AppleWebKit/537.36 (KHTML, like Gecko; compatible; Amazonbot/0.1; +https://developer.amazon.com/support/amazonbot) Chrome/119.0.6045.214 Safari/537.36"
72.167.149.90 - - [29/Aug/2026:04:25:10 +0000] "POST /wp-cron.php?doing_wp_cron=1787977509.0464251041412353515625 HTTP/1.1" 499 0 "-" "WordPress/7.1; https://wp.syrtalents.com"
216.73.216.115 - - [29/Aug/2026:04:25:10 +0000] "GET /post-new-or-edit-request/?requestid=1192452 HTTP/1.1" 302 5 "-" "Mozilla/5.0 AppleWebKit/537.36 (KHTML, like Gecko; compatible; ClaudeBot/1.0; +claudebot@anthropic.com)"
216.73.216.115 - - [29/Aug/2026:04:25:14 +0000] "GET /post-new-or-edit-request/ HTTP/1.1" 302 5 "https://wp.syrtalents.com/post-new-or-edit-request/?requestid=1192452" "Mozilla/5.0 AppleWebKit/537.36 (KHTML, like Gecko; compatible; ClaudeBot/1.0; +claudebot@anthropic.com)"
216.73.216.115 - - [29/Aug/2026:04:25:14 +0000] "GET /post-new-or-edit-request/?requestid=1195436 HTTP/1.1" 499 0 "https://wp.syrtalents.com/post-new-or-edit-request/" "Mozilla/5.0 AppleWebKit/537.36 (KHTML, like Gecko; compatible; ClaudeBot/1.0; +claudebot@anthropic.com)"
216.73.216.115 - - [29/Aug/2026:04:25:34 +0000] "GET /post-new-or-edit-request/?requestid=1190664 HTTP/1.1" 302 5 "-" "Mozilla/5.0 AppleWebKit/537.36 (KHTML, like Gecko; compatible; ClaudeBot/1.0; +claudebot@anthropic.com)"
216.73.216.115 - - [29/Aug/2026:04:25:38 +0000] "GET /post-new-or-edit-request/?requestid=1195436 HTTP/1.1" 200 35242 "https://wp.syrtalents.com/post-new-or-edit-request/?requestid=1190664" "Mozilla/5.0 AppleWebKit/537.36 (KHTML, like Gecko; compatible; ClaudeBot/1.0; +claudebot@anthropic.com)"
216.73.216.115 - - [29/Aug/2026:04:25:40 +0000] "GET /post-new-or-edit-request/?requestid=1190057 HTTP/1.1" 302 5 "-" "Mozilla/5.0 AppleWebKit/537.36 (KHTML, like Gecko; compatible; ClaudeBot/1.0; +claudebot@anthropic.com)"
216.73.216.115 - - [29/Aug/2026:04:25:40 +0000] "GET /ar/post-new-or-edit-request/?requestid=1190959 HTTP/1.1" 302 5 "-" "Mozilla/5.0 AppleWebKit/537.36 (KHTML, like Gecko; compatible; ClaudeBot/1.0; +claudebot@anthropic.com)"
216.73.216.115 - - [29/Aug/2026:04:25:42 +0000] "GET /ar/post-new-or-edit-request/ HTTP/1.1" 302 5 "https://wp.syrtalents.com/ar/post-new-or-edit-request/?requestid=1190959" "Mozilla/5.0 AppleWebKit/537.36 (KHTML, like Gecko; compatible; ClaudeBot/1.0; +claudebot@anthropic.com)"
216.73.216.115 - - [29/Aug/2026:04:25:42 +0000] "GET /post-new-or-edit-request/ HTTP/1.1" 302 5 "https://wp.syrtalents.com/post-new-or-edit-request/?requestid=1190057" "Mozilla/5.0 AppleWebKit/537.36 (KHTML, like Gecko; compatible; ClaudeBot/1.0; +claudebot@anthropic.com)"
216.73.216.115 - - [29/Aug/2026:04:25:44 +0000] "GET /ar/post-new-or-edit-request/?requestid=1195438 HTTP/1.1" 499 0 "https://wp.syrtalents.com/ar/post-new-or-edit-request/" "Mozilla/5.0 AppleWebKit/537.36 (KHTML, like Gecko; compatible; ClaudeBot/1.0; +claudebot@anthropic.com)"
216.73.216.115 - - [29/Aug/2026:04:25:45 +0000] "GET /post-new-or-edit-request/?requestid=1195437 HTTP/1.1" 499 0 "https://wp.syrtalents.com/post-new-or-edit-request/" "Mozilla/5.0 AppleWebKit/537.36 (KHTML, like Gecko; compatible; ClaudeBot/1.0; +claudebot@anthropic.com)"
216.73.216.115 - - [29/Aug/2026:04:25:51 +0000] "GET /post-new-or-edit-request/?requestid=1192359 HTTP/1.1" 302 5 "-" "Mozilla/5.0 AppleWebKit/537.36 (KHTML, like Gecko; compatible; ClaudeBot/1.0; +claudebot@anthropic.com)"
216.73.216.115 - - [29/Aug/2026:04:25:53 +0000] "GET /post-new-or-edit-request/?requestid=1191598 HTTP/1.1" 302 5 "-" "Mozilla/5.0 AppleWebKit/537.36 (KHTML, like Gecko; compatible; ClaudeBot/1.0; +claudebot@anthropic.com)"
216.73.216.115 - - [29/Aug/2026:04:25:54 +0000] "GET /post-new-or-edit-request/?requestid=1195437 HTTP/1.1" 499 0 "https://wp.syrtalents.com/post-new-or-edit-request/?requestid=1192359" "Mozilla/5.0 AppleWebKit/537.36 (KHTML, like Gecko; compatible; ClaudeBot/1.0; +claudebot@anthropic.com)"
216.73.216.115 - - [29/Aug/2026:04:25:55 +0000] "GET /post-new-or-edit-request/?requestid=1195437 HTTP/1.1" 499 0 "https://wp.syrtalents.com/post-new-or-edit-request/?requestid=1191598" "Mozilla/5.0 AppleWebKit/537.36 (KHTML, like Gecko; compatible; ClaudeBot/1.0; +claudebot@anthropic.com)"
216.73.216.115 - - [29/Aug/2026:04:26:04 +0000] "GET /post-new-or-edit-request/?requestid=1191623 HTTP/1.1" 302 5 "-" "Mozilla/5.0 AppleWebKit/537.36 (KHTML, like Gecko; compatible; ClaudeBot/1.0; +claudebot@anthropic.com)"
216.73.216.115 - - [29/Aug/2026:04:26:05 +0000] "GET /post-new-or-edit-request/?requestid=1195437 HTTP/1.1" 499 0 "https://wp.syrtalents.com/post-new-or-edit-request/?requestid=1191623" "Mozilla/5.0 AppleWebKit/537.36 (KHTML, like Gecko; compatible; ClaudeBot/1.0; +claudebot@anthropic.com)"
216.73.216.115 - - [29/Aug/2026:04:26:05 +0000] "GET /post-new-or-edit-request/?requestid=1191467 HTTP/1.1" 499 0 "-" "Mozilla/5.0 AppleWebKit/537.36 (KHTML, like Gecko; compatible; ClaudeBot/1.0; +claudebot@anthropic.com)"
216.73.216.115 - - [29/Aug/2026:04:26:09 +0000] "GET /post-new-or-edit-request/?requestid=1193429 HTTP/1.1" 302 5 "-" "Mozilla/5.0 AppleWebKit/537.36 (KHTML, like Gecko; compatible; ClaudeBot/1.0; +claudebot@anthropic.com)"
216.73.216.115 - - [29/Aug/2026:04:26:10 +0000] "GET /post-new-or-edit-request/?requestid=1194059 HTTP/1.1" 302 5 "-" "Mozilla/5.0 AppleWebKit/537.36 (KHTML, like Gecko; compatible; ClaudeBot/1.0; +claudebot@anthropic.com)"
216.73.216.115 - - [29/Aug/2026:04:26:12 +0000] "GET /post-new-or-edit-request/ HTTP/1.1" 302 5 "https://wp.syrtalents.com/post-new-or-edit-request/?requestid=1194059" "Mozilla/5.0 AppleWebKit/537.36 (KHTML, like Gecko; compatible; ClaudeBot/1.0; +claudebot@anthropic.com)"
216.73.216.115 - - [29/Aug/2026:04:26:13 +0000] "GET /post-new-or-edit-request/ HTTP/1.1" 302 5 "https://wp.syrtalents.com/post-new-or-edit-request/?requestid=1193429" "Mozilla/5.0 AppleWebKit/537.36 (KHTML, like Gecko; compatible; ClaudeBot/1.0; +claudebot@anthropic.com)"
216.73.216.115 - - [29/Aug/2026:04:26:15 +0000] "GET /post-new-or-edit-request/?requestid=1195440 HTTP/1.1" 499 0 "https://wp.syrtalents.com/post-new-or-edit-request/" "Mozilla/5.0 AppleWebKit/537.36 (KHTML, like Gecko; compatible; ClaudeBot/1.0; +claudebot@anthropic.com)"
216.73.216.115 - - [29/Aug/2026:04:26:15 +0000] "GET /post-new-or-edit-request/?requestid=1195439 HTTP/1.1" 499 0 "https://wp.syrtalents.com/post-new-or-edit-request/" "Mozilla/5.0 AppleWebKit/537.36 (KHTML, like Gecko; compatible; ClaudeBot/1.0; +claudebot@anthropic.com)"
216.73.216.115 - - [29/Aug/2026:04:26:21 +0000] "GET /post-new-or-edit-request/?requestid=1195416 HTTP/1.1" 302 5 "-" "Mozilla/5.0 AppleWebKit/537.36 (KHTML, like Gecko; compatible; ClaudeBot/1.0; +claudebot@anthropic.com)"
216.73.216.115 - - [29/Aug/2026:04:26:23 +0000] "GET /post-new-or-edit-request/?requestid=1194345 HTTP/1.1" 302 5 "-" "Mozilla/5.0 AppleWebKit/537.36 (KHTML, like Gecko; compatible; ClaudeBot/1.0; +claudebot@anthropic.com)"
216.73.216.115 - - [29/Aug/2026:04:26:25 +0000] "GET /post-new-or-edit-request/?requestid=1195440 HTTP/1.1" 499 0 "https://wp.syrtalents.com/post-new-or-edit-request/?requestid=1195416" "Mozilla/5.0 AppleWebKit/537.36 (KHTML, like Gecko; compatible; ClaudeBot/1.0; +claudebot@anthropic.com)"
216.73.216.115 - - [29/Aug/2026:04:26:25 +0000] "GET /post-new-or-edit-request/?requestid=1195440 HTTP/1.1" 499 0 "https://wp.syrtalents.com/post-new-or-edit-request/?requestid=1194345" "Mozilla/5.0 AppleWebKit/537.36 (KHTML, like Gecko; compatible; ClaudeBot/1.0; +claudebot@anthropic.com)"
216.73.216.115 - - [29/Aug/2026:04:26:31 +0000] "GET /post-new-or-edit-request/?requestid=1192406 HTTP/1.1" 302 5 "-" "Mozilla/5.0 AppleWebKit/537.36 (KHTML, like Gecko; compatible; ClaudeBot/1.0; +claudebot@anthropic.com)"
216.73.216.115 - - [29/Aug/2026:04:26:33 +0000] "GET /post-new-or-edit-request/?requestid=1192132 HTTP/1.1" 302 5 "-" "Mozilla/5.0 AppleWebKit/537.36 (KHTML, like Gecko; compatible; ClaudeBot/1.0; +claudebot@anthropic.com)"
216.73.216.115 - - [29/Aug/2026:04:26:35 +0000] "GET /post-new-or-edit-request/?requestid=1195440 HTTP/1.1" 499 0 "https://wp.syrtalents.com/post-new-or-edit-request/?requestid=1192406" "Mozilla/5.0 AppleWebKit/537.36 (KHTML, like Gecko; compatible; ClaudeBot/1.0; +claudebot@anthropic.com)"
216.73.216.115 - - [29/Aug/2026:04:26:35 +0000] "GET /post-new-or-edit-request/?requestid=1195440 HTTP/1.1" 499 0 "https://wp.syrtalents.com/post-new-or-edit-request/?requestid=1192132" "Mozilla/5.0 AppleWebKit/537.36 (KHTML, like Gecko; compatible; ClaudeBot/1.0; +claudebot@anthropic.com)"
216.73.216.115 - - [29/Aug/2026:04:26:42 +0000] "GET /post-new-or-edit-request/?requestid=1194608 HTTP/1.1" 302 5 "-" "Mozilla/5.0 AppleWebKit/537.36 (KHTML, like Gecko; compatible; ClaudeBot/1.0; +claudebot@anthropic.com)"
216.73.216.115 - - [29/Aug/2026:04:26:45 +0000] "GET /post-new-or-edit-request/?requestid=1195440 HTTP/1.1" 200 35240 "https://wp.syrtalents.com/post-new-or-edit-request/?requestid=1194608" "Mozilla/5.0 AppleWebKit/537.36 (KHTML, like Gecko; compatible; ClaudeBot/1.0; +claudebot@anthropic.com)"
216.73.216.115 - - [29/Aug/2026:04:26:51 +0000] "GET /post-new-or-edit-request/?requestid=1195029 HTTP/1.1" 302 5 "-" "Mozilla/5.0 AppleWebKit/537.36 (KHTML, like Gecko; compatible; ClaudeBot/1.0; +claudebot@anthropic.com)"
216.73.216.115 - - [29/Aug/2026:04:26:55 +0000] "GET /post-new-or-edit-request/?requestid=1195440 HTTP/1.1" 200 15711 "https://wp.syrtalents.com/post-new-or-edit-request/?requestid=1195029" "Mozilla/5.0 AppleWebKit/537.36 (KHTML, like Gecko; compatible; ClaudeBot/1.0; +claudebot@anthropic.com)"
216.73.216.115 - - [29/Aug/2026:04:27:00 +0000] "GET /post-new-or-edit-request/?requestid=1193686 HTTP/1.1" 302 5 "-" "Mozilla/5.0 AppleWebKit/537.36 (KHTML, like Gecko; compatible; ClaudeBot/1.0; +claudebot@anthropic.com)"
216.73.216.115 - - [29/Aug/2026:04:27:04 +0000] "GET /post-new-or-edit-request/?requestid=1195440 HTTP/1.1" 200 35242 "https://wp.syrtalents.com/post-new-or-edit-request/?requestid=1193686" "Mozilla/5.0 AppleWebKit/537.36 (KHTML, like Gecko; compatible; ClaudeBot/1.0; +claudebot@anthropic.com)"
216.73.216.115 - - [29/Aug/2026:04:27:07 +0000] "GET /post-new-or-edit-request/?requestid=1190818 HTTP/1.1" 302 5 "-" "Mozilla/5.0 AppleWebKit/537.36 (KHTML, like Gecko; compatible; ClaudeBot/1.0; +claudebot@anthropic.com)"
216.73.216.115 - - [29/Aug/2026:04:27:10 +0000] "GET /post-new-or-edit-request/?requestid=1195440 HTTP/1.1" 200 35240 "https://wp.syrtalents.com/post-new-or-edit-request/?requestid=1190818" "Mozilla/5.0 AppleWebKit/537.36 (KHTML, like Gecko; compatible; ClaudeBot/1.0; +claudebot@anthropic.com)"
116.179.32.78 - - [29/Aug/2026:04:27:12 +0000] "GET /ar/post-new-or-edit-request/?requestid=1178784 HTTP/1.1" 302 5 "-" "Mozilla/5.0 (compatible; Baiduspider/2.0; +http://www.baidu.com/search/spider.html)"
216.73.216.115 - - [29/Aug/2026:04:27:13 +0000] "GET /post-new-or-edit-request/?requestid=1194207 HTTP/1.1" 302 5 "-" "Mozilla/5.0 AppleWebKit/537.36 (KHTML, like Gecko; compatible; ClaudeBot/1.0; +claudebot@anthropic.com)"
216.73.216.115 - - [29/Aug/2026:04:27:15 +0000] "GET /post-new-or-edit-request/?requestid=1195440 HTTP/1.1" 200 35240 "https://wp.syrtalents.com/post-new-or-edit-request/?requestid=1194207" "Mozilla/5.0 AppleWebKit/537.36 (KHTML, like Gecko; compatible; ClaudeBot/1.0; +claudebot@anthropic.com)"
116.179.32.196 - - [29/Aug/2026:04:27:16 +0000] "GET /ar/post-new-or-edit-request/ HTTP/1.1" 302 5 "-" "Mozilla/5.0 (compatible; Baiduspider/2.0; +http://www.baidu.com/search/spider.html)"
216.73.216.115 - - [29/Aug/2026:04:27:18 +0000] "GET /post-new-or-edit-request/?requestid=1192218 HTTP/1.1" 302 5 "-" "Mozilla/5.0 AppleWebKit/537.36 (KHTML, like Gecko; compatible; ClaudeBot/1.0; +claudebot@anthropic.com)"
116.179.32.242 - - [29/Aug/2026:04:27:20 +0000] "GET /ar/post-new-or-edit-request/?requestid=1195441 HTTP/1.1" 200 37826 "-" "Mozilla/5.0 (compatible; Baiduspider/2.0; +http://www.baidu.com/search/spider.html)"
216.73.216.115 - - [29/Aug/2026:04:27:20 +0000] "GET /post-new-or-edit-request/?requestid=1195440 HTTP/1.1" 200 35242 "https://wp.syrtalents.com/post-new-or-edit-request/?requestid=1192218" "Mozilla/5.0 AppleWebKit/537.36 (KHTML, like Gecko; compatible; ClaudeBot/1.0; +claudebot@anthropic.com)"
216.73.216.115 - - [29/Aug/2026:04:27:23 +0000] "GET /post-new-or-edit-request/?requestid=1193339 HTTP/1.1" 302 5 "-" "Mozilla/5.0 AppleWebKit/537.36 (KHTML, like Gecko; compatible; ClaudeBot/1.0; +claudebot@anthropic.com)"
216.73.216.115 - - [29/Aug/2026:04:27:25 +0000] "GET /post-new-or-edit-request/?requestid=1195440 HTTP/1.1" 200 35240 "https://wp.syrtalents.com/post-new-or-edit-request/?requestid=1193339" "Mozilla/5.0 AppleWebKit/537.36 (KHTML, like Gecko; compatible; ClaudeBot/1.0; +claudebot@anthropic.com)"
216.73.216.115 - - [29/Aug/2026:04:27:29 +0000] "GET /post-new-or-edit-request/?requestid=1194060 HTTP/1.1" 302 5 "-" "Mozilla/5.0 AppleWebKit/537.36 (KHTML, like Gecko; compatible; ClaudeBot/1.0; +claudebot@anthropic.com)"
116.179.37.120 - - [29/Aug/2026:04:27:31 +0000] "POST /wp-content/plugins/translatepress-multilingual/includes/trp-ajax.php HTTP/1.1" 200 33 "https://wp.syrtalents.com/ar/post-new-or-edit-request/?requestid=1195441" "Mozilla/5.0 (compatible; Baiduspider-render/2.0; +http://www.baidu.com/search/spider.html)"
116.179.37.113 - - [29/Aug/2026:04:27:31 +0000] "POST /wp-content/plugins/translatepress-multilingual/includes/trp-ajax.php HTTP/1.1" 200 159 "https://wp.syrtalents.com/ar/post-new-or-edit-request/?requestid=1195441" "Mozilla/5.0 (compatible; Baiduspider-render/2.0; +http://www.baidu.com/search/spider.html)"
116.179.37.88 - - [29/Aug/2026:04:27:31 +0000] "POST /wp-content/plugins/translatepress-multilingual/includes/trp-ajax.php HTTP/1.1" 200 164 "https://wp.syrtalents.com/ar/post-new-or-edit-request/?requestid=1195441" "Mozilla/5.0 (compatible; Baiduspider-render/2.0; +http://www.baidu.com/search/spider.html)"
116.179.37.75 - - [29/Aug/2026:04:27:31 +0000] "POST /wp-content/plugins/translatepress-multilingual/includes/trp-ajax.php HTTP/1.1" 200 33 "https://wp.syrtalents.com/ar/post-new-or-edit-request/?requestid=1195441" "Mozilla/5.0 (compatible; Baiduspider-render/2.0; +http://www.baidu.com/search/spider.html)"
216.73.216.115 - - [29/Aug/2026:04:27:32 +0000] "GET /post-new-or-edit-request/?requestid=1195440 HTTP/1.1" 200 35240 "https://wp.syrtalents.com/post-new-or-edit-request/?requestid=1194060" "Mozilla/5.0 AppleWebKit/537.36 (KHTML, like Gecko; compatible; ClaudeBot/1.0; +claudebot@anthropic.com)"
116.179.37.125 - - [29/Aug/2026:04:27:35 +0000] "POST /wp-admin/admin-ajax.php?action=un_config_get HTTP/1.1" 200 1478 "https://wp.syrtalents.com/ar/post-new-or-edit-request/?requestid=1195441" "Mozilla/5.0 (compatible; Baiduspider-render/2.0; +http://www.baidu.com/search/spider.html)"
116.179.37.241 - - [29/Aug/2026:04:27:35 +0000] "POST /wp-content/plugins/translatepress-multilingual/includes/trp-ajax.php HTTP/1.1" 400 0 "https://wp.syrtalents.com/ar/post-new-or-edit-request/?requestid=1195441" "Mozilla/5.0 (compatible; Baiduspider-render/2.0; +http://www.baidu.com/search/spider.html)"
116.179.37.98 - - [29/Aug/2026:04:27:35 +0000] "POST /wp-content/plugins/translatepress-multilingual/includes/trp-ajax.php HTTP/1.1" 400 0 "https://wp.syrtalents.com/ar/post-new-or-edit-request/?requestid=1195441" "Mozilla/5.0 (compatible; Baiduspider-render/2.0; +http://www.baidu.com/search/spider.html)"
116.179.37.224 - - [29/Aug/2026:04:27:36 +0000] "POST /wp-content/plugins/translatepress-multilingual/includes/trp-ajax.php HTTP/1.1" 200 157 "https://wp.syrtalents.com/ar/post-new-or-edit-request/?requestid=1195441" "Mozilla/5.0 (compatible; Baiduspider-render/2.0; +http://www.baidu.com/search/spider.html)"
216.73.216.115 - - [29/Aug/2026:04:27:37 +0000] "GET /post-new-or-edit-request/?requestid=1195047 HTTP/1.1" 302 5 "-" "Mozilla/5.0 AppleWebKit/537.36 (KHTML, like Gecko; compatible; ClaudeBot/1.0; +claudebot@anthropic.com)"
116.179.37.43 - - [29/Aug/2026:04:27:39 +0000] "POST /wp-admin/admin-ajax.php HTTP/1.1" 200 10800 "https://wp.syrtalents.com/ar/post-new-or-edit-request/?requestid=1195441" "Mozilla/5.0 (compatible; Baiduspider-render/2.0; +http://www.baidu.com/search/spider.html)"
116.179.37.133 - - [29/Aug/2026:04:27:39 +0000] "POST /wp-admin/admin-ajax.php HTTP/1.1" 400 0 "https://wp.syrtalents.com/ar/post-new-or-edit-request/?requestid=1195441" "Mozilla/5.0 (compatible; Baiduspider-render/2.0; +http://www.baidu.com/search/spider.html)"
216.73.216.115 - - [29/Aug/2026:04:27:41 +0000] "GET /post-new-or-edit-request/?requestid=1195440 HTTP/1.1" 200 35242 "https://wp.syrtalents.com/post-new-or-edit-request/?requestid=1195047" "Mozilla/5.0 AppleWebKit/537.36 (KHTML, like Gecko; compatible; ClaudeBot/1.0; +claudebot@anthropic.com)"
72.167.149.90 - - [29/Aug/2026:04:27:54 +0000] "POST /wp-cron.php?doing_wp_cron=1787977673.3936059474945068359375 HTTP/1.1" 499 0 "-" "WordPress/7.1; https://wp.syrtalents.com"
216.73.216.115 - - [29/Aug/2026:04:27:54 +0000] "GET /post-new-or-edit-request/?requestid=1192822 HTTP/1.1" 302 5 "-" "Mozilla/5.0 AppleWebKit/537.36 (KHTML, like Gecko; compatible; ClaudeBot/1.0; +claudebot@anthropic.com)"
216.73.216.115 - - [29/Aug/2026:04:27:58 +0000] "GET /post-new-or-edit-request/?requestid=1195440 HTTP/1.1" 200 35241 "https://wp.syrtalents.com/post-new-or-edit-request/?requestid=1192822" "Mozilla/5.0 AppleWebKit/537.36 (KHTML, like Gecko; compatible; ClaudeBot/1.0; +claudebot@anthropic.com)"
216.73.216.115 - - [29/Aug/2026:04:28:07 +0000] "GET /post-new-or-edit-request/?requestid=1188253 HTTP/1.1" 302 5 "-" "Mozilla/5.0 AppleWebKit/537.36 (KHTML, like Gecko; compatible; ClaudeBot/1.0; +claudebot@anthropic.com)"
216.73.216.115 - - [29/Aug/2026:04:28:09 +0000] "GET /post-new-or-edit-request/ HTTP/1.1" 302 5 "https://wp.syrtalents.com/post-new-or-edit-request/?requestid=1188253" "Mozilla/5.0 AppleWebKit/537.36 (KHTML, like Gecko; compatible; ClaudeBot/1.0; +claudebot@anthropic.com)"
216.73.216.115 - - [29/Aug/2026:04:28:12 +0000] "GET /post-new-or-edit-request/?requestid=1195442 HTTP/1.1" 200 35242 "https://wp.syrtalents.com/post-new-or-edit-request/" "Mozilla/5.0 AppleWebKit/537.36 (KHTML, like Gecko; compatible; ClaudeBot/1.0; +claudebot@anthropic.com)"
216.73.216.115 - - [29/Aug/2026:04:28:25 +0000] "GET /post-new-or-edit-request/?requestid=1174009 HTTP/1.1" 302 5 "-" "Mozilla/5.0 AppleWebKit/537.36 (KHTML, like Gecko; compatible; ClaudeBot/1.0; +claudebot@anthropic.com)"
216.73.216.115 - - [29/Aug/2026:04:28:27 +0000] "GET /post-new-or-edit-request/ HTTP/1.1" 302 5 "https://wp.syrtalents.com/post-new-or-edit-request/?requestid=1174009" "Mozilla/5.0 AppleWebKit/537.36 (KHTML, like Gecko; compatible; ClaudeBot/1.0; +claudebot@anthropic.com)"
216.73.216.115 - - [29/Aug/2026:04:28:30 +0000] "GET /post-new-or-edit-request/?requestid=1195443 HTTP/1.1" 200 35242 "https://wp.syrtalents.com/post-new-or-edit-request/" "Mozilla/5.0 AppleWebKit/537.36 (KHTML, like Gecko; compatible; ClaudeBot/1.0; +claudebot@anthropic.com)"
116.179.37.100 - - [29/Aug/2026:04:28:32 +0000] "POST /wp-content/plugins/translatepress-multilingual/includes/trp-ajax.php HTTP/1.1" 408 0 "https://wp.syrtalents.com/ar/post-new-or-edit-request/?requestid=1195441" "Mozilla/5.0 (compatible; Baiduspider-render/2.0; +http://www.baidu.com/search/spider.html)"
116.179.37.107 - - [29/Aug/2026:04:28:32 +0000] "POST /wp-content/plugins/translatepress-multilingual/includes/trp-ajax.php HTTP/1.1" 408 0 "https://wp.syrtalents.com/ar/post-new-or-edit-request/?requestid=1195441" "Mozilla/5.0 (compatible; Baiduspider-render/2.0; +http://www.baidu.com/search/spider.html)"
116.179.37.11 - - [29/Aug/2026:04:28:36 +0000] "POST /wp-admin/admin-ajax.php HTTP/1.1" 408 0 "https://wp.syrtalents.com/ar/post-new-or-edit-request/?requestid=1195441" "Mozilla/5.0 (compatible; Baiduspider-render/2.0; +http://www.baidu.com/search/spider.html)"
216.73.216.115 - - [29/Aug/2026:04:28:58 +0000] "GET /post-new-or-edit-request/?requestid=1174591 HTTP/1.1" 302 5 "-" "Mozilla/5.0 AppleWebKit/537.36 (KHTML, like Gecko; compatible; ClaudeBot/1.0; +claudebot@anthropic.com)"
216.73.216.115 - - [29/Aug/2026:04:29:02 +0000] "GET /post-new-or-edit-request/?requestid=1195443 HTTP/1.1" 200 35243 "https://wp.syrtalents.com/post-new-or-edit-request/?requestid=1174591" "Mozilla/5.0 AppleWebKit/537.36 (KHTML, like Gecko; compatible; ClaudeBot/1.0; +claudebot@anthropic.com)"
185.191.171.9 - - [29/Aug/2026:04:29:23 +0000] "GET /robots.txt HTTP/1.1" 200 54 "-" "Mozilla/5.0 (compatible; SemrushBot/7~bl; +http://www.semrush.com/bot.html)"
185.191.171.17 - - [29/Aug/2026:04:29:25 +0000] "GET /authentication-forgot-password/ HTTP/1.1" 200 28597 "-" "Mozilla/5.0 (compatible; SemrushBot/7~bl; +http://www.semrush.com/bot.html)"
216.73.216.115 - - [29/Aug/2026:04:29:30 +0000] "GET /post-new-or-edit-request/?requestid=1175889 HTTP/1.1" 302 5 "-" "Mozilla/5.0 AppleWebKit/537.36 (KHTML, like Gecko; compatible; ClaudeBot/1.0; +claudebot@anthropic.com)"
216.73.216.115 - - [29/Aug/2026:04:29:33 +0000] "GET /post-new-or-edit-request/?requestid=1195443 HTTP/1.1" 200 35242 "https://wp.syrtalents.com/post-new-or-edit-request/?requestid=1175889" "Mozilla/5.0 AppleWebKit/537.36 (KHTML, like Gecko; compatible; ClaudeBot/1.0; +claudebot@anthropic.com)"
216.73.216.115 - - [29/Aug/2026:04:30:04 +0000] "GET /post-new-or-edit-request/?requestid=1175615 HTTP/1.1" 302 5 "-" "Mozilla/5.0 AppleWebKit/537.36 (KHTML, like Gecko; compatible; ClaudeBot/1.0; +claudebot@anthropic.com)"
216.73.216.115 - - [29/Aug/2026:04:30:09 +0000] "GET /post-new-or-edit-request/?requestid=1195443 HTTP/1.1" 499 0 "https://wp.syrtalents.com/post-new-or-edit-request/?requestid=1175615" "Mozilla/5.0 AppleWebKit/537.36 (KHTML, like Gecko; compatible; ClaudeBot/1.0; +claudebot@anthropic.com)"
72.167.149.90 - - [29/Aug/2026:04:30:10 +0000] "POST /wp-cron.php?doing_wp_cron=1787977809.3602719306945800781250 HTTP/1.1" 499 0 "-" "WordPress/7.1; https://wp.syrtalents.com"
216.73.216.37 - - [29/Aug/2026:04:31:54 +0000] "GET /post-new-or-edit-request/?requestid=1190253 HTTP/1.1" 302 5 "-" "Mozilla/5.0 AppleWebKit/537.36 (KHTML, like Gecko; compatible; ClaudeBot/1.0; +claudebot@anthropic.com)"
216.73.216.37 - - [29/Aug/2026:04:31:56 +0000] "GET /post-new-or-edit-request/ HTTP/1.1" 302 5 "https://wp.syrtalents.com/post-new-or-edit-request/?requestid=1190253" "Mozilla/5.0 AppleWebKit/537.36 (KHTML, like Gecko; compatible; ClaudeBot/1.0; +claudebot@anthropic.com)"
