216.73.216.134 - - [28/Aug/2026:22:28:48 +0000] "GET /ar/post-new-or-edit-request/?requestid=1194988 HTTP/1.1" 499 0 "https://wp.syrtalents.com/ar/post-new-or-edit-request/" "Mozilla/5.0 AppleWebKit/537.36 (KHTML, like Gecko; compatible; ClaudeBot/1.0; +claudebot@anthropic.com)"
216.73.216.134 - - [28/Aug/2026:22:31:06 +0000] "GET /post-new-or-edit-request/?requestid=1192425 HTTP/1.1" 499 0 "-" "Mozilla/5.0 AppleWebKit/537.36 (KHTML, like Gecko; compatible; ClaudeBot/1.0; +claudebot@anthropic.com)"
72.167.149.90 - - [28/Aug/2026:22:31:09 +0000] "POST /wp-cron.php?doing_wp_cron=1787956268.3781540393829345703125 HTTP/1.1" 499 0 "-" "WordPress/7.1; https://wp.syrtalents.com"
216.73.216.134 - - [28/Aug/2026:22:31:33 +0000] "GET /post-new-or-edit-request/?requestid=1194518 HTTP/1.1" 302 5 "-" "Mozilla/5.0 AppleWebKit/537.36 (KHTML, like Gecko; compatible; ClaudeBot/1.0; +claudebot@anthropic.com)"
216.73.216.134 - - [28/Aug/2026:22:31:36 +0000] "GET /post-new-or-edit-request/ HTTP/1.1" 499 0 "https://wp.syrtalents.com/post-new-or-edit-request/?requestid=1194518" "Mozilla/5.0 AppleWebKit/537.36 (KHTML, like Gecko; compatible; ClaudeBot/1.0; +claudebot@anthropic.com)"
216.73.216.134 - - [28/Aug/2026:22:31:59 +0000] "GET /post-new-or-edit-request/?requestid=1190245 HTTP/1.1" 302 5 "-" "Mozilla/5.0 AppleWebKit/537.36 (KHTML, like Gecko; compatible; ClaudeBot/1.0; +claudebot@anthropic.com)"
216.73.216.134 - - [28/Aug/2026:22:32:01 +0000] "GET /post-new-or-edit-request/ HTTP/1.1" 302 5 "https://wp.syrtalents.com/post-new-or-edit-request/?requestid=1190245" "Mozilla/5.0 AppleWebKit/537.36 (KHTML, like Gecko; compatible; ClaudeBot/1.0; +claudebot@anthropic.com)"
216.73.216.134 - - [28/Aug/2026:22:32:07 +0000] "GET /post-new-or-edit-request/?requestid=1194990 HTTP/1.1" 499 0 "https://wp.syrtalents.com/post-new-or-edit-request/" "Mozilla/5.0 AppleWebKit/537.36 (KHTML, like Gecko; compatible; ClaudeBot/1.0; +claudebot@anthropic.com)"
184.72.95.195 - - [28/Aug/2026:22:32:24 +0000] "GET /ar/wp-json/wp/v2/taxonomies/category HTTP/1.1" 200 269 "-" "Mozilla/5.0 AppleWebKit/537.36 (KHTML, like Gecko; compatible; Amazonbot/0.1; +https://developer.amazon.com/support/amazonbot) Chrome/119.0.6045.214 Safari/537.36"
216.73.216.134 - - [28/Aug/2026:22:32:30 +0000] "GET /post-new-or-edit-request/?requestid=1192213 HTTP/1.1" 302 5 "-" "Mozilla/5.0 AppleWebKit/537.36 (KHTML, like Gecko; compatible; ClaudeBot/1.0; +claudebot@anthropic.com)"
100.28.133.214 - - [28/Aug/2026:22:32:31 +0000] "GET /ar/authentication-forgot-password/?page&pagename=authentication-forgot-password/ HTTP/1.1" 200 30850 "-" "Mozilla/5.0 AppleWebKit/537.36 (KHTML, like Gecko; compatible; Amazonbot/0.1; +https://developer.amazon.com/support/amazonbot) Chrome/119.0.6045.214 Safari/537.36"
216.73.216.134 - - [28/Aug/2026:22:32:33 +0000] "GET /post-new-or-edit-request/ HTTP/1.1" 302 5 "https://wp.syrtalents.com/post-new-or-edit-request/?requestid=1192213" "Mozilla/5.0 AppleWebKit/537.36 (KHTML, like Gecko; compatible; ClaudeBot/1.0; +claudebot@anthropic.com)"
216.73.216.134 - - [28/Aug/2026:22:32:37 +0000] "GET /post-new-or-edit-request/?requestid=1194991 HTTP/1.1" 499 0 "https://wp.syrtalents.com/post-new-or-edit-request/" "Mozilla/5.0 AppleWebKit/537.36 (KHTML, like Gecko; compatible; ClaudeBot/1.0; +claudebot@anthropic.com)"
72.167.149.90 - - [28/Aug/2026:22:33:02 +0000] "POST /wp-cron.php?doing_wp_cron=1787956381.2562630176544189453125 HTTP/1.1" 499 0 "-" "WordPress/7.1; https://wp.syrtalents.com"
216.73.216.134 - - [28/Aug/2026:22:33:02 +0000] "GET /post-new-or-edit-request/?requestid=1192451 HTTP/1.1" 302 5 "-" "Mozilla/5.0 AppleWebKit/537.36 (KHTML, like Gecko; compatible; ClaudeBot/1.0; +claudebot@anthropic.com)"
216.73.216.134 - - [28/Aug/2026:22:33:06 +0000] "GET /post-new-or-edit-request/ HTTP/1.1" 302 5 "https://wp.syrtalents.com/post-new-or-edit-request/?requestid=1192451" "Mozilla/5.0 AppleWebKit/537.36 (KHTML, like Gecko; compatible; ClaudeBot/1.0; +claudebot@anthropic.com)"
216.73.216.134 - - [28/Aug/2026:22:33:08 +0000] "GET /post-new-or-edit-request/?requestid=1194992 HTTP/1.1" 499 0 "https://wp.syrtalents.com/post-new-or-edit-request/" "Mozilla/5.0 AppleWebKit/537.36 (KHTML, like Gecko; compatible; ClaudeBot/1.0; +claudebot@anthropic.com)"
216.73.216.134 - - [28/Aug/2026:22:33:32 +0000] "GET /ar/post-new-or-edit-request/?requestid=1191447 HTTP/1.1" 302 5 "-" "Mozilla/5.0 AppleWebKit/537.36 (KHTML, like Gecko; compatible; ClaudeBot/1.0; +claudebot@anthropic.com)"
216.73.216.134 - - [28/Aug/2026:22:33:35 +0000] "GET /ar/post-new-or-edit-request/ HTTP/1.1" 302 5 "https://wp.syrtalents.com/ar/post-new-or-edit-request/?requestid=1191447" "Mozilla/5.0 AppleWebKit/537.36 (KHTML, like Gecko; compatible; ClaudeBot/1.0; +claudebot@anthropic.com)"
216.73.216.134 - - [28/Aug/2026:22:33:36 +0000] "GET /ar/post-new-or-edit-request/?requestid=1186766 HTTP/1.1" 302 5 "-" "Mozilla/5.0 AppleWebKit/537.36 (KHTML, like Gecko; compatible; ClaudeBot/1.0; +claudebot@anthropic.com)"
216.73.216.134 - - [28/Aug/2026:22:33:39 +0000] "GET /ar/post-new-or-edit-request/?requestid=1194993 HTTP/1.1" 499 0 "https://wp.syrtalents.com/ar/post-new-or-edit-request/" "Mozilla/5.0 AppleWebKit/537.36 (KHTML, like Gecko; compatible; ClaudeBot/1.0; +claudebot@anthropic.com)"
216.73.216.134 - - [28/Aug/2026:22:33:40 +0000] "GET /ar/post-new-or-edit-request/ HTTP/1.1" 302 5 "https://wp.syrtalents.com/ar/post-new-or-edit-request/?requestid=1186766" "Mozilla/5.0 AppleWebKit/537.36 (KHTML, like Gecko; compatible; ClaudeBot/1.0; +claudebot@anthropic.com)"
216.73.216.134 - - [28/Aug/2026:22:33:44 +0000] "GET /ar/post-new-or-edit-request/?requestid=1194994 HTTP/1.1" 499 0 "https://wp.syrtalents.com/ar/post-new-or-edit-request/" "Mozilla/5.0 AppleWebKit/537.36 (KHTML, like Gecko; compatible; ClaudeBot/1.0; +claudebot@anthropic.com)"
216.73.216.134 - - [28/Aug/2026:22:33:51 +0000] "GET /post-new-or-edit-request/?requestid=1184320 HTTP/1.1" 302 5 "-" "Mozilla/5.0 AppleWebKit/537.36 (KHTML, like Gecko; compatible; ClaudeBot/1.0; +claudebot@anthropic.com)"
216.73.216.134 - - [28/Aug/2026:22:33:56 +0000] "GET /post-new-or-edit-request/ HTTP/1.1" 302 5 "https://wp.syrtalents.com/post-new-or-edit-request/?requestid=1184320" "Mozilla/5.0 AppleWebKit/537.36 (KHTML, like Gecko; compatible; ClaudeBot/1.0; +claudebot@anthropic.com)"
216.73.216.134 - - [28/Aug/2026:22:33:57 +0000] "GET /post-new-or-edit-request/?requestid=1194995 HTTP/1.1" 499 0 "https://wp.syrtalents.com/post-new-or-edit-request/" "Mozilla/5.0 AppleWebKit/537.36 (KHTML, like Gecko; compatible; ClaudeBot/1.0; +claudebot@anthropic.com)"
216.73.216.134 - - [28/Aug/2026:22:34:11 +0000] "GET /ar/post-new-or-edit-request/?requestid=1190718 HTTP/1.1" 302 5 "-" "Mozilla/5.0 AppleWebKit/537.36 (KHTML, like Gecko; compatible; ClaudeBot/1.0; +claudebot@anthropic.com)"
216.73.216.134 - - [28/Aug/2026:22:34:16 +0000] "GET /ar/post-new-or-edit-request/ HTTP/1.1" 302 5 "https://wp.syrtalents.com/ar/post-new-or-edit-request/?requestid=1190718" "Mozilla/5.0 AppleWebKit/537.36 (KHTML, like Gecko; compatible; ClaudeBot/1.0; +claudebot@anthropic.com)"
216.73.216.134 - - [28/Aug/2026:22:34:17 +0000] "GET /ar/post-new-or-edit-request/?requestid=1194996 HTTP/1.1" 499 0 "https://wp.syrtalents.com/ar/post-new-or-edit-request/" "Mozilla/5.0 AppleWebKit/537.36 (KHTML, like Gecko; compatible; ClaudeBot/1.0; +claudebot@anthropic.com)"
216.73.216.134 - - [28/Aug/2026:22:35:11 +0000] "GET /post-new-or-edit-request/?requestid=1187831 HTTP/1.1" 302 5 "-" "Mozilla/5.0 AppleWebKit/537.36 (KHTML, like Gecko; compatible; ClaudeBot/1.0; +claudebot@anthropic.com)"
216.73.216.134 - - [28/Aug/2026:22:35:16 +0000] "GET /post-new-or-edit-request/?requestid=1194992 HTTP/1.1" 499 0 "https://wp.syrtalents.com/post-new-or-edit-request/?requestid=1187831" "Mozilla/5.0 AppleWebKit/537.36 (KHTML, like Gecko; compatible; ClaudeBot/1.0; +claudebot@anthropic.com)"
216.73.216.134 - - [28/Aug/2026:22:37:33 +0000] "GET /post-new-or-edit-request/?requestid=1194597 HTTP/1.1" 302 5 "-" "Mozilla/5.0 AppleWebKit/537.36 (KHTML, like Gecko; compatible; ClaudeBot/1.0; +claudebot@anthropic.com)"
216.73.216.134 - - [28/Aug/2026:22:37:36 +0000] "GET /post-new-or-edit-request/ HTTP/1.1" 302 5 "https://wp.syrtalents.com/post-new-or-edit-request/?requestid=1194597" "Mozilla/5.0 AppleWebKit/537.36 (KHTML, like Gecko; compatible; ClaudeBot/1.0; +claudebot@anthropic.com)"
216.73.216.134 - - [28/Aug/2026:22:37:40 +0000] "GET /post-new-or-edit-request/?requestid=1194997 HTTP/1.1" 200 35237 "https://wp.syrtalents.com/post-new-or-edit-request/" "Mozilla/5.0 AppleWebKit/537.36 (KHTML, like Gecko; compatible; ClaudeBot/1.0; +claudebot@anthropic.com)"
72.167.149.90 - - [28/Aug/2026:22:38:08 +0000] "POST /wp-cron.php?doing_wp_cron=1787956687.6590969562530517578125 HTTP/1.1" 499 0 "-" "WordPress/7.1; https://wp.syrtalents.com"
216.73.216.134 - - [28/Aug/2026:22:38:08 +0000] "GET /post-new-or-edit-request/?requestid=1191957 HTTP/1.1" 302 5 "-" "Mozilla/5.0 AppleWebKit/537.36 (KHTML, like Gecko; compatible; ClaudeBot/1.0; +claudebot@anthropic.com)"
216.73.216.134 - - [28/Aug/2026:22:38:11 +0000] "GET /post-new-or-edit-request/ HTTP/1.1" 302 5 "https://wp.syrtalents.com/post-new-or-edit-request/?requestid=1191957" "Mozilla/5.0 AppleWebKit/537.36 (KHTML, like Gecko; compatible; ClaudeBot/1.0; +claudebot@anthropic.com)"
220.181.108.81 - - [28/Aug/2026:22:38:11 +0000] "GET /ar/post-new-or-edit-request/?requestid=1170535 HTTP/1.1" 302 5 "-" "Mozilla/5.0 (compatible; Baiduspider/2.0; +http://www.baidu.com/search/spider.html)"
220.181.108.168 - - [28/Aug/2026:22:38:15 +0000] "GET /ar/post-new-or-edit-request/ HTTP/1.1" 302 5 "-" "Mozilla/5.0 (compatible; Baiduspider/2.0; +http://www.baidu.com/search/spider.html)"
220.181.108.111 - - [28/Aug/2026:22:38:20 +0000] "GET /ar/post-new-or-edit-request/?requestid=1194999 HTTP/1.1" 200 37829 "-" "Mozilla/5.0 (compatible; Baiduspider/2.0; +http://www.baidu.com/search/spider.html)"
216.73.216.134 - - [28/Aug/2026:22:38:25 +0000] "GET /post-new-or-edit-request/?requestid=1191743 HTTP/1.1" 302 5 "-" "Mozilla/5.0 AppleWebKit/537.36 (KHTML, like Gecko; compatible; ClaudeBot/1.0; +claudebot@anthropic.com)"
216.73.216.134 - - [28/Aug/2026:22:38:27 +0000] "GET /post-new-or-edit-request/ HTTP/1.1" 302 5 "https://wp.syrtalents.com/post-new-or-edit-request/?requestid=1191743" "Mozilla/5.0 AppleWebKit/537.36 (KHTML, like Gecko; compatible; ClaudeBot/1.0; +claudebot@anthropic.com)"
216.73.216.134 - - [28/Aug/2026:22:38:31 +0000] "GET /post-new-or-edit-request/?requestid=1195000 HTTP/1.1" 200 35238 "https://wp.syrtalents.com/post-new-or-edit-request/" "Mozilla/5.0 AppleWebKit/537.36 (KHTML, like Gecko; compatible; ClaudeBot/1.0; +claudebot@anthropic.com)"
116.179.37.167 - - [28/Aug/2026:22:38:34 +0000] "POST /wp-content/plugins/translatepress-multilingual/includes/trp-ajax.php HTTP/1.1" 200 33 "https://wp.syrtalents.com/ar/post-new-or-edit-request/?requestid=1194999" "Mozilla/5.0 (compatible; Baiduspider-render/2.0; +http://www.baidu.com/search/spider.html)"
116.179.37.115 - - [28/Aug/2026:22:38:35 +0000] "POST /wp-content/plugins/translatepress-multilingual/includes/trp-ajax.php HTTP/1.1" 200 33 "https://wp.syrtalents.com/ar/post-new-or-edit-request/?requestid=1194999" "Mozilla/5.0 (compatible; Baiduspider-render/2.0; +http://www.baidu.com/search/spider.html)"
116.179.37.176 - - [28/Aug/2026:22:38:35 +0000] "POST /wp-content/plugins/translatepress-multilingual/includes/trp-ajax.php HTTP/1.1" 200 159 "https://wp.syrtalents.com/ar/post-new-or-edit-request/?requestid=1194999" "Mozilla/5.0 (compatible; Baiduspider-render/2.0; +http://www.baidu.com/search/spider.html)"
116.179.37.131 - - [28/Aug/2026:22:38:35 +0000] "POST /wp-content/plugins/translatepress-multilingual/includes/trp-ajax.php HTTP/1.1" 200 164 "https://wp.syrtalents.com/ar/post-new-or-edit-request/?requestid=1194999" "Mozilla/5.0 (compatible; Baiduspider-render/2.0; +http://www.baidu.com/search/spider.html)"
116.179.37.97 - - [28/Aug/2026:22:38:37 +0000] "POST /wp-content/plugins/translatepress-multilingual/includes/trp-ajax.php HTTP/1.1" 400 0 "https://wp.syrtalents.com/ar/post-new-or-edit-request/?requestid=1194999" "Mozilla/5.0 (compatible; Baiduspider-render/2.0; +http://www.baidu.com/search/spider.html)"
116.179.37.76 - - [28/Aug/2026:22:38:37 +0000] "POST /wp-content/plugins/translatepress-multilingual/includes/trp-ajax.php HTTP/1.1" 400 0 "https://wp.syrtalents.com/ar/post-new-or-edit-request/?requestid=1194999" "Mozilla/5.0 (compatible; Baiduspider-render/2.0; +http://www.baidu.com/search/spider.html)"
116.179.37.57 - - [28/Aug/2026:22:38:38 +0000] "POST /wp-admin/admin-ajax.php?action=un_config_get HTTP/1.1" 200 1479 "https://wp.syrtalents.com/ar/post-new-or-edit-request/?requestid=1194999" "Mozilla/5.0 (compatible; Baiduspider-render/2.0; +http://www.baidu.com/search/spider.html)"
116.179.37.170 - - [28/Aug/2026:22:38:39 +0000] "POST /wp-content/plugins/translatepress-multilingual/includes/trp-ajax.php HTTP/1.1" 200 157 "https://wp.syrtalents.com/ar/post-new-or-edit-request/?requestid=1194999" "Mozilla/5.0 (compatible; Baiduspider-render/2.0; +http://www.baidu.com/search/spider.html)"
116.179.37.204 - - [28/Aug/2026:22:38:40 +0000] "POST /wp-admin/admin-ajax.php HTTP/1.1" 400 0 "https://wp.syrtalents.com/ar/post-new-or-edit-request/?requestid=1194999" "Mozilla/5.0 (compatible; Baiduspider-render/2.0; +http://www.baidu.com/search/spider.html)"
116.179.37.40 - - [28/Aug/2026:22:38:42 +0000] "POST /wp-admin/admin-ajax.php HTTP/1.1" 200 10800 "https://wp.syrtalents.com/ar/post-new-or-edit-request/?requestid=1194999" "Mozilla/5.0 (compatible; Baiduspider-render/2.0; +http://www.baidu.com/search/spider.html)"
216.73.216.134 - - [28/Aug/2026:22:38:55 +0000] "GET /ar/post-new-or-edit-request/?requestid=1192633 HTTP/1.1" 302 5 "-" "Mozilla/5.0 AppleWebKit/537.36 (KHTML, like Gecko; compatible; ClaudeBot/1.0; +claudebot@anthropic.com)"
216.73.216.134 - - [28/Aug/2026:22:38:59 +0000] "GET /ar/post-new-or-edit-request/ HTTP/1.1" 302 5 "https://wp.syrtalents.com/ar/post-new-or-edit-request/?requestid=1192633" "Mozilla/5.0 AppleWebKit/537.36 (KHTML, like Gecko; compatible; ClaudeBot/1.0; +claudebot@anthropic.com)"
216.73.216.134 - - [28/Aug/2026:22:39:02 +0000] "GET /ar/post-new-or-edit-request/?requestid=1195001 HTTP/1.1" 499 0 "https://wp.syrtalents.com/ar/post-new-or-edit-request/" "Mozilla/5.0 AppleWebKit/537.36 (KHTML, like Gecko; compatible; ClaudeBot/1.0; +claudebot@anthropic.com)"
116.179.37.243 - - [28/Aug/2026:22:39:35 +0000] "POST /wp-content/plugins/translatepress-multilingual/includes/trp-ajax.php HTTP/1.1" 408 0 "https://wp.syrtalents.com/ar/post-new-or-edit-request/?requestid=1194999" "Mozilla/5.0 (compatible; Baiduspider-render/2.0; +http://www.baidu.com/search/spider.html)"
116.179.37.252 - - [28/Aug/2026:22:39:35 +0000] "POST /wp-content/plugins/translatepress-multilingual/includes/trp-ajax.php HTTP/1.1" 408 0 "https://wp.syrtalents.com/ar/post-new-or-edit-request/?requestid=1194999" "Mozilla/5.0 (compatible; Baiduspider-render/2.0; +http://www.baidu.com/search/spider.html)"
216.73.216.134 - - [28/Aug/2026:22:39:35 +0000] "GET /ar/job-categories/java/ HTTP/1.1" 200 35385 "-" "Mozilla/5.0 AppleWebKit/537.36 (KHTML, like Gecko; compatible; ClaudeBot/1.0; +claudebot@anthropic.com)"
116.179.37.69 - - [28/Aug/2026:22:39:37 +0000] "POST /wp-admin/admin-ajax.php HTTP/1.1" 408 0 "https://wp.syrtalents.com/ar/post-new-or-edit-request/?requestid=1194999" "Mozilla/5.0 (compatible; Baiduspider-render/2.0; +http://www.baidu.com/search/spider.html)"
72.167.149.90 - - [28/Aug/2026:22:40:07 +0000] "POST /wp-cron.php?doing_wp_cron=1787956806.4672129154205322265625 HTTP/1.1" 499 0 "-" "WordPress/7.1; https://wp.syrtalents.com"
216.73.216.134 - - [28/Aug/2026:22:40:07 +0000] "GET /post-new-or-edit-request/?requestid=1190376 HTTP/1.1" 302 5 "-" "Mozilla/5.0 AppleWebKit/537.36 (KHTML, like Gecko; compatible; ClaudeBot/1.0; +claudebot@anthropic.com)"
216.73.216.134 - - [28/Aug/2026:22:40:11 +0000] "GET /post-new-or-edit-request/ HTTP/1.1" 499 0 "https://wp.syrtalents.com/post-new-or-edit-request/?requestid=1190376" "Mozilla/5.0 AppleWebKit/537.36 (KHTML, like Gecko; compatible; ClaudeBot/1.0; +claudebot@anthropic.com)"
216.73.216.134 - - [28/Aug/2026:22:40:33 +0000] "GET /post-new-or-edit-request/?requestid=1194833 HTTP/1.1" 302 5 "-" "Mozilla/5.0 AppleWebKit/537.36 (KHTML, like Gecko; compatible; ClaudeBot/1.0; +claudebot@anthropic.com)"
216.73.216.134 - - [28/Aug/2026:22:40:37 +0000] "GET /post-new-or-edit-request/?requestid=1195000 HTTP/1.1" 200 35239 "https://wp.syrtalents.com/post-new-or-edit-request/?requestid=1194833" "Mozilla/5.0 AppleWebKit/537.36 (KHTML, like Gecko; compatible; ClaudeBot/1.0; +claudebot@anthropic.com)"
216.73.216.134 - - [28/Aug/2026:22:41:43 +0000] "GET /post-new-or-edit-request/?category=java-req HTTP/1.1" 302 5 "-" "Mozilla/5.0 AppleWebKit/537.36 (KHTML, like Gecko; compatible; ClaudeBot/1.0; +claudebot@anthropic.com)"
216.73.216.134 - - [28/Aug/2026:22:41:47 +0000] "GET /post-new-or-edit-request/?requestid=1195003&category=java-req HTTP/1.1" 200 35273 "https://wp.syrtalents.com/post-new-or-edit-request/?category=java-req" "Mozilla/5.0 AppleWebKit/537.36 (KHTML, like Gecko; compatible; ClaudeBot/1.0; +claudebot@anthropic.com)"
72.167.149.90 - - [28/Aug/2026:22:44:02 +0000] "POST /wp-cron.php?doing_wp_cron=1787957041.9205100536346435546875 HTTP/1.1" 499 0 "-" "WordPress/7.1; https://wp.syrtalents.com"
216.73.216.173 - - [28/Aug/2026:22:44:03 +0000] "GET /post-new-or-edit-request/?requestid=1187828 HTTP/1.1" 302 5 "-" "Mozilla/5.0 AppleWebKit/537.36 (KHTML, like Gecko; compatible; ClaudeBot/1.0; +claudebot@anthropic.com)"
216.73.216.173 - - [28/Aug/2026:22:44:06 +0000] "GET /post-new-or-edit-request/ HTTP/1.1" 302 5 "https://wp.syrtalents.com/post-new-or-edit-request/?requestid=1187828" "Mozilla/5.0 AppleWebKit/537.36 (KHTML, like Gecko; compatible; ClaudeBot/1.0; +claudebot@anthropic.com)"
216.73.216.173 - - [28/Aug/2026:22:44:08 +0000] "GET /post-new-or-edit-request/?requestid=1195004 HTTP/1.1" 499 0 "https://wp.syrtalents.com/post-new-or-edit-request/" "Mozilla/5.0 AppleWebKit/537.36 (KHTML, like Gecko; compatible; ClaudeBot/1.0; +claudebot@anthropic.com)"
216.73.216.173 - - [28/Aug/2026:22:44:32 +0000] "GET /post-new-or-edit-request/?requestid=1194918 HTTP/1.1" 302 5 "-" "Mozilla/5.0 AppleWebKit/537.36 (KHTML, like Gecko; compatible; ClaudeBot/1.0; +claudebot@anthropic.com)"
216.73.216.173 - - [28/Aug/2026:22:44:35 +0000] "GET /post-new-or-edit-request/ HTTP/1.1" 302 5 "https://wp.syrtalents.com/post-new-or-edit-request/?requestid=1194918" "Mozilla/5.0 AppleWebKit/537.36 (KHTML, like Gecko; compatible; ClaudeBot/1.0; +claudebot@anthropic.com)"
216.73.216.173 - - [28/Aug/2026:22:44:38 +0000] "GET /post-new-or-edit-request/?requestid=1195005 HTTP/1.1" 499 0 "https://wp.syrtalents.com/post-new-or-edit-request/" "Mozilla/5.0 AppleWebKit/537.36 (KHTML, like Gecko; compatible; ClaudeBot/1.0; +claudebot@anthropic.com)"
34.238.45.183 - - [28/Aug/2026:22:44:53 +0000] "GET /job-categories/ai-development-engineering/ HTTP/1.1" 200 32679 "-" "Mozilla/5.0 AppleWebKit/537.36 (KHTML, like Gecko; compatible; Amazonbot/0.1; +https://developer.amazon.com/support/amazonbot) Chrome/119.0.6045.214 Safari/537.36"
216.73.216.173 - - [28/Aug/2026:22:45:00 +0000] "GET /ar/post-new-or-edit-request/?requestid=1191793 HTTP/1.1" 302 5 "-" "Mozilla/5.0 AppleWebKit/537.36 (KHTML, like Gecko; compatible; ClaudeBot/1.0; +claudebot@anthropic.com)"
216.73.216.173 - - [28/Aug/2026:22:45:02 +0000] "GET /ar/post-new-or-edit-request/?requestid=1192111 HTTP/1.1" 302 5 "-" "Mozilla/5.0 AppleWebKit/537.36 (KHTML, like Gecko; compatible; ClaudeBot/1.0; +claudebot@anthropic.com)"
216.73.216.173 - - [28/Aug/2026:22:45:04 +0000] "GET /ar/post-new-or-edit-request/ HTTP/1.1" 302 5 "https://wp.syrtalents.com/ar/post-new-or-edit-request/?requestid=1191793" "Mozilla/5.0 AppleWebKit/537.36 (KHTML, like Gecko; compatible; ClaudeBot/1.0; +claudebot@anthropic.com)"
216.73.216.173 - - [28/Aug/2026:22:45:08 +0000] "GET /ar/post-new-or-edit-request/ HTTP/1.1" 302 5 "https://wp.syrtalents.com/ar/post-new-or-edit-request/?requestid=1192111" "Mozilla/5.0 AppleWebKit/537.36 (KHTML, like Gecko; compatible; ClaudeBot/1.0; +claudebot@anthropic.com)"
216.73.216.173 - - [28/Aug/2026:22:45:08 +0000] "GET /ar/post-new-or-edit-request/?requestid=1195006 HTTP/1.1" 499 0 "https://wp.syrtalents.com/ar/post-new-or-edit-request/" "Mozilla/5.0 AppleWebKit/537.36 (KHTML, like Gecko; compatible; ClaudeBot/1.0; +claudebot@anthropic.com)"
216.73.216.173 - - [28/Aug/2026:22:45:09 +0000] "GET /ar/post-new-or-edit-request/?requestid=1195007 HTTP/1.1" 499 0 "https://wp.syrtalents.com/ar/post-new-or-edit-request/" "Mozilla/5.0 AppleWebKit/537.36 (KHTML, like Gecko; compatible; ClaudeBot/1.0; +claudebot@anthropic.com)"
199.45.154.74 - - [28/Aug/2026:22:45:16 +0000] "GET /wp-json/?_fields=name,description,home,gmt_offset,timezone_string,namespaces HTTP/1.1" 200 427 "-" "Mozilla/5.0 (compatible; CensysInspect/1.1; +https://about.censys.io/)"
216.73.216.173 - - [28/Aug/2026:22:45:18 +0000] "GET /ar/post-new-or-edit-request/?requestid=1192318 HTTP/1.1" 302 5 "-" "Mozilla/5.0 AppleWebKit/537.36 (KHTML, like Gecko; compatible; ClaudeBot/1.0; +claudebot@anthropic.com)"
216.73.216.173 - - [28/Aug/2026:22:45:18 +0000] "GET /ar/post-new-or-edit-request/?requestid=1192468 HTTP/1.1" 499 0 "-" "Mozilla/5.0 AppleWebKit/537.36 (KHTML, like Gecko; compatible; ClaudeBot/1.0; +claudebot@anthropic.com)"
216.73.216.173 - - [28/Aug/2026:22:45:19 +0000] "GET /ar/post-new-or-edit-request/?requestid=1195007 HTTP/1.1" 499 0 "https://wp.syrtalents.com/ar/post-new-or-edit-request/?requestid=1192318" "Mozilla/5.0 AppleWebKit/537.36 (KHTML, like Gecko; compatible; ClaudeBot/1.0; +claudebot@anthropic.com)"
216.73.216.173 - - [28/Aug/2026:22:45:25 +0000] "GET /ar/post-new-or-edit-request/?requestid=1190251 HTTP/1.1" 302 5 "-" "Mozilla/5.0 AppleWebKit/537.36 (KHTML, like Gecko; compatible; ClaudeBot/1.0; +claudebot@anthropic.com)"
216.73.216.173 - - [28/Aug/2026:22:45:27 +0000] "GET /ar/post-new-or-edit-request/?requestid=1194927 HTTP/1.1" 302 5 "-" "Mozilla/5.0 AppleWebKit/537.36 (KHTML, like Gecko; compatible; ClaudeBot/1.0; +claudebot@anthropic.com)"
216.73.216.173 - - [28/Aug/2026:22:45:28 +0000] "GET /ar/post-new-or-edit-request/?requestid=1195007 HTTP/1.1" 499 0 "https://wp.syrtalents.com/ar/post-new-or-edit-request/?requestid=1190251" "Mozilla/5.0 AppleWebKit/537.36 (KHTML, like Gecko; compatible; ClaudeBot/1.0; +claudebot@anthropic.com)"
216.73.216.173 - - [28/Aug/2026:22:45:29 +0000] "GET /ar/post-new-or-edit-request/?requestid=1195007 HTTP/1.1" 499 0 "https://wp.syrtalents.com/ar/post-new-or-edit-request/?requestid=1194927" "Mozilla/5.0 AppleWebKit/537.36 (KHTML, like Gecko; compatible; ClaudeBot/1.0; +claudebot@anthropic.com)"
216.73.216.173 - - [28/Aug/2026:22:45:33 +0000] "GET /ar/post-new-or-edit-request/?requestid=1190457 HTTP/1.1" 302 5 "-" "Mozilla/5.0 AppleWebKit/537.36 (KHTML, like Gecko; compatible; ClaudeBot/1.0; +claudebot@anthropic.com)"
216.73.216.173 - - [28/Aug/2026:22:45:38 +0000] "GET /ar/post-new-or-edit-request/?requestid=1195007 HTTP/1.1" 499 0 "https://wp.syrtalents.com/ar/post-new-or-edit-request/?requestid=1190457" "Mozilla/5.0 AppleWebKit/537.36 (KHTML, like Gecko; compatible; ClaudeBot/1.0; +claudebot@anthropic.com)"
216.73.216.173 - - [28/Aug/2026:22:45:41 +0000] "GET /ar/post-new-or-edit-request/?requestid=1193561 HTTP/1.1" 302 5 "-" "Mozilla/5.0 AppleWebKit/537.36 (KHTML, like Gecko; compatible; ClaudeBot/1.0; +claudebot@anthropic.com)"
216.73.216.173 - - [28/Aug/2026:22:45:44 +0000] "GET /ar/post-new-or-edit-request/?requestid=1195007 HTTP/1.1" 200 37828 "https://wp.syrtalents.com/ar/post-new-or-edit-request/?requestid=1193561" "Mozilla/5.0 AppleWebKit/537.36 (KHTML, like Gecko; compatible; ClaudeBot/1.0; +claudebot@anthropic.com)"
216.73.216.173 - - [28/Aug/2026:22:45:46 +0000] "GET /ar/post-new-or-edit-request/?requestid=1192316 HTTP/1.1" 302 5 "-" "Mozilla/5.0 AppleWebKit/537.36 (KHTML, like Gecko; compatible; ClaudeBot/1.0; +claudebot@anthropic.com)"
216.73.216.173 - - [28/Aug/2026:22:45:49 +0000] "GET /ar/post-new-or-edit-request/?requestid=1195007 HTTP/1.1" 200 37827 "https://wp.syrtalents.com/ar/post-new-or-edit-request/?requestid=1192316" "Mozilla/5.0 AppleWebKit/537.36 (KHTML, like Gecko; compatible; ClaudeBot/1.0; +claudebot@anthropic.com)"
216.73.216.173 - - [28/Aug/2026:22:45:51 +0000] "GET /ar/post-new-or-edit-request/?requestid=1194931 HTTP/1.1" 302 5 "-" "Mozilla/5.0 AppleWebKit/537.36 (KHTML, like Gecko; compatible; ClaudeBot/1.0; +claudebot@anthropic.com)"
216.73.216.173 - - [28/Aug/2026:22:45:53 +0000] "GET /ar/post-new-or-edit-request/?requestid=1195007 HTTP/1.1" 200 37826 "https://wp.syrtalents.com/ar/post-new-or-edit-request/?requestid=1194931" "Mozilla/5.0 AppleWebKit/537.36 (KHTML, like Gecko; compatible; ClaudeBot/1.0; +claudebot@anthropic.com)"
216.73.216.173 - - [28/Aug/2026:22:45:57 +0000] "GET /ar/post-new-or-edit-request/?requestid=1187432 HTTP/1.1" 302 5 "-" "Mozilla/5.0 AppleWebKit/537.36 (KHTML, like Gecko; compatible; ClaudeBot/1.0; +claudebot@anthropic.com)"
216.73.216.173 - - [28/Aug/2026:22:46:00 +0000] "GET /ar/post-new-or-edit-request/?requestid=1195007 HTTP/1.1" 200 37827 "https://wp.syrtalents.com/ar/post-new-or-edit-request/?requestid=1187432" "Mozilla/5.0 AppleWebKit/537.36 (KHTML, like Gecko; compatible; ClaudeBot/1.0; +claudebot@anthropic.com)"
216.73.216.173 - - [28/Aug/2026:22:46:01 +0000] "GET /post-new-or-edit-request/?requestid=1189990 HTTP/1.1" 302 5 "-" "Mozilla/5.0 AppleWebKit/537.36 (KHTML, like Gecko; compatible; ClaudeBot/1.0; +claudebot@anthropic.com)"
216.73.216.173 - - [28/Aug/2026:22:46:05 +0000] "GET /post-new-or-edit-request/ HTTP/1.1" 302 5 "https://wp.syrtalents.com/post-new-or-edit-request/?requestid=1189990" "Mozilla/5.0 AppleWebKit/537.36 (KHTML, like Gecko; compatible; ClaudeBot/1.0; +claudebot@anthropic.com)"
216.73.216.173 - - [28/Aug/2026:22:46:08 +0000] "GET /post-new-or-edit-request/?requestid=1195008 HTTP/1.1" 200 35242 "https://wp.syrtalents.com/post-new-or-edit-request/" "Mozilla/5.0 AppleWebKit/537.36 (KHTML, like Gecko; compatible; ClaudeBot/1.0; +claudebot@anthropic.com)"
216.73.216.173 - - [28/Aug/2026:22:46:11 +0000] "GET /post-new-or-edit-request/?requestid=1188474 HTTP/1.1" 302 5 "-" "Mozilla/5.0 AppleWebKit/537.36 (KHTML, like Gecko; compatible; ClaudeBot/1.0; +claudebot@anthropic.com)"
216.73.216.173 - - [28/Aug/2026:22:46:14 +0000] "GET /post-new-or-edit-request/?requestid=1195008 HTTP/1.1" 200 35241 "https://wp.syrtalents.com/post-new-or-edit-request/?requestid=1188474" "Mozilla/5.0 AppleWebKit/537.36 (KHTML, like Gecko; compatible; ClaudeBot/1.0; +claudebot@anthropic.com)"
216.73.216.173 - - [28/Aug/2026:22:46:18 +0000] "GET /post-new-or-edit-request/?requestid=1187370 HTTP/1.1" 302 5 "-" "Mozilla/5.0 AppleWebKit/537.36 (KHTML, like Gecko; compatible; ClaudeBot/1.0; +claudebot@anthropic.com)"
216.73.216.173 - - [28/Aug/2026:22:46:21 +0000] "GET /post-new-or-edit-request/?requestid=1195008 HTTP/1.1" 200 35241 "https://wp.syrtalents.com/post-new-or-edit-request/?requestid=1187370" "Mozilla/5.0 AppleWebKit/537.36 (KHTML, like Gecko; compatible; ClaudeBot/1.0; +claudebot@anthropic.com)"
216.73.216.173 - - [28/Aug/2026:22:46:23 +0000] "GET /post-new-or-edit-request/?requestid=1189832 HTTP/1.1" 302 5 "-" "Mozilla/5.0 AppleWebKit/537.36 (KHTML, like Gecko; compatible; ClaudeBot/1.0; +claudebot@anthropic.com)"
216.73.216.173 - - [28/Aug/2026:22:46:26 +0000] "GET /post-new-or-edit-request/?requestid=1195008 HTTP/1.1" 200 35241 "https://wp.syrtalents.com/post-new-or-edit-request/?requestid=1189832" "Mozilla/5.0 AppleWebKit/537.36 (KHTML, like Gecko; compatible; ClaudeBot/1.0; +claudebot@anthropic.com)"
216.73.216.173 - - [28/Aug/2026:22:46:29 +0000] "GET /post-new-or-edit-request/?requestid=1190558 HTTP/1.1" 302 5 "-" "Mozilla/5.0 AppleWebKit/537.36 (KHTML, like Gecko; compatible; ClaudeBot/1.0; +claudebot@anthropic.com)"
216.73.216.173 - - [28/Aug/2026:22:46:31 +0000] "GET /ar/post-new-or-edit-request/?requestid=1192275 HTTP/1.1" 302 5 "-" "Mozilla/5.0 AppleWebKit/537.36 (KHTML, like Gecko; compatible; ClaudeBot/1.0; +claudebot@anthropic.com)"
216.73.216.173 - - [28/Aug/2026:22:46:32 +0000] "GET /post-new-or-edit-request/?requestid=1195008 HTTP/1.1" 200 35241 "https://wp.syrtalents.com/post-new-or-edit-request/?requestid=1190558" "Mozilla/5.0 AppleWebKit/537.36 (KHTML, like Gecko; compatible; ClaudeBot/1.0; +claudebot@anthropic.com)"
216.73.216.173 - - [28/Aug/2026:22:46:33 +0000] "GET /ar/post-new-or-edit-request/ HTTP/1.1" 302 5 "https://wp.syrtalents.com/ar/post-new-or-edit-request/?requestid=1192275" "Mozilla/5.0 AppleWebKit/537.36 (KHTML, like Gecko; compatible; ClaudeBot/1.0; +claudebot@anthropic.com)"
216.73.216.173 - - [28/Aug/2026:22:46:36 +0000] "GET /ar/post-new-or-edit-request/?requestid=1195009 HTTP/1.1" 200 37826 "https://wp.syrtalents.com/ar/post-new-or-edit-request/" "Mozilla/5.0 AppleWebKit/537.36 (KHTML, like Gecko; compatible; ClaudeBot/1.0; +claudebot@anthropic.com)"
216.73.216.173 - - [28/Aug/2026:22:46:37 +0000] "GET /ar/post-new-or-edit-request/?requestid=1192341 HTTP/1.1" 302 5 "-" "Mozilla/5.0 AppleWebKit/537.36 (KHTML, like Gecko; compatible; ClaudeBot/1.0; +claudebot@anthropic.com)"
216.73.216.173 - - [28/Aug/2026:22:46:41 +0000] "GET /ar/post-new-or-edit-request/?requestid=1195009 HTTP/1.1" 200 37826 "https://wp.syrtalents.com/ar/post-new-or-edit-request/?requestid=1192341" "Mozilla/5.0 AppleWebKit/537.36 (KHTML, like Gecko; compatible; ClaudeBot/1.0; +claudebot@anthropic.com)"
216.73.216.173 - - [28/Aug/2026:22:46:41 +0000] "GET /ar/post-new-or-edit-request/?requestid=1192690 HTTP/1.1" 302 5 "-" "Mozilla/5.0 AppleWebKit/537.36 (KHTML, like Gecko; compatible; ClaudeBot/1.0; +claudebot@anthropic.com)"
216.73.216.173 - - [28/Aug/2026:22:46:44 +0000] "GET /ar/post-new-or-edit-request/?requestid=1195007 HTTP/1.1" 200 37825 "https://wp.syrtalents.com/ar/post-new-or-edit-request/?requestid=1192690" "Mozilla/5.0 AppleWebKit/537.36 (KHTML, like Gecko; compatible; ClaudeBot/1.0; +claudebot@anthropic.com)"
216.73.216.173 - - [28/Aug/2026:22:46:46 +0000] "GET /ar/post-new-or-edit-request/?requestid=1191093 HTTP/1.1" 302 5 "-" "Mozilla/5.0 AppleWebKit/537.36 (KHTML, like Gecko; compatible; ClaudeBot/1.0; +claudebot@anthropic.com)"
216.73.216.173 - - [28/Aug/2026:22:46:48 +0000] "GET /ar/post-new-or-edit-request/?requestid=1195007 HTTP/1.1" 200 37828 "https://wp.syrtalents.com/ar/post-new-or-edit-request/?requestid=1191093" "Mozilla/5.0 AppleWebKit/537.36 (KHTML, like Gecko; compatible; ClaudeBot/1.0; +claudebot@anthropic.com)"
216.73.216.173 - - [28/Aug/2026:22:46:50 +0000] "GET /ar/post-new-or-edit-request/?requestid=1188463 HTTP/1.1" 302 5 "-" "Mozilla/5.0 AppleWebKit/537.36 (KHTML, like Gecko; compatible; ClaudeBot/1.0; +claudebot@anthropic.com)"
216.73.216.173 - - [28/Aug/2026:22:46:53 +0000] "GET /ar/post-new-or-edit-request/?requestid=1195007 HTTP/1.1" 200 37824 "https://wp.syrtalents.com/ar/post-new-or-edit-request/?requestid=1188463" "Mozilla/5.0 AppleWebKit/537.36 (KHTML, like Gecko; compatible; ClaudeBot/1.0; +claudebot@anthropic.com)"
216.73.216.173 - - [28/Aug/2026:22:46:56 +0000] "GET /ar/post-new-or-edit-request/?requestid=1193031 HTTP/1.1" 302 5 "-" "Mozilla/5.0 AppleWebKit/537.36 (KHTML, like Gecko; compatible; ClaudeBot/1.0; +claudebot@anthropic.com)"
216.73.216.173 - - [28/Aug/2026:22:46:59 +0000] "GET /ar/post-new-or-edit-request/?requestid=1195007 HTTP/1.1" 200 37827 "https://wp.syrtalents.com/ar/post-new-or-edit-request/?requestid=1193031" "Mozilla/5.0 AppleWebKit/537.36 (KHTML, like Gecko; compatible; ClaudeBot/1.0; +claudebot@anthropic.com)"
216.73.216.173 - - [28/Aug/2026:22:47:04 +0000] "GET /ar/post-new-or-edit-request/?requestid=1192455 HTTP/1.1" 302 5 "-" "Mozilla/5.0 AppleWebKit/537.36 (KHTML, like Gecko; compatible; ClaudeBot/1.0; +claudebot@anthropic.com)"
216.73.216.173 - - [28/Aug/2026:22:47:07 +0000] "GET /ar/post-new-or-edit-request/?requestid=1195007 HTTP/1.1" 200 37824 "https://wp.syrtalents.com/ar/post-new-or-edit-request/?requestid=1192455" "Mozilla/5.0 AppleWebKit/537.36 (KHTML, like Gecko; compatible; ClaudeBot/1.0; +claudebot@anthropic.com)"
216.73.216.173 - - [28/Aug/2026:22:47:10 +0000] "GET /ar/post-new-or-edit-request/?requestid=1182576 HTTP/1.1" 302 5 "-" "Mozilla/5.0 AppleWebKit/537.36 (KHTML, like Gecko; compatible; ClaudeBot/1.0; +claudebot@anthropic.com)"
216.73.216.173 - - [28/Aug/2026:22:47:13 +0000] "GET /ar/post-new-or-edit-request/?requestid=1195007 HTTP/1.1" 200 37830 "https://wp.syrtalents.com/ar/post-new-or-edit-request/?requestid=1182576" "Mozilla/5.0 AppleWebKit/537.36 (KHTML, like Gecko; compatible; ClaudeBot/1.0; +claudebot@anthropic.com)"
216.73.216.173 - - [28/Aug/2026:22:47:17 +0000] "GET /ar/post-new-or-edit-request/?requestid=1192824 HTTP/1.1" 302 5 "-" "Mozilla/5.0 AppleWebKit/537.36 (KHTML, like Gecko; compatible; ClaudeBot/1.0; +claudebot@anthropic.com)"
216.73.216.173 - - [28/Aug/2026:22:47:19 +0000] "GET /ar/post-new-or-edit-request/?requestid=1195007 HTTP/1.1" 200 37828 "https://wp.syrtalents.com/ar/post-new-or-edit-request/?requestid=1192824" "Mozilla/5.0 AppleWebKit/537.36 (KHTML, like Gecko; compatible; ClaudeBot/1.0; +claudebot@anthropic.com)"
216.73.216.173 - - [28/Aug/2026:22:47:26 +0000] "GET /ar/post-new-or-edit-request/?requestid=1194268 HTTP/1.1" 302 5 "-" "Mozilla/5.0 AppleWebKit/537.36 (KHTML, like Gecko; compatible; ClaudeBot/1.0; +claudebot@anthropic.com)"
216.73.216.173 - - [28/Aug/2026:22:47:30 +0000] "GET /ar/post-new-or-edit-request/?requestid=1195007 HTTP/1.1" 200 37826 "https://wp.syrtalents.com/ar/post-new-or-edit-request/?requestid=1194268" "Mozilla/5.0 AppleWebKit/537.36 (KHTML, like Gecko; compatible; ClaudeBot/1.0; +claudebot@anthropic.com)"
216.73.216.173 - - [28/Aug/2026:22:47:34 +0000] "GET /ar/post-new-or-edit-request/?requestid=1191659 HTTP/1.1" 302 5 "-" "Mozilla/5.0 AppleWebKit/537.36 (KHTML, like Gecko; compatible; ClaudeBot/1.0; +claudebot@anthropic.com)"
216.73.216.173 - - [28/Aug/2026:22:47:36 +0000] "GET /ar/post-new-or-edit-request/?requestid=1195007 HTTP/1.1" 200 37827 "https://wp.syrtalents.com/ar/post-new-or-edit-request/?requestid=1191659" "Mozilla/5.0 AppleWebKit/537.36 (KHTML, like Gecko; compatible; ClaudeBot/1.0; +claudebot@anthropic.com)"
216.73.216.173 - - [28/Aug/2026:22:47:45 +0000] "GET /ar/post-new-or-edit-request/?requestid=1192915 HTTP/1.1" 302 5 "-" "Mozilla/5.0 AppleWebKit/537.36 (KHTML, like Gecko; compatible; ClaudeBot/1.0; +claudebot@anthropic.com)"
216.73.216.173 - - [28/Aug/2026:22:47:48 +0000] "GET /ar/post-new-or-edit-request/?requestid=1195007 HTTP/1.1" 200 37825 "https://wp.syrtalents.com/ar/post-new-or-edit-request/?requestid=1192915" "Mozilla/5.0 AppleWebKit/537.36 (KHTML, like Gecko; compatible; ClaudeBot/1.0; +claudebot@anthropic.com)"
72.167.149.90 - - [28/Aug/2026:22:48:17 +0000] "POST /wp-cron.php?doing_wp_cron=1787957296.6670169830322265625000 HTTP/1.1" 499 0 "-" "WordPress/7.1; https://wp.syrtalents.com"
220.181.108.159 - - [28/Aug/2026:22:48:17 +0000] "GET /post-new-or-edit-request/?requestid=1152883 HTTP/1.1" 302 5 "-" "Mozilla/5.0 (compatible; Baiduspider/2.0; +http://www.baidu.com/search/spider.html)"
220.181.108.91 - - [28/Aug/2026:22:48:20 +0000] "GET /post-new-or-edit-request/ HTTP/1.1" 302 5 "-" "Mozilla/5.0 (compatible; Baiduspider/2.0; +http://www.baidu.com/search/spider.html)"
220.181.108.105 - - [28/Aug/2026:22:48:23 +0000] "GET /post-new-or-edit-request/?requestid=1195010 HTTP/1.1" 200 35241 "-" "Mozilla/5.0 (compatible; Baiduspider/2.0; +http://www.baidu.com/search/spider.html)"
116.179.37.132 - - [28/Aug/2026:22:48:34 +0000] "POST /wp-admin/admin-ajax.php?action=un_config_get HTTP/1.1" 200 971 "https://wp.syrtalents.com/post-new-or-edit-request/?requestid=1195010" "Mozilla/5.0 (compatible; Baiduspider-render/2.0; +http://www.baidu.com/search/spider.html)"
72.167.149.90 - - [28/Aug/2026:22:50:44 +0000] "POST /wp-cron.php?doing_wp_cron=1787957443.4201579093933105468750 HTTP/1.1" 499 0 "-" "WordPress/7.1; https://wp.syrtalents.com"
216.73.216.238 - - [28/Aug/2026:22:50:44 +0000] "GET /robots.txt HTTP/1.1" 200 54 "-" "Mozilla/5.0 AppleWebKit/537.36 (KHTML, like Gecko; compatible; ClaudeBot/1.0; +claudebot@anthropic.com)"
216.73.216.238 - - [28/Aug/2026:22:50:46 +0000] "GET /post-new-or-edit-request/?requestid=1195000 HTTP/1.1" 302 5 "-" "Mozilla/5.0 AppleWebKit/537.36 (KHTML, like Gecko; compatible; ClaudeBot/1.0; +claudebot@anthropic.com)"
216.73.216.238 - - [28/Aug/2026:22:50:48 +0000] "GET /post-new-or-edit-request/ HTTP/1.1" 302 5 "https://wp.syrtalents.com/post-new-or-edit-request/?requestid=1195000" "Mozilla/5.0 AppleWebKit/537.36 (KHTML, like Gecko; compatible; ClaudeBot/1.0; +claudebot@anthropic.com)"
216.73.216.238 - - [28/Aug/2026:22:50:52 +0000] "GET /post-new-or-edit-request/?requestid=1195011 HTTP/1.1" 200 35240 "https://wp.syrtalents.com/post-new-or-edit-request/" "Mozilla/5.0 AppleWebKit/537.36 (KHTML, like Gecko; compatible; ClaudeBot/1.0; +claudebot@anthropic.com)"
216.73.216.238 - - [28/Aug/2026:22:50:56 +0000] "GET /post-new-or-edit-request/?requestid=1194458 HTTP/1.1" 302 5 "-" "Mozilla/5.0 AppleWebKit/537.36 (KHTML, like Gecko; compatible; ClaudeBot/1.0; +claudebot@anthropic.com)"
216.73.216.238 - - [28/Aug/2026:22:50:59 +0000] "GET /post-new-or-edit-request/?requestid=1195011 HTTP/1.1" 200 35240 "https://wp.syrtalents.com/post-new-or-edit-request/?requestid=1194458" "Mozilla/5.0 AppleWebKit/537.36 (KHTML, like Gecko; compatible; ClaudeBot/1.0; +claudebot@anthropic.com)"
216.73.216.238 - - [28/Aug/2026:22:51:06 +0000] "GET /post-new-or-edit-request/?requestid=1194615 HTTP/1.1" 302 5 "-" "Mozilla/5.0 AppleWebKit/537.36 (KHTML, like Gecko; compatible; ClaudeBot/1.0; +claudebot@anthropic.com)"
216.73.216.238 - - [28/Aug/2026:22:51:09 +0000] "GET /post-new-or-edit-request/?requestid=1195011 HTTP/1.1" 200 35239 "https://wp.syrtalents.com/post-new-or-edit-request/?requestid=1194615" "Mozilla/5.0 AppleWebKit/537.36 (KHTML, like Gecko; compatible; ClaudeBot/1.0; +claudebot@anthropic.com)"
216.73.216.238 - - [28/Aug/2026:22:51:16 +0000] "GET /post-new-or-edit-request/?requestid=1194473 HTTP/1.1" 302 5 "-" "Mozilla/5.0 AppleWebKit/537.36 (KHTML, like Gecko; compatible; ClaudeBot/1.0; +claudebot@anthropic.com)"
216.73.216.238 - - [28/Aug/2026:22:51:18 +0000] "GET /post-new-or-edit-request/?requestid=1195011 HTTP/1.1" 200 35239 "https://wp.syrtalents.com/post-new-or-edit-request/?requestid=1194473" "Mozilla/5.0 AppleWebKit/537.36 (KHTML, like Gecko; compatible; ClaudeBot/1.0; +claudebot@anthropic.com)"
216.73.216.238 - - [28/Aug/2026:22:51:26 +0000] "GET /post-new-or-edit-request/?requestid=1194682 HTTP/1.1" 302 5 "-" "Mozilla/5.0 AppleWebKit/537.36 (KHTML, like Gecko; compatible; ClaudeBot/1.0; +claudebot@anthropic.com)"
216.73.216.238 - - [28/Aug/2026:22:51:30 +0000] "GET /post-new-or-edit-request/?requestid=1195011 HTTP/1.1" 200 35240 "https://wp.syrtalents.com/post-new-or-edit-request/?requestid=1194682" "Mozilla/5.0 AppleWebKit/537.36 (KHTML, like Gecko; compatible; ClaudeBot/1.0; +claudebot@anthropic.com)"
216.73.216.238 - - [28/Aug/2026:22:51:37 +0000] "GET /post-new-or-edit-request/?requestid=1194501 HTTP/1.1" 302 5 "-" "Mozilla/5.0 AppleWebKit/537.36 (KHTML, like Gecko; compatible; ClaudeBot/1.0; +claudebot@anthropic.com)"
216.73.216.238 - - [28/Aug/2026:22:51:41 +0000] "GET /post-new-or-edit-request/?requestid=1195011 HTTP/1.1" 200 35239 "https://wp.syrtalents.com/post-new-or-edit-request/?requestid=1194501" "Mozilla/5.0 AppleWebKit/537.36 (KHTML, like Gecko; compatible; ClaudeBot/1.0; +claudebot@anthropic.com)"
216.73.216.238 - - [28/Aug/2026:22:51:47 +0000] "GET /ar/post-new-or-edit-request/?requestid=1190887 HTTP/1.1" 302 5 "-" "Mozilla/5.0 AppleWebKit/537.36 (KHTML, like Gecko; compatible; ClaudeBot/1.0; +claudebot@anthropic.com)"
216.73.216.238 - - [28/Aug/2026:22:51:49 +0000] "GET /ar/post-new-or-edit-request/ HTTP/1.1" 302 5 "https://wp.syrtalents.com/ar/post-new-or-edit-request/?requestid=1190887" "Mozilla/5.0 AppleWebKit/537.36 (KHTML, like Gecko; compatible; ClaudeBot/1.0; +claudebot@anthropic.com)"
216.73.216.238 - - [28/Aug/2026:22:51:53 +0000] "GET /ar/post-new-or-edit-request/?requestid=1195012 HTTP/1.1" 200 37829 "https://wp.syrtalents.com/ar/post-new-or-edit-request/" "Mozilla/5.0 AppleWebKit/537.36 (KHTML, like Gecko; compatible; ClaudeBot/1.0; +claudebot@anthropic.com)"
216.73.216.238 - - [28/Aug/2026:22:51:56 +0000] "GET /post-new-or-edit-request/?requestid=1194799 HTTP/1.1" 302 5 "-" "Mozilla/5.0 AppleWebKit/537.36 (KHTML, like Gecko; compatible; ClaudeBot/1.0; +claudebot@anthropic.com)"
216.73.216.238 - - [28/Aug/2026:22:52:01 +0000] "GET /post-new-or-edit-request/?requestid=1195012 HTTP/1.1" 200 35243 "https://wp.syrtalents.com/post-new-or-edit-request/?requestid=1194799" "Mozilla/5.0 AppleWebKit/537.36 (KHTML, like Gecko; compatible; ClaudeBot/1.0; +claudebot@anthropic.com)"
216.73.216.238 - - [28/Aug/2026:22:52:06 +0000] "GET /ar/post-new-or-edit-request/?requestid=1193565 HTTP/1.1" 302 5 "-" "Mozilla/5.0 AppleWebKit/537.36 (KHTML, like Gecko; compatible; ClaudeBot/1.0; +claudebot@anthropic.com)"
216.73.216.238 - - [28/Aug/2026:22:52:10 +0000] "GET /ar/post-new-or-edit-request/?requestid=1195012 HTTP/1.1" 200 37829 "https://wp.syrtalents.com/ar/post-new-or-edit-request/?requestid=1193565" "Mozilla/5.0 AppleWebKit/537.36 (KHTML, like Gecko; compatible; ClaudeBot/1.0; +claudebot@anthropic.com)"
216.73.216.238 - - [28/Aug/2026:22:52:16 +0000] "GET /ar/post-new-or-edit-request/?requestid=1192193 HTTP/1.1" 302 5 "-" "Mozilla/5.0 AppleWebKit/537.36 (KHTML, like Gecko; compatible; ClaudeBot/1.0; +claudebot@anthropic.com)"
216.73.216.238 - - [28/Aug/2026:22:52:18 +0000] "GET /ar/post-new-or-edit-request/?requestid=1195012 HTTP/1.1" 200 37825 "https://wp.syrtalents.com/ar/post-new-or-edit-request/?requestid=1192193" "Mozilla/5.0 AppleWebKit/537.36 (KHTML, like Gecko; compatible; ClaudeBot/1.0; +claudebot@anthropic.com)"
216.73.216.238 - - [28/Aug/2026:22:52:32 +0000] "GET /ar/post-new-or-edit-request/?requestid=1192271 HTTP/1.1" 302 5 "-" "Mozilla/5.0 AppleWebKit/537.36 (KHTML, like Gecko; compatible; ClaudeBot/1.0; +claudebot@anthropic.com)"
216.73.216.238 - - [28/Aug/2026:22:52:34 +0000] "GET /ar/post-new-or-edit-request/?requestid=1195012 HTTP/1.1" 499 0 "https://wp.syrtalents.com/ar/post-new-or-edit-request/?requestid=1192271" "Mozilla/5.0 AppleWebKit/537.36 (KHTML, like Gecko; compatible; ClaudeBot/1.0; +claudebot@anthropic.com)"
216.73.216.238 - - [28/Aug/2026:22:52:38 +0000] "GET /ar/post-new-or-edit-request/?requestid=1190784 HTTP/1.1" 302 5 "-" "Mozilla/5.0 AppleWebKit/537.36 (KHTML, like Gecko; compatible; ClaudeBot/1.0; +claudebot@anthropic.com)"
216.73.216.238 - - [28/Aug/2026:22:52:41 +0000] "GET /ar/post-new-or-edit-request/?requestid=1195012 HTTP/1.1" 200 37827 "https://wp.syrtalents.com/ar/post-new-or-edit-request/?requestid=1190784" "Mozilla/5.0 AppleWebKit/537.36 (KHTML, like Gecko; compatible; ClaudeBot/1.0; +claudebot@anthropic.com)"
216.73.216.238 - - [28/Aug/2026:22:52:48 +0000] "GET /post-new-or-edit-request/?requestid=1194195 HTTP/1.1" 302 5 "-" "Mozilla/5.0 AppleWebKit/537.36 (KHTML, like Gecko; compatible; ClaudeBot/1.0; +claudebot@anthropic.com)"
216.73.216.238 - - [28/Aug/2026:22:52:50 +0000] "GET /post-new-or-edit-request/ HTTP/1.1" 302 5 "https://wp.syrtalents.com/post-new-or-edit-request/?requestid=1194195" "Mozilla/5.0 AppleWebKit/537.36 (KHTML, like Gecko; compatible; ClaudeBot/1.0; +claudebot@anthropic.com)"
72.167.149.90 - - [28/Aug/2026:22:52:54 +0000] "POST /wp-cron.php?doing_wp_cron=1787957573.7892649173736572265625 HTTP/1.1" 499 0 "-" "WordPress/7.1; https://wp.syrtalents.com"
216.73.216.238 - - [28/Aug/2026:22:52:54 +0000] "GET /post-new-or-edit-request/?requestid=1195013 HTTP/1.1" 200 15709 "https://wp.syrtalents.com/post-new-or-edit-request/" "Mozilla/5.0 AppleWebKit/537.36 (KHTML, like Gecko; compatible; ClaudeBot/1.0; +claudebot@anthropic.com)"
216.73.216.238 - - [28/Aug/2026:22:53:08 +0000] "GET /post-new-or-edit-request/?requestid=1194614 HTTP/1.1" 302 5 "-" "Mozilla/5.0 AppleWebKit/537.36 (KHTML, like Gecko; compatible; ClaudeBot/1.0; +claudebot@anthropic.com)"
216.73.216.238 - - [28/Aug/2026:22:53:14 +0000] "GET /post-new-or-edit-request/?requestid=1195013 HTTP/1.1" 200 35240 "https://wp.syrtalents.com/post-new-or-edit-request/?requestid=1194614" "Mozilla/5.0 AppleWebKit/537.36 (KHTML, like Gecko; compatible; ClaudeBot/1.0; +claudebot@anthropic.com)"
216.73.216.238 - - [28/Aug/2026:22:53:21 +0000] "GET /ar/post-new-or-edit-request/?requestid=1189175 HTTP/1.1" 302 5 "-" "Mozilla/5.0 AppleWebKit/537.36 (KHTML, like Gecko; compatible; ClaudeBot/1.0; +claudebot@anthropic.com)"
216.73.216.238 - - [28/Aug/2026:22:53:25 +0000] "GET /ar/post-new-or-edit-request/?requestid=1195012 HTTP/1.1" 200 37827 "https://wp.syrtalents.com/ar/post-new-or-edit-request/?requestid=1189175" "Mozilla/5.0 AppleWebKit/537.36 (KHTML, like Gecko; compatible; ClaudeBot/1.0; +claudebot@anthropic.com)"
216.73.216.238 - - [28/Aug/2026:22:53:49 +0000] "GET /post-new-or-edit-request/?requestid=1190879 HTTP/1.1" 302 5 "-" "Mozilla/5.0 AppleWebKit/537.36 (KHTML, like Gecko; compatible; ClaudeBot/1.0; +claudebot@anthropic.com)"
216.73.216.238 - - [28/Aug/2026:22:53:51 +0000] "GET /post-new-or-edit-request/ HTTP/1.1" 302 5 "https://wp.syrtalents.com/post-new-or-edit-request/?requestid=1190879" "Mozilla/5.0 AppleWebKit/537.36 (KHTML, like Gecko; compatible; ClaudeBot/1.0; +claudebot@anthropic.com)"
216.73.216.238 - - [28/Aug/2026:22:53:54 +0000] "GET /post-new-or-edit-request/?requestid=1195014 HTTP/1.1" 200 35241 "https://wp.syrtalents.com/post-new-or-edit-request/" "Mozilla/5.0 AppleWebKit/537.36 (KHTML, like Gecko; compatible; ClaudeBot/1.0; +claudebot@anthropic.com)"
216.73.216.238 - - [28/Aug/2026:22:54:22 +0000] "GET /ar/post-new-or-edit-request/?requestid=1189291 HTTP/1.1" 302 5 "-" "Mozilla/5.0 AppleWebKit/537.36 (KHTML, like Gecko; compatible; ClaudeBot/1.0; +claudebot@anthropic.com)"
216.73.216.238 - - [28/Aug/2026:22:54:28 +0000] "GET /ar/post-new-or-edit-request/?requestid=1195012 HTTP/1.1" 200 37827 "https://wp.syrtalents.com/ar/post-new-or-edit-request/?requestid=1189291" "Mozilla/5.0 AppleWebKit/537.36 (KHTML, like Gecko; compatible; ClaudeBot/1.0; +claudebot@anthropic.com)"
216.73.216.238 - - [28/Aug/2026:22:54:52 +0000] "GET /post-new-or-edit-request/?requestid=1192193 HTTP/1.1" 302 5 "-" "Mozilla/5.0 AppleWebKit/537.36 (KHTML, like Gecko; compatible; ClaudeBot/1.0; +claudebot@anthropic.com)"
216.73.216.238 - - [28/Aug/2026:22:54:55 +0000] "GET /post-new-or-edit-request/?requestid=1195014 HTTP/1.1" 200 35240 "https://wp.syrtalents.com/post-new-or-edit-request/?requestid=1192193" "Mozilla/5.0 AppleWebKit/537.36 (KHTML, like Gecko; compatible; ClaudeBot/1.0; +claudebot@anthropic.com)"
216.73.216.238 - - [28/Aug/2026:22:56:11 +0000] "GET /post-new-or-edit-request/?requestid=1191124 HTTP/1.1" 302 5 "-" "Mozilla/5.0 AppleWebKit/537.36 (KHTML, like Gecko; compatible; ClaudeBot/1.0; +claudebot@anthropic.com)"
72.167.149.90 - - [28/Aug/2026:22:56:16 +0000] "POST /wp-cron.php?doing_wp_cron=1787957775.3913528919219970703125 HTTP/1.1" 499 0 "-" "WordPress/7.1; https://wp.syrtalents.com"
216.73.216.238 - - [28/Aug/2026:22:56:16 +0000] "GET /post-new-or-edit-request/?requestid=1195014 HTTP/1.1" 200 15705 "https://wp.syrtalents.com/post-new-or-edit-request/?requestid=1191124" "Mozilla/5.0 AppleWebKit/537.36 (KHTML, like Gecko; compatible; ClaudeBot/1.0; +claudebot@anthropic.com)"
216.73.217.173 - - [28/Aug/2026:22:57:32 +0000] "GET /post-new-or-edit-request/?category=java-req&requestid=1195003 HTTP/1.1" 302 5 "-" "Mozilla/5.0 AppleWebKit/537.36 (KHTML, like Gecko; compatible; ClaudeBot/1.0; +claudebot@anthropic.com)"
216.73.217.173 - - [28/Aug/2026:22:57:34 +0000] "GET /post-new-or-edit-request/ HTTP/1.1" 302 5 "https://wp.syrtalents.com/post-new-or-edit-request/?category=java-req&requestid=1195003" "Mozilla/5.0 AppleWebKit/537.36 (KHTML, like Gecko; compatible; ClaudeBot/1.0; +claudebot@anthropic.com)"
216.73.217.173 - - [28/Aug/2026:22:57:37 +0000] "GET /post-new-or-edit-request/?requestid=1195015 HTTP/1.1" 200 35239 "https://wp.syrtalents.com/post-new-or-edit-request/" "Mozilla/5.0 AppleWebKit/537.36 (KHTML, like Gecko; compatible; ClaudeBot/1.0; +claudebot@anthropic.com)"
72.167.149.90 - - [28/Aug/2026:22:58:04 +0000] "POST /wp-cron.php?doing_wp_cron=1787957883.8277819156646728515625 HTTP/1.1" 499 0 "-" "WordPress/7.1; https://wp.syrtalents.com"
216.73.217.173 - - [28/Aug/2026:22:58:04 +0000] "GET /post-new-or-edit-request/?requestid=1192674 HTTP/1.1" 302 5 "-" "Mozilla/5.0 AppleWebKit/537.36 (KHTML, like Gecko; compatible; ClaudeBot/1.0; +claudebot@anthropic.com)"
216.73.217.173 - - [28/Aug/2026:22:58:07 +0000] "GET /post-new-or-edit-request/ HTTP/1.1" 302 5 "https://wp.syrtalents.com/post-new-or-edit-request/?requestid=1192674" "Mozilla/5.0 AppleWebKit/537.36 (KHTML, like Gecko; compatible; ClaudeBot/1.0; +claudebot@anthropic.com)"
216.73.217.173 - - [28/Aug/2026:22:58:11 +0000] "GET /post-new-or-edit-request/?requestid=1195016 HTTP/1.1" 499 0 "https://wp.syrtalents.com/post-new-or-edit-request/" "Mozilla/5.0 AppleWebKit/537.36 (KHTML, like Gecko; compatible; ClaudeBot/1.0; +claudebot@anthropic.com)"
220.181.108.159 - - [28/Aug/2026:22:58:23 +0000] "GET /ar/post-new-or-edit-request/?requestid=1177494 HTTP/1.1" 302 5 "-" "Mozilla/5.0 (compatible; Baiduspider/2.0; +http://www.baidu.com/search/spider.html)"
220.181.108.111 - - [28/Aug/2026:22:58:25 +0000] "GET /ar/post-new-or-edit-request/ HTTP/1.1" 302 5 "-" "Mozilla/5.0 (compatible; Baiduspider/2.0; +http://www.baidu.com/search/spider.html)"
