216.73.216.82 - - [29/Aug/2026:06:27:36 +0000] "GET /post-new-or-edit-request/?requestid=1192709 HTTP/1.1" 302 5 "-" "Mozilla/5.0 AppleWebKit/537.36 (KHTML, like Gecko; compatible; ClaudeBot/1.0; +claudebot@anthropic.com)"
216.73.216.82 - - [29/Aug/2026:06:27:38 +0000] "GET /post-new-or-edit-request/?requestid=1195596 HTTP/1.1" 200 35242 "https://wp.syrtalents.com/post-new-or-edit-request/?requestid=1192709" "Mozilla/5.0 AppleWebKit/537.36 (KHTML, like Gecko; compatible; ClaudeBot/1.0; +claudebot@anthropic.com)"
216.73.216.82 - - [29/Aug/2026:06:27:49 +0000] "GET /post-new-or-edit-request/?requestid=1191942 HTTP/1.1" 302 5 "-" "Mozilla/5.0 AppleWebKit/537.36 (KHTML, like Gecko; compatible; ClaudeBot/1.0; +claudebot@anthropic.com)"
216.73.216.82 - - [29/Aug/2026:06:27:51 +0000] "GET /post-new-or-edit-request/ HTTP/1.1" 302 5 "https://wp.syrtalents.com/post-new-or-edit-request/?requestid=1191942" "Mozilla/5.0 AppleWebKit/537.36 (KHTML, like Gecko; compatible; ClaudeBot/1.0; +claudebot@anthropic.com)"
72.167.149.90 - - [29/Aug/2026:06:27:54 +0000] "POST /wp-cron.php?doing_wp_cron=1787984873.7053580284118652343750 HTTP/1.1" 499 0 "-" "WordPress/7.1; https://wp.syrtalents.com"
216.73.216.82 - - [29/Aug/2026:06:27:54 +0000] "GET /post-new-or-edit-request/?requestid=1195597 HTTP/1.1" 200 35240 "https://wp.syrtalents.com/post-new-or-edit-request/" "Mozilla/5.0 AppleWebKit/537.36 (KHTML, like Gecko; compatible; ClaudeBot/1.0; +claudebot@anthropic.com)"
216.73.216.82 - - [29/Aug/2026:06:28:03 +0000] "GET /post-new-or-edit-request/?requestid=1189371 HTTP/1.1" 302 5 "-" "Mozilla/5.0 AppleWebKit/537.36 (KHTML, like Gecko; compatible; ClaudeBot/1.0; +claudebot@anthropic.com)"
216.73.216.82 - - [29/Aug/2026:06:28:05 +0000] "GET /post-new-or-edit-request/?requestid=1195596 HTTP/1.1" 200 35239 "https://wp.syrtalents.com/post-new-or-edit-request/?requestid=1189371" "Mozilla/5.0 AppleWebKit/537.36 (KHTML, like Gecko; compatible; ClaudeBot/1.0; +claudebot@anthropic.com)"
216.73.216.82 - - [29/Aug/2026:06:28:19 +0000] "GET /post-new-or-edit-request/?requestid=1182162 HTTP/1.1" 302 5 "-" "Mozilla/5.0 AppleWebKit/537.36 (KHTML, like Gecko; compatible; ClaudeBot/1.0; +claudebot@anthropic.com)"
216.73.216.82 - - [29/Aug/2026:06:28:22 +0000] "GET /post-new-or-edit-request/?requestid=1195596 HTTP/1.1" 200 35240 "https://wp.syrtalents.com/post-new-or-edit-request/?requestid=1182162" "Mozilla/5.0 AppleWebKit/537.36 (KHTML, like Gecko; compatible; ClaudeBot/1.0; +claudebot@anthropic.com)"
216.73.216.82 - - [29/Aug/2026:06:28:34 +0000] "GET /post-new-or-edit-request/?requestid=1186155 HTTP/1.1" 302 5 "-" "Mozilla/5.0 AppleWebKit/537.36 (KHTML, like Gecko; compatible; ClaudeBot/1.0; +claudebot@anthropic.com)"
216.73.216.82 - - [29/Aug/2026:06:28:37 +0000] "GET /post-new-or-edit-request/?requestid=1195596 HTTP/1.1" 200 35240 "https://wp.syrtalents.com/post-new-or-edit-request/?requestid=1186155" "Mozilla/5.0 AppleWebKit/537.36 (KHTML, like Gecko; compatible; ClaudeBot/1.0; +claudebot@anthropic.com)"
216.73.216.82 - - [29/Aug/2026:06:28:50 +0000] "GET /post-new-or-edit-request/?requestid=1191665 HTTP/1.1" 302 5 "-" "Mozilla/5.0 AppleWebKit/537.36 (KHTML, like Gecko; compatible; ClaudeBot/1.0; +claudebot@anthropic.com)"
216.73.216.82 - - [29/Aug/2026:06:28:53 +0000] "GET /post-new-or-edit-request/?requestid=1195596 HTTP/1.1" 200 35239 "https://wp.syrtalents.com/post-new-or-edit-request/?requestid=1191665" "Mozilla/5.0 AppleWebKit/537.36 (KHTML, like Gecko; compatible; ClaudeBot/1.0; +claudebot@anthropic.com)"
216.73.216.82 - - [29/Aug/2026:06:29:22 +0000] "GET /post-new-or-edit-request/?requestid=1186715 HTTP/1.1" 302 5 "-" "Mozilla/5.0 AppleWebKit/537.36 (KHTML, like Gecko; compatible; ClaudeBot/1.0; +claudebot@anthropic.com)"
72.167.149.90 - - [29/Aug/2026:06:29:26 +0000] "POST /wp-cron.php?doing_wp_cron=1787984965.2583169937133789062500 HTTP/1.1" 499 0 "-" "WordPress/7.1; https://wp.syrtalents.com"
216.73.216.82 - - [29/Aug/2026:06:29:26 +0000] "GET /post-new-or-edit-request/?requestid=1195596 HTTP/1.1" 200 35238 "https://wp.syrtalents.com/post-new-or-edit-request/?requestid=1186715" "Mozilla/5.0 AppleWebKit/537.36 (KHTML, like Gecko; compatible; ClaudeBot/1.0; +claudebot@anthropic.com)"
72.167.149.90 - - [29/Aug/2026:06:31:36 +0000] "POST /wp-cron.php?doing_wp_cron=1787985095.1800780296325683593750 HTTP/1.1" 499 0 "-" "WordPress/7.1; https://wp.syrtalents.com"
216.73.216.86 - - [29/Aug/2026:06:31:36 +0000] "GET /post-new-or-edit-request/?requestid=1193553 HTTP/1.1" 302 5 "-" "Mozilla/5.0 AppleWebKit/537.36 (KHTML, like Gecko; compatible; ClaudeBot/1.0; +claudebot@anthropic.com)"
216.73.216.86 - - [29/Aug/2026:06:31:38 +0000] "GET /post-new-or-edit-request/ HTTP/1.1" 302 5 "https://wp.syrtalents.com/post-new-or-edit-request/?requestid=1193553" "Mozilla/5.0 AppleWebKit/537.36 (KHTML, like Gecko; compatible; ClaudeBot/1.0; +claudebot@anthropic.com)"
216.73.216.86 - - [29/Aug/2026:06:31:40 +0000] "GET /post-new-or-edit-request/?requestid=1195598 HTTP/1.1" 200 35241 "https://wp.syrtalents.com/post-new-or-edit-request/" "Mozilla/5.0 AppleWebKit/537.36 (KHTML, like Gecko; compatible; ClaudeBot/1.0; +claudebot@anthropic.com)"
116.179.37.67 - - [29/Aug/2026:06:31:57 +0000] "GET /ar/post-new-or-edit-request/?requestid=1174729 HTTP/1.1" 302 5 "-" "Mozilla/5.0 (compatible; Baiduspider/2.0; +http://www.baidu.com/search/spider.html)"
116.179.37.48 - - [29/Aug/2026:06:32:01 +0000] "GET /ar/post-new-or-edit-request/ HTTP/1.1" 302 5 "-" "Mozilla/5.0 (compatible; Baiduspider/2.0; +http://www.baidu.com/search/spider.html)"
216.73.216.86 - - [29/Aug/2026:06:32:05 +0000] "GET /post-new-or-edit-request/?requestid=1189535 HTTP/1.1" 302 5 "-" "Mozilla/5.0 AppleWebKit/537.36 (KHTML, like Gecko; compatible; ClaudeBot/1.0; +claudebot@anthropic.com)"
216.73.216.86 - - [29/Aug/2026:06:32:07 +0000] "GET /post-new-or-edit-request/ HTTP/1.1" 302 5 "https://wp.syrtalents.com/post-new-or-edit-request/?requestid=1189535" "Mozilla/5.0 AppleWebKit/537.36 (KHTML, like Gecko; compatible; ClaudeBot/1.0; +claudebot@anthropic.com)"
116.179.37.155 - - [29/Aug/2026:06:32:08 +0000] "GET /ar/post-new-or-edit-request/?requestid=1195599 HTTP/1.1" 200 37825 "-" "Mozilla/5.0 (compatible; Baiduspider/2.0; +http://www.baidu.com/search/spider.html)"
216.73.216.86 - - [29/Aug/2026:06:32:10 +0000] "GET /post-new-or-edit-request/?requestid=1195600 HTTP/1.1" 200 35241 "https://wp.syrtalents.com/post-new-or-edit-request/" "Mozilla/5.0 AppleWebKit/537.36 (KHTML, like Gecko; compatible; ClaudeBot/1.0; +claudebot@anthropic.com)"
116.179.37.96 - - [29/Aug/2026:06:32:13 +0000] "GET /wp-content/plugins/translatepress-multilingual/assets/js/trp-translate-dom-changes.js?ver=3.3.4 HTTP/1.1" 200 5993 "https://wp.syrtalents.com/ar/post-new-or-edit-request/?requestid=1195599" "Mozilla/5.0 (compatible; Baiduspider-render/2.0; +http://www.baidu.com/search/spider.html)"
116.179.37.124 - - [29/Aug/2026:06:32:13 +0000] "GET /wp-content/plugins/google-site-kit/dist/assets/js/googlesitekit-consent-mode-86cb52dcb9f2b27ed244.js HTTP/1.1" 200 26225 "https://wp.syrtalents.com/ar/post-new-or-edit-request/?requestid=1195599" "Mozilla/5.0 (compatible; Baiduspider-render/2.0; +http://www.baidu.com/search/spider.html)"
116.179.37.145 - - [29/Aug/2026:06:32:14 +0000] "GET /wp-content/themes/wpjobster/vendor/semantic-ui/dist/semantic.min.js?ver=2.4.1 HTTP/1.1" 200 72156 "https://wp.syrtalents.com/ar/post-new-or-edit-request/?requestid=1195599" "Mozilla/5.0 (compatible; Baiduspider-render/2.0; +http://www.baidu.com/search/spider.html)"
116.179.37.74 - - [29/Aug/2026:06:32:15 +0000] "GET /wp-content/plugins/easy-social-share-buttons3/assets/modules/subscribe-forms.js?ver=9.6 HTTP/1.1" 200 4050 "https://wp.syrtalents.com/ar/post-new-or-edit-request/?requestid=1195599" "Mozilla/5.0 (compatible; Baiduspider-render/2.0; +http://www.baidu.com/search/spider.html)"
116.179.37.125 - - [29/Aug/2026:06:32:15 +0000] "GET /wp-content/themes/wpjobster/assets/min/wpjobster-front.min.js?ver=6.3.5 HTTP/1.1" 200 273952 "https://wp.syrtalents.com/ar/post-new-or-edit-request/?requestid=1195599" "Mozilla/5.0 (compatible; Baiduspider-render/2.0; +http://www.baidu.com/search/spider.html)"
116.179.37.84 - - [29/Aug/2026:06:32:20 +0000] "POST /wp-content/plugins/translatepress-multilingual/includes/trp-ajax.php HTTP/1.1" 200 33 "https://wp.syrtalents.com/ar/post-new-or-edit-request/?requestid=1195599" "Mozilla/5.0 (compatible; Baiduspider-render/2.0; +http://www.baidu.com/search/spider.html)"
116.179.37.48 - - [29/Aug/2026:06:32:20 +0000] "POST /wp-content/plugins/translatepress-multilingual/includes/trp-ajax.php HTTP/1.1" 200 164 "https://wp.syrtalents.com/ar/post-new-or-edit-request/?requestid=1195599" "Mozilla/5.0 (compatible; Baiduspider-render/2.0; +http://www.baidu.com/search/spider.html)"
116.179.37.135 - - [29/Aug/2026:06:32:20 +0000] "POST /wp-content/plugins/translatepress-multilingual/includes/trp-ajax.php HTTP/1.1" 200 33 "https://wp.syrtalents.com/ar/post-new-or-edit-request/?requestid=1195599" "Mozilla/5.0 (compatible; Baiduspider-render/2.0; +http://www.baidu.com/search/spider.html)"
116.179.37.106 - - [29/Aug/2026:06:32:21 +0000] "POST /wp-content/plugins/translatepress-multilingual/includes/trp-ajax.php HTTP/1.1" 200 33 "https://wp.syrtalents.com/ar/post-new-or-edit-request/?requestid=1195599" "Mozilla/5.0 (compatible; Baiduspider-render/2.0; +http://www.baidu.com/search/spider.html)"
116.179.37.169 - - [29/Aug/2026:06:32:21 +0000] "POST /wp-content/plugins/translatepress-multilingual/includes/trp-ajax.php HTTP/1.1" 200 159 "https://wp.syrtalents.com/ar/post-new-or-edit-request/?requestid=1195599" "Mozilla/5.0 (compatible; Baiduspider-render/2.0; +http://www.baidu.com/search/spider.html)"
116.179.37.166 - - [29/Aug/2026:06:32:22 +0000] "POST /wp-content/plugins/translatepress-multilingual/includes/trp-ajax.php HTTP/1.1" 200 8241 "https://wp.syrtalents.com/ar/post-new-or-edit-request/?requestid=1195599" "Mozilla/5.0 (compatible; Baiduspider-render/2.0; +http://www.baidu.com/search/spider.html)"
116.179.37.230 - - [29/Aug/2026:06:32:24 +0000] "POST /wp-admin/admin-ajax.php?action=un_config_get HTTP/1.1" 200 1479 "https://wp.syrtalents.com/ar/post-new-or-edit-request/?requestid=1195599" "Mozilla/5.0 (compatible; Baiduspider-render/2.0; +http://www.baidu.com/search/spider.html)"
116.179.37.239 - - [29/Aug/2026:06:32:25 +0000] "POST /wp-content/plugins/translatepress-multilingual/includes/trp-ajax.php HTTP/1.1" 200 157 "https://wp.syrtalents.com/ar/post-new-or-edit-request/?requestid=1195599" "Mozilla/5.0 (compatible; Baiduspider-render/2.0; +http://www.baidu.com/search/spider.html)"
216.73.216.86 - - [29/Aug/2026:06:32:37 +0000] "GET /post-new-or-edit-request/?requestid=1189943 HTTP/1.1" 302 5 "-" "Mozilla/5.0 AppleWebKit/537.36 (KHTML, like Gecko; compatible; ClaudeBot/1.0; +claudebot@anthropic.com)"
216.73.216.86 - - [29/Aug/2026:06:32:40 +0000] "GET /post-new-or-edit-request/ HTTP/1.1" 302 5 "https://wp.syrtalents.com/post-new-or-edit-request/?requestid=1189943" "Mozilla/5.0 AppleWebKit/537.36 (KHTML, like Gecko; compatible; ClaudeBot/1.0; +claudebot@anthropic.com)"
216.73.216.86 - - [29/Aug/2026:06:32:43 +0000] "GET /post-new-or-edit-request/?requestid=1195601 HTTP/1.1" 499 0 "https://wp.syrtalents.com/post-new-or-edit-request/" "Mozilla/5.0 AppleWebKit/537.36 (KHTML, like Gecko; compatible; ClaudeBot/1.0; +claudebot@anthropic.com)"
72.167.149.90 - - [29/Aug/2026:06:32:57 +0000] "POST /wp-cron.php?doing_wp_cron=1787985176.6875760555267333984375 HTTP/1.1" 499 0 "-" "WordPress/7.1; https://wp.syrtalents.com/ar"
216.73.216.86 - - [29/Aug/2026:06:32:57 +0000] "GET /ar/post-new-or-edit-request/?requestid=1187472 HTTP/1.1" 302 5 "-" "Mozilla/5.0 AppleWebKit/537.36 (KHTML, like Gecko; compatible; ClaudeBot/1.0; +claudebot@anthropic.com)"
216.73.216.86 - - [29/Aug/2026:06:33:01 +0000] "GET /ar/post-new-or-edit-request/ HTTP/1.1" 302 5 "https://wp.syrtalents.com/ar/post-new-or-edit-request/?requestid=1187472" "Mozilla/5.0 AppleWebKit/537.36 (KHTML, like Gecko; compatible; ClaudeBot/1.0; +claudebot@anthropic.com)"
216.73.216.86 - - [29/Aug/2026:06:33:04 +0000] "GET /ar/post-new-or-edit-request/?requestid=1195602 HTTP/1.1" 499 0 "https://wp.syrtalents.com/ar/post-new-or-edit-request/" "Mozilla/5.0 AppleWebKit/537.36 (KHTML, like Gecko; compatible; ClaudeBot/1.0; +claudebot@anthropic.com)"
216.73.216.86 - - [29/Aug/2026:06:33:26 +0000] "GET /ar/post-new-or-edit-request/?requestid=1184222 HTTP/1.1" 302 5 "-" "Mozilla/5.0 AppleWebKit/537.36 (KHTML, like Gecko; compatible; ClaudeBot/1.0; +claudebot@anthropic.com)"
216.73.216.86 - - [29/Aug/2026:06:33:29 +0000] "GET /ar/post-new-or-edit-request/ HTTP/1.1" 302 5 "https://wp.syrtalents.com/ar/post-new-or-edit-request/?requestid=1184222" "Mozilla/5.0 AppleWebKit/537.36 (KHTML, like Gecko; compatible; ClaudeBot/1.0; +claudebot@anthropic.com)"
216.73.216.86 - - [29/Aug/2026:06:33:32 +0000] "GET /ar/post-new-or-edit-request/?requestid=1195603 HTTP/1.1" 200 37824 "https://wp.syrtalents.com/ar/post-new-or-edit-request/" "Mozilla/5.0 AppleWebKit/537.36 (KHTML, like Gecko; compatible; ClaudeBot/1.0; +claudebot@anthropic.com)"
216.73.216.86 - - [29/Aug/2026:06:33:48 +0000] "GET /post-new-or-edit-request/?requestid=1187482 HTTP/1.1" 302 5 "-" "Mozilla/5.0 AppleWebKit/537.36 (KHTML, like Gecko; compatible; ClaudeBot/1.0; +claudebot@anthropic.com)"
216.73.216.86 - - [29/Aug/2026:06:33:49 +0000] "GET /post-new-or-edit-request/ HTTP/1.1" 302 5 "https://wp.syrtalents.com/post-new-or-edit-request/?requestid=1187482" "Mozilla/5.0 AppleWebKit/537.36 (KHTML, like Gecko; compatible; ClaudeBot/1.0; +claudebot@anthropic.com)"
216.73.216.86 - - [29/Aug/2026:06:33:52 +0000] "GET /post-new-or-edit-request/?requestid=1195604 HTTP/1.1" 200 35242 "https://wp.syrtalents.com/post-new-or-edit-request/" "Mozilla/5.0 AppleWebKit/537.36 (KHTML, like Gecko; compatible; ClaudeBot/1.0; +claudebot@anthropic.com)"
216.73.216.86 - - [29/Aug/2026:06:34:14 +0000] "GET /ar/post-new-or-edit-request/?requestid=1191409 HTTP/1.1" 302 5 "-" "Mozilla/5.0 AppleWebKit/537.36 (KHTML, like Gecko; compatible; ClaudeBot/1.0; +claudebot@anthropic.com)"
216.73.216.86 - - [29/Aug/2026:06:34:17 +0000] "GET /ar/post-new-or-edit-request/ HTTP/1.1" 302 5 "https://wp.syrtalents.com/ar/post-new-or-edit-request/?requestid=1191409" "Mozilla/5.0 AppleWebKit/537.36 (KHTML, like Gecko; compatible; ClaudeBot/1.0; +claudebot@anthropic.com)"
216.73.216.86 - - [29/Aug/2026:06:34:21 +0000] "GET /ar/post-new-or-edit-request/?requestid=1195605 HTTP/1.1" 200 37826 "https://wp.syrtalents.com/ar/post-new-or-edit-request/" "Mozilla/5.0 AppleWebKit/537.36 (KHTML, like Gecko; compatible; ClaudeBot/1.0; +claudebot@anthropic.com)"
216.73.216.86 - - [29/Aug/2026:06:34:34 +0000] "GET /ar/post-new-or-edit-request/?requestid=1192540 HTTP/1.1" 302 5 "-" "Mozilla/5.0 AppleWebKit/537.36 (KHTML, like Gecko; compatible; ClaudeBot/1.0; +claudebot@anthropic.com)"
216.73.216.86 - - [29/Aug/2026:06:34:37 +0000] "GET /ar/post-new-or-edit-request/?requestid=1195602 HTTP/1.1" 200 37825 "https://wp.syrtalents.com/ar/post-new-or-edit-request/?requestid=1192540" "Mozilla/5.0 AppleWebKit/537.36 (KHTML, like Gecko; compatible; ClaudeBot/1.0; +claudebot@anthropic.com)"
52.205.222.214 - - [29/Aug/2026:06:34:55 +0000] "GET /ar/wp-json/wp/v2/comments?post=1094510 HTTP/1.1" 200 33 "-" "Mozilla/5.0 AppleWebKit/537.36 (KHTML, like Gecko; compatible; Amazonbot/0.1; +https://developer.amazon.com/support/amazonbot) Chrome/119.0.6045.214 Safari/537.36"
216.73.216.86 - - [29/Aug/2026:06:35:06 +0000] "GET /post-new-or-edit-request/?requestid=1187145 HTTP/1.1" 302 5 "-" "Mozilla/5.0 AppleWebKit/537.36 (KHTML, like Gecko; compatible; ClaudeBot/1.0; +claudebot@anthropic.com)"
216.73.216.86 - - [29/Aug/2026:06:35:10 +0000] "GET /post-new-or-edit-request/ HTTP/1.1" 302 5 "https://wp.syrtalents.com/post-new-or-edit-request/?requestid=1187145" "Mozilla/5.0 AppleWebKit/537.36 (KHTML, like Gecko; compatible; ClaudeBot/1.0; +claudebot@anthropic.com)"
216.73.216.86 - - [29/Aug/2026:06:35:12 +0000] "GET /post-new-or-edit-request/?requestid=1195606 HTTP/1.1" 499 0 "https://wp.syrtalents.com/post-new-or-edit-request/" "Mozilla/5.0 AppleWebKit/537.36 (KHTML, like Gecko; compatible; ClaudeBot/1.0; +claudebot@anthropic.com)"
216.73.216.86 - - [29/Aug/2026:06:35:36 +0000] "GET /post-new-or-edit-request/?requestid=1191273 HTTP/1.1" 302 5 "-" "Mozilla/5.0 AppleWebKit/537.36 (KHTML, like Gecko; compatible; ClaudeBot/1.0; +claudebot@anthropic.com)"
216.73.216.86 - - [29/Aug/2026:06:35:38 +0000] "GET /post-new-or-edit-request/?requestid=1195606 HTTP/1.1" 200 35244 "https://wp.syrtalents.com/post-new-or-edit-request/?requestid=1191273" "Mozilla/5.0 AppleWebKit/537.36 (KHTML, like Gecko; compatible; ClaudeBot/1.0; +claudebot@anthropic.com)"
216.73.216.86 - - [29/Aug/2026:06:36:09 +0000] "GET /post-new-or-edit-request/?requestid=1191273 HTTP/1.1" 302 5 "-" "Mozilla/5.0 AppleWebKit/537.36 (KHTML, like Gecko; compatible; ClaudeBot/1.0; +claudebot@anthropic.com)"
216.73.216.86 - - [29/Aug/2026:06:36:13 +0000] "GET /post-new-or-edit-request/?requestid=1195606 HTTP/1.1" 200 35242 "https://wp.syrtalents.com/post-new-or-edit-request/?requestid=1191273" "Mozilla/5.0 AppleWebKit/537.36 (KHTML, like Gecko; compatible; ClaudeBot/1.0; +claudebot@anthropic.com)"
216.73.216.86 - - [29/Aug/2026:06:36:40 +0000] "GET /post-new-or-edit-request/?requestid=1191365 HTTP/1.1" 302 5 "-" "Mozilla/5.0 AppleWebKit/537.36 (KHTML, like Gecko; compatible; ClaudeBot/1.0; +claudebot@anthropic.com)"
216.73.216.86 - - [29/Aug/2026:06:36:43 +0000] "GET /post-new-or-edit-request/?requestid=1195606 HTTP/1.1" 200 35242 "https://wp.syrtalents.com/post-new-or-edit-request/?requestid=1191365" "Mozilla/5.0 AppleWebKit/537.36 (KHTML, like Gecko; compatible; ClaudeBot/1.0; +claudebot@anthropic.com)"
72.167.149.90 - - [29/Aug/2026:06:38:16 +0000] "POST /wp-cron.php?doing_wp_cron=1787985495.5597760677337646484375 HTTP/1.1" 499 0 "-" "WordPress/7.1; https://wp.syrtalents.com"
216.73.217.50 - - [29/Aug/2026:06:38:16 +0000] "GET /post-new-or-edit-request/?requestid=1192124 HTTP/1.1" 302 5 "-" "Mozilla/5.0 AppleWebKit/537.36 (KHTML, like Gecko; compatible; ClaudeBot/1.0; +claudebot@anthropic.com)"
216.73.217.50 - - [29/Aug/2026:06:38:18 +0000] "GET /post-new-or-edit-request/ HTTP/1.1" 302 5 "https://wp.syrtalents.com/post-new-or-edit-request/?requestid=1192124" "Mozilla/5.0 AppleWebKit/537.36 (KHTML, like Gecko; compatible; ClaudeBot/1.0; +claudebot@anthropic.com)"
216.73.217.50 - - [29/Aug/2026:06:38:20 +0000] "GET /post-new-or-edit-request/?requestid=1195607 HTTP/1.1" 200 35242 "https://wp.syrtalents.com/post-new-or-edit-request/" "Mozilla/5.0 AppleWebKit/537.36 (KHTML, like Gecko; compatible; ClaudeBot/1.0; +claudebot@anthropic.com)"
216.73.217.50 - - [29/Aug/2026:06:38:45 +0000] "GET /post-new-or-edit-request/?requestid=1195101 HTTP/1.1" 302 5 "-" "Mozilla/5.0 AppleWebKit/537.36 (KHTML, like Gecko; compatible; ClaudeBot/1.0; +claudebot@anthropic.com)"
216.73.217.50 - - [29/Aug/2026:06:38:47 +0000] "GET /post-new-or-edit-request/ HTTP/1.1" 302 5 "https://wp.syrtalents.com/post-new-or-edit-request/?requestid=1195101" "Mozilla/5.0 AppleWebKit/537.36 (KHTML, like Gecko; compatible; ClaudeBot/1.0; +claudebot@anthropic.com)"
216.73.217.50 - - [29/Aug/2026:06:38:50 +0000] "GET /post-new-or-edit-request/?requestid=1195608 HTTP/1.1" 200 35242 "https://wp.syrtalents.com/post-new-or-edit-request/" "Mozilla/5.0 AppleWebKit/537.36 (KHTML, like Gecko; compatible; ClaudeBot/1.0; +claudebot@anthropic.com)"
216.73.217.50 - - [29/Aug/2026:06:39:13 +0000] "GET /ar/post-new-or-edit-request/?requestid=1190097 HTTP/1.1" 302 5 "-" "Mozilla/5.0 AppleWebKit/537.36 (KHTML, like Gecko; compatible; ClaudeBot/1.0; +claudebot@anthropic.com)"
216.73.217.50 - - [29/Aug/2026:06:39:15 +0000] "GET /ar/post-new-or-edit-request/ HTTP/1.1" 302 5 "https://wp.syrtalents.com/ar/post-new-or-edit-request/?requestid=1190097" "Mozilla/5.0 AppleWebKit/537.36 (KHTML, like Gecko; compatible; ClaudeBot/1.0; +claudebot@anthropic.com)"
216.73.217.50 - - [29/Aug/2026:06:39:17 +0000] "GET /ar/post-new-or-edit-request/?requestid=1195609 HTTP/1.1" 200 37824 "https://wp.syrtalents.com/ar/post-new-or-edit-request/" "Mozilla/5.0 AppleWebKit/537.36 (KHTML, like Gecko; compatible; ClaudeBot/1.0; +claudebot@anthropic.com)"
216.73.217.50 - - [29/Aug/2026:06:39:43 +0000] "GET /ar/post-new-or-edit-request/?requestid=1194470 HTTP/1.1" 302 5 "-" "Mozilla/5.0 AppleWebKit/537.36 (KHTML, like Gecko; compatible; ClaudeBot/1.0; +claudebot@anthropic.com)"
216.73.217.50 - - [29/Aug/2026:06:39:45 +0000] "GET /ar/post-new-or-edit-request/ HTTP/1.1" 302 5 "https://wp.syrtalents.com/ar/post-new-or-edit-request/?requestid=1194470" "Mozilla/5.0 AppleWebKit/537.36 (KHTML, like Gecko; compatible; ClaudeBot/1.0; +claudebot@anthropic.com)"
216.73.217.50 - - [29/Aug/2026:06:39:49 +0000] "GET /ar/post-new-or-edit-request/?requestid=1195610 HTTP/1.1" 200 37825 "https://wp.syrtalents.com/ar/post-new-or-edit-request/" "Mozilla/5.0 AppleWebKit/537.36 (KHTML, like Gecko; compatible; ClaudeBot/1.0; +claudebot@anthropic.com)"
72.167.149.90 - - [29/Aug/2026:06:40:15 +0000] "POST /wp-cron.php?doing_wp_cron=1787985614.3802130222320556640625 HTTP/1.1" 499 0 "-" "WordPress/7.1; https://wp.syrtalents.com"
216.73.217.50 - - [29/Aug/2026:06:40:15 +0000] "GET /post-new-or-edit-request/?requestid=1185151 HTTP/1.1" 302 5 "-" "Mozilla/5.0 AppleWebKit/537.36 (KHTML, like Gecko; compatible; ClaudeBot/1.0; +claudebot@anthropic.com)"
216.73.217.50 - - [29/Aug/2026:06:40:17 +0000] "GET /post-new-or-edit-request/ HTTP/1.1" 302 5 "https://wp.syrtalents.com/post-new-or-edit-request/?requestid=1185151" "Mozilla/5.0 AppleWebKit/537.36 (KHTML, like Gecko; compatible; ClaudeBot/1.0; +claudebot@anthropic.com)"
216.73.217.50 - - [29/Aug/2026:06:40:20 +0000] "GET /post-new-or-edit-request/?requestid=1195611 HTTP/1.1" 200 35240 "https://wp.syrtalents.com/post-new-or-edit-request/" "Mozilla/5.0 AppleWebKit/537.36 (KHTML, like Gecko; compatible; ClaudeBot/1.0; +claudebot@anthropic.com)"
216.73.217.50 - - [29/Aug/2026:06:40:34 +0000] "GET /post-new-or-edit-request/?requestid=1191514 HTTP/1.1" 302 5 "-" "Mozilla/5.0 AppleWebKit/537.36 (KHTML, like Gecko; compatible; ClaudeBot/1.0; +claudebot@anthropic.com)"
216.73.217.50 - - [29/Aug/2026:06:40:36 +0000] "GET /post-new-or-edit-request/ HTTP/1.1" 302 5 "https://wp.syrtalents.com/post-new-or-edit-request/?requestid=1191514" "Mozilla/5.0 AppleWebKit/537.36 (KHTML, like Gecko; compatible; ClaudeBot/1.0; +claudebot@anthropic.com)"
216.73.217.50 - - [29/Aug/2026:06:40:39 +0000] "GET /post-new-or-edit-request/?requestid=1195612 HTTP/1.1" 200 35241 "https://wp.syrtalents.com/post-new-or-edit-request/" "Mozilla/5.0 AppleWebKit/537.36 (KHTML, like Gecko; compatible; ClaudeBot/1.0; +claudebot@anthropic.com)"
216.73.217.50 - - [29/Aug/2026:06:41:06 +0000] "GET /post-new-or-edit-request/?requestid=1185786 HTTP/1.1" 302 5 "-" "Mozilla/5.0 AppleWebKit/537.36 (KHTML, like Gecko; compatible; ClaudeBot/1.0; +claudebot@anthropic.com)"
216.73.217.50 - - [29/Aug/2026:06:41:09 +0000] "GET /post-new-or-edit-request/?requestid=1195612 HTTP/1.1" 200 35241 "https://wp.syrtalents.com/post-new-or-edit-request/?requestid=1185786" "Mozilla/5.0 AppleWebKit/537.36 (KHTML, like Gecko; compatible; ClaudeBot/1.0; +claudebot@anthropic.com)"
216.73.217.50 - - [29/Aug/2026:06:41:38 +0000] "GET /ar/post-new-or-edit-request/?requestid=1180596 HTTP/1.1" 302 5 "-" "Mozilla/5.0 AppleWebKit/537.36 (KHTML, like Gecko; compatible; ClaudeBot/1.0; +claudebot@anthropic.com)"
216.73.217.50 - - [29/Aug/2026:06:41:42 +0000] "GET /ar/post-new-or-edit-request/?requestid=1195612 HTTP/1.1" 200 37828 "https://wp.syrtalents.com/ar/post-new-or-edit-request/?requestid=1180596" "Mozilla/5.0 AppleWebKit/537.36 (KHTML, like Gecko; compatible; ClaudeBot/1.0; +claudebot@anthropic.com)"
216.73.217.50 - - [29/Aug/2026:06:42:10 +0000] "GET /ar/post-new-or-edit-request/?requestid=1193602 HTTP/1.1" 302 5 "-" "Mozilla/5.0 AppleWebKit/537.36 (KHTML, like Gecko; compatible; ClaudeBot/1.0; +claudebot@anthropic.com)"
216.73.217.50 - - [29/Aug/2026:06:42:13 +0000] "GET /ar/post-new-or-edit-request/?requestid=1195612 HTTP/1.1" 200 37824 "https://wp.syrtalents.com/ar/post-new-or-edit-request/?requestid=1193602" "Mozilla/5.0 AppleWebKit/537.36 (KHTML, like Gecko; compatible; ClaudeBot/1.0; +claudebot@anthropic.com)"
216.73.217.50 - - [29/Aug/2026:06:42:41 +0000] "GET /post-new-or-edit-request/?requestid=1190581 HTTP/1.1" 302 5 "-" "Mozilla/5.0 AppleWebKit/537.36 (KHTML, like Gecko; compatible; ClaudeBot/1.0; +claudebot@anthropic.com)"
216.73.217.50 - - [29/Aug/2026:06:42:44 +0000] "GET /post-new-or-edit-request/?requestid=1195612 HTTP/1.1" 200 35239 "https://wp.syrtalents.com/post-new-or-edit-request/?requestid=1190581" "Mozilla/5.0 AppleWebKit/537.36 (KHTML, like Gecko; compatible; ClaudeBot/1.0; +claudebot@anthropic.com)"
72.167.149.90 - - [29/Aug/2026:06:43:12 +0000] "POST /wp-cron.php?doing_wp_cron=1787985791.9283890724182128906250 HTTP/1.1" 499 0 "-" "WordPress/7.1; https://wp.syrtalents.com/ar"
216.73.217.50 - - [29/Aug/2026:06:43:13 +0000] "GET /ar/post-new-or-edit-request/?requestid=1194729 HTTP/1.1" 302 5 "-" "Mozilla/5.0 AppleWebKit/537.36 (KHTML, like Gecko; compatible; ClaudeBot/1.0; +claudebot@anthropic.com)"
216.73.217.50 - - [29/Aug/2026:06:43:16 +0000] "GET /ar/post-new-or-edit-request/?requestid=1195610 HTTP/1.1" 200 37825 "https://wp.syrtalents.com/ar/post-new-or-edit-request/?requestid=1194729" "Mozilla/5.0 AppleWebKit/537.36 (KHTML, like Gecko; compatible; ClaudeBot/1.0; +claudebot@anthropic.com)"
216.73.217.50 - - [29/Aug/2026:06:43:43 +0000] "GET /post-new-or-edit-request/?requestid=1191873 HTTP/1.1" 302 5 "-" "Mozilla/5.0 AppleWebKit/537.36 (KHTML, like Gecko; compatible; ClaudeBot/1.0; +claudebot@anthropic.com)"
216.73.217.50 - - [29/Aug/2026:06:43:45 +0000] "GET /post-new-or-edit-request/?requestid=1195610 HTTP/1.1" 200 35240 "https://wp.syrtalents.com/post-new-or-edit-request/?requestid=1191873" "Mozilla/5.0 AppleWebKit/537.36 (KHTML, like Gecko; compatible; ClaudeBot/1.0; +claudebot@anthropic.com)"
66.29.153.8 - - [29/Aug/2026:06:44:50 +0000] "GET /wp-login.php HTTP/1.1" 302 5 "-" "Mozilla/5.0 (Windows NT 10.0; Win64; x64) AppleWebKit/537.36 (KHTML, like Gecko) Chrome/151.0.0.0 Safari/537.36"
66.29.153.8 - - [29/Aug/2026:06:44:50 +0000] "GET /wp-login.php HTTP/1.1" 302 5 "-" "Mozilla/5.0 (Windows NT 10.0; Win64; x64) AppleWebKit/537.36 (KHTML, like Gecko) Chrome/151.0.0.0 Safari/537.36"
66.29.153.8 - - [29/Aug/2026:06:44:52 +0000] "GET /authentication-login/ HTTP/1.1" 200 28507 "https://wp.syrtalents.com/wp-login.php" "Mozilla/5.0 (Windows NT 10.0; Win64; x64) AppleWebKit/537.36 (KHTML, like Gecko) Chrome/151.0.0.0 Safari/537.36"
66.29.153.8 - - [29/Aug/2026:06:44:53 +0000] "GET /authentication-login/ HTTP/1.1" 200 28507 "https://wp.syrtalents.com/wp-login.php" "Mozilla/5.0 (Windows NT 10.0; Win64; x64) AppleWebKit/537.36 (KHTML, like Gecko) Chrome/151.0.0.0 Safari/537.36"
66.29.153.8 - - [29/Aug/2026:06:44:55 +0000] "POST /wp-login.php HTTP/1.1" 200 27205 "https://wp.syrtalents.com/wp-login.php" "Mozilla/5.0 (Windows NT 10.0; Win64; x64) AppleWebKit/537.36 (KHTML, like Gecko) Chrome/151.0.0.0 Safari/537.36"
66.29.153.8 - - [29/Aug/2026:06:44:55 +0000] "POST /wp-login.php HTTP/1.1" 200 27204 "https://wp.syrtalents.com/wp-login.php" "Mozilla/5.0 (Windows NT 10.0; Win64; x64) AppleWebKit/537.36 (KHTML, like Gecko) Chrome/151.0.0.0 Safari/537.36"
216.73.217.50 - - [29/Aug/2026:06:45:01 +0000] "GET /post-new-or-edit-request/?requestid=1195604 HTTP/1.1" 302 5 "-" "Mozilla/5.0 AppleWebKit/537.36 (KHTML, like Gecko; compatible; ClaudeBot/1.0; +claudebot@anthropic.com)"
216.73.217.50 - - [29/Aug/2026:06:45:05 +0000] "GET /post-new-or-edit-request/ HTTP/1.1" 302 5 "https://wp.syrtalents.com/post-new-or-edit-request/?requestid=1195604" "Mozilla/5.0 AppleWebKit/537.36 (KHTML, like Gecko; compatible; ClaudeBot/1.0; +claudebot@anthropic.com)"
216.73.217.50 - - [29/Aug/2026:06:45:09 +0000] "GET /post-new-or-edit-request/?requestid=1195613 HTTP/1.1" 200 35240 "https://wp.syrtalents.com/post-new-or-edit-request/" "Mozilla/5.0 AppleWebKit/537.36 (KHTML, like Gecko; compatible; ClaudeBot/1.0; +claudebot@anthropic.com)"
216.73.217.50 - - [29/Aug/2026:06:45:31 +0000] "GET /post-new-or-edit-request/?requestid=1193705 HTTP/1.1" 302 5 "-" "Mozilla/5.0 AppleWebKit/537.36 (KHTML, like Gecko; compatible; ClaudeBot/1.0; +claudebot@anthropic.com)"
216.73.217.50 - - [29/Aug/2026:06:45:33 +0000] "GET /post-new-or-edit-request/ HTTP/1.1" 302 5 "https://wp.syrtalents.com/post-new-or-edit-request/?requestid=1193705" "Mozilla/5.0 AppleWebKit/537.36 (KHTML, like Gecko; compatible; ClaudeBot/1.0; +claudebot@anthropic.com)"
216.73.217.50 - - [29/Aug/2026:06:45:35 +0000] "GET /post-new-or-edit-request/?requestid=1195614 HTTP/1.1" 200 35241 "https://wp.syrtalents.com/post-new-or-edit-request/" "Mozilla/5.0 AppleWebKit/537.36 (KHTML, like Gecko; compatible; ClaudeBot/1.0; +claudebot@anthropic.com)"
216.73.217.50 - - [29/Aug/2026:06:46:02 +0000] "GET /ar/post-new-or-edit-request/?requestid=1194604 HTTP/1.1" 302 5 "-" "Mozilla/5.0 AppleWebKit/537.36 (KHTML, like Gecko; compatible; ClaudeBot/1.0; +claudebot@anthropic.com)"
216.73.217.50 - - [29/Aug/2026:06:46:04 +0000] "GET /ar/post-new-or-edit-request/ HTTP/1.1" 302 5 "https://wp.syrtalents.com/ar/post-new-or-edit-request/?requestid=1194604" "Mozilla/5.0 AppleWebKit/537.36 (KHTML, like Gecko; compatible; ClaudeBot/1.0; +claudebot@anthropic.com)"
216.73.217.50 - - [29/Aug/2026:06:46:08 +0000] "GET /ar/post-new-or-edit-request/?requestid=1195615 HTTP/1.1" 200 37824 "https://wp.syrtalents.com/ar/post-new-or-edit-request/" "Mozilla/5.0 AppleWebKit/537.36 (KHTML, like Gecko; compatible; ClaudeBot/1.0; +claudebot@anthropic.com)"
216.73.217.50 - - [29/Aug/2026:06:46:32 +0000] "GET /ar/post-new-or-edit-request/?requestid=1195575 HTTP/1.1" 302 5 "-" "Mozilla/5.0 AppleWebKit/537.36 (KHTML, like Gecko; compatible; ClaudeBot/1.0; +claudebot@anthropic.com)"
216.73.217.50 - - [29/Aug/2026:06:46:33 +0000] "GET /ar/post-new-or-edit-request/ HTTP/1.1" 302 5 "https://wp.syrtalents.com/ar/post-new-or-edit-request/?requestid=1195575" "Mozilla/5.0 AppleWebKit/537.36 (KHTML, like Gecko; compatible; ClaudeBot/1.0; +claudebot@anthropic.com)"
216.73.217.50 - - [29/Aug/2026:06:46:36 +0000] "GET /ar/post-new-or-edit-request/?requestid=1195616 HTTP/1.1" 200 37827 "https://wp.syrtalents.com/ar/post-new-or-edit-request/" "Mozilla/5.0 AppleWebKit/537.36 (KHTML, like Gecko; compatible; ClaudeBot/1.0; +claudebot@anthropic.com)"
216.73.217.50 - - [29/Aug/2026:06:46:58 +0000] "GET /ar/post-new-or-edit-request/?requestid=1192615 HTTP/1.1" 302 5 "-" "Mozilla/5.0 AppleWebKit/537.36 (KHTML, like Gecko; compatible; ClaudeBot/1.0; +claudebot@anthropic.com)"
216.73.217.50 - - [29/Aug/2026:06:47:00 +0000] "GET /ar/post-new-or-edit-request/ HTTP/1.1" 302 5 "https://wp.syrtalents.com/ar/post-new-or-edit-request/?requestid=1192615" "Mozilla/5.0 AppleWebKit/537.36 (KHTML, like Gecko; compatible; ClaudeBot/1.0; +claudebot@anthropic.com)"
216.73.217.50 - - [29/Aug/2026:06:47:03 +0000] "GET /ar/post-new-or-edit-request/?requestid=1195617 HTTP/1.1" 200 37826 "https://wp.syrtalents.com/ar/post-new-or-edit-request/" "Mozilla/5.0 AppleWebKit/537.36 (KHTML, like Gecko; compatible; ClaudeBot/1.0; +claudebot@anthropic.com)"
216.73.217.50 - - [29/Aug/2026:06:47:26 +0000] "GET /post-new-or-edit-request/?requestid=1192071 HTTP/1.1" 302 5 "-" "Mozilla/5.0 AppleWebKit/537.36 (KHTML, like Gecko; compatible; ClaudeBot/1.0; +claudebot@anthropic.com)"
216.73.217.50 - - [29/Aug/2026:06:47:28 +0000] "GET /post-new-or-edit-request/ HTTP/1.1" 302 5 "https://wp.syrtalents.com/post-new-or-edit-request/?requestid=1192071" "Mozilla/5.0 AppleWebKit/537.36 (KHTML, like Gecko; compatible; ClaudeBot/1.0; +claudebot@anthropic.com)"
216.73.217.50 - - [29/Aug/2026:06:47:30 +0000] "GET /post-new-or-edit-request/?requestid=1195618 HTTP/1.1" 200 35240 "https://wp.syrtalents.com/post-new-or-edit-request/" "Mozilla/5.0 AppleWebKit/537.36 (KHTML, like Gecko; compatible; ClaudeBot/1.0; +claudebot@anthropic.com)"
72.167.149.90 - - [29/Aug/2026:06:47:57 +0000] "POST /wp-cron.php?doing_wp_cron=1787986076.3302819728851318359375 HTTP/1.1" 499 0 "-" "WordPress/7.1; https://wp.syrtalents.com/ar"
216.73.217.50 - - [29/Aug/2026:06:47:57 +0000] "GET /ar/post-new-or-edit-request/?requestid=1190408 HTTP/1.1" 302 5 "-" "Mozilla/5.0 AppleWebKit/537.36 (KHTML, like Gecko; compatible; ClaudeBot/1.0; +claudebot@anthropic.com)"
216.73.217.50 - - [29/Aug/2026:06:47:59 +0000] "GET /ar/post-new-or-edit-request/ HTTP/1.1" 302 5 "https://wp.syrtalents.com/ar/post-new-or-edit-request/?requestid=1190408" "Mozilla/5.0 AppleWebKit/537.36 (KHTML, like Gecko; compatible; ClaudeBot/1.0; +claudebot@anthropic.com)"
216.73.217.50 - - [29/Aug/2026:06:48:01 +0000] "GET /ar/post-new-or-edit-request/?requestid=1195619 HTTP/1.1" 200 37822 "https://wp.syrtalents.com/ar/post-new-or-edit-request/" "Mozilla/5.0 AppleWebKit/537.36 (KHTML, like Gecko; compatible; ClaudeBot/1.0; +claudebot@anthropic.com)"
216.73.217.50 - - [29/Aug/2026:06:48:28 +0000] "GET /ar/post-new-or-edit-request/?requestid=1191799 HTTP/1.1" 302 5 "-" "Mozilla/5.0 AppleWebKit/537.36 (KHTML, like Gecko; compatible; ClaudeBot/1.0; +claudebot@anthropic.com)"
216.73.217.50 - - [29/Aug/2026:06:48:30 +0000] "GET /ar/post-new-or-edit-request/?requestid=1195619 HTTP/1.1" 200 37824 "https://wp.syrtalents.com/ar/post-new-or-edit-request/?requestid=1191799" "Mozilla/5.0 AppleWebKit/537.36 (KHTML, like Gecko; compatible; ClaudeBot/1.0; +claudebot@anthropic.com)"
216.73.217.50 - - [29/Aug/2026:06:49:00 +0000] "GET /ar/post-new-or-edit-request/?requestid=1191576 HTTP/1.1" 302 5 "-" "Mozilla/5.0 AppleWebKit/537.36 (KHTML, like Gecko; compatible; ClaudeBot/1.0; +claudebot@anthropic.com)"
216.73.217.50 - - [29/Aug/2026:06:49:04 +0000] "GET /ar/post-new-or-edit-request/?requestid=1195619 HTTP/1.1" 200 37826 "https://wp.syrtalents.com/ar/post-new-or-edit-request/?requestid=1191576" "Mozilla/5.0 AppleWebKit/537.36 (KHTML, like Gecko; compatible; ClaudeBot/1.0; +claudebot@anthropic.com)"
216.73.217.50 - - [29/Aug/2026:06:49:32 +0000] "GET /ar/post-new-or-edit-request/?requestid=1186965 HTTP/1.1" 302 5 "-" "Mozilla/5.0 AppleWebKit/537.36 (KHTML, like Gecko; compatible; ClaudeBot/1.0; +claudebot@anthropic.com)"
116.179.32.130 - - [29/Aug/2026:06:49:33 +0000] "GET /ar/post-new-or-edit-request/?requestid=1170186 HTTP/1.1" 302 5 "-" "Mozilla/5.0 (compatible; Baiduspider/2.0; +http://www.baidu.com/search/spider.html)"
216.73.217.50 - - [29/Aug/2026:06:49:36 +0000] "GET /ar/post-new-or-edit-request/?requestid=1195619 HTTP/1.1" 200 37827 "https://wp.syrtalents.com/ar/post-new-or-edit-request/?requestid=1186965" "Mozilla/5.0 AppleWebKit/537.36 (KHTML, like Gecko; compatible; ClaudeBot/1.0; +claudebot@anthropic.com)"
116.179.32.98 - - [29/Aug/2026:06:49:36 +0000] "GET /ar/post-new-or-edit-request/ HTTP/1.1" 302 5 "-" "Mozilla/5.0 (compatible; Baiduspider/2.0; +http://www.baidu.com/search/spider.html)"
116.179.32.18 - - [29/Aug/2026:06:49:40 +0000] "GET /ar/post-new-or-edit-request/?requestid=1195620 HTTP/1.1" 200 37827 "-" "Mozilla/5.0 (compatible; Baiduspider/2.0; +http://www.baidu.com/search/spider.html)"
116.179.37.235 - - [29/Aug/2026:06:49:51 +0000] "POST /wp-content/plugins/translatepress-multilingual/includes/trp-ajax.php HTTP/1.1" 200 33 "https://wp.syrtalents.com/ar/post-new-or-edit-request/?requestid=1195620" "Mozilla/5.0 (compatible; Baiduspider-render/2.0; +http://www.baidu.com/search/spider.html)"
116.179.37.119 - - [29/Aug/2026:06:49:51 +0000] "POST /wp-content/plugins/translatepress-multilingual/includes/trp-ajax.php HTTP/1.1" 200 33 "https://wp.syrtalents.com/ar/post-new-or-edit-request/?requestid=1195620" "Mozilla/5.0 (compatible; Baiduspider-render/2.0; +http://www.baidu.com/search/spider.html)"
116.179.37.251 - - [29/Aug/2026:06:49:52 +0000] "POST /wp-content/plugins/translatepress-multilingual/includes/trp-ajax.php HTTP/1.1" 200 159 "https://wp.syrtalents.com/ar/post-new-or-edit-request/?requestid=1195620" "Mozilla/5.0 (compatible; Baiduspider-render/2.0; +http://www.baidu.com/search/spider.html)"
116.179.37.216 - - [29/Aug/2026:06:49:52 +0000] "POST /wp-content/plugins/translatepress-multilingual/includes/trp-ajax.php HTTP/1.1" 200 33 "https://wp.syrtalents.com/ar/post-new-or-edit-request/?requestid=1195620" "Mozilla/5.0 (compatible; Baiduspider-render/2.0; +http://www.baidu.com/search/spider.html)"
116.179.37.186 - - [29/Aug/2026:06:49:53 +0000] "POST /wp-content/plugins/translatepress-multilingual/includes/trp-ajax.php HTTP/1.1" 200 8241 "https://wp.syrtalents.com/ar/post-new-or-edit-request/?requestid=1195620" "Mozilla/5.0 (compatible; Baiduspider-render/2.0; +http://www.baidu.com/search/spider.html)"
116.179.37.132 - - [29/Aug/2026:06:49:53 +0000] "POST /wp-content/plugins/translatepress-multilingual/includes/trp-ajax.php HTTP/1.1" 200 33 "https://wp.syrtalents.com/ar/post-new-or-edit-request/?requestid=1195620" "Mozilla/5.0 (compatible; Baiduspider-render/2.0; +http://www.baidu.com/search/spider.html)"
116.179.37.122 - - [29/Aug/2026:06:49:53 +0000] "POST /wp-content/plugins/translatepress-multilingual/includes/trp-ajax.php HTTP/1.1" 200 164 "https://wp.syrtalents.com/ar/post-new-or-edit-request/?requestid=1195620" "Mozilla/5.0 (compatible; Baiduspider-render/2.0; +http://www.baidu.com/search/spider.html)"
116.179.37.223 - - [29/Aug/2026:06:49:54 +0000] "POST /wp-admin/admin-ajax.php?action=un_config_get HTTP/1.1" 200 1479 "https://wp.syrtalents.com/ar/post-new-or-edit-request/?requestid=1195620" "Mozilla/5.0 (compatible; Baiduspider-render/2.0; +http://www.baidu.com/search/spider.html)"
116.179.37.238 - - [29/Aug/2026:06:49:55 +0000] "POST /wp-content/plugins/translatepress-multilingual/includes/trp-ajax.php HTTP/1.1" 200 157 "https://wp.syrtalents.com/ar/post-new-or-edit-request/?requestid=1195620" "Mozilla/5.0 (compatible; Baiduspider-render/2.0; +http://www.baidu.com/search/spider.html)"
72.167.149.90 - - [29/Aug/2026:06:51:38 +0000] "POST /wp-cron.php?doing_wp_cron=1787986297.3091819286346435546875 HTTP/1.1" 499 0 "-" "WordPress/7.1; https://wp.syrtalents.com"
216.73.217.5 - - [29/Aug/2026:06:51:38 +0000] "GET /post-new-or-edit-request/?requestid=1192004 HTTP/1.1" 302 5 "-" "Mozilla/5.0 AppleWebKit/537.36 (KHTML, like Gecko; compatible; ClaudeBot/1.0; +claudebot@anthropic.com)"
216.73.217.5 - - [29/Aug/2026:06:51:40 +0000] "GET /post-new-or-edit-request/ HTTP/1.1" 302 5 "https://wp.syrtalents.com/post-new-or-edit-request/?requestid=1192004" "Mozilla/5.0 AppleWebKit/537.36 (KHTML, like Gecko; compatible; ClaudeBot/1.0; +claudebot@anthropic.com)"
216.73.217.5 - - [29/Aug/2026:06:51:42 +0000] "GET /post-new-or-edit-request/?requestid=1195621 HTTP/1.1" 200 35243 "https://wp.syrtalents.com/post-new-or-edit-request/" "Mozilla/5.0 AppleWebKit/537.36 (KHTML, like Gecko; compatible; ClaudeBot/1.0; +claudebot@anthropic.com)"
216.73.217.5 - - [29/Aug/2026:06:52:10 +0000] "GET /post-new-or-edit-request/?requestid=1195418 HTTP/1.1" 302 5 "-" "Mozilla/5.0 AppleWebKit/537.36 (KHTML, like Gecko; compatible; ClaudeBot/1.0; +claudebot@anthropic.com)"
216.73.217.5 - - [29/Aug/2026:06:52:12 +0000] "GET /post-new-or-edit-request/ HTTP/1.1" 302 5 "https://wp.syrtalents.com/post-new-or-edit-request/?requestid=1195418" "Mozilla/5.0 AppleWebKit/537.36 (KHTML, like Gecko; compatible; ClaudeBot/1.0; +claudebot@anthropic.com)"
216.73.217.5 - - [29/Aug/2026:06:52:14 +0000] "GET /post-new-or-edit-request/?requestid=1195622 HTTP/1.1" 499 0 "https://wp.syrtalents.com/post-new-or-edit-request/" "Mozilla/5.0 AppleWebKit/537.36 (KHTML, like Gecko; compatible; ClaudeBot/1.0; +claudebot@anthropic.com)"
216.73.217.5 - - [29/Aug/2026:06:52:38 +0000] "GET /post-new-or-edit-request/?requestid=1192211 HTTP/1.1" 302 5 "-" "Mozilla/5.0 AppleWebKit/537.36 (KHTML, like Gecko; compatible; ClaudeBot/1.0; +claudebot@anthropic.com)"
216.73.217.5 - - [29/Aug/2026:06:52:40 +0000] "GET /post-new-or-edit-request/ HTTP/1.1" 302 5 "https://wp.syrtalents.com/post-new-or-edit-request/?requestid=1192211" "Mozilla/5.0 AppleWebKit/537.36 (KHTML, like Gecko; compatible; ClaudeBot/1.0; +claudebot@anthropic.com)"
216.73.217.5 - - [29/Aug/2026:06:52:43 +0000] "GET /post-new-or-edit-request/?requestid=1195623 HTTP/1.1" 200 35241 "https://wp.syrtalents.com/post-new-or-edit-request/" "Mozilla/5.0 AppleWebKit/537.36 (KHTML, like Gecko; compatible; ClaudeBot/1.0; +claudebot@anthropic.com)"
72.167.149.90 - - [29/Aug/2026:06:53:12 +0000] "POST /wp-cron.php?doing_wp_cron=1787986391.3696930408477783203125 HTTP/1.1" 499 0 "-" "WordPress/7.1; https://wp.syrtalents.com"
216.73.217.5 - - [29/Aug/2026:06:53:12 +0000] "GET /post-new-or-edit-request/?requestid=1193130 HTTP/1.1" 302 5 "-" "Mozilla/5.0 AppleWebKit/537.36 (KHTML, like Gecko; compatible; ClaudeBot/1.0; +claudebot@anthropic.com)"
216.73.217.5 - - [29/Aug/2026:06:53:15 +0000] "GET /post-new-or-edit-request/?requestid=1195623 HTTP/1.1" 200 35240 "https://wp.syrtalents.com/post-new-or-edit-request/?requestid=1193130" "Mozilla/5.0 AppleWebKit/537.36 (KHTML, like Gecko; compatible; ClaudeBot/1.0; +claudebot@anthropic.com)"
216.73.217.5 - - [29/Aug/2026:06:53:37 +0000] "GET /ar/post-new-or-edit-request/?requestid=1195374 HTTP/1.1" 302 5 "-" "Mozilla/5.0 AppleWebKit/537.36 (KHTML, like Gecko; compatible; ClaudeBot/1.0; +claudebot@anthropic.com)"
216.73.217.5 - - [29/Aug/2026:06:53:40 +0000] "GET /ar/post-new-or-edit-request/ HTTP/1.1" 302 5 "https://wp.syrtalents.com/ar/post-new-or-edit-request/?requestid=1195374" "Mozilla/5.0 AppleWebKit/537.36 (KHTML, like Gecko; compatible; ClaudeBot/1.0; +claudebot@anthropic.com)"
216.73.217.5 - - [29/Aug/2026:06:53:40 +0000] "GET /post-new-or-edit-request/?requestid=1193425 HTTP/1.1" 302 5 "-" "Mozilla/5.0 AppleWebKit/537.36 (KHTML, like Gecko; compatible; ClaudeBot/1.0; +claudebot@anthropic.com)"
216.73.217.5 - - [29/Aug/2026:06:53:42 +0000] "GET /post-new-or-edit-request/?requestid=1195623 HTTP/1.1" 200 35239 "https://wp.syrtalents.com/post-new-or-edit-request/?requestid=1193425" "Mozilla/5.0 AppleWebKit/537.36 (KHTML, like Gecko; compatible; ClaudeBot/1.0; +claudebot@anthropic.com)"
216.73.217.5 - - [29/Aug/2026:06:53:43 +0000] "GET /ar/post-new-or-edit-request/?requestid=1195624 HTTP/1.1" 200 37825 "https://wp.syrtalents.com/ar/post-new-or-edit-request/" "Mozilla/5.0 AppleWebKit/537.36 (KHTML, like Gecko; compatible; ClaudeBot/1.0; +claudebot@anthropic.com)"
216.73.217.5 - - [29/Aug/2026:06:54:10 +0000] "GET /sitemap.xml HTTP/1.1" 200 372 "-" "Mozilla/5.0 AppleWebKit/537.36 (KHTML, like Gecko; compatible; ClaudeBot/1.0; +claudebot@anthropic.com)"
216.73.217.5 - - [29/Aug/2026:06:54:11 +0000] "GET /post-new-or-edit-request/?requestid=1189386 HTTP/1.1" 302 5 "-" "Mozilla/5.0 AppleWebKit/537.36 (KHTML, like Gecko; compatible; ClaudeBot/1.0; +claudebot@anthropic.com)"
216.73.217.5 - - [29/Aug/2026:06:54:13 +0000] "GET /post-new-or-edit-request/ HTTP/1.1" 302 5 "https://wp.syrtalents.com/post-new-or-edit-request/?requestid=1189386" "Mozilla/5.0 AppleWebKit/537.36 (KHTML, like Gecko; compatible; ClaudeBot/1.0; +claudebot@anthropic.com)"
216.73.217.5 - - [29/Aug/2026:06:54:15 +0000] "GET /post-new-or-edit-request/?requestid=1195625 HTTP/1.1" 200 35242 "https://wp.syrtalents.com/post-new-or-edit-request/" "Mozilla/5.0 AppleWebKit/537.36 (KHTML, like Gecko; compatible; ClaudeBot/1.0; +claudebot@anthropic.com)"
216.73.217.5 - - [29/Aug/2026:06:54:41 +0000] "GET /post-new-or-edit-request/?requestid=1187304 HTTP/1.1" 302 5 "-" "Mozilla/5.0 AppleWebKit/537.36 (KHTML, like Gecko; compatible; ClaudeBot/1.0; +claudebot@anthropic.com)"
216.73.217.5 - - [29/Aug/2026:06:54:43 +0000] "GET /post-new-or-edit-request/ HTTP/1.1" 302 5 "https://wp.syrtalents.com/post-new-or-edit-request/?requestid=1187304" "Mozilla/5.0 AppleWebKit/537.36 (KHTML, like Gecko; compatible; ClaudeBot/1.0; +claudebot@anthropic.com)"
216.73.217.5 - - [29/Aug/2026:06:54:45 +0000] "GET /post-new-or-edit-request/?requestid=1195626 HTTP/1.1" 499 0 "https://wp.syrtalents.com/post-new-or-edit-request/" "Mozilla/5.0 AppleWebKit/537.36 (KHTML, like Gecko; compatible; ClaudeBot/1.0; +claudebot@anthropic.com)"
216.73.217.5 - - [29/Aug/2026:06:54:57 +0000] "GET /post-new-or-edit-request/?requestid=1191881 HTTP/1.1" 302 5 "-" "Mozilla/5.0 AppleWebKit/537.36 (KHTML, like Gecko; compatible; ClaudeBot/1.0; +claudebot@anthropic.com)"
216.73.217.5 - - [29/Aug/2026:06:54:59 +0000] "GET /post-new-or-edit-request/ HTTP/1.1" 302 5 "https://wp.syrtalents.com/post-new-or-edit-request/?requestid=1191881" "Mozilla/5.0 AppleWebKit/537.36 (KHTML, like Gecko; compatible; ClaudeBot/1.0; +claudebot@anthropic.com)"
216.73.217.5 - - [29/Aug/2026:06:55:02 +0000] "GET /post-new-or-edit-request/?requestid=1195627 HTTP/1.1" 200 35243 "https://wp.syrtalents.com/post-new-or-edit-request/" "Mozilla/5.0 AppleWebKit/537.36 (KHTML, like Gecko; compatible; ClaudeBot/1.0; +claudebot@anthropic.com)"
216.73.217.5 - - [29/Aug/2026:06:55:32 +0000] "GET /post-new-or-edit-request/?requestid=1194370 HTTP/1.1" 302 5 "-" "Mozilla/5.0 AppleWebKit/537.36 (KHTML, like Gecko; compatible; ClaudeBot/1.0; +claudebot@anthropic.com)"
216.73.217.5 - - [29/Aug/2026:06:55:34 +0000] "GET /post-new-or-edit-request/?requestid=1195623 HTTP/1.1" 200 35238 "https://wp.syrtalents.com/post-new-or-edit-request/?requestid=1194370" "Mozilla/5.0 AppleWebKit/537.36 (KHTML, like Gecko; compatible; ClaudeBot/1.0; +claudebot@anthropic.com)"
103.27.32.18 - - [29/Aug/2026:06:55:41 +0000] "GET /wp-login.php HTTP/1.1" 302 5 "-" "Mozilla/5.0 (Windows NT 10.0; Win64; x64) AppleWebKit/537.36 (KHTML, like Gecko) Chrome/151.0.0.0 Safari/537.36"
103.27.32.18 - - [29/Aug/2026:06:55:41 +0000] "GET /wp-login.php HTTP/1.1" 302 5 "-" "Mozilla/5.0 (Windows NT 10.0; Win64; x64) AppleWebKit/537.36 (KHTML, like Gecko) Chrome/151.0.0.0 Safari/537.36"
103.27.32.18 - - [29/Aug/2026:06:55:43 +0000] "GET /authentication-login/ HTTP/1.1" 200 28507 "https://wp.syrtalents.com/wp-login.php" "Mozilla/5.0 (Windows NT 10.0; Win64; x64) AppleWebKit/537.36 (KHTML, like Gecko) Chrome/151.0.0.0 Safari/537.36"
103.27.32.18 - - [29/Aug/2026:06:55:43 +0000] "GET /authentication-login/ HTTP/1.1" 200 28506 "https://wp.syrtalents.com/wp-login.php" "Mozilla/5.0 (Windows NT 10.0; Win64; x64) AppleWebKit/537.36 (KHTML, like Gecko) Chrome/151.0.0.0 Safari/537.36"
103.27.32.18 - - [29/Aug/2026:06:55:46 +0000] "POST /wp-login.php HTTP/1.1" 200 27204 "https://wp.syrtalents.com/wp-login.php" "Mozilla/5.0 (Windows NT 10.0; Win64; x64) AppleWebKit/537.36 (KHTML, like Gecko) Chrome/151.0.0.0 Safari/537.36"
103.27.32.18 - - [29/Aug/2026:06:55:46 +0000] "POST /wp-login.php HTTP/1.1" 200 27205 "https://wp.syrtalents.com/wp-login.php" "Mozilla/5.0 (Windows NT 10.0; Win64; x64) AppleWebKit/537.36 (KHTML, like Gecko) Chrome/151.0.0.0 Safari/537.36"
216.73.217.5 - - [29/Aug/2026:06:55:51 +0000] "GET /ar/post-new-or-edit-request/?requestid=1190789 HTTP/1.1" 302 5 "-" "Mozilla/5.0 AppleWebKit/537.36 (KHTML, like Gecko; compatible; ClaudeBot/1.0; +claudebot@anthropic.com)"
216.73.217.5 - - [29/Aug/2026:06:55:54 +0000] "GET /ar/post-new-or-edit-request/?requestid=1195627 HTTP/1.1" 200 37828 "https://wp.syrtalents.com/ar/post-new-or-edit-request/?requestid=1190789" "Mozilla/5.0 AppleWebKit/537.36 (KHTML, like Gecko; compatible; ClaudeBot/1.0; +claudebot@anthropic.com)"
72.167.132.114 - - [29/Aug/2026:06:56:11 +0000] "GET /wp-login.php HTTP/1.1" 302 5 "-" "Mozilla/5.0 (Windows NT 10.0; Win64; x64) AppleWebKit/537.36 (KHTML, like Gecko) Chrome/151.0.0.0 Safari/537.36"
72.167.132.114 - - [29/Aug/2026:06:56:15 +0000] "GET /authentication-login/ HTTP/1.1" 200 28505 "https://wp.syrtalents.com/wp-login.php" "Mozilla/5.0 (Windows NT 10.0; Win64; x64) AppleWebKit/537.36 (KHTML, like Gecko) Chrome/151.0.0.0 Safari/537.36"
72.167.149.90 - - [29/Aug/2026:06:56:18 +0000] "POST /wp-cron.php?doing_wp_cron=1787986577.9310209751129150390625 HTTP/1.1" 499 0 "-" "WordPress/7.1; https://wp.syrtalents.com"
72.167.132.114 - - [29/Aug/2026:06:56:19 +0000] "POST /wp-admin/admin-ajax.php?action=tnp&na=s HTTP/1.1" 200 868 "https://wp.syrtalents.com/wp-login.php" "Mozilla/5.0 (Windows NT 10.0; Win64; x64) AppleWebKit/537.36 (KHTML, like Gecko) Chrome/151.0.0.0 Safari/537.36"
216.73.217.5 - - [29/Aug/2026:06:56:24 +0000] "GET /ar/post-new-or-edit-request/?requestid=1193571 HTTP/1.1" 302 5 "-" "Mozilla/5.0 AppleWebKit/537.36 (KHTML, like Gecko; compatible; ClaudeBot/1.0; +claudebot@anthropic.com)"
216.73.217.5 - - [29/Aug/2026:06:56:28 +0000] "GET /ar/post-new-or-edit-request/?requestid=1195627 HTTP/1.1" 200 37826 "https://wp.syrtalents.com/ar/post-new-or-edit-request/?requestid=1193571" "Mozilla/5.0 AppleWebKit/537.36 (KHTML, like Gecko; compatible; ClaudeBot/1.0; +claudebot@anthropic.com)"
216.73.217.5 - - [29/Aug/2026:06:56:56 +0000] "GET /ar/post-new-or-edit-request/?requestid=1192245 HTTP/1.1" 302 5 "-" "Mozilla/5.0 AppleWebKit/537.36 (KHTML, like Gecko; compatible; ClaudeBot/1.0; +claudebot@anthropic.com)"
216.73.217.5 - - [29/Aug/2026:06:56:59 +0000] "GET /ar/post-new-or-edit-request/?requestid=1195627 HTTP/1.1" 200 37827 "https://wp.syrtalents.com/ar/post-new-or-edit-request/?requestid=1192245" "Mozilla/5.0 AppleWebKit/537.36 (KHTML, like Gecko; compatible; ClaudeBot/1.0; +claudebot@anthropic.com)"
72.167.149.90 - - [29/Aug/2026:06:58:16 +0000] "POST /wp-cron.php?doing_wp_cron=1787986695.5307400226593017578125 HTTP/1.1" 499 0 "-" "WordPress/7.1; https://wp.syrtalents.com"
216.73.217.5 - - [29/Aug/2026:06:58:16 +0000] "GET /post-new-or-edit-request/?requestid=1193288 HTTP/1.1" 302 5 "-" "Mozilla/5.0 AppleWebKit/537.36 (KHTML, like Gecko; compatible; ClaudeBot/1.0; +claudebot@anthropic.com)"
