216.73.216.183 - - [28/Aug/2026:21:50:29 +0000] "GET /post-new-or-edit-request/?requestid=1189248 HTTP/1.1" 499 0 "-" "Mozilla/5.0 AppleWebKit/537.36 (KHTML, like Gecko; compatible; ClaudeBot/1.0; +claudebot@anthropic.com)"
216.73.217.110 - - [28/Aug/2026:21:50:30 +0000] "GET /post-new-or-edit-request/?requestid=1189605 HTTP/1.1" 302 5 "-" "Mozilla/5.0 AppleWebKit/537.36 (KHTML, like Gecko; compatible; ClaudeBot/1.0; +claudebot@anthropic.com)"
216.73.217.110 - - [28/Aug/2026:21:50:31 +0000] "GET /post-new-or-edit-request/?requestid=1191935 HTTP/1.1" 302 5 "-" "Mozilla/5.0 AppleWebKit/537.36 (KHTML, like Gecko; compatible; ClaudeBot/1.0; +claudebot@anthropic.com)"
216.73.217.110 - - [28/Aug/2026:21:50:32 +0000] "GET /post-new-or-edit-request/ HTTP/1.1" 499 0 "https://wp.syrtalents.com/post-new-or-edit-request/?requestid=1189605" "Mozilla/5.0 AppleWebKit/537.36 (KHTML, like Gecko; compatible; ClaudeBot/1.0; +claudebot@anthropic.com)"
216.73.217.110 - - [28/Aug/2026:21:50:32 +0000] "GET /post-new-or-edit-request/ HTTP/1.1" 499 0 "https://wp.syrtalents.com/post-new-or-edit-request/?requestid=1191935" "Mozilla/5.0 AppleWebKit/537.36 (KHTML, like Gecko; compatible; ClaudeBot/1.0; +claudebot@anthropic.com)"
216.73.217.110 - - [28/Aug/2026:21:50:42 +0000] "GET /post-new-or-edit-request/?requestid=1187787 HTTP/1.1" 499 0 "-" "Mozilla/5.0 AppleWebKit/537.36 (KHTML, like Gecko; compatible; ClaudeBot/1.0; +claudebot@anthropic.com)"
216.73.217.110 - - [28/Aug/2026:21:50:43 +0000] "GET /post-new-or-edit-request/?requestid=1187350 HTTP/1.1" 499 0 "-" "Mozilla/5.0 AppleWebKit/537.36 (KHTML, like Gecko; compatible; ClaudeBot/1.0; +claudebot@anthropic.com)"
216.73.217.110 - - [28/Aug/2026:21:50:49 +0000] "GET /ar/post-new-or-edit-request/?requestid=1189840 HTTP/1.1" 499 0 "-" "Mozilla/5.0 AppleWebKit/537.36 (KHTML, like Gecko; compatible; ClaudeBot/1.0; +claudebot@anthropic.com)"
216.73.217.110 - - [28/Aug/2026:21:50:50 +0000] "GET /post-new-or-edit-request/?requestid=1185021 HTTP/1.1" 499 0 "-" "Mozilla/5.0 AppleWebKit/537.36 (KHTML, like Gecko; compatible; ClaudeBot/1.0; +claudebot@anthropic.com)"
216.73.217.110 - - [28/Aug/2026:21:50:59 +0000] "GET /ar/post-new-or-edit-request/?requestid=1190249 HTTP/1.1" 499 0 "-" "Mozilla/5.0 AppleWebKit/537.36 (KHTML, like Gecko; compatible; ClaudeBot/1.0; +claudebot@anthropic.com)"
216.73.217.110 - - [28/Aug/2026:21:51:00 +0000] "GET /ar/post-new-or-edit-request/?requestid=1189211 HTTP/1.1" 499 0 "-" "Mozilla/5.0 AppleWebKit/537.36 (KHTML, like Gecko; compatible; ClaudeBot/1.0; +claudebot@anthropic.com)"
216.73.217.110 - - [28/Aug/2026:21:51:09 +0000] "GET /ar/post-new-or-edit-request/?requestid=1190605 HTTP/1.1" 499 0 "-" "Mozilla/5.0 AppleWebKit/537.36 (KHTML, like Gecko; compatible; ClaudeBot/1.0; +claudebot@anthropic.com)"
216.73.217.110 - - [28/Aug/2026:21:51:10 +0000] "GET /ar/post-new-or-edit-request/?requestid=1190844 HTTP/1.1" 499 0 "-" "Mozilla/5.0 AppleWebKit/537.36 (KHTML, like Gecko; compatible; ClaudeBot/1.0; +claudebot@anthropic.com)"
50.6.137.53 - - [28/Aug/2026:21:51:15 +0000] "GET /wp-login.php HTTP/1.1" 499 0 "-" "Mozilla/5.0 (Windows NT 10.0; Win64; x64) AppleWebKit/537.36 (KHTML, like Gecko) Chrome/151.0.0.0 Safari/537.36"
216.73.217.110 - - [28/Aug/2026:21:51:19 +0000] "GET /ar/post-new-or-edit-request/?requestid=1190650 HTTP/1.1" 499 0 "-" "Mozilla/5.0 AppleWebKit/537.36 (KHTML, like Gecko; compatible; ClaudeBot/1.0; +claudebot@anthropic.com)"
50.6.137.53 - magrathea [28/Aug/2026:21:51:25 +0000] "GET /wp-json/wp/v2/users/me HTTP/1.1" 499 0 "-" "Mozilla/5.0 (Windows NT 10.0; Win64; x64) AppleWebKit/537.36 (KHTML, like Gecko) Chrome/151.0.0.0 Safari/537.36"
216.73.217.110 - - [28/Aug/2026:21:51:30 +0000] "GET /post-new-or-edit-request/?requestid=1187255 HTTP/1.1" 499 0 "-" "Mozilla/5.0 AppleWebKit/537.36 (KHTML, like Gecko; compatible; ClaudeBot/1.0; +claudebot@anthropic.com)"
216.73.217.110 - - [28/Aug/2026:21:51:40 +0000] "GET /ar/post-new-or-edit-request/?requestid=1192144 HTTP/1.1" 499 0 "-" "Mozilla/5.0 AppleWebKit/537.36 (KHTML, like Gecko; compatible; ClaudeBot/1.0; +claudebot@anthropic.com)"
216.73.217.110 - - [28/Aug/2026:21:51:50 +0000] "GET /ar/post-new-or-edit-request/?requestid=1190144 HTTP/1.1" 499 0 "-" "Mozilla/5.0 AppleWebKit/537.36 (KHTML, like Gecko; compatible; ClaudeBot/1.0; +claudebot@anthropic.com)"
216.73.217.110 - - [28/Aug/2026:21:51:55 +0000] "GET /ar/post-new-or-edit-request/?requestid=1190628 HTTP/1.1" 500 2716 "-" "Mozilla/5.0 AppleWebKit/537.36 (KHTML, like Gecko; compatible; ClaudeBot/1.0; +claudebot@anthropic.com)"
216.73.217.110 - - [28/Aug/2026:21:52:06 +0000] "GET /ar/post-new-or-edit-request/?requestid=1190728 HTTP/1.1" 499 0 "-" "Mozilla/5.0 AppleWebKit/537.36 (KHTML, like Gecko; compatible; ClaudeBot/1.0; +claudebot@anthropic.com)"
216.73.217.110 - - [28/Aug/2026:21:52:16 +0000] "GET /ar/post-new-or-edit-request/?requestid=1189247 HTTP/1.1" 499 0 "-" "Mozilla/5.0 AppleWebKit/537.36 (KHTML, like Gecko; compatible; ClaudeBot/1.0; +claudebot@anthropic.com)"
216.73.217.110 - - [28/Aug/2026:21:52:26 +0000] "GET /ar/post-new-or-edit-request/?requestid=1189485 HTTP/1.1" 499 0 "-" "Mozilla/5.0 AppleWebKit/537.36 (KHTML, like Gecko; compatible; ClaudeBot/1.0; +claudebot@anthropic.com)"
72.167.149.90 - - [28/Aug/2026:21:53:15 +0000] "POST /wp-cron.php?doing_wp_cron=1787953994.4546980857849121093750 HTTP/1.1" 499 0 "-" "WordPress/7.1; https://wp.syrtalents.com/ar"
216.73.217.129 - - [28/Aug/2026:21:54:54 +0000] "GET /post-new-or-edit-request/?requestid=1186355 HTTP/1.1" 499 0 "-" "Mozilla/5.0 AppleWebKit/537.36 (KHTML, like Gecko; compatible; ClaudeBot/1.0; +claudebot@anthropic.com)"
216.73.217.129 - - [28/Aug/2026:21:55:04 +0000] "GET /ar/post-new-or-edit-request/?requestid=1191663 HTTP/1.1" 499 0 "-" "Mozilla/5.0 AppleWebKit/537.36 (KHTML, like Gecko; compatible; ClaudeBot/1.0; +claudebot@anthropic.com)"
216.73.217.129 - - [28/Aug/2026:21:55:16 +0000] "GET /post-new-or-edit-request/?requestid=1194792 HTTP/1.1" 499 0 "-" "Mozilla/5.0 AppleWebKit/537.36 (KHTML, like Gecko; compatible; ClaudeBot/1.0; +claudebot@anthropic.com)"
216.73.217.129 - - [28/Aug/2026:21:55:24 +0000] "GET /post-new-or-edit-request/?requestid=1193358 HTTP/1.1" 499 0 "-" "Mozilla/5.0 AppleWebKit/537.36 (KHTML, like Gecko; compatible; ClaudeBot/1.0; +claudebot@anthropic.com)"
216.73.217.129 - - [28/Aug/2026:21:55:34 +0000] "GET /post-new-or-edit-request/?requestid=1192946 HTTP/1.1" 499 0 "-" "Mozilla/5.0 AppleWebKit/537.36 (KHTML, like Gecko; compatible; ClaudeBot/1.0; +claudebot@anthropic.com)"
216.73.217.129 - - [28/Aug/2026:21:55:46 +0000] "GET /post-new-or-edit-request/?requestid=1193732 HTTP/1.1" 499 0 "-" "Mozilla/5.0 AppleWebKit/537.36 (KHTML, like Gecko; compatible; ClaudeBot/1.0; +claudebot@anthropic.com)"
216.73.217.129 - - [28/Aug/2026:21:55:54 +0000] "GET /post-new-or-edit-request/?requestid=1193437 HTTP/1.1" 499 0 "-" "Mozilla/5.0 AppleWebKit/537.36 (KHTML, like Gecko; compatible; ClaudeBot/1.0; +claudebot@anthropic.com)"
216.73.217.129 - - [28/Aug/2026:21:56:00 +0000] "GET /post-new-or-edit-request/?requestid=1191484 HTTP/1.1" 499 0 "-" "Mozilla/5.0 AppleWebKit/537.36 (KHTML, like Gecko; compatible; ClaudeBot/1.0; +claudebot@anthropic.com)"
216.73.217.129 - - [28/Aug/2026:21:56:10 +0000] "GET /post-new-or-edit-request/?requestid=1191620 HTTP/1.1" 499 0 "-" "Mozilla/5.0 AppleWebKit/537.36 (KHTML, like Gecko; compatible; ClaudeBot/1.0; +claudebot@anthropic.com)"
216.73.217.129 - - [28/Aug/2026:21:56:22 +0000] "GET /post-new-or-edit-request/?requestid=1193919 HTTP/1.1" 499 0 "-" "Mozilla/5.0 AppleWebKit/537.36 (KHTML, like Gecko; compatible; ClaudeBot/1.0; +claudebot@anthropic.com)"
216.73.217.129 - - [28/Aug/2026:21:56:30 +0000] "GET /post-new-or-edit-request/?requestid=1194626 HTTP/1.1" 499 0 "-" "Mozilla/5.0 AppleWebKit/537.36 (KHTML, like Gecko; compatible; ClaudeBot/1.0; +claudebot@anthropic.com)"
216.73.217.129 - - [28/Aug/2026:21:56:41 +0000] "GET /post-new-or-edit-request/?requestid=1194327 HTTP/1.1" 499 0 "-" "Mozilla/5.0 AppleWebKit/537.36 (KHTML, like Gecko; compatible; ClaudeBot/1.0; +claudebot@anthropic.com)"
216.73.217.129 - - [28/Aug/2026:21:56:52 +0000] "GET /post-new-or-edit-request/?requestid=1191362 HTTP/1.1" 499 0 "-" "Mozilla/5.0 AppleWebKit/537.36 (KHTML, like Gecko; compatible; ClaudeBot/1.0; +claudebot@anthropic.com)"
216.73.217.129 - - [28/Aug/2026:21:57:01 +0000] "GET /post-new-or-edit-request/?requestid=1187842 HTTP/1.1" 499 0 "-" "Mozilla/5.0 AppleWebKit/537.36 (KHTML, like Gecko; compatible; ClaudeBot/1.0; +claudebot@anthropic.com)"
216.73.217.129 - - [28/Aug/2026:21:57:12 +0000] "GET /ar/post-new-or-edit-request/?requestid=1189705 HTTP/1.1" 499 0 "-" "Mozilla/5.0 AppleWebKit/537.36 (KHTML, like Gecko; compatible; ClaudeBot/1.0; +claudebot@anthropic.com)"
216.73.217.129 - - [28/Aug/2026:21:57:23 +0000] "GET /ar/post-new-or-edit-request/?requestid=1190352 HTTP/1.1" 499 0 "-" "Mozilla/5.0 AppleWebKit/537.36 (KHTML, like Gecko; compatible; ClaudeBot/1.0; +claudebot@anthropic.com)"
216.73.217.129 - - [28/Aug/2026:21:57:31 +0000] "GET /ar/post-new-or-edit-request/?requestid=1181237 HTTP/1.1" 499 0 "-" "Mozilla/5.0 AppleWebKit/537.36 (KHTML, like Gecko; compatible; ClaudeBot/1.0; +claudebot@anthropic.com)"
216.73.217.129 - - [28/Aug/2026:21:57:40 +0000] "GET /post-new-or-edit-request/?requestid=1180353 HTTP/1.1" 500 2855 "-" "Mozilla/5.0 AppleWebKit/537.36 (KHTML, like Gecko; compatible; ClaudeBot/1.0; +claudebot@anthropic.com)"
216.73.217.129 - - [28/Aug/2026:21:57:55 +0000] "GET /post-new-or-edit-request/?requestid=1189554 HTTP/1.1" 499 0 "-" "Mozilla/5.0 AppleWebKit/537.36 (KHTML, like Gecko; compatible; ClaudeBot/1.0; +claudebot@anthropic.com)"
216.73.217.129 - - [28/Aug/2026:21:58:02 +0000] "GET /post-new-or-edit-request/?requestid=1192647 HTTP/1.1" 499 0 "-" "Mozilla/5.0 AppleWebKit/537.36 (KHTML, like Gecko; compatible; ClaudeBot/1.0; +claudebot@anthropic.com)"
216.73.217.129 - - [28/Aug/2026:21:58:10 +0000] "GET /post-new-or-edit-request/?requestid=1182396 HTTP/1.1" 499 0 "-" "Mozilla/5.0 AppleWebKit/537.36 (KHTML, like Gecko; compatible; ClaudeBot/1.0; +claudebot@anthropic.com)"
216.73.217.129 - - [28/Aug/2026:21:58:27 +0000] "GET /ar/post-new-or-edit-request/?requestid=1189375 HTTP/1.1" 499 0 "-" "Mozilla/5.0 AppleWebKit/537.36 (KHTML, like Gecko; compatible; ClaudeBot/1.0; +claudebot@anthropic.com)"
216.73.217.129 - - [28/Aug/2026:21:58:34 +0000] "GET /post-new-or-edit-request/?requestid=1188268 HTTP/1.1" 499 0 "-" "Mozilla/5.0 AppleWebKit/537.36 (KHTML, like Gecko; compatible; ClaudeBot/1.0; +claudebot@anthropic.com)"
216.73.217.129 - - [28/Aug/2026:21:58:38 +0000] "GET /post-new-or-edit-request/?requestid=1187566 HTTP/1.1" 500 2639 "-" "Mozilla/5.0 AppleWebKit/537.36 (KHTML, like Gecko; compatible; ClaudeBot/1.0; +claudebot@anthropic.com)"
72.167.149.90 - - [28/Aug/2026:21:58:52 +0000] "POST /wp-cron.php?doing_wp_cron=1787954331.4617979526519775390625 HTTP/1.1" 499 0 "-" "WordPress/7.1; https://wp.syrtalents.com/ar"
72.167.149.90 - - [28/Aug/2026:21:59:29 +0000] "POST /wp-cron.php?doing_wp_cron=1787954367.7750270366668701171875 HTTP/1.1" 499 0 "-" "WordPress/7.1; https://wp.syrtalents.com/ar"
116.179.32.221 - - [28/Aug/2026:21:59:29 +0000] "GET /ar/post-new-or-edit-request/?requestid=1169263 HTTP/1.1" 302 5 "-" "Mozilla/5.0 (compatible; Baiduspider/2.0; +http://www.baidu.com/search/spider.html)"
85.208.96.206 - - [28/Aug/2026:21:59:36 +0000] "GET /category/buyer-customer/ HTTP/1.1" 499 0 "-" "Mozilla/5.0 (compatible; SemrushBot/7~bl; +http://www.semrush.com/bot.html)"
72.167.149.90 - - [28/Aug/2026:21:59:43 +0000] "POST /wp-cron.php?doing_wp_cron=1787954382.6008460521697998046875 HTTP/1.1" 499 0 "-" "WordPress/7.1; https://wp.syrtalents.com"
85.208.96.206 - - [28/Aug/2026:22:00:27 +0000] "GET /category/buyer-customer/ HTTP/1.1" 499 0 "-" "Mozilla/5.0 (compatible; SemrushBot/7~bl; +http://www.semrush.com/bot.html)"
72.167.149.90 - - [28/Aug/2026:22:00:49 +0000] "POST /wp-cron.php?doing_wp_cron=1787954448.0086960792541503906250 HTTP/1.1" 499 0 "-" "WordPress/7.1; https://wp.syrtalents.com/ar"
119.249.100.179 - - [28/Aug/2026:22:00:50 +0000] "GET /ar/post-new-or-edit-request/?requestid=1169263 HTTP/1.1" 302 5 "-" "Mozilla/5.0 (Windows NT 10.0; WOW64) AppleWebKit/537.36 (KHTML, like Gecko) Chrome/48.0.2564.116 Safari/537.36"
72.167.149.90 - - [28/Aug/2026:22:00:50 +0000] "POST /wp-cron.php?doing_wp_cron=1787954449.5699229240417480468750 HTTP/1.1" 499 0 "-" "WordPress/7.1; https://wp.syrtalents.com"
119.249.100.236 - - [28/Aug/2026:22:01:31 +0000] "GET /ar/post-new-or-edit-request/ HTTP/1.1" 499 0 "-" "Mozilla/5.0 (Windows NT 10.0; WOW64) AppleWebKit/537.36 (KHTML, like Gecko) Chrome/48.0.2564.116 Safari/537.36"
216.73.216.174 - - [28/Aug/2026:22:01:34 +0000] "GET /post-new-or-edit-request/?requestid=1194841 HTTP/1.1" 499 0 "-" "Mozilla/5.0 AppleWebKit/537.36 (KHTML, like Gecko; compatible; ClaudeBot/1.0; +claudebot@anthropic.com)"
216.73.216.174 - - [28/Aug/2026:22:01:44 +0000] "GET /post-new-or-edit-request/?requestid=1194445 HTTP/1.1" 499 0 "-" "Mozilla/5.0 AppleWebKit/537.36 (KHTML, like Gecko; compatible; ClaudeBot/1.0; +claudebot@anthropic.com)"
216.73.216.174 - - [28/Aug/2026:22:01:56 +0000] "GET /post-new-or-edit-request/?requestid=1194476 HTTP/1.1" 499 0 "-" "Mozilla/5.0 AppleWebKit/537.36 (KHTML, like Gecko; compatible; ClaudeBot/1.0; +claudebot@anthropic.com)"
216.73.216.174 - - [28/Aug/2026:22:02:05 +0000] "GET /ar/post-new-or-edit-request/?requestid=1194422 HTTP/1.1" 499 0 "-" "Mozilla/5.0 AppleWebKit/537.36 (KHTML, like Gecko; compatible; ClaudeBot/1.0; +claudebot@anthropic.com)"
216.73.216.174 - - [28/Aug/2026:22:02:15 +0000] "GET /ar/post-new-or-edit-request/?requestid=1190440 HTTP/1.1" 499 0 "-" "Mozilla/5.0 AppleWebKit/537.36 (KHTML, like Gecko; compatible; ClaudeBot/1.0; +claudebot@anthropic.com)"
216.73.216.174 - - [28/Aug/2026:22:02:23 +0000] "GET /post-new-or-edit-request/?requestid=1188340 HTTP/1.1" 499 0 "-" "Mozilla/5.0 AppleWebKit/537.36 (KHTML, like Gecko; compatible; ClaudeBot/1.0; +claudebot@anthropic.com)"
216.73.216.174 - - [28/Aug/2026:22:02:33 +0000] "GET /post-new-or-edit-request/?requestid=1188368 HTTP/1.1" 499 0 "-" "Mozilla/5.0 AppleWebKit/537.36 (KHTML, like Gecko; compatible; ClaudeBot/1.0; +claudebot@anthropic.com)"
216.73.216.174 - - [28/Aug/2026:22:02:45 +0000] "GET /ar/post-new-or-edit-request/?requestid=1190286 HTTP/1.1" 499 0 "-" "Mozilla/5.0 AppleWebKit/537.36 (KHTML, like Gecko; compatible; ClaudeBot/1.0; +claudebot@anthropic.com)"
72.167.149.90 - - [28/Aug/2026:22:02:47 +0000] "POST /wp-cron.php?doing_wp_cron=1787954565.5980670452117919921875 HTTP/1.1" 499 0 "-" "WordPress/7.1; https://wp.syrtalents.com/ar"
111.225.214.184 - - [28/Aug/2026:22:02:47 +0000] "GET /ar/post-new-or-edit-request/?requestid=1169263 HTTP/1.1" 302 5 "-" "Mozilla/5.0 (Windows NT 10.0; WOW64) AppleWebKit/537.36 (KHTML, like Gecko) Chrome/48.0.2564.116 Safari/537.36"
216.73.216.174 - - [28/Aug/2026:22:02:51 +0000] "GET /ar/post-new-or-edit-request/?requestid=1194258 HTTP/1.1" 499 0 "-" "Mozilla/5.0 AppleWebKit/537.36 (KHTML, like Gecko; compatible; ClaudeBot/1.0; +claudebot@anthropic.com)"
216.73.216.174 - - [28/Aug/2026:22:03:06 +0000] "GET /post-new-or-edit-request/?requestid=1188723 HTTP/1.1" 499 0 "-" "Mozilla/5.0 AppleWebKit/537.36 (KHTML, like Gecko; compatible; ClaudeBot/1.0; +claudebot@anthropic.com)"
216.73.216.174 - - [28/Aug/2026:22:03:08 +0000] "GET /ar/post-new-or-edit-request/?requestid=1188931 HTTP/1.1" 500 2494 "-" "Mozilla/5.0 AppleWebKit/537.36 (KHTML, like Gecko; compatible; ClaudeBot/1.0; +claudebot@anthropic.com)"
216.73.216.174 - - [28/Aug/2026:22:03:08 +0000] "GET /ar/post-new-or-edit-request/?requestid=1194465 HTTP/1.1" 500 2494 "-" "Mozilla/5.0 AppleWebKit/537.36 (KHTML, like Gecko; compatible; ClaudeBot/1.0; +claudebot@anthropic.com)"
216.73.216.174 - - [28/Aug/2026:22:03:09 +0000] "GET /ar/post-new-or-edit-request/?requestid=1194499 HTTP/1.1" 500 2494 "-" "Mozilla/5.0 AppleWebKit/537.36 (KHTML, like Gecko; compatible; ClaudeBot/1.0; +claudebot@anthropic.com)"
111.225.214.130 - - [28/Aug/2026:22:03:12 +0000] "GET /ar/post-new-or-edit-request/ HTTP/1.1" 500 2571 "-" "Mozilla/5.0 (Windows NT 10.0; WOW64) AppleWebKit/537.36 (KHTML, like Gecko) Chrome/48.0.2564.116 Safari/537.36"
216.73.216.174 - - [28/Aug/2026:22:03:23 +0000] "GET /ar/post-new-or-edit-request/?requestid=1194341 HTTP/1.1" 499 0 "-" "Mozilla/5.0 AppleWebKit/537.36 (KHTML, like Gecko; compatible; ClaudeBot/1.0; +claudebot@anthropic.com)"
216.73.216.174 - - [28/Aug/2026:22:03:28 +0000] "GET /ar/post-new-or-edit-request/?requestid=1189535 HTTP/1.1" 499 0 "-" "Mozilla/5.0 AppleWebKit/537.36 (KHTML, like Gecko; compatible; ClaudeBot/1.0; +claudebot@anthropic.com)"
216.73.216.174 - - [28/Aug/2026:22:03:33 +0000] "GET /ar/post-new-or-edit-request/?requestid=1189863 HTTP/1.1" 302 5 "-" "Mozilla/5.0 AppleWebKit/537.36 (KHTML, like Gecko; compatible; ClaudeBot/1.0; +claudebot@anthropic.com)"
216.73.216.174 - - [28/Aug/2026:22:03:38 +0000] "GET /ar/post-new-or-edit-request/ HTTP/1.1" 499 0 "https://wp.syrtalents.com/ar/post-new-or-edit-request/?requestid=1189863" "Mozilla/5.0 AppleWebKit/537.36 (KHTML, like Gecko; compatible; ClaudeBot/1.0; +claudebot@anthropic.com)"
216.73.216.174 - - [28/Aug/2026:22:03:50 +0000] "GET /ar/post-new-or-edit-request/?requestid=1191802 HTTP/1.1" 499 0 "-" "Mozilla/5.0 AppleWebKit/537.36 (KHTML, like Gecko; compatible; ClaudeBot/1.0; +claudebot@anthropic.com)"
216.73.216.174 - - [28/Aug/2026:22:03:58 +0000] "GET /ar/post-new-or-edit-request/?requestid=1188844 HTTP/1.1" 499 0 "-" "Mozilla/5.0 AppleWebKit/537.36 (KHTML, like Gecko; compatible; ClaudeBot/1.0; +claudebot@anthropic.com)"
72.167.149.90 - - [28/Aug/2026:22:04:00 +0000] "POST /wp-cron.php?doing_wp_cron=1787954639.1354670524597167968750 HTTP/1.1" 499 0 "-" "WordPress/7.1; https://wp.syrtalents.com/ar"
72.167.149.90 - - [28/Aug/2026:22:04:07 +0000] "POST /wp-cron.php?doing_wp_cron=1787954645.9738349914550781250000 HTTP/1.1" 499 0 "-" "WordPress/7.1; https://wp.syrtalents.com/ar"
216.73.216.174 - - [28/Aug/2026:22:04:08 +0000] "GET /ar/post-new-or-edit-request/?requestid=1187611 HTTP/1.1" 499 0 "-" "Mozilla/5.0 AppleWebKit/537.36 (KHTML, like Gecko; compatible; ClaudeBot/1.0; +claudebot@anthropic.com)"
216.73.216.174 - - [28/Aug/2026:22:04:20 +0000] "GET /ar/post-new-or-edit-request/?requestid=1185894 HTTP/1.1" 499 0 "-" "Mozilla/5.0 AppleWebKit/537.36 (KHTML, like Gecko; compatible; ClaudeBot/1.0; +claudebot@anthropic.com)"
216.73.216.174 - - [28/Aug/2026:22:04:28 +0000] "GET /ar/post-new-or-edit-request/?requestid=1189336 HTTP/1.1" 499 0 "-" "Mozilla/5.0 AppleWebKit/537.36 (KHTML, like Gecko; compatible; ClaudeBot/1.0; +claudebot@anthropic.com)"
216.73.216.174 - - [28/Aug/2026:22:04:38 +0000] "GET /ar/post-new-or-edit-request/?requestid=1190750 HTTP/1.1" 499 0 "-" "Mozilla/5.0 AppleWebKit/537.36 (KHTML, like Gecko; compatible; ClaudeBot/1.0; +claudebot@anthropic.com)"
216.73.216.174 - - [28/Aug/2026:22:04:50 +0000] "GET /ar/post-new-or-edit-request/?requestid=1190164 HTTP/1.1" 499 0 "-" "Mozilla/5.0 AppleWebKit/537.36 (KHTML, like Gecko; compatible; ClaudeBot/1.0; +claudebot@anthropic.com)"
216.73.216.174 - - [28/Aug/2026:22:05:02 +0000] "GET /ar/post-new-or-edit-request/?requestid=1186320 HTTP/1.1" 499 0 "-" "Mozilla/5.0 AppleWebKit/537.36 (KHTML, like Gecko; compatible; ClaudeBot/1.0; +claudebot@anthropic.com)"
72.167.149.90 - - [28/Aug/2026:22:05:17 +0000] "POST /wp-cron.php?doing_wp_cron=1787954716.4140939712524414062500 HTTP/1.1" 499 0 "-" "WordPress/7.1; https://wp.syrtalents.com/ar"
116.179.32.115 - - [28/Aug/2026:22:07:59 +0000] "GET /post-new-or-edit-request/?requestid=1170694 HTTP/1.1" 500 2571 "-" "Mozilla/5.0 (compatible; Baiduspider/2.0; +http://www.baidu.com/search/spider.html)"
119.249.100.243 - - [28/Aug/2026:22:08:00 +0000] "GET /post-new-or-edit-request/?requestid=1170694 HTTP/1.1" 500 2494 "-" "Mozilla/5.0 (Windows NT 10.0; WOW64) AppleWebKit/537.36 (KHTML, like Gecko) Chrome/48.0.2564.116 Safari/537.36"
198.54.114.110 - - [28/Aug/2026:22:08:07 +0000] "GET /wp-login.php HTTP/1.1" 499 0 "-" "Mozilla/5.0 (Windows NT 10.0; Win64; x64) AppleWebKit/537.36 (KHTML, like Gecko) Chrome/151.0.0.0 Safari/537.36"
198.54.114.110 - - [28/Aug/2026:22:08:07 +0000] "GET /wp-login.php HTTP/1.1" 499 0 "-" "Mozilla/5.0 (Windows NT 10.0; Win64; x64) AppleWebKit/537.36 (KHTML, like Gecko) Chrome/151.0.0.0 Safari/537.36"
216.73.216.134 - - [28/Aug/2026:22:08:13 +0000] "GET /post-new-or-edit-request/?requestid=1189340 HTTP/1.1" 499 0 "-" "Mozilla/5.0 AppleWebKit/537.36 (KHTML, like Gecko; compatible; ClaudeBot/1.0; +claudebot@anthropic.com)"
198.54.114.110 - magrathea [28/Aug/2026:22:08:14 +0000] "GET /wp-json/wp/v2/users/me HTTP/1.1" 499 0 "-" "Mozilla/5.0 (Windows NT 10.0; Win64; x64) AppleWebKit/537.36 (KHTML, like Gecko) Chrome/151.0.0.0 Safari/537.36"
198.54.114.110 - beso4u [28/Aug/2026:22:08:14 +0000] "GET /wp-json/wp/v2/users/me HTTP/1.1" 499 0 "-" "Mozilla/5.0 (Windows NT 10.0; Win64; x64) AppleWebKit/537.36 (KHTML, like Gecko) Chrome/151.0.0.0 Safari/537.36"
52.204.71.8 - - [28/Aug/2026:22:08:17 +0000] "GET /ar/wp-json/wp/v2/font-families HTTP/1.1" 499 0 "-" "Mozilla/5.0 AppleWebKit/537.36 (KHTML, like Gecko; compatible; Amazonbot/0.1; +https://developer.amazon.com/support/amazonbot) Chrome/119.0.6045.214 Safari/537.36"
72.167.149.90 - - [28/Aug/2026:22:08:21 +0000] "POST /wp-cron.php?doing_wp_cron=1787954900.0826311111450195312500 HTTP/1.1" 499 0 "-" "WordPress/7.1; https://wp.syrtalents.com"
216.73.216.134 - - [28/Aug/2026:22:08:23 +0000] "GET /post-new-or-edit-request/?requestid=1191908 HTTP/1.1" 499 0 "-" "Mozilla/5.0 AppleWebKit/537.36 (KHTML, like Gecko; compatible; ClaudeBot/1.0; +claudebot@anthropic.com)"
111.225.214.140 - - [28/Aug/2026:22:08:24 +0000] "GET /post-new-or-edit-request/?requestid=1170694 HTTP/1.1" 302 5 "-" "Mozilla/5.0 (Windows NT 10.0; WOW64) AppleWebKit/537.36 (KHTML, like Gecko) Chrome/48.0.2564.116 Safari/537.36"
216.73.216.134 - - [28/Aug/2026:22:08:35 +0000] "GET /post-new-or-edit-request/?requestid=1189286 HTTP/1.1" 499 0 "-" "Mozilla/5.0 AppleWebKit/537.36 (KHTML, like Gecko; compatible; ClaudeBot/1.0; +claudebot@anthropic.com)"
111.225.214.181 - - [28/Aug/2026:22:08:41 +0000] "GET /post-new-or-edit-request/ HTTP/1.1" 302 5 "-" "Mozilla/5.0 (Windows NT 10.0; WOW64) AppleWebKit/537.36 (KHTML, like Gecko) Chrome/48.0.2564.116 Safari/537.36"
216.73.216.134 - - [28/Aug/2026:22:08:44 +0000] "GET /post-new-or-edit-request/?requestid=1194264 HTTP/1.1" 499 0 "-" "Mozilla/5.0 AppleWebKit/537.36 (KHTML, like Gecko; compatible; ClaudeBot/1.0; +claudebot@anthropic.com)"
216.73.216.134 - - [28/Aug/2026:22:08:54 +0000] "GET /post-new-or-edit-request/?requestid=1190341 HTTP/1.1" 499 0 "-" "Mozilla/5.0 AppleWebKit/537.36 (KHTML, like Gecko; compatible; ClaudeBot/1.0; +claudebot@anthropic.com)"
111.225.214.148 - - [28/Aug/2026:22:08:57 +0000] "GET /post-new-or-edit-request/?requestid=1194965 HTTP/1.1" 200 35242 "-" "Mozilla/5.0 (Windows NT 10.0; WOW64) AppleWebKit/537.36 (KHTML, like Gecko) Chrome/48.0.2564.116 Safari/537.36"
216.73.216.134 - - [28/Aug/2026:22:08:58 +0000] "GET /post-new-or-edit-request/?requestid=1192348 HTTP/1.1" 499 0 "-" "Mozilla/5.0 AppleWebKit/537.36 (KHTML, like Gecko; compatible; ClaudeBot/1.0; +claudebot@anthropic.com)"
216.73.216.134 - - [28/Aug/2026:22:09:08 +0000] "GET /post-new-or-edit-request/?requestid=1192288 HTTP/1.1" 499 0 "-" "Mozilla/5.0 AppleWebKit/537.36 (KHTML, like Gecko; compatible; ClaudeBot/1.0; +claudebot@anthropic.com)"
116.179.33.14 - - [28/Aug/2026:22:09:11 +0000] "POST /wp-admin/admin-ajax.php?action=un_config_get HTTP/1.1" 499 0 "https://wp.syrtalents.com/post-new-or-edit-request/?requestid=1194965" "Mozilla/5.0 (Windows NT 10.0; Win64; x64) AppleWebKit/537.36 (KHTML, like Gecko) Chrome/99.0.4844.51 Safari/537.36"
216.73.216.134 - - [28/Aug/2026:22:09:12 +0000] "GET /post-new-or-edit-request/?requestid=1194022 HTTP/1.1" 499 0 "-" "Mozilla/5.0 AppleWebKit/537.36 (KHTML, like Gecko; compatible; ClaudeBot/1.0; +claudebot@anthropic.com)"
216.73.216.134 - - [28/Aug/2026:22:09:22 +0000] "GET /post-new-or-edit-request/?requestid=1193374 HTTP/1.1" 499 0 "-" "Mozilla/5.0 AppleWebKit/537.36 (KHTML, like Gecko; compatible; ClaudeBot/1.0; +claudebot@anthropic.com)"
216.73.216.134 - - [28/Aug/2026:22:09:34 +0000] "GET /post-new-or-edit-request/?requestid=1193322 HTTP/1.1" 499 0 "-" "Mozilla/5.0 AppleWebKit/537.36 (KHTML, like Gecko; compatible; ClaudeBot/1.0; +claudebot@anthropic.com)"
216.73.216.134 - - [28/Aug/2026:22:09:43 +0000] "GET /post-new-or-edit-request/?requestid=1194388 HTTP/1.1" 499 0 "-" "Mozilla/5.0 AppleWebKit/537.36 (KHTML, like Gecko; compatible; ClaudeBot/1.0; +claudebot@anthropic.com)"
216.73.216.134 - - [28/Aug/2026:22:09:53 +0000] "GET /post-new-or-edit-request/?requestid=1194805 HTTP/1.1" 499 0 "-" "Mozilla/5.0 AppleWebKit/537.36 (KHTML, like Gecko; compatible; ClaudeBot/1.0; +claudebot@anthropic.com)"
216.73.216.134 - - [28/Aug/2026:22:10:05 +0000] "GET /post-new-or-edit-request/?requestid=1194538 HTTP/1.1" 499 0 "-" "Mozilla/5.0 AppleWebKit/537.36 (KHTML, like Gecko; compatible; ClaudeBot/1.0; +claudebot@anthropic.com)"
216.73.216.134 - - [28/Aug/2026:22:10:13 +0000] "GET /post-new-or-edit-request/?requestid=1194824 HTTP/1.1" 499 0 "-" "Mozilla/5.0 AppleWebKit/537.36 (KHTML, like Gecko; compatible; ClaudeBot/1.0; +claudebot@anthropic.com)"
72.167.149.90 - - [28/Aug/2026:22:10:15 +0000] "POST /wp-cron.php?doing_wp_cron=1787955014.6313920021057128906250 HTTP/1.1" 499 0 "-" "WordPress/7.1; https://wp.syrtalents.com"
216.73.216.134 - - [28/Aug/2026:22:10:23 +0000] "GET /post-new-or-edit-request/?requestid=1185414 HTTP/1.1" 499 0 "-" "Mozilla/5.0 AppleWebKit/537.36 (KHTML, like Gecko; compatible; ClaudeBot/1.0; +claudebot@anthropic.com)"
216.73.216.134 - - [28/Aug/2026:22:10:36 +0000] "GET /ar/post-new-or-edit-request/?requestid=1189007 HTTP/1.1" 499 0 "-" "Mozilla/5.0 AppleWebKit/537.36 (KHTML, like Gecko; compatible; ClaudeBot/1.0; +claudebot@anthropic.com)"
216.73.216.134 - - [28/Aug/2026:22:10:41 +0000] "GET /ar/post-new-or-edit-request/?requestid=1192079 HTTP/1.1" 500 2494 "-" "Mozilla/5.0 AppleWebKit/537.36 (KHTML, like Gecko; compatible; ClaudeBot/1.0; +claudebot@anthropic.com)"
216.73.216.134 - - [28/Aug/2026:22:10:42 +0000] "GET /ar/post-new-or-edit-request/?requestid=1192545 HTTP/1.1" 500 2494 "-" "Mozilla/5.0 AppleWebKit/537.36 (KHTML, like Gecko; compatible; ClaudeBot/1.0; +claudebot@anthropic.com)"
216.73.216.134 - - [28/Aug/2026:22:10:45 +0000] "GET /ar/post-new-or-edit-request/?requestid=1193277 HTTP/1.1" 500 2494 "-" "Mozilla/5.0 AppleWebKit/537.36 (KHTML, like Gecko; compatible; ClaudeBot/1.0; +claudebot@anthropic.com)"
216.73.216.134 - - [28/Aug/2026:22:10:59 +0000] "GET /ar/post-new-or-edit-request/?requestid=1190552 HTTP/1.1" 499 0 "-" "Mozilla/5.0 AppleWebKit/537.36 (KHTML, like Gecko; compatible; ClaudeBot/1.0; +claudebot@anthropic.com)"
216.73.216.134 - - [28/Aug/2026:22:11:11 +0000] "GET /ar/post-new-or-edit-request/?requestid=1192444 HTTP/1.1" 499 0 "-" "Mozilla/5.0 AppleWebKit/537.36 (KHTML, like Gecko; compatible; ClaudeBot/1.0; +claudebot@anthropic.com)"
216.73.216.134 - - [28/Aug/2026:22:11:13 +0000] "GET /post-new-or-edit-request/?requestid=1190596 HTTP/1.1" 499 0 "-" "Mozilla/5.0 AppleWebKit/537.36 (KHTML, like Gecko; compatible; ClaudeBot/1.0; +claudebot@anthropic.com)"
72.167.149.90 - - [28/Aug/2026:22:11:17 +0000] "POST /wp-cron.php?doing_wp_cron=1787955076.6904909610748291015625 HTTP/1.1" 499 0 "-" "WordPress/7.1; https://wp.syrtalents.com/ar"
72.167.149.90 - - [28/Aug/2026:22:11:22 +0000] "POST /wp-cron.php?doing_wp_cron=1787955081.7260849475860595703125 HTTP/1.1" 499 0 "-" "WordPress/7.1; https://wp.syrtalents.com"
216.73.216.134 - - [28/Aug/2026:22:11:23 +0000] "GET /ar/post-new-or-edit-request/?requestid=1191024 HTTP/1.1" 499 0 "-" "Mozilla/5.0 AppleWebKit/537.36 (KHTML, like Gecko; compatible; ClaudeBot/1.0; +claudebot@anthropic.com)"
52.203.152.231 - - [28/Aug/2026:22:11:32 +0000] "GET /ar/fake-page-74398/ HTTP/1.1" 499 0 "-" "Mozilla/5.0 AppleWebKit/537.36 (KHTML, like Gecko; compatible; Amazonbot/0.1; +https://developer.amazon.com/support/amazonbot) Chrome/119.0.6045.214 Safari/537.36"
216.73.216.134 - - [28/Aug/2026:22:11:35 +0000] "GET /post-new-or-edit-request/?requestid=1191830 HTTP/1.1" 499 0 "-" "Mozilla/5.0 AppleWebKit/537.36 (KHTML, like Gecko; compatible; ClaudeBot/1.0; +claudebot@anthropic.com)"
72.167.149.90 - - [28/Aug/2026:22:11:35 +0000] "POST /wp-cron.php?doing_wp_cron=1787955094.8666009902954101562500 HTTP/1.1" 499 0 "-" "WordPress/7.1; https://wp.syrtalents.com/ar"
216.73.216.134 - - [28/Aug/2026:22:11:42 +0000] "GET /post-new-or-edit-request/?requestid=1188842 HTTP/1.1" 499 0 "-" "Mozilla/5.0 AppleWebKit/537.36 (KHTML, like Gecko; compatible; ClaudeBot/1.0; +claudebot@anthropic.com)"
216.73.216.134 - - [28/Aug/2026:22:11:54 +0000] "GET /post-new-or-edit-request/?requestid=1194827 HTTP/1.1" 499 0 "-" "Mozilla/5.0 AppleWebKit/537.36 (KHTML, like Gecko; compatible; ClaudeBot/1.0; +claudebot@anthropic.com)"
216.73.216.134 - - [28/Aug/2026:22:12:06 +0000] "GET /post-new-or-edit-request/?requestid=1194825 HTTP/1.1" 499 0 "-" "Mozilla/5.0 AppleWebKit/537.36 (KHTML, like Gecko; compatible; ClaudeBot/1.0; +claudebot@anthropic.com)"
216.73.216.134 - - [28/Aug/2026:22:12:13 +0000] "GET /ar/post-new-or-edit-request/?requestid=1192663 HTTP/1.1" 499 0 "-" "Mozilla/5.0 AppleWebKit/537.36 (KHTML, like Gecko; compatible; ClaudeBot/1.0; +claudebot@anthropic.com)"
216.73.216.134 - - [28/Aug/2026:22:12:25 +0000] "GET /ar/post-new-or-edit-request/?requestid=1185246 HTTP/1.1" 499 0 "-" "Mozilla/5.0 AppleWebKit/537.36 (KHTML, like Gecko; compatible; ClaudeBot/1.0; +claudebot@anthropic.com)"
216.73.216.134 - - [28/Aug/2026:22:12:41 +0000] "GET /ar/post-new-or-edit-request/?requestid=1191674 HTTP/1.1" 499 0 "-" "Mozilla/5.0 AppleWebKit/537.36 (KHTML, like Gecko; compatible; ClaudeBot/1.0; +claudebot@anthropic.com)"
216.73.216.134 - - [28/Aug/2026:22:12:45 +0000] "GET /ar/post-new-or-edit-request/?requestid=1191995 HTTP/1.1" 499 0 "-" "Mozilla/5.0 AppleWebKit/537.36 (KHTML, like Gecko; compatible; ClaudeBot/1.0; +claudebot@anthropic.com)"
72.167.149.90 - - [28/Aug/2026:22:13:15 +0000] "POST /wp-cron.php?doing_wp_cron=1787955194.8681070804595947265625 HTTP/1.1" 499 0 "-" "WordPress/7.1; https://wp.syrtalents.com"
216.73.216.134 - - [28/Aug/2026:22:13:16 +0000] "GET /post-new-or-edit-request/?requestid=1191039 HTTP/1.1" 302 5 "-" "Mozilla/5.0 AppleWebKit/537.36 (KHTML, like Gecko; compatible; ClaudeBot/1.0; +claudebot@anthropic.com)"
216.73.216.134 - - [28/Aug/2026:22:13:17 +0000] "GET /post-new-or-edit-request/ HTTP/1.1" 499 0 "https://wp.syrtalents.com/post-new-or-edit-request/?requestid=1191039" "Mozilla/5.0 AppleWebKit/537.36 (KHTML, like Gecko; compatible; ClaudeBot/1.0; +claudebot@anthropic.com)"
216.73.216.134 - - [28/Aug/2026:22:14:21 +0000] "GET /ar/post-new-or-edit-request/?requestid=1192020 HTTP/1.1" 499 0 "-" "Mozilla/5.0 AppleWebKit/537.36 (KHTML, like Gecko; compatible; ClaudeBot/1.0; +claudebot@anthropic.com)"
72.167.149.90 - - [28/Aug/2026:22:18:32 +0000] "POST /wp-cron.php?doing_wp_cron=1787955511.6540329456329345703125 HTTP/1.1" 499 0 "-" "WordPress/7.1; https://wp.syrtalents.com/ar"
216.73.216.134 - - [28/Aug/2026:22:18:32 +0000] "GET /ar/post-new-or-edit-request/?requestid=1193678 HTTP/1.1" 302 5 "-" "Mozilla/5.0 AppleWebKit/537.36 (KHTML, like Gecko; compatible; ClaudeBot/1.0; +claudebot@anthropic.com)"
216.73.216.134 - - [28/Aug/2026:22:18:34 +0000] "GET /ar/post-new-or-edit-request/ HTTP/1.1" 302 5 "https://wp.syrtalents.com/ar/post-new-or-edit-request/?requestid=1193678" "Mozilla/5.0 AppleWebKit/537.36 (KHTML, like Gecko; compatible; ClaudeBot/1.0; +claudebot@anthropic.com)"
216.73.216.134 - - [28/Aug/2026:22:18:37 +0000] "GET /ar/post-new-or-edit-request/?requestid=1194967 HTTP/1.1" 499 0 "https://wp.syrtalents.com/ar/post-new-or-edit-request/" "Mozilla/5.0 AppleWebKit/537.36 (KHTML, like Gecko; compatible; ClaudeBot/1.0; +claudebot@anthropic.com)"
216.73.216.134 - - [28/Aug/2026:22:19:08 +0000] "GET /ar/post-new-or-edit-request/?requestid=1191715 HTTP/1.1" 302 5 "-" "Mozilla/5.0 AppleWebKit/537.36 (KHTML, like Gecko; compatible; ClaudeBot/1.0; +claudebot@anthropic.com)"
216.73.216.134 - - [28/Aug/2026:22:19:09 +0000] "GET /ar/post-new-or-edit-request/ HTTP/1.1" 302 5 "https://wp.syrtalents.com/ar/post-new-or-edit-request/?requestid=1191715" "Mozilla/5.0 AppleWebKit/537.36 (KHTML, like Gecko; compatible; ClaudeBot/1.0; +claudebot@anthropic.com)"
216.73.216.134 - - [28/Aug/2026:22:19:13 +0000] "GET /ar/post-new-or-edit-request/?requestid=1194968 HTTP/1.1" 200 37827 "https://wp.syrtalents.com/ar/post-new-or-edit-request/" "Mozilla/5.0 AppleWebKit/537.36 (KHTML, like Gecko; compatible; ClaudeBot/1.0; +claudebot@anthropic.com)"
216.73.216.134 - - [28/Aug/2026:22:19:38 +0000] "GET /post-new-or-edit-request/?requestid=1193073 HTTP/1.1" 302 5 "-" "Mozilla/5.0 AppleWebKit/537.36 (KHTML, like Gecko; compatible; ClaudeBot/1.0; +claudebot@anthropic.com)"
216.73.216.134 - - [28/Aug/2026:22:19:40 +0000] "GET /post-new-or-edit-request/ HTTP/1.1" 302 5 "https://wp.syrtalents.com/post-new-or-edit-request/?requestid=1193073" "Mozilla/5.0 AppleWebKit/537.36 (KHTML, like Gecko; compatible; ClaudeBot/1.0; +claudebot@anthropic.com)"
216.73.216.134 - - [28/Aug/2026:22:19:42 +0000] "GET /post-new-or-edit-request/?requestid=1194969 HTTP/1.1" 200 35239 "https://wp.syrtalents.com/post-new-or-edit-request/" "Mozilla/5.0 AppleWebKit/537.36 (KHTML, like Gecko; compatible; ClaudeBot/1.0; +claudebot@anthropic.com)"
72.167.149.90 - - [28/Aug/2026:22:20:09 +0000] "POST /wp-cron.php?doing_wp_cron=1787955608.1708269119262695312500 HTTP/1.1" 499 0 "-" "WordPress/7.1; https://wp.syrtalents.com"
216.73.216.134 - - [28/Aug/2026:22:20:09 +0000] "GET /post-new-or-edit-request/?requestid=1194199 HTTP/1.1" 302 5 "-" "Mozilla/5.0 AppleWebKit/537.36 (KHTML, like Gecko; compatible; ClaudeBot/1.0; +claudebot@anthropic.com)"
216.73.216.134 - - [28/Aug/2026:22:20:11 +0000] "GET /post-new-or-edit-request/ HTTP/1.1" 302 5 "https://wp.syrtalents.com/post-new-or-edit-request/?requestid=1194199" "Mozilla/5.0 AppleWebKit/537.36 (KHTML, like Gecko; compatible; ClaudeBot/1.0; +claudebot@anthropic.com)"
216.73.216.134 - - [28/Aug/2026:22:20:15 +0000] "GET /post-new-or-edit-request/?requestid=1194970 HTTP/1.1" 200 35235 "https://wp.syrtalents.com/post-new-or-edit-request/" "Mozilla/5.0 AppleWebKit/537.36 (KHTML, like Gecko; compatible; ClaudeBot/1.0; +claudebot@anthropic.com)"
216.73.216.134 - - [28/Aug/2026:22:20:16 +0000] "GET /post-new-or-edit-request/?requestid=1192341 HTTP/1.1" 302 5 "-" "Mozilla/5.0 AppleWebKit/537.36 (KHTML, like Gecko; compatible; ClaudeBot/1.0; +claudebot@anthropic.com)"
216.73.216.134 - - [28/Aug/2026:22:20:18 +0000] "GET /post-new-or-edit-request/ HTTP/1.1" 302 5 "https://wp.syrtalents.com/post-new-or-edit-request/?requestid=1192341" "Mozilla/5.0 AppleWebKit/537.36 (KHTML, like Gecko; compatible; ClaudeBot/1.0; +claudebot@anthropic.com)"
216.73.216.134 - - [28/Aug/2026:22:20:20 +0000] "GET /post-new-or-edit-request/?requestid=1194971 HTTP/1.1" 200 35235 "https://wp.syrtalents.com/post-new-or-edit-request/" "Mozilla/5.0 AppleWebKit/537.36 (KHTML, like Gecko; compatible; ClaudeBot/1.0; +claudebot@anthropic.com)"
216.73.216.134 - - [28/Aug/2026:22:20:43 +0000] "GET /post-new-or-edit-request/?requestid=1193696 HTTP/1.1" 302 5 "-" "Mozilla/5.0 AppleWebKit/537.36 (KHTML, like Gecko; compatible; ClaudeBot/1.0; +claudebot@anthropic.com)"
216.73.216.134 - - [28/Aug/2026:22:20:45 +0000] "GET /post-new-or-edit-request/ HTTP/1.1" 302 5 "https://wp.syrtalents.com/post-new-or-edit-request/?requestid=1193696" "Mozilla/5.0 AppleWebKit/537.36 (KHTML, like Gecko; compatible; ClaudeBot/1.0; +claudebot@anthropic.com)"
216.73.216.134 - - [28/Aug/2026:22:20:47 +0000] "GET /post-new-or-edit-request/?requestid=1194972 HTTP/1.1" 200 35237 "https://wp.syrtalents.com/post-new-or-edit-request/" "Mozilla/5.0 AppleWebKit/537.36 (KHTML, like Gecko; compatible; ClaudeBot/1.0; +claudebot@anthropic.com)"
216.73.216.134 - - [28/Aug/2026:22:21:22 +0000] "GET /post-new-or-edit-request/?requestid=1194679 HTTP/1.1" 302 5 "-" "Mozilla/5.0 AppleWebKit/537.36 (KHTML, like Gecko; compatible; ClaudeBot/1.0; +claudebot@anthropic.com)"
216.73.216.134 - - [28/Aug/2026:22:21:26 +0000] "GET /post-new-or-edit-request/ HTTP/1.1" 302 5 "https://wp.syrtalents.com/post-new-or-edit-request/?requestid=1194679" "Mozilla/5.0 AppleWebKit/537.36 (KHTML, like Gecko; compatible; ClaudeBot/1.0; +claudebot@anthropic.com)"
216.73.216.134 - - [28/Aug/2026:22:21:30 +0000] "GET /post-new-or-edit-request/?requestid=1194973 HTTP/1.1" 200 35238 "https://wp.syrtalents.com/post-new-or-edit-request/" "Mozilla/5.0 AppleWebKit/537.36 (KHTML, like Gecko; compatible; ClaudeBot/1.0; +claudebot@anthropic.com)"
216.73.216.134 - - [28/Aug/2026:22:21:53 +0000] "GET /post-new-or-edit-request/?requestid=1193823 HTTP/1.1" 302 5 "-" "Mozilla/5.0 AppleWebKit/537.36 (KHTML, like Gecko; compatible; ClaudeBot/1.0; +claudebot@anthropic.com)"
216.73.216.134 - - [28/Aug/2026:22:21:54 +0000] "GET /post-new-or-edit-request/ HTTP/1.1" 302 5 "https://wp.syrtalents.com/post-new-or-edit-request/?requestid=1193823" "Mozilla/5.0 AppleWebKit/537.36 (KHTML, like Gecko; compatible; ClaudeBot/1.0; +claudebot@anthropic.com)"
216.73.216.134 - - [28/Aug/2026:22:21:56 +0000] "GET /post-new-or-edit-request/?requestid=1193281 HTTP/1.1" 302 5 "-" "Mozilla/5.0 AppleWebKit/537.36 (KHTML, like Gecko; compatible; ClaudeBot/1.0; +claudebot@anthropic.com)"
216.73.216.134 - - [28/Aug/2026:22:21:57 +0000] "GET /post-new-or-edit-request/?requestid=1194974 HTTP/1.1" 200 35236 "https://wp.syrtalents.com/post-new-or-edit-request/" "Mozilla/5.0 AppleWebKit/537.36 (KHTML, like Gecko; compatible; ClaudeBot/1.0; +claudebot@anthropic.com)"
216.73.216.134 - - [28/Aug/2026:22:21:59 +0000] "GET /post-new-or-edit-request/?requestid=1194969 HTTP/1.1" 200 35239 "https://wp.syrtalents.com/post-new-or-edit-request/?requestid=1193281" "Mozilla/5.0 AppleWebKit/537.36 (KHTML, like Gecko; compatible; ClaudeBot/1.0; +claudebot@anthropic.com)"
216.73.216.134 - - [28/Aug/2026:22:22:17 +0000] "GET /post-new-or-edit-request/?requestid=1193061 HTTP/1.1" 302 5 "-" "Mozilla/5.0 AppleWebKit/537.36 (KHTML, like Gecko; compatible; ClaudeBot/1.0; +claudebot@anthropic.com)"
216.73.216.134 - - [28/Aug/2026:22:22:19 +0000] "GET /post-new-or-edit-request/ HTTP/1.1" 302 5 "https://wp.syrtalents.com/post-new-or-edit-request/?requestid=1193061" "Mozilla/5.0 AppleWebKit/537.36 (KHTML, like Gecko; compatible; ClaudeBot/1.0; +claudebot@anthropic.com)"
216.73.216.134 - - [28/Aug/2026:22:22:22 +0000] "GET /post-new-or-edit-request/?requestid=1194975 HTTP/1.1" 200 35243 "https://wp.syrtalents.com/post-new-or-edit-request/" "Mozilla/5.0 AppleWebKit/537.36 (KHTML, like Gecko; compatible; ClaudeBot/1.0; +claudebot@anthropic.com)"
216.73.216.134 - - [28/Aug/2026:22:22:25 +0000] "GET /ar/post-new-or-edit-request/?requestid=1192607 HTTP/1.1" 302 5 "-" "Mozilla/5.0 AppleWebKit/537.36 (KHTML, like Gecko; compatible; ClaudeBot/1.0; +claudebot@anthropic.com)"
216.73.216.134 - - [28/Aug/2026:22:22:27 +0000] "GET /ar/post-new-or-edit-request/ HTTP/1.1" 302 5 "https://wp.syrtalents.com/ar/post-new-or-edit-request/?requestid=1192607" "Mozilla/5.0 AppleWebKit/537.36 (KHTML, like Gecko; compatible; ClaudeBot/1.0; +claudebot@anthropic.com)"
216.73.216.134 - - [28/Aug/2026:22:22:30 +0000] "GET /ar/post-new-or-edit-request/?requestid=1194976 HTTP/1.1" 200 37829 "https://wp.syrtalents.com/ar/post-new-or-edit-request/" "Mozilla/5.0 AppleWebKit/537.36 (KHTML, like Gecko; compatible; ClaudeBot/1.0; +claudebot@anthropic.com)"
72.167.149.90 - - [28/Aug/2026:22:22:56 +0000] "POST /wp-cron.php?doing_wp_cron=1787955775.4013140201568603515625 HTTP/1.1" 499 0 "-" "WordPress/7.1; https://wp.syrtalents.com"
216.73.216.134 - - [28/Aug/2026:22:22:56 +0000] "GET /post-new-or-edit-request/?requestid=1187668 HTTP/1.1" 302 5 "-" "Mozilla/5.0 AppleWebKit/537.36 (KHTML, like Gecko; compatible; ClaudeBot/1.0; +claudebot@anthropic.com)"
216.73.216.134 - - [28/Aug/2026:22:22:58 +0000] "GET /post-new-or-edit-request/ HTTP/1.1" 302 5 "https://wp.syrtalents.com/post-new-or-edit-request/?requestid=1187668" "Mozilla/5.0 AppleWebKit/537.36 (KHTML, like Gecko; compatible; ClaudeBot/1.0; +claudebot@anthropic.com)"
216.73.216.134 - - [28/Aug/2026:22:23:00 +0000] "GET /post-new-or-edit-request/?requestid=1194977 HTTP/1.1" 200 35236 "https://wp.syrtalents.com/post-new-or-edit-request/" "Mozilla/5.0 AppleWebKit/537.36 (KHTML, like Gecko; compatible; ClaudeBot/1.0; +claudebot@anthropic.com)"
216.73.216.134 - - [28/Aug/2026:22:23:25 +0000] "GET /post-new-or-edit-request/?requestid=1188015 HTTP/1.1" 302 5 "-" "Mozilla/5.0 AppleWebKit/537.36 (KHTML, like Gecko; compatible; ClaudeBot/1.0; +claudebot@anthropic.com)"
216.73.216.134 - - [28/Aug/2026:22:23:27 +0000] "GET /post-new-or-edit-request/ HTTP/1.1" 302 5 "https://wp.syrtalents.com/post-new-or-edit-request/?requestid=1188015" "Mozilla/5.0 AppleWebKit/537.36 (KHTML, like Gecko; compatible; ClaudeBot/1.0; +claudebot@anthropic.com)"
216.73.216.134 - - [28/Aug/2026:22:23:29 +0000] "GET /post-new-or-edit-request/?requestid=1194978 HTTP/1.1" 200 35238 "https://wp.syrtalents.com/post-new-or-edit-request/" "Mozilla/5.0 AppleWebKit/537.36 (KHTML, like Gecko; compatible; ClaudeBot/1.0; +claudebot@anthropic.com)"
216.73.216.134 - - [28/Aug/2026:22:23:41 +0000] "GET /sitemap.xml HTTP/1.1" 200 372 "-" "Mozilla/5.0 AppleWebKit/537.36 (KHTML, like Gecko; compatible; ClaudeBot/1.0; +claudebot@anthropic.com)"
216.73.216.134 - - [28/Aug/2026:22:24:15 +0000] "GET /post-new-or-edit-request/?requestid=1194497 HTTP/1.1" 302 5 "-" "Mozilla/5.0 AppleWebKit/537.36 (KHTML, like Gecko; compatible; ClaudeBot/1.0; +claudebot@anthropic.com)"
216.73.216.134 - - [28/Aug/2026:22:24:17 +0000] "GET /post-new-or-edit-request/ HTTP/1.1" 302 5 "https://wp.syrtalents.com/post-new-or-edit-request/?requestid=1194497" "Mozilla/5.0 AppleWebKit/537.36 (KHTML, like Gecko; compatible; ClaudeBot/1.0; +claudebot@anthropic.com)"
216.73.216.134 - - [28/Aug/2026:22:24:19 +0000] "GET /post-new-or-edit-request/?requestid=1194979 HTTP/1.1" 200 35237 "https://wp.syrtalents.com/post-new-or-edit-request/" "Mozilla/5.0 AppleWebKit/537.36 (KHTML, like Gecko; compatible; ClaudeBot/1.0; +claudebot@anthropic.com)"
216.73.216.134 - - [28/Aug/2026:22:24:50 +0000] "GET /post-new-or-edit-request/?requestid=1192588 HTTP/1.1" 302 5 "-" "Mozilla/5.0 AppleWebKit/537.36 (KHTML, like Gecko; compatible; ClaudeBot/1.0; +claudebot@anthropic.com)"
216.73.216.134 - - [28/Aug/2026:22:24:51 +0000] "GET /ar/post-new-or-edit-request/?requestid=1189207 HTTP/1.1" 302 5 "-" "Mozilla/5.0 AppleWebKit/537.36 (KHTML, like Gecko; compatible; ClaudeBot/1.0; +claudebot@anthropic.com)"
216.73.216.134 - - [28/Aug/2026:22:24:52 +0000] "GET /post-new-or-edit-request/ HTTP/1.1" 302 5 "https://wp.syrtalents.com/post-new-or-edit-request/?requestid=1192588" "Mozilla/5.0 AppleWebKit/537.36 (KHTML, like Gecko; compatible; ClaudeBot/1.0; +claudebot@anthropic.com)"
216.73.216.134 - - [28/Aug/2026:22:24:53 +0000] "GET /ar/post-new-or-edit-request/ HTTP/1.1" 302 5 "https://wp.syrtalents.com/ar/post-new-or-edit-request/?requestid=1189207" "Mozilla/5.0 AppleWebKit/537.36 (KHTML, like Gecko; compatible; ClaudeBot/1.0; +claudebot@anthropic.com)"
216.73.216.134 - - [28/Aug/2026:22:24:54 +0000] "GET /post-new-or-edit-request/?requestid=1194980 HTTP/1.1" 200 35235 "https://wp.syrtalents.com/post-new-or-edit-request/" "Mozilla/5.0 AppleWebKit/537.36 (KHTML, like Gecko; compatible; ClaudeBot/1.0; +claudebot@anthropic.com)"
216.73.216.134 - - [28/Aug/2026:22:24:56 +0000] "GET /ar/post-new-or-edit-request/?requestid=1194981 HTTP/1.1" 200 37828 "https://wp.syrtalents.com/ar/post-new-or-edit-request/" "Mozilla/5.0 AppleWebKit/537.36 (KHTML, like Gecko; compatible; ClaudeBot/1.0; +claudebot@anthropic.com)"
216.73.216.134 - - [28/Aug/2026:22:25:19 +0000] "GET /ar/post-new-or-edit-request/?requestid=1194523 HTTP/1.1" 302 5 "-" "Mozilla/5.0 AppleWebKit/537.36 (KHTML, like Gecko; compatible; ClaudeBot/1.0; +claudebot@anthropic.com)"
216.73.216.134 - - [28/Aug/2026:22:25:22 +0000] "GET /ar/post-new-or-edit-request/ HTTP/1.1" 302 5 "https://wp.syrtalents.com/ar/post-new-or-edit-request/?requestid=1194523" "Mozilla/5.0 AppleWebKit/537.36 (KHTML, like Gecko; compatible; ClaudeBot/1.0; +claudebot@anthropic.com)"
216.73.216.134 - - [28/Aug/2026:22:25:27 +0000] "GET /ar/post-new-or-edit-request/?requestid=1194982 HTTP/1.1" 200 37830 "https://wp.syrtalents.com/ar/post-new-or-edit-request/" "Mozilla/5.0 AppleWebKit/537.36 (KHTML, like Gecko; compatible; ClaudeBot/1.0; +claudebot@anthropic.com)"
216.73.216.134 - - [28/Aug/2026:22:25:52 +0000] "GET /ar/post-new-or-edit-request/?requestid=1192644 HTTP/1.1" 302 5 "-" "Mozilla/5.0 AppleWebKit/537.36 (KHTML, like Gecko; compatible; ClaudeBot/1.0; +claudebot@anthropic.com)"
216.73.216.134 - - [28/Aug/2026:22:25:54 +0000] "GET /ar/post-new-or-edit-request/ HTTP/1.1" 302 5 "https://wp.syrtalents.com/ar/post-new-or-edit-request/?requestid=1192644" "Mozilla/5.0 AppleWebKit/537.36 (KHTML, like Gecko; compatible; ClaudeBot/1.0; +claudebot@anthropic.com)"
216.73.216.134 - - [28/Aug/2026:22:25:58 +0000] "GET /ar/post-new-or-edit-request/?requestid=1194983 HTTP/1.1" 499 0 "https://wp.syrtalents.com/ar/post-new-or-edit-request/" "Mozilla/5.0 AppleWebKit/537.36 (KHTML, like Gecko; compatible; ClaudeBot/1.0; +claudebot@anthropic.com)"
216.73.216.134 - - [28/Aug/2026:22:26:26 +0000] "GET /ar/post-new-or-edit-request/?requestid=1192053 HTTP/1.1" 302 5 "-" "Mozilla/5.0 AppleWebKit/537.36 (KHTML, like Gecko; compatible; ClaudeBot/1.0; +claudebot@anthropic.com)"
216.73.216.134 - - [28/Aug/2026:22:26:29 +0000] "GET /ar/post-new-or-edit-request/ HTTP/1.1" 499 0 "https://wp.syrtalents.com/ar/post-new-or-edit-request/?requestid=1192053" "Mozilla/5.0 AppleWebKit/537.36 (KHTML, like Gecko; compatible; ClaudeBot/1.0; +claudebot@anthropic.com)"
216.73.216.134 - - [28/Aug/2026:22:26:58 +0000] "GET /post-new-or-edit-request/?requestid=1190630 HTTP/1.1" 302 5 "-" "Mozilla/5.0 AppleWebKit/537.36 (KHTML, like Gecko; compatible; ClaudeBot/1.0; +claudebot@anthropic.com)"
216.73.216.134 - - [28/Aug/2026:22:26:59 +0000] "GET /post-new-or-edit-request/ HTTP/1.1" 499 0 "https://wp.syrtalents.com/post-new-or-edit-request/?requestid=1190630" "Mozilla/5.0 AppleWebKit/537.36 (KHTML, like Gecko; compatible; ClaudeBot/1.0; +claudebot@anthropic.com)"
216.73.216.134 - - [28/Aug/2026:22:27:13 +0000] "GET /post-new-or-edit-request/?requestid=1187722 HTTP/1.1" 302 5 "-" "Mozilla/5.0 AppleWebKit/537.36 (KHTML, like Gecko; compatible; ClaudeBot/1.0; +claudebot@anthropic.com)"
216.73.216.134 - - [28/Aug/2026:22:27:16 +0000] "GET /post-new-or-edit-request/ HTTP/1.1" 302 5 "https://wp.syrtalents.com/post-new-or-edit-request/?requestid=1187722" "Mozilla/5.0 AppleWebKit/537.36 (KHTML, like Gecko; compatible; ClaudeBot/1.0; +claudebot@anthropic.com)"
216.73.216.134 - - [28/Aug/2026:22:27:19 +0000] "GET /post-new-or-edit-request/?requestid=1194986 HTTP/1.1" 200 35239 "https://wp.syrtalents.com/post-new-or-edit-request/" "Mozilla/5.0 AppleWebKit/537.36 (KHTML, like Gecko; compatible; ClaudeBot/1.0; +claudebot@anthropic.com)"
216.73.216.134 - - [28/Aug/2026:22:27:32 +0000] "GET /ar/post-new-or-edit-request/?requestid=1184606 HTTP/1.1" 302 5 "-" "Mozilla/5.0 AppleWebKit/537.36 (KHTML, like Gecko; compatible; ClaudeBot/1.0; +claudebot@anthropic.com)"
216.73.216.134 - - [28/Aug/2026:22:27:35 +0000] "GET /ar/post-new-or-edit-request/ HTTP/1.1" 302 5 "https://wp.syrtalents.com/ar/post-new-or-edit-request/?requestid=1184606" "Mozilla/5.0 AppleWebKit/537.36 (KHTML, like Gecko; compatible; ClaudeBot/1.0; +claudebot@anthropic.com)"
216.73.216.134 - - [28/Aug/2026:22:27:39 +0000] "GET /ar/post-new-or-edit-request/?requestid=1194987 HTTP/1.1" 200 37829 "https://wp.syrtalents.com/ar/post-new-or-edit-request/" "Mozilla/5.0 AppleWebKit/537.36 (KHTML, like Gecko; compatible; ClaudeBot/1.0; +claudebot@anthropic.com)"
72.167.149.90 - - [28/Aug/2026:22:28:01 +0000] "POST /wp-cron.php?doing_wp_cron=1787956080.4104290008544921875000 HTTP/1.1" 499 0 "-" "WordPress/7.1; https://wp.syrtalents.com"
116.179.32.86 - - [28/Aug/2026:22:28:01 +0000] "GET /job-categories/mysql/ HTTP/1.1" 200 32302 "-" "Mozilla/5.0 (compatible; Baiduspider/2.0; +http://www.baidu.com/search/spider.html)"
216.73.216.134 - - [28/Aug/2026:22:28:12 +0000] "GET /ar/post-new-or-edit-request/?requestid=1194290 HTTP/1.1" 302 5 "-" "Mozilla/5.0 AppleWebKit/537.36 (KHTML, like Gecko; compatible; ClaudeBot/1.0; +claudebot@anthropic.com)"
116.179.37.151 - - [28/Aug/2026:22:28:16 +0000] "POST /wp-admin/admin-ajax.php?action=un_config_get HTTP/1.1" 200 956 "https://wp.syrtalents.com/job-categories/mysql/" "Mozilla/5.0 (compatible; Baiduspider-render/2.0; +http://www.baidu.com/search/spider.html)"
216.73.216.134 - - [28/Aug/2026:22:28:17 +0000] "GET /ar/post-new-or-edit-request/?requestid=1194983 HTTP/1.1" 200 37829 "https://wp.syrtalents.com/ar/post-new-or-edit-request/?requestid=1194290" "Mozilla/5.0 AppleWebKit/537.36 (KHTML, like Gecko; compatible; ClaudeBot/1.0; +claudebot@anthropic.com)"
216.73.216.134 - - [28/Aug/2026:22:28:41 +0000] "GET /ar/post-new-or-edit-request/?requestid=1192349 HTTP/1.1" 302 5 "-" "Mozilla/5.0 AppleWebKit/537.36 (KHTML, like Gecko; compatible; ClaudeBot/1.0; +claudebot@anthropic.com)"
216.73.216.134 - - [28/Aug/2026:22:28:45 +0000] "GET /ar/post-new-or-edit-request/ HTTP/1.1" 302 5 "https://wp.syrtalents.com/ar/post-new-or-edit-request/?requestid=1192349" "Mozilla/5.0 AppleWebKit/537.36 (KHTML, like Gecko; compatible; ClaudeBot/1.0; +claudebot@anthropic.com)"
