216.73.216.193 - - [28/Aug/2026:16:44:41 +0000] "GET /post-new-or-edit-request/?requestid=1187971 HTTP/1.1" 302 5 "-" "Mozilla/5.0 AppleWebKit/537.36 (KHTML, like Gecko; compatible; ClaudeBot/1.0; +claudebot@anthropic.com)"
216.73.216.193 - - [28/Aug/2026:16:44:45 +0000] "GET /post-new-or-edit-request/?requestid=1194569 HTTP/1.1" 200 35241 "https://wp.syrtalents.com/post-new-or-edit-request/?requestid=1187971" "Mozilla/5.0 AppleWebKit/537.36 (KHTML, like Gecko; compatible; ClaudeBot/1.0; +claudebot@anthropic.com)"
216.73.216.193 - - [28/Aug/2026:16:45:15 +0000] "GET /post-new-or-edit-request/?requestid=1187404 HTTP/1.1" 302 5 "-" "Mozilla/5.0 AppleWebKit/537.36 (KHTML, like Gecko; compatible; ClaudeBot/1.0; +claudebot@anthropic.com)"
216.73.216.193 - - [28/Aug/2026:16:45:21 +0000] "GET /post-new-or-edit-request/?requestid=1194569 HTTP/1.1" 200 35240 "https://wp.syrtalents.com/post-new-or-edit-request/?requestid=1187404" "Mozilla/5.0 AppleWebKit/537.36 (KHTML, like Gecko; compatible; ClaudeBot/1.0; +claudebot@anthropic.com)"
216.73.216.193 - - [28/Aug/2026:16:45:46 +0000] "GET /post-new-or-edit-request/?requestid=1189378 HTTP/1.1" 302 5 "-" "Mozilla/5.0 AppleWebKit/537.36 (KHTML, like Gecko; compatible; ClaudeBot/1.0; +claudebot@anthropic.com)"
216.73.216.193 - - [28/Aug/2026:16:45:49 +0000] "GET /post-new-or-edit-request/?requestid=1194569 HTTP/1.1" 200 35243 "https://wp.syrtalents.com/post-new-or-edit-request/?requestid=1189378" "Mozilla/5.0 AppleWebKit/537.36 (KHTML, like Gecko; compatible; ClaudeBot/1.0; +claudebot@anthropic.com)"
216.73.216.193 - - [28/Aug/2026:16:46:17 +0000] "GET /post-new-or-edit-request/?requestid=1187263 HTTP/1.1" 302 5 "-" "Mozilla/5.0 AppleWebKit/537.36 (KHTML, like Gecko; compatible; ClaudeBot/1.0; +claudebot@anthropic.com)"
216.73.216.193 - - [28/Aug/2026:16:46:20 +0000] "GET /post-new-or-edit-request/?requestid=1194569 HTTP/1.1" 200 35241 "https://wp.syrtalents.com/post-new-or-edit-request/?requestid=1187263" "Mozilla/5.0 AppleWebKit/537.36 (KHTML, like Gecko; compatible; ClaudeBot/1.0; +claudebot@anthropic.com)"
72.167.149.90 - - [28/Aug/2026:16:48:09 +0000] "POST /wp-cron.php?doing_wp_cron=1787935688.7793600559234619140625 HTTP/1.1" 499 0 "-" "WordPress/7.1; https://wp.syrtalents.com"
216.73.216.188 - - [28/Aug/2026:16:48:09 +0000] "GET /post-new-or-edit-request/?requestid=1192159 HTTP/1.1" 302 5 "-" "Mozilla/5.0 AppleWebKit/537.36 (KHTML, like Gecko; compatible; ClaudeBot/1.0; +claudebot@anthropic.com)"
216.73.216.188 - - [28/Aug/2026:16:48:14 +0000] "GET /post-new-or-edit-request/ HTTP/1.1" 302 5 "https://wp.syrtalents.com/post-new-or-edit-request/?requestid=1192159" "Mozilla/5.0 AppleWebKit/537.36 (KHTML, like Gecko; compatible; ClaudeBot/1.0; +claudebot@anthropic.com)"
216.73.216.188 - - [28/Aug/2026:16:48:14 +0000] "GET /post-new-or-edit-request/?requestid=1194570 HTTP/1.1" 499 0 "https://wp.syrtalents.com/post-new-or-edit-request/" "Mozilla/5.0 AppleWebKit/537.36 (KHTML, like Gecko; compatible; ClaudeBot/1.0; +claudebot@anthropic.com)"
216.73.216.188 - - [28/Aug/2026:16:48:38 +0000] "GET /post-new-or-edit-request/?requestid=1193513 HTTP/1.1" 302 5 "-" "Mozilla/5.0 AppleWebKit/537.36 (KHTML, like Gecko; compatible; ClaudeBot/1.0; +claudebot@anthropic.com)"
216.73.216.188 - - [28/Aug/2026:16:48:43 +0000] "GET /post-new-or-edit-request/ HTTP/1.1" 302 5 "https://wp.syrtalents.com/post-new-or-edit-request/?requestid=1193513" "Mozilla/5.0 AppleWebKit/537.36 (KHTML, like Gecko; compatible; ClaudeBot/1.0; +claudebot@anthropic.com)"
216.73.216.188 - - [28/Aug/2026:16:48:45 +0000] "GET /post-new-or-edit-request/?requestid=1194571 HTTP/1.1" 499 0 "https://wp.syrtalents.com/post-new-or-edit-request/" "Mozilla/5.0 AppleWebKit/537.36 (KHTML, like Gecko; compatible; ClaudeBot/1.0; +claudebot@anthropic.com)"
216.73.216.188 - - [28/Aug/2026:16:49:10 +0000] "GET /post-new-or-edit-request/?requestid=1191827 HTTP/1.1" 302 5 "-" "Mozilla/5.0 AppleWebKit/537.36 (KHTML, like Gecko; compatible; ClaudeBot/1.0; +claudebot@anthropic.com)"
216.73.216.188 - - [28/Aug/2026:16:49:14 +0000] "GET /post-new-or-edit-request/ HTTP/1.1" 302 5 "https://wp.syrtalents.com/post-new-or-edit-request/?requestid=1191827" "Mozilla/5.0 AppleWebKit/537.36 (KHTML, like Gecko; compatible; ClaudeBot/1.0; +claudebot@anthropic.com)"
216.73.216.188 - - [28/Aug/2026:16:49:15 +0000] "GET /post-new-or-edit-request/?requestid=1194572 HTTP/1.1" 499 0 "https://wp.syrtalents.com/post-new-or-edit-request/" "Mozilla/5.0 AppleWebKit/537.36 (KHTML, like Gecko; compatible; ClaudeBot/1.0; +claudebot@anthropic.com)"
216.73.216.188 - - [28/Aug/2026:16:49:29 +0000] "GET /post-new-or-edit-request/?requestid=1193898 HTTP/1.1" 302 5 "-" "Mozilla/5.0 AppleWebKit/537.36 (KHTML, like Gecko; compatible; ClaudeBot/1.0; +claudebot@anthropic.com)"
216.73.216.188 - - [28/Aug/2026:16:49:32 +0000] "GET /post-new-or-edit-request/ HTTP/1.1" 302 5 "https://wp.syrtalents.com/post-new-or-edit-request/?requestid=1193898" "Mozilla/5.0 AppleWebKit/537.36 (KHTML, like Gecko; compatible; ClaudeBot/1.0; +claudebot@anthropic.com)"
216.73.216.188 - - [28/Aug/2026:16:49:35 +0000] "GET /post-new-or-edit-request/?requestid=1194573 HTTP/1.1" 200 35242 "https://wp.syrtalents.com/post-new-or-edit-request/" "Mozilla/5.0 AppleWebKit/537.36 (KHTML, like Gecko; compatible; ClaudeBot/1.0; +claudebot@anthropic.com)"
220.181.108.81 - - [28/Aug/2026:16:49:38 +0000] "GET /post-new-or-edit-request/?requestid=1142023 HTTP/1.1" 302 5 "-" "Mozilla/5.0 (compatible; Baiduspider/2.0; +http://www.baidu.com/search/spider.html)"
220.181.108.93 - - [28/Aug/2026:16:49:42 +0000] "GET /post-new-or-edit-request/ HTTP/1.1" 302 5 "-" "Mozilla/5.0 (compatible; Baiduspider/2.0; +http://www.baidu.com/search/spider.html)"
220.181.108.105 - - [28/Aug/2026:16:49:48 +0000] "GET /post-new-or-edit-request/?requestid=1194574 HTTP/1.1" 200 35240 "-" "Mozilla/5.0 (compatible; Baiduspider/2.0; +http://www.baidu.com/search/spider.html)"
216.73.216.188 - - [28/Aug/2026:16:49:58 +0000] "GET /post-new-or-edit-request/?requestid=1190444 HTTP/1.1" 302 5 "-" "Mozilla/5.0 AppleWebKit/537.36 (KHTML, like Gecko; compatible; ClaudeBot/1.0; +claudebot@anthropic.com)"
116.179.37.208 - - [28/Aug/2026:16:50:01 +0000] "POST /wp-admin/admin-ajax.php?action=un_config_get HTTP/1.1" 200 971 "https://wp.syrtalents.com/post-new-or-edit-request/?requestid=1194574" "Mozilla/5.0 (compatible; Baiduspider-render/2.0; +http://www.baidu.com/search/spider.html)"
216.73.216.188 - - [28/Aug/2026:16:50:03 +0000] "GET /post-new-or-edit-request/ HTTP/1.1" 302 5 "https://wp.syrtalents.com/post-new-or-edit-request/?requestid=1190444" "Mozilla/5.0 AppleWebKit/537.36 (KHTML, like Gecko; compatible; ClaudeBot/1.0; +claudebot@anthropic.com)"
216.73.216.188 - - [28/Aug/2026:16:50:06 +0000] "GET /post-new-or-edit-request/?requestid=1194575 HTTP/1.1" 499 0 "https://wp.syrtalents.com/post-new-or-edit-request/" "Mozilla/5.0 AppleWebKit/537.36 (KHTML, like Gecko; compatible; ClaudeBot/1.0; +claudebot@anthropic.com)"
72.167.149.90 - - [28/Aug/2026:16:50:11 +0000] "POST /wp-cron.php?doing_wp_cron=1787935810.5952711105346679687500 HTTP/1.1" 499 0 "-" "WordPress/7.1; https://wp.syrtalents.com"
216.73.217.31 - - [28/Aug/2026:16:50:22 +0000] "GET /ar/post-new-or-edit-request/?requestid=1194536 HTTP/1.1" 302 5 "-" "Mozilla/5.0 AppleWebKit/537.36 (KHTML, like Gecko; compatible; ClaudeBot/1.0; +claudebot@anthropic.com)"
216.73.217.31 - - [28/Aug/2026:16:50:26 +0000] "GET /ar/post-new-or-edit-request/ HTTP/1.1" 302 5 "https://wp.syrtalents.com/ar/post-new-or-edit-request/?requestid=1194536" "Mozilla/5.0 AppleWebKit/537.36 (KHTML, like Gecko; compatible; ClaudeBot/1.0; +claudebot@anthropic.com)"
216.73.217.31 - - [28/Aug/2026:16:50:27 +0000] "GET /ar/post-new-or-edit-request/?requestid=1194576 HTTP/1.1" 499 0 "https://wp.syrtalents.com/ar/post-new-or-edit-request/" "Mozilla/5.0 AppleWebKit/537.36 (KHTML, like Gecko; compatible; ClaudeBot/1.0; +claudebot@anthropic.com)"
52.203.246.32 - - [28/Aug/2026:16:50:47 +0000] "GET /robots.txt HTTP/1.1" 200 54 "-" "Mozilla/5.0 (Macintosh; Intel Mac OS X 10_10_1) AppleWebKit/600.2.5 (KHTML, like Gecko) Version/8.0.2 Safari/600.2.5 (Gort)"
216.73.217.31 - - [28/Aug/2026:16:50:50 +0000] "GET /post-new-or-edit-request/?requestid=1187793 HTTP/1.1" 302 5 "-" "Mozilla/5.0 AppleWebKit/537.36 (KHTML, like Gecko; compatible; ClaudeBot/1.0; +claudebot@anthropic.com)"
216.73.217.31 - - [28/Aug/2026:16:50:51 +0000] "GET /post-new-or-edit-request/?requestid=1187625 HTTP/1.1" 302 5 "-" "Mozilla/5.0 AppleWebKit/537.36 (KHTML, like Gecko; compatible; ClaudeBot/1.0; +claudebot@anthropic.com)"
216.73.217.31 - - [28/Aug/2026:16:50:53 +0000] "GET /post-new-or-edit-request/ HTTP/1.1" 302 5 "https://wp.syrtalents.com/post-new-or-edit-request/?requestid=1187793" "Mozilla/5.0 AppleWebKit/537.36 (KHTML, like Gecko; compatible; ClaudeBot/1.0; +claudebot@anthropic.com)"
216.73.217.31 - - [28/Aug/2026:16:50:55 +0000] "GET /post-new-or-edit-request/ HTTP/1.1" 302 5 "https://wp.syrtalents.com/post-new-or-edit-request/?requestid=1187625" "Mozilla/5.0 AppleWebKit/537.36 (KHTML, like Gecko; compatible; ClaudeBot/1.0; +claudebot@anthropic.com)"
216.73.217.31 - - [28/Aug/2026:16:50:57 +0000] "GET /post-new-or-edit-request/?requestid=1194577 HTTP/1.1" 499 0 "https://wp.syrtalents.com/post-new-or-edit-request/" "Mozilla/5.0 AppleWebKit/537.36 (KHTML, like Gecko; compatible; ClaudeBot/1.0; +claudebot@anthropic.com)"
216.73.217.31 - - [28/Aug/2026:16:50:57 +0000] "GET /post-new-or-edit-request/?requestid=1194578 HTTP/1.1" 499 0 "https://wp.syrtalents.com/post-new-or-edit-request/" "Mozilla/5.0 AppleWebKit/537.36 (KHTML, like Gecko; compatible; ClaudeBot/1.0; +claudebot@anthropic.com)"
216.73.217.31 - - [28/Aug/2026:16:51:01 +0000] "GET /post-new-or-edit-request/?requestid=1187272 HTTP/1.1" 302 5 "-" "Mozilla/5.0 AppleWebKit/537.36 (KHTML, like Gecko; compatible; ClaudeBot/1.0; +claudebot@anthropic.com)"
216.73.217.31 - - [28/Aug/2026:16:51:06 +0000] "GET /post-new-or-edit-request/?requestid=1188435 HTTP/1.1" 302 5 "-" "Mozilla/5.0 AppleWebKit/537.36 (KHTML, like Gecko; compatible; ClaudeBot/1.0; +claudebot@anthropic.com)"
216.73.217.31 - - [28/Aug/2026:16:51:07 +0000] "GET /post-new-or-edit-request/?requestid=1194578 HTTP/1.1" 499 0 "https://wp.syrtalents.com/post-new-or-edit-request/?requestid=1188435" "Mozilla/5.0 AppleWebKit/537.36 (KHTML, like Gecko; compatible; ClaudeBot/1.0; +claudebot@anthropic.com)"
216.73.217.31 - - [28/Aug/2026:16:51:08 +0000] "GET /post-new-or-edit-request/?requestid=1194578 HTTP/1.1" 499 0 "https://wp.syrtalents.com/post-new-or-edit-request/?requestid=1187272" "Mozilla/5.0 AppleWebKit/537.36 (KHTML, like Gecko; compatible; ClaudeBot/1.0; +claudebot@anthropic.com)"
216.73.217.31 - - [28/Aug/2026:16:51:15 +0000] "GET /post-new-or-edit-request/?requestid=1187074 HTTP/1.1" 302 5 "-" "Mozilla/5.0 AppleWebKit/537.36 (KHTML, like Gecko; compatible; ClaudeBot/1.0; +claudebot@anthropic.com)"
216.73.217.31 - - [28/Aug/2026:16:51:17 +0000] "GET /post-new-or-edit-request/?requestid=1194578 HTTP/1.1" 499 0 "https://wp.syrtalents.com/post-new-or-edit-request/?requestid=1187074" "Mozilla/5.0 AppleWebKit/537.36 (KHTML, like Gecko; compatible; ClaudeBot/1.0; +claudebot@anthropic.com)"
216.73.217.31 - - [28/Aug/2026:16:51:18 +0000] "GET /post-new-or-edit-request/?requestid=1187792 HTTP/1.1" 499 0 "-" "Mozilla/5.0 AppleWebKit/537.36 (KHTML, like Gecko; compatible; ClaudeBot/1.0; +claudebot@anthropic.com)"
216.73.217.31 - - [28/Aug/2026:16:51:26 +0000] "GET /post-new-or-edit-request/?requestid=1182491 HTTP/1.1" 302 5 "-" "Mozilla/5.0 AppleWebKit/537.36 (KHTML, like Gecko; compatible; ClaudeBot/1.0; +claudebot@anthropic.com)"
216.73.217.31 - - [28/Aug/2026:16:51:27 +0000] "GET /post-new-or-edit-request/?requestid=1194578 HTTP/1.1" 499 0 "https://wp.syrtalents.com/post-new-or-edit-request/?requestid=1182491" "Mozilla/5.0 AppleWebKit/537.36 (KHTML, like Gecko; compatible; ClaudeBot/1.0; +claudebot@anthropic.com)"
216.73.217.31 - - [28/Aug/2026:16:51:31 +0000] "GET /post-new-or-edit-request/?requestid=1186490 HTTP/1.1" 302 5 "-" "Mozilla/5.0 AppleWebKit/537.36 (KHTML, like Gecko; compatible; ClaudeBot/1.0; +claudebot@anthropic.com)"
216.73.217.31 - - [28/Aug/2026:16:51:36 +0000] "GET /post-new-or-edit-request/?requestid=1194578 HTTP/1.1" 200 35242 "https://wp.syrtalents.com/post-new-or-edit-request/?requestid=1186490" "Mozilla/5.0 AppleWebKit/537.36 (KHTML, like Gecko; compatible; ClaudeBot/1.0; +claudebot@anthropic.com)"
216.73.217.31 - - [28/Aug/2026:16:51:39 +0000] "GET /post-new-or-edit-request/?requestid=1184904 HTTP/1.1" 302 5 "-" "Mozilla/5.0 AppleWebKit/537.36 (KHTML, like Gecko; compatible; ClaudeBot/1.0; +claudebot@anthropic.com)"
216.73.217.31 - - [28/Aug/2026:16:51:43 +0000] "GET /post-new-or-edit-request/?requestid=1194578 HTTP/1.1" 200 35242 "https://wp.syrtalents.com/post-new-or-edit-request/?requestid=1184904" "Mozilla/5.0 AppleWebKit/537.36 (KHTML, like Gecko; compatible; ClaudeBot/1.0; +claudebot@anthropic.com)"
216.73.217.31 - - [28/Aug/2026:16:51:46 +0000] "GET /post-new-or-edit-request/?requestid=1183653 HTTP/1.1" 302 5 "-" "Mozilla/5.0 AppleWebKit/537.36 (KHTML, like Gecko; compatible; ClaudeBot/1.0; +claudebot@anthropic.com)"
216.73.217.31 - - [28/Aug/2026:16:51:49 +0000] "GET /post-new-or-edit-request/?requestid=1194578 HTTP/1.1" 200 35241 "https://wp.syrtalents.com/post-new-or-edit-request/?requestid=1183653" "Mozilla/5.0 AppleWebKit/537.36 (KHTML, like Gecko; compatible; ClaudeBot/1.0; +claudebot@anthropic.com)"
216.73.217.31 - - [28/Aug/2026:16:51:52 +0000] "GET /post-new-or-edit-request/?requestid=1184309 HTTP/1.1" 302 5 "-" "Mozilla/5.0 AppleWebKit/537.36 (KHTML, like Gecko; compatible; ClaudeBot/1.0; +claudebot@anthropic.com)"
216.73.217.31 - - [28/Aug/2026:16:51:55 +0000] "GET /post-new-or-edit-request/?requestid=1194578 HTTP/1.1" 200 35240 "https://wp.syrtalents.com/post-new-or-edit-request/?requestid=1184309" "Mozilla/5.0 AppleWebKit/537.36 (KHTML, like Gecko; compatible; ClaudeBot/1.0; +claudebot@anthropic.com)"
216.73.217.31 - - [28/Aug/2026:16:51:59 +0000] "GET /post-new-or-edit-request/?requestid=1183495 HTTP/1.1" 302 5 "-" "Mozilla/5.0 AppleWebKit/537.36 (KHTML, like Gecko; compatible; ClaudeBot/1.0; +claudebot@anthropic.com)"
216.73.217.31 - - [28/Aug/2026:16:52:05 +0000] "GET /post-new-or-edit-request/?requestid=1194578 HTTP/1.1" 200 35239 "https://wp.syrtalents.com/post-new-or-edit-request/?requestid=1183495" "Mozilla/5.0 AppleWebKit/537.36 (KHTML, like Gecko; compatible; ClaudeBot/1.0; +claudebot@anthropic.com)"
216.73.217.31 - - [28/Aug/2026:16:52:09 +0000] "GET /post-new-or-edit-request/?requestid=1187737 HTTP/1.1" 302 5 "-" "Mozilla/5.0 AppleWebKit/537.36 (KHTML, like Gecko; compatible; ClaudeBot/1.0; +claudebot@anthropic.com)"
216.73.217.31 - - [28/Aug/2026:16:52:13 +0000] "GET /post-new-or-edit-request/?requestid=1194578 HTTP/1.1" 200 35240 "https://wp.syrtalents.com/post-new-or-edit-request/?requestid=1187737" "Mozilla/5.0 AppleWebKit/537.36 (KHTML, like Gecko; compatible; ClaudeBot/1.0; +claudebot@anthropic.com)"
216.73.217.31 - - [28/Aug/2026:16:52:15 +0000] "GET /post-new-or-edit-request/?requestid=1183635 HTTP/1.1" 302 5 "-" "Mozilla/5.0 AppleWebKit/537.36 (KHTML, like Gecko; compatible; ClaudeBot/1.0; +claudebot@anthropic.com)"
216.73.217.31 - - [28/Aug/2026:16:52:18 +0000] "GET /post-new-or-edit-request/?requestid=1194578 HTTP/1.1" 200 35240 "https://wp.syrtalents.com/post-new-or-edit-request/?requestid=1183635" "Mozilla/5.0 AppleWebKit/537.36 (KHTML, like Gecko; compatible; ClaudeBot/1.0; +claudebot@anthropic.com)"
216.73.217.31 - - [28/Aug/2026:16:52:23 +0000] "GET /post-new-or-edit-request/?requestid=1175185 HTTP/1.1" 302 5 "-" "Mozilla/5.0 AppleWebKit/537.36 (KHTML, like Gecko; compatible; ClaudeBot/1.0; +claudebot@anthropic.com)"
216.73.217.31 - - [28/Aug/2026:16:52:27 +0000] "GET /post-new-or-edit-request/?requestid=1194578 HTTP/1.1" 200 35241 "https://wp.syrtalents.com/post-new-or-edit-request/?requestid=1175185" "Mozilla/5.0 AppleWebKit/537.36 (KHTML, like Gecko; compatible; ClaudeBot/1.0; +claudebot@anthropic.com)"
216.73.217.31 - - [28/Aug/2026:16:52:40 +0000] "GET /post-new-or-edit-request/?requestid=1186041 HTTP/1.1" 302 5 "-" "Mozilla/5.0 AppleWebKit/537.36 (KHTML, like Gecko; compatible; ClaudeBot/1.0; +claudebot@anthropic.com)"
216.73.217.31 - - [28/Aug/2026:16:52:42 +0000] "GET /post-new-or-edit-request/?requestid=1194578 HTTP/1.1" 200 35242 "https://wp.syrtalents.com/post-new-or-edit-request/?requestid=1186041" "Mozilla/5.0 AppleWebKit/537.36 (KHTML, like Gecko; compatible; ClaudeBot/1.0; +claudebot@anthropic.com)"
34.204.150.196 - - [28/Aug/2026:16:52:48 +0000] "GET /ar/delete-account/?page HTTP/1.1" 200 32074 "-" "Mozilla/5.0 AppleWebKit/537.36 (KHTML, like Gecko; compatible; Amazonbot/0.1; +https://developer.amazon.com/support/amazonbot) Chrome/119.0.6045.214 Safari/537.36"
72.167.149.90 - - [28/Aug/2026:16:53:05 +0000] "POST /wp-cron.php?doing_wp_cron=1787935984.1267209053039550781250 HTTP/1.1" 499 0 "-" "WordPress/7.1; https://wp.syrtalents.com/ar"
216.73.217.31 - - [28/Aug/2026:16:53:05 +0000] "GET /ar/post-new-or-edit-request/?requestid=1192872 HTTP/1.1" 302 5 "-" "Mozilla/5.0 AppleWebKit/537.36 (KHTML, like Gecko; compatible; ClaudeBot/1.0; +claudebot@anthropic.com)"
216.73.217.31 - - [28/Aug/2026:16:53:10 +0000] "GET /ar/post-new-or-edit-request/?requestid=1194576 HTTP/1.1" 200 15700 "https://wp.syrtalents.com/ar/post-new-or-edit-request/?requestid=1192872" "Mozilla/5.0 AppleWebKit/537.36 (KHTML, like Gecko; compatible; ClaudeBot/1.0; +claudebot@anthropic.com)"
44.205.120.22 - - [28/Aug/2026:16:54:31 +0000] "GET /author/magrathea/ HTTP/1.1" 302 5 "-" "Mozilla/5.0 AppleWebKit/537.36 (KHTML, like Gecko; compatible; Amazonbot/0.1; +https://developer.amazon.com/support/amazonbot) Chrome/119.0.6045.214 Safari/537.36"
3.232.82.72 - - [28/Aug/2026:16:54:34 +0000] "GET /user-profile/Magrathea/ HTTP/1.1" 200 42206 "-" "Mozilla/5.0 AppleWebKit/537.36 (KHTML, like Gecko; compatible; Amazonbot/0.1; +https://developer.amazon.com/support/amazonbot) Chrome/119.0.6045.214 Safari/537.36"
216.73.216.208 - - [28/Aug/2026:16:54:48 +0000] "GET /post-new-or-edit-request/?requestid=1190416 HTTP/1.1" 302 5 "-" "Mozilla/5.0 AppleWebKit/537.36 (KHTML, like Gecko; compatible; ClaudeBot/1.0; +claudebot@anthropic.com)"
216.73.216.208 - - [28/Aug/2026:16:54:51 +0000] "GET /post-new-or-edit-request/ HTTP/1.1" 302 5 "https://wp.syrtalents.com/post-new-or-edit-request/?requestid=1190416" "Mozilla/5.0 AppleWebKit/537.36 (KHTML, like Gecko; compatible; ClaudeBot/1.0; +claudebot@anthropic.com)"
216.73.216.208 - - [28/Aug/2026:16:54:54 +0000] "GET /post-new-or-edit-request/?requestid=1194579 HTTP/1.1" 499 0 "https://wp.syrtalents.com/post-new-or-edit-request/" "Mozilla/5.0 AppleWebKit/537.36 (KHTML, like Gecko; compatible; ClaudeBot/1.0; +claudebot@anthropic.com)"
216.73.216.208 - - [28/Aug/2026:16:55:17 +0000] "GET /ar/post-new-or-edit-request/?requestid=1191740 HTTP/1.1" 302 5 "-" "Mozilla/5.0 AppleWebKit/537.36 (KHTML, like Gecko; compatible; ClaudeBot/1.0; +claudebot@anthropic.com)"
216.73.216.208 - - [28/Aug/2026:16:55:20 +0000] "GET /ar/post-new-or-edit-request/ HTTP/1.1" 302 5 "https://wp.syrtalents.com/ar/post-new-or-edit-request/?requestid=1191740" "Mozilla/5.0 AppleWebKit/537.36 (KHTML, like Gecko; compatible; ClaudeBot/1.0; +claudebot@anthropic.com)"
216.73.216.208 - - [28/Aug/2026:16:55:24 +0000] "GET /ar/post-new-or-edit-request/?requestid=1194580 HTTP/1.1" 200 37827 "https://wp.syrtalents.com/ar/post-new-or-edit-request/" "Mozilla/5.0 AppleWebKit/537.36 (KHTML, like Gecko; compatible; ClaudeBot/1.0; +claudebot@anthropic.com)"
216.73.216.208 - - [28/Aug/2026:16:55:46 +0000] "GET /ar/post-new-or-edit-request/?requestid=1190454 HTTP/1.1" 302 5 "-" "Mozilla/5.0 AppleWebKit/537.36 (KHTML, like Gecko; compatible; ClaudeBot/1.0; +claudebot@anthropic.com)"
216.73.216.208 - - [28/Aug/2026:16:55:49 +0000] "GET /ar/post-new-or-edit-request/ HTTP/1.1" 302 5 "https://wp.syrtalents.com/ar/post-new-or-edit-request/?requestid=1190454" "Mozilla/5.0 AppleWebKit/537.36 (KHTML, like Gecko; compatible; ClaudeBot/1.0; +claudebot@anthropic.com)"
216.73.216.208 - - [28/Aug/2026:16:55:54 +0000] "GET /ar/post-new-or-edit-request/?requestid=1194581 HTTP/1.1" 499 0 "https://wp.syrtalents.com/ar/post-new-or-edit-request/" "Mozilla/5.0 AppleWebKit/537.36 (KHTML, like Gecko; compatible; ClaudeBot/1.0; +claudebot@anthropic.com)"
72.167.149.90 - - [28/Aug/2026:16:56:18 +0000] "POST /wp-cron.php?doing_wp_cron=1787936176.9897871017456054687500 HTTP/1.1" 499 0 "-" "WordPress/7.1; https://wp.syrtalents.com/ar"
216.73.216.232 - - [28/Aug/2026:16:56:18 +0000] "GET /ar/post-new-or-edit-request/?requestid=1187871 HTTP/1.1" 302 5 "-" "Mozilla/5.0 AppleWebKit/537.36 (KHTML, like Gecko; compatible; ClaudeBot/1.0; +claudebot@anthropic.com)"
216.73.216.208 - - [28/Aug/2026:16:56:19 +0000] "GET /ar/post-new-or-edit-request/?requestid=1190300 HTTP/1.1" 302 5 "-" "Mozilla/5.0 AppleWebKit/537.36 (KHTML, like Gecko; compatible; ClaudeBot/1.0; +claudebot@anthropic.com)"
216.73.216.232 - - [28/Aug/2026:16:56:21 +0000] "GET /ar/post-new-or-edit-request/ HTTP/1.1" 302 5 "https://wp.syrtalents.com/ar/post-new-or-edit-request/?requestid=1187871" "Mozilla/5.0 AppleWebKit/537.36 (KHTML, like Gecko; compatible; ClaudeBot/1.0; +claudebot@anthropic.com)"
72.167.149.90 - - [28/Aug/2026:16:56:23 +0000] "GET /sitemap.xml HTTP/1.1" 200 372 "-" "WordPress/7.1; https://wp.syrtalents.com"
216.73.216.208 - - [28/Aug/2026:16:56:24 +0000] "GET /ar/post-new-or-edit-request/?requestid=1194581 HTTP/1.1" 200 37827 "https://wp.syrtalents.com/ar/post-new-or-edit-request/?requestid=1190300" "Mozilla/5.0 AppleWebKit/537.36 (KHTML, like Gecko; compatible; ClaudeBot/1.0; +claudebot@anthropic.com)"
216.73.216.232 - - [28/Aug/2026:16:56:24 +0000] "GET /ar/post-new-or-edit-request/?requestid=1194582 HTTP/1.1" 499 0 "https://wp.syrtalents.com/ar/post-new-or-edit-request/" "Mozilla/5.0 AppleWebKit/537.36 (KHTML, like Gecko; compatible; ClaudeBot/1.0; +claudebot@anthropic.com)"
72.167.149.90 - - [28/Aug/2026:16:56:27 +0000] "GET /post-sitemap1.xml HTTP/1.1" 200 1202 "-" "WordPress/7.1; https://wp.syrtalents.com"
216.73.216.232 - - [28/Aug/2026:16:56:39 +0000] "GET /ar/post-new-or-edit-request/?requestid=1191719 HTTP/1.1" 302 5 "-" "Mozilla/5.0 AppleWebKit/537.36 (KHTML, like Gecko; compatible; ClaudeBot/1.0; +claudebot@anthropic.com)"
216.73.216.232 - - [28/Aug/2026:16:56:41 +0000] "GET /ar/post-new-or-edit-request/ HTTP/1.1" 302 5 "https://wp.syrtalents.com/ar/post-new-or-edit-request/?requestid=1191719" "Mozilla/5.0 AppleWebKit/537.36 (KHTML, like Gecko; compatible; ClaudeBot/1.0; +claudebot@anthropic.com)"
216.73.216.232 - - [28/Aug/2026:16:56:45 +0000] "GET /ar/post-new-or-edit-request/?requestid=1194583 HTTP/1.1" 200 37826 "https://wp.syrtalents.com/ar/post-new-or-edit-request/" "Mozilla/5.0 AppleWebKit/537.36 (KHTML, like Gecko; compatible; ClaudeBot/1.0; +claudebot@anthropic.com)"
220.181.108.81 - - [28/Aug/2026:16:56:52 +0000] "GET /ar/post-new-or-edit-request/?requestid=1167406 HTTP/1.1" 302 5 "-" "Mozilla/5.0 (compatible; Baiduspider/2.0; +http://www.baidu.com/search/spider.html)"
220.181.108.105 - - [28/Aug/2026:16:56:57 +0000] "GET /ar/post-new-or-edit-request/ HTTP/1.1" 302 5 "-" "Mozilla/5.0 (compatible; Baiduspider/2.0; +http://www.baidu.com/search/spider.html)"
220.181.108.90 - - [28/Aug/2026:16:57:07 +0000] "GET /ar/post-new-or-edit-request/?requestid=1194584 HTTP/1.1" 200 37827 "-" "Mozilla/5.0 (compatible; Baiduspider/2.0; +http://www.baidu.com/search/spider.html)"
216.73.217.13 - - [28/Aug/2026:16:57:12 +0000] "GET /post-new-or-edit-request/?requestid=1190152 HTTP/1.1" 302 5 "-" "Mozilla/5.0 AppleWebKit/537.36 (KHTML, like Gecko; compatible; ClaudeBot/1.0; +claudebot@anthropic.com)"
116.179.37.175 - - [28/Aug/2026:16:57:17 +0000] "POST /wp-content/plugins/translatepress-multilingual/includes/trp-ajax.php HTTP/1.1" 200 33 "https://wp.syrtalents.com/ar/post-new-or-edit-request/?requestid=1194584" "Mozilla/5.0 (compatible; Baiduspider-render/2.0; +http://www.baidu.com/search/spider.html)"
116.179.37.111 - - [28/Aug/2026:16:57:17 +0000] "POST /wp-content/plugins/translatepress-multilingual/includes/trp-ajax.php HTTP/1.1" 200 33 "https://wp.syrtalents.com/ar/post-new-or-edit-request/?requestid=1194584" "Mozilla/5.0 (compatible; Baiduspider-render/2.0; +http://www.baidu.com/search/spider.html)"
216.73.217.13 - - [28/Aug/2026:16:57:17 +0000] "GET /post-new-or-edit-request/ HTTP/1.1" 499 0 "https://wp.syrtalents.com/post-new-or-edit-request/?requestid=1190152" "Mozilla/5.0 AppleWebKit/537.36 (KHTML, like Gecko; compatible; ClaudeBot/1.0; +claudebot@anthropic.com)"
116.179.37.141 - - [28/Aug/2026:16:57:18 +0000] "POST /wp-content/plugins/translatepress-multilingual/includes/trp-ajax.php HTTP/1.1" 200 164 "https://wp.syrtalents.com/ar/post-new-or-edit-request/?requestid=1194584" "Mozilla/5.0 (compatible; Baiduspider-render/2.0; +http://www.baidu.com/search/spider.html)"
116.179.37.179 - - [28/Aug/2026:16:57:18 +0000] "POST /wp-content/plugins/translatepress-multilingual/includes/trp-ajax.php HTTP/1.1" 200 159 "https://wp.syrtalents.com/ar/post-new-or-edit-request/?requestid=1194584" "Mozilla/5.0 (compatible; Baiduspider-render/2.0; +http://www.baidu.com/search/spider.html)"
116.179.37.113 - - [28/Aug/2026:16:57:19 +0000] "POST /wp-content/plugins/translatepress-multilingual/includes/trp-ajax.php HTTP/1.1" 200 33 "https://wp.syrtalents.com/ar/post-new-or-edit-request/?requestid=1194584" "Mozilla/5.0 (compatible; Baiduspider-render/2.0; +http://www.baidu.com/search/spider.html)"
116.179.37.38 - - [28/Aug/2026:16:57:21 +0000] "POST /wp-content/plugins/translatepress-multilingual/includes/trp-ajax.php HTTP/1.1" 200 8241 "https://wp.syrtalents.com/ar/post-new-or-edit-request/?requestid=1194584" "Mozilla/5.0 (compatible; Baiduspider-render/2.0; +http://www.baidu.com/search/spider.html)"
116.179.37.250 - - [28/Aug/2026:16:57:22 +0000] "POST /wp-admin/admin-ajax.php?action=un_config_get HTTP/1.1" 200 1479 "https://wp.syrtalents.com/ar/post-new-or-edit-request/?requestid=1194584" "Mozilla/5.0 (compatible; Baiduspider-render/2.0; +http://www.baidu.com/search/spider.html)"
116.179.37.221 - - [28/Aug/2026:16:57:23 +0000] "POST /wp-content/plugins/translatepress-multilingual/includes/trp-ajax.php HTTP/1.1" 200 157 "https://wp.syrtalents.com/ar/post-new-or-edit-request/?requestid=1194584" "Mozilla/5.0 (compatible; Baiduspider-render/2.0; +http://www.baidu.com/search/spider.html)"
216.73.217.13 - - [28/Aug/2026:16:57:42 +0000] "GET /post-new-or-edit-request/?requestid=1190044 HTTP/1.1" 302 5 "-" "Mozilla/5.0 AppleWebKit/537.36 (KHTML, like Gecko; compatible; ClaudeBot/1.0; +claudebot@anthropic.com)"
216.73.217.13 - - [28/Aug/2026:16:57:44 +0000] "GET /post-new-or-edit-request/ HTTP/1.1" 302 5 "https://wp.syrtalents.com/post-new-or-edit-request/?requestid=1190044" "Mozilla/5.0 AppleWebKit/537.36 (KHTML, like Gecko; compatible; ClaudeBot/1.0; +claudebot@anthropic.com)"
216.73.217.13 - - [28/Aug/2026:16:57:47 +0000] "GET /post-new-or-edit-request/?requestid=1194586 HTTP/1.1" 200 35241 "https://wp.syrtalents.com/post-new-or-edit-request/" "Mozilla/5.0 AppleWebKit/537.36 (KHTML, like Gecko; compatible; ClaudeBot/1.0; +claudebot@anthropic.com)"
72.167.149.90 - - [28/Aug/2026:16:58:14 +0000] "POST /wp-cron.php?doing_wp_cron=1787936293.4380478858947753906250 HTTP/1.1" 499 0 "-" "WordPress/7.1; https://wp.syrtalents.com"
216.73.217.13 - - [28/Aug/2026:16:58:14 +0000] "GET /post-new-or-edit-request/?requestid=1190677 HTTP/1.1" 302 5 "-" "Mozilla/5.0 AppleWebKit/537.36 (KHTML, like Gecko; compatible; ClaudeBot/1.0; +claudebot@anthropic.com)"
216.73.217.13 - - [28/Aug/2026:16:58:18 +0000] "GET /post-new-or-edit-request/?requestid=1194586 HTTP/1.1" 200 35243 "https://wp.syrtalents.com/post-new-or-edit-request/?requestid=1190677" "Mozilla/5.0 AppleWebKit/537.36 (KHTML, like Gecko; compatible; ClaudeBot/1.0; +claudebot@anthropic.com)"
216.73.217.13 - - [28/Aug/2026:16:58:45 +0000] "GET /post-new-or-edit-request/?requestid=1190540 HTTP/1.1" 302 5 "-" "Mozilla/5.0 AppleWebKit/537.36 (KHTML, like Gecko; compatible; ClaudeBot/1.0; +claudebot@anthropic.com)"
216.73.217.13 - - [28/Aug/2026:16:58:49 +0000] "GET /post-new-or-edit-request/?requestid=1194586 HTTP/1.1" 200 35243 "https://wp.syrtalents.com/post-new-or-edit-request/?requestid=1190540" "Mozilla/5.0 AppleWebKit/537.36 (KHTML, like Gecko; compatible; ClaudeBot/1.0; +claudebot@anthropic.com)"
72.167.149.90 - - [28/Aug/2026:17:01:29 +0000] "POST /wp-cron.php?doing_wp_cron=1787936487.9998788833618164062500 HTTP/1.1" 499 0 "-" "WordPress/7.1; https://wp.syrtalents.com"
216.73.216.85 - - [28/Aug/2026:17:01:29 +0000] "GET /post-new-or-edit-request/?requestid=1192385 HTTP/1.1" 302 5 "-" "Mozilla/5.0 AppleWebKit/537.36 (KHTML, like Gecko; compatible; ClaudeBot/1.0; +claudebot@anthropic.com)"
216.73.216.85 - - [28/Aug/2026:17:01:31 +0000] "GET /post-new-or-edit-request/ HTTP/1.1" 302 5 "https://wp.syrtalents.com/post-new-or-edit-request/?requestid=1192385" "Mozilla/5.0 AppleWebKit/537.36 (KHTML, like Gecko; compatible; ClaudeBot/1.0; +claudebot@anthropic.com)"
216.73.216.85 - - [28/Aug/2026:17:01:35 +0000] "GET /post-new-or-edit-request/?requestid=1194587 HTTP/1.1" 499 0 "https://wp.syrtalents.com/post-new-or-edit-request/" "Mozilla/5.0 AppleWebKit/537.36 (KHTML, like Gecko; compatible; ClaudeBot/1.0; +claudebot@anthropic.com)"
72.167.149.90 - - [28/Aug/2026:17:01:38 +0000] "POST /wp-cron.php?doing_wp_cron=1787936497.8631160259246826171875 HTTP/1.1" 499 0 "-" "WordPress/7.1; https://wp.syrtalents.com"
216.73.216.85 - - [28/Aug/2026:17:02:05 +0000] "GET /post-new-or-edit-request/?requestid=1190322 HTTP/1.1" 302 5 "-" "Mozilla/5.0 AppleWebKit/537.36 (KHTML, like Gecko; compatible; ClaudeBot/1.0; +claudebot@anthropic.com)"
216.73.216.85 - - [28/Aug/2026:17:02:05 +0000] "GET /post-new-or-edit-request/ HTTP/1.1" 499 0 "https://wp.syrtalents.com/post-new-or-edit-request/?requestid=1190322" "Mozilla/5.0 AppleWebKit/537.36 (KHTML, like Gecko; compatible; ClaudeBot/1.0; +claudebot@anthropic.com)"
72.167.149.90 - - [28/Aug/2026:17:02:09 +0000] "POST /wp-cron.php?doing_wp_cron=1787936528.2877459526062011718750 HTTP/1.1" 499 0 "-" "WordPress/7.1; https://wp.syrtalents.com"
216.73.216.85 - - [28/Aug/2026:17:02:21 +0000] "GET /post-new-or-edit-request/?requestid=1189984 HTTP/1.1" 302 5 "-" "Mozilla/5.0 AppleWebKit/537.36 (KHTML, like Gecko; compatible; ClaudeBot/1.0; +claudebot@anthropic.com)"
216.73.216.85 - - [28/Aug/2026:17:02:24 +0000] "GET /post-new-or-edit-request/ HTTP/1.1" 302 5 "https://wp.syrtalents.com/post-new-or-edit-request/?requestid=1189984" "Mozilla/5.0 AppleWebKit/537.36 (KHTML, like Gecko; compatible; ClaudeBot/1.0; +claudebot@anthropic.com)"
216.73.216.85 - - [28/Aug/2026:17:02:25 +0000] "GET /post-new-or-edit-request/?requestid=1194589 HTTP/1.1" 499 0 "https://wp.syrtalents.com/post-new-or-edit-request/" "Mozilla/5.0 AppleWebKit/537.36 (KHTML, like Gecko; compatible; ClaudeBot/1.0; +claudebot@anthropic.com)"
216.73.216.189 - - [28/Aug/2026:17:02:39 +0000] "GET /post-new-or-edit-request/?requestid=1189390 HTTP/1.1" 302 5 "-" "Mozilla/5.0 AppleWebKit/537.36 (KHTML, like Gecko; compatible; ClaudeBot/1.0; +claudebot@anthropic.com)"
216.73.216.189 - - [28/Aug/2026:17:02:42 +0000] "GET /post-new-or-edit-request/ HTTP/1.1" 302 5 "https://wp.syrtalents.com/post-new-or-edit-request/?requestid=1189390" "Mozilla/5.0 AppleWebKit/537.36 (KHTML, like Gecko; compatible; ClaudeBot/1.0; +claudebot@anthropic.com)"
216.73.216.189 - - [28/Aug/2026:17:02:45 +0000] "GET /post-new-or-edit-request/?requestid=1194590 HTTP/1.1" 200 35242 "https://wp.syrtalents.com/post-new-or-edit-request/" "Mozilla/5.0 AppleWebKit/537.36 (KHTML, like Gecko; compatible; ClaudeBot/1.0; +claudebot@anthropic.com)"
216.73.216.189 - - [28/Aug/2026:17:03:16 +0000] "GET /post-new-or-edit-request/?requestid=1194363 HTTP/1.1" 499 0 "-" "Mozilla/5.0 AppleWebKit/537.36 (KHTML, like Gecko; compatible; ClaudeBot/1.0; +claudebot@anthropic.com)"
72.167.149.90 - - [28/Aug/2026:17:03:17 +0000] "POST /wp-cron.php?doing_wp_cron=1787936596.6826970577239990234375 HTTP/1.1" 499 0 "-" "WordPress/7.1; https://wp.syrtalents.com"
216.73.216.85 - - [28/Aug/2026:17:03:20 +0000] "GET /ar/post-new-or-edit-request/?requestid=1192007 HTTP/1.1" 302 5 "-" "Mozilla/5.0 AppleWebKit/537.36 (KHTML, like Gecko; compatible; ClaudeBot/1.0; +claudebot@anthropic.com)"
216.73.216.85 - - [28/Aug/2026:17:03:23 +0000] "GET /ar/post-new-or-edit-request/ HTTP/1.1" 499 0 "https://wp.syrtalents.com/ar/post-new-or-edit-request/?requestid=1192007" "Mozilla/5.0 AppleWebKit/537.36 (KHTML, like Gecko; compatible; ClaudeBot/1.0; +claudebot@anthropic.com)"
216.73.216.189 - - [28/Aug/2026:17:03:48 +0000] "GET /post-new-or-edit-request/?requestid=1187756 HTTP/1.1" 302 5 "-" "Mozilla/5.0 AppleWebKit/537.36 (KHTML, like Gecko; compatible; ClaudeBot/1.0; +claudebot@anthropic.com)"
35.169.240.53 - - [28/Aug/2026:17:03:50 +0000] "GET /fake-page-63532/ HTTP/1.1" 404 28972 "-" "Mozilla/5.0 AppleWebKit/537.36 (KHTML, like Gecko; compatible; Amazonbot/0.1; +https://developer.amazon.com/support/amazonbot) Chrome/119.0.6045.214 Safari/537.36"
216.73.216.189 - - [28/Aug/2026:17:03:52 +0000] "GET /post-new-or-edit-request/ HTTP/1.1" 302 5 "https://wp.syrtalents.com/post-new-or-edit-request/?requestid=1187756" "Mozilla/5.0 AppleWebKit/537.36 (KHTML, like Gecko; compatible; ClaudeBot/1.0; +claudebot@anthropic.com)"
216.73.216.189 - - [28/Aug/2026:17:03:53 +0000] "GET /post-new-or-edit-request/?requestid=1194592 HTTP/1.1" 499 0 "https://wp.syrtalents.com/post-new-or-edit-request/" "Mozilla/5.0 AppleWebKit/537.36 (KHTML, like Gecko; compatible; ClaudeBot/1.0; +claudebot@anthropic.com)"
216.73.216.85 - - [28/Aug/2026:17:04:09 +0000] "GET /ar/post-new-or-edit-request/?requestid=1189415 HTTP/1.1" 302 5 "-" "Mozilla/5.0 AppleWebKit/537.36 (KHTML, like Gecko; compatible; ClaudeBot/1.0; +claudebot@anthropic.com)"
220.181.108.156 - - [28/Aug/2026:17:04:11 +0000] "GET /post-new-or-edit-request/?requestid=1109284 HTTP/1.1" 302 5 "-" "Mozilla/5.0 (compatible; Baiduspider/2.0; +http://www.baidu.com/search/spider.html)"
216.73.216.85 - - [28/Aug/2026:17:04:12 +0000] "GET /post-new-or-edit-request/?requestid=1192568 HTTP/1.1" 302 5 "-" "Mozilla/5.0 AppleWebKit/537.36 (KHTML, like Gecko; compatible; ClaudeBot/1.0; +claudebot@anthropic.com)"
216.73.216.85 - - [28/Aug/2026:17:04:14 +0000] "GET /ar/post-new-or-edit-request/ HTTP/1.1" 499 0 "https://wp.syrtalents.com/ar/post-new-or-edit-request/?requestid=1189415" "Mozilla/5.0 AppleWebKit/537.36 (KHTML, like Gecko; compatible; ClaudeBot/1.0; +claudebot@anthropic.com)"
220.181.108.83 - - [28/Aug/2026:17:04:16 +0000] "GET /post-new-or-edit-request/ HTTP/1.1" 302 5 "-" "Mozilla/5.0 (compatible; Baiduspider/2.0; +http://www.baidu.com/search/spider.html)"
216.73.216.85 - - [28/Aug/2026:17:04:17 +0000] "GET /post-new-or-edit-request/ HTTP/1.1" 302 5 "https://wp.syrtalents.com/post-new-or-edit-request/?requestid=1192568" "Mozilla/5.0 AppleWebKit/537.36 (KHTML, like Gecko; compatible; ClaudeBot/1.0; +claudebot@anthropic.com)"
216.73.216.85 - - [28/Aug/2026:17:04:17 +0000] "GET /post-new-or-edit-request/?requestid=1194595 HTTP/1.1" 499 0 "https://wp.syrtalents.com/post-new-or-edit-request/" "Mozilla/5.0 AppleWebKit/537.36 (KHTML, like Gecko; compatible; ClaudeBot/1.0; +claudebot@anthropic.com)"
220.181.108.176 - - [28/Aug/2026:17:04:21 +0000] "GET /post-new-or-edit-request/?requestid=1194594 HTTP/1.1" 200 35242 "-" "Mozilla/5.0 (compatible; Baiduspider/2.0; +http://www.baidu.com/search/spider.html)"
34.197.28.78 - - [28/Aug/2026:17:04:28 +0000] "GET /ar/wp-json/wp/v2/news HTTP/1.1" 200 897 "-" "Mozilla/5.0 AppleWebKit/537.36 (KHTML, like Gecko; compatible; Amazonbot/0.1; +https://developer.amazon.com/support/amazonbot) Chrome/119.0.6045.214 Safari/537.36"
116.179.37.8 - - [28/Aug/2026:17:04:34 +0000] "POST /wp-admin/admin-ajax.php?action=un_config_get HTTP/1.1" 200 971 "https://wp.syrtalents.com/post-new-or-edit-request/?requestid=1194594" "Mozilla/5.0 (compatible; Baiduspider-render/2.0; +http://www.baidu.com/search/spider.html)"
216.73.216.85 - - [28/Aug/2026:17:04:45 +0000] "GET /post-new-or-edit-request/?requestid=1194511 HTTP/1.1" 302 5 "-" "Mozilla/5.0 AppleWebKit/537.36 (KHTML, like Gecko; compatible; ClaudeBot/1.0; +claudebot@anthropic.com)"
216.73.216.85 - - [28/Aug/2026:17:04:49 +0000] "GET /post-new-or-edit-request/?requestid=1194595 HTTP/1.1" 499 0 "https://wp.syrtalents.com/post-new-or-edit-request/?requestid=1194511" "Mozilla/5.0 AppleWebKit/537.36 (KHTML, like Gecko; compatible; ClaudeBot/1.0; +claudebot@anthropic.com)"
216.73.216.85 - - [28/Aug/2026:17:05:18 +0000] "GET /post-new-or-edit-request/?requestid=1193896 HTTP/1.1" 302 5 "-" "Mozilla/5.0 AppleWebKit/537.36 (KHTML, like Gecko; compatible; ClaudeBot/1.0; +claudebot@anthropic.com)"
216.73.216.85 - - [28/Aug/2026:17:05:21 +0000] "GET /post-new-or-edit-request/?requestid=1194595 HTTP/1.1" 499 0 "https://wp.syrtalents.com/post-new-or-edit-request/?requestid=1193896" "Mozilla/5.0 AppleWebKit/537.36 (KHTML, like Gecko; compatible; ClaudeBot/1.0; +claudebot@anthropic.com)"
72.167.149.90 - - [28/Aug/2026:17:05:26 +0000] "POST /wp-cron.php?doing_wp_cron=1787936725.5265629291534423828125 HTTP/1.1" 499 0 "-" "WordPress/7.1; https://wp.syrtalents.com"
216.73.216.85 - - [28/Aug/2026:17:05:51 +0000] "GET /post-new-or-edit-request/?requestid=1193988 HTTP/1.1" 302 5 "-" "Mozilla/5.0 AppleWebKit/537.36 (KHTML, like Gecko; compatible; ClaudeBot/1.0; +claudebot@anthropic.com)"
216.73.216.85 - - [28/Aug/2026:17:05:53 +0000] "GET /post-new-or-edit-request/?requestid=1194595 HTTP/1.1" 499 0 "https://wp.syrtalents.com/post-new-or-edit-request/?requestid=1193988" "Mozilla/5.0 AppleWebKit/537.36 (KHTML, like Gecko; compatible; ClaudeBot/1.0; +claudebot@anthropic.com)"
72.167.149.90 - - [28/Aug/2026:17:08:09 +0000] "POST /wp-cron.php?doing_wp_cron=1787936888.4001410007476806640625 HTTP/1.1" 499 0 "-" "WordPress/7.1; https://wp.syrtalents.com"
216.73.217.15 - - [28/Aug/2026:17:08:09 +0000] "GET /post-new-or-edit-request/?requestid=1193455 HTTP/1.1" 302 5 "-" "Mozilla/5.0 AppleWebKit/537.36 (KHTML, like Gecko; compatible; ClaudeBot/1.0; +claudebot@anthropic.com)"
216.73.217.15 - - [28/Aug/2026:17:08:11 +0000] "GET /post-new-or-edit-request/ HTTP/1.1" 302 5 "https://wp.syrtalents.com/post-new-or-edit-request/?requestid=1193455" "Mozilla/5.0 AppleWebKit/537.36 (KHTML, like Gecko; compatible; ClaudeBot/1.0; +claudebot@anthropic.com)"
216.73.217.15 - - [28/Aug/2026:17:08:14 +0000] "GET /post-new-or-edit-request/?requestid=1194596 HTTP/1.1" 200 35242 "https://wp.syrtalents.com/post-new-or-edit-request/" "Mozilla/5.0 AppleWebKit/537.36 (KHTML, like Gecko; compatible; ClaudeBot/1.0; +claudebot@anthropic.com)"
216.73.217.15 - - [28/Aug/2026:17:08:39 +0000] "GET /ar/post-new-or-edit-request/?requestid=1190894 HTTP/1.1" 302 5 "-" "Mozilla/5.0 AppleWebKit/537.36 (KHTML, like Gecko; compatible; ClaudeBot/1.0; +claudebot@anthropic.com)"
216.73.217.15 - - [28/Aug/2026:17:08:42 +0000] "GET /ar/post-new-or-edit-request/ HTTP/1.1" 302 5 "https://wp.syrtalents.com/ar/post-new-or-edit-request/?requestid=1190894" "Mozilla/5.0 AppleWebKit/537.36 (KHTML, like Gecko; compatible; ClaudeBot/1.0; +claudebot@anthropic.com)"
216.73.217.15 - - [28/Aug/2026:17:08:45 +0000] "GET /ar/post-new-or-edit-request/?requestid=1194597 HTTP/1.1" 200 37827 "https://wp.syrtalents.com/ar/post-new-or-edit-request/" "Mozilla/5.0 AppleWebKit/537.36 (KHTML, like Gecko; compatible; ClaudeBot/1.0; +claudebot@anthropic.com)"
216.73.217.142 - - [28/Aug/2026:17:09:10 +0000] "GET /ar/post-new-or-edit-request/?requestid=1192796 HTTP/1.1" 302 5 "-" "Mozilla/5.0 AppleWebKit/537.36 (KHTML, like Gecko; compatible; ClaudeBot/1.0; +claudebot@anthropic.com)"
23.23.213.182 - - [28/Aug/2026:17:09:12 +0000] "GET /how-to-write-clear-instructions-for-your-project-on-shababek/embed/ HTTP/1.1" 200 6775 "-" "Mozilla/5.0 AppleWebKit/537.36 (KHTML, like Gecko; compatible; Amazonbot/0.1; +https://developer.amazon.com/support/amazonbot) Chrome/119.0.6045.214 Safari/537.36"
216.73.217.142 - - [28/Aug/2026:17:09:14 +0000] "GET /ar/post-new-or-edit-request/ HTTP/1.1" 302 5 "https://wp.syrtalents.com/ar/post-new-or-edit-request/?requestid=1192796" "Mozilla/5.0 AppleWebKit/537.36 (KHTML, like Gecko; compatible; ClaudeBot/1.0; +claudebot@anthropic.com)"
216.73.217.142 - - [28/Aug/2026:17:09:16 +0000] "GET /ar/post-new-or-edit-request/?requestid=1194598 HTTP/1.1" 499 0 "https://wp.syrtalents.com/ar/post-new-or-edit-request/" "Mozilla/5.0 AppleWebKit/537.36 (KHTML, like Gecko; compatible; ClaudeBot/1.0; +claudebot@anthropic.com)"
216.73.217.142 - - [28/Aug/2026:17:09:41 +0000] "GET /ar/post-new-or-edit-request/?requestid=1193910 HTTP/1.1" 302 5 "-" "Mozilla/5.0 AppleWebKit/537.36 (KHTML, like Gecko; compatible; ClaudeBot/1.0; +claudebot@anthropic.com)"
216.73.217.142 - - [28/Aug/2026:17:09:45 +0000] "GET /ar/post-new-or-edit-request/ HTTP/1.1" 302 5 "https://wp.syrtalents.com/ar/post-new-or-edit-request/?requestid=1193910" "Mozilla/5.0 AppleWebKit/537.36 (KHTML, like Gecko; compatible; ClaudeBot/1.0; +claudebot@anthropic.com)"
216.73.217.142 - - [28/Aug/2026:17:09:47 +0000] "GET /ar/post-new-or-edit-request/?requestid=1194599 HTTP/1.1" 499 0 "https://wp.syrtalents.com/ar/post-new-or-edit-request/" "Mozilla/5.0 AppleWebKit/537.36 (KHTML, like Gecko; compatible; ClaudeBot/1.0; +claudebot@anthropic.com)"
72.167.149.90 - - [28/Aug/2026:17:10:11 +0000] "POST /wp-cron.php?doing_wp_cron=1787937010.7087130546569824218750 HTTP/1.1" 499 0 "-" "WordPress/7.1; https://wp.syrtalents.com"
216.73.217.142 - - [28/Aug/2026:17:10:11 +0000] "GET /post-new-or-edit-request/?requestid=1190137 HTTP/1.1" 302 5 "-" "Mozilla/5.0 AppleWebKit/537.36 (KHTML, like Gecko; compatible; ClaudeBot/1.0; +claudebot@anthropic.com)"
216.73.217.142 - - [28/Aug/2026:17:10:13 +0000] "GET /ar/post-new-or-edit-request/?requestid=1188183 HTTP/1.1" 302 5 "-" "Mozilla/5.0 AppleWebKit/537.36 (KHTML, like Gecko; compatible; ClaudeBot/1.0; +claudebot@anthropic.com)"
216.73.217.142 - - [28/Aug/2026:17:10:15 +0000] "GET /post-new-or-edit-request/ HTTP/1.1" 302 5 "https://wp.syrtalents.com/post-new-or-edit-request/?requestid=1190137" "Mozilla/5.0 AppleWebKit/537.36 (KHTML, like Gecko; compatible; ClaudeBot/1.0; +claudebot@anthropic.com)"
216.73.217.142 - - [28/Aug/2026:17:10:16 +0000] "GET /ar/post-new-or-edit-request/ HTTP/1.1" 302 5 "https://wp.syrtalents.com/ar/post-new-or-edit-request/?requestid=1188183" "Mozilla/5.0 AppleWebKit/537.36 (KHTML, like Gecko; compatible; ClaudeBot/1.0; +claudebot@anthropic.com)"
216.73.217.142 - - [28/Aug/2026:17:10:17 +0000] "GET /post-new-or-edit-request/?requestid=1194600 HTTP/1.1" 499 0 "https://wp.syrtalents.com/post-new-or-edit-request/" "Mozilla/5.0 AppleWebKit/537.36 (KHTML, like Gecko; compatible; ClaudeBot/1.0; +claudebot@anthropic.com)"
216.73.217.142 - - [28/Aug/2026:17:10:20 +0000] "GET /ar/post-new-or-edit-request/?requestid=1194601 HTTP/1.1" 499 0 "https://wp.syrtalents.com/ar/post-new-or-edit-request/" "Mozilla/5.0 AppleWebKit/537.36 (KHTML, like Gecko; compatible; ClaudeBot/1.0; +claudebot@anthropic.com)"
216.73.217.142 - - [28/Aug/2026:17:10:43 +0000] "GET /ar/post-new-or-edit-request/?requestid=1193857 HTTP/1.1" 302 5 "-" "Mozilla/5.0 AppleWebKit/537.36 (KHTML, like Gecko; compatible; ClaudeBot/1.0; +claudebot@anthropic.com)"
216.73.217.142 - - [28/Aug/2026:17:10:44 +0000] "GET /ar/post-new-or-edit-request/ HTTP/1.1" 302 5 "https://wp.syrtalents.com/ar/post-new-or-edit-request/?requestid=1193857" "Mozilla/5.0 AppleWebKit/537.36 (KHTML, like Gecko; compatible; ClaudeBot/1.0; +claudebot@anthropic.com)"
216.73.217.142 - - [28/Aug/2026:17:10:47 +0000] "GET /ar/post-new-or-edit-request/?requestid=1194602 HTTP/1.1" 200 37826 "https://wp.syrtalents.com/ar/post-new-or-edit-request/" "Mozilla/5.0 AppleWebKit/537.36 (KHTML, like Gecko; compatible; ClaudeBot/1.0; +claudebot@anthropic.com)"
216.73.217.142 - - [28/Aug/2026:17:11:16 +0000] "GET /ar/post-new-or-edit-request/?requestid=1193654 HTTP/1.1" 302 5 "-" "Mozilla/5.0 AppleWebKit/537.36 (KHTML, like Gecko; compatible; ClaudeBot/1.0; +claudebot@anthropic.com)"
216.73.217.142 - - [28/Aug/2026:17:11:19 +0000] "GET /ar/post-new-or-edit-request/?requestid=1194602 HTTP/1.1" 200 37826 "https://wp.syrtalents.com/ar/post-new-or-edit-request/?requestid=1193654" "Mozilla/5.0 AppleWebKit/537.36 (KHTML, like Gecko; compatible; ClaudeBot/1.0; +claudebot@anthropic.com)"
116.179.32.132 - - [28/Aug/2026:17:11:26 +0000] "GET /ar/post-new-or-edit-request/?requestid=1167876 HTTP/1.1" 302 5 "-" "Mozilla/5.0 (compatible; Baiduspider/2.0; +http://www.baidu.com/search/spider.html)"
116.179.32.221 - - [28/Aug/2026:17:11:32 +0000] "GET /ar/post-new-or-edit-request/ HTTP/1.1" 302 5 "-" "Mozilla/5.0 (compatible; Baiduspider/2.0; +http://www.baidu.com/search/spider.html)"
116.179.32.211 - - [28/Aug/2026:17:11:39 +0000] "GET /ar/post-new-or-edit-request/?requestid=1194603 HTTP/1.1" 200 37826 "-" "Mozilla/5.0 (compatible; Baiduspider/2.0; +http://www.baidu.com/search/spider.html)"
216.73.217.142 - - [28/Aug/2026:17:11:47 +0000] "GET /ar/post-new-or-edit-request/?requestid=1193615 HTTP/1.1" 302 5 "-" "Mozilla/5.0 AppleWebKit/537.36 (KHTML, like Gecko; compatible; ClaudeBot/1.0; +claudebot@anthropic.com)"
116.179.37.199 - - [28/Aug/2026:17:11:51 +0000] "POST /wp-content/plugins/translatepress-multilingual/includes/trp-ajax.php HTTP/1.1" 200 164 "https://wp.syrtalents.com/ar/post-new-or-edit-request/?requestid=1194603" "Mozilla/5.0 (compatible; Baiduspider-render/2.0; +http://www.baidu.com/search/spider.html)"
116.179.37.172 - - [28/Aug/2026:17:11:51 +0000] "POST /wp-content/plugins/translatepress-multilingual/includes/trp-ajax.php HTTP/1.1" 200 159 "https://wp.syrtalents.com/ar/post-new-or-edit-request/?requestid=1194603" "Mozilla/5.0 (compatible; Baiduspider-render/2.0; +http://www.baidu.com/search/spider.html)"
116.179.37.108 - - [28/Aug/2026:17:11:51 +0000] "POST /wp-content/plugins/translatepress-multilingual/includes/trp-ajax.php HTTP/1.1" 200 33 "https://wp.syrtalents.com/ar/post-new-or-edit-request/?requestid=1194603" "Mozilla/5.0 (compatible; Baiduspider-render/2.0; +http://www.baidu.com/search/spider.html)"
116.179.37.83 - - [28/Aug/2026:17:11:51 +0000] "POST /wp-content/plugins/translatepress-multilingual/includes/trp-ajax.php HTTP/1.1" 200 33 "https://wp.syrtalents.com/ar/post-new-or-edit-request/?requestid=1194603" "Mozilla/5.0 (compatible; Baiduspider-render/2.0; +http://www.baidu.com/search/spider.html)"
116.179.37.252 - - [28/Aug/2026:17:11:52 +0000] "POST /wp-content/plugins/translatepress-multilingual/includes/trp-ajax.php HTTP/1.1" 200 8241 "https://wp.syrtalents.com/ar/post-new-or-edit-request/?requestid=1194603" "Mozilla/5.0 (compatible; Baiduspider-render/2.0; +http://www.baidu.com/search/spider.html)"
216.73.217.142 - - [28/Aug/2026:17:11:52 +0000] "GET /ar/post-new-or-edit-request/?requestid=1194602 HTTP/1.1" 200 37827 "https://wp.syrtalents.com/ar/post-new-or-edit-request/?requestid=1193615" "Mozilla/5.0 AppleWebKit/537.36 (KHTML, like Gecko; compatible; ClaudeBot/1.0; +claudebot@anthropic.com)"
116.179.37.182 - - [28/Aug/2026:17:11:54 +0000] "POST /wp-admin/admin-ajax.php?action=un_config_get HTTP/1.1" 200 1479 "https://wp.syrtalents.com/ar/post-new-or-edit-request/?requestid=1194603" "Mozilla/5.0 (compatible; Baiduspider-render/2.0; +http://www.baidu.com/search/spider.html)"
116.179.37.15 - - [28/Aug/2026:17:11:55 +0000] "POST /wp-content/plugins/translatepress-multilingual/includes/trp-ajax.php HTTP/1.1" 200 157 "https://wp.syrtalents.com/ar/post-new-or-edit-request/?requestid=1194603" "Mozilla/5.0 (compatible; Baiduspider-render/2.0; +http://www.baidu.com/search/spider.html)"
116.179.37.145 - - [28/Aug/2026:17:11:55 +0000] "POST /wp-content/plugins/translatepress-multilingual/includes/trp-ajax.php HTTP/1.1" 200 33 "https://wp.syrtalents.com/ar/post-new-or-edit-request/?requestid=1194603" "Mozilla/5.0 (compatible; Baiduspider-render/2.0; +http://www.baidu.com/search/spider.html)"
216.73.217.142 - - [28/Aug/2026:17:12:19 +0000] "GET /ar/post-new-or-edit-request/?requestid=1186080 HTTP/1.1" 302 5 "-" "Mozilla/5.0 AppleWebKit/537.36 (KHTML, like Gecko; compatible; ClaudeBot/1.0; +claudebot@anthropic.com)"
216.73.217.142 - - [28/Aug/2026:17:12:23 +0000] "GET /ar/post-new-or-edit-request/?requestid=1194602 HTTP/1.1" 200 37825 "https://wp.syrtalents.com/ar/post-new-or-edit-request/?requestid=1186080" "Mozilla/5.0 AppleWebKit/537.36 (KHTML, like Gecko; compatible; ClaudeBot/1.0; +claudebot@anthropic.com)"
72.167.149.90 - - [28/Aug/2026:17:14:43 +0000] "POST /wp-cron.php?doing_wp_cron=1787937282.9479970932006835937500 HTTP/1.1" 499 0 "-" "WordPress/7.1; https://wp.syrtalents.com"
216.73.216.200 - - [28/Aug/2026:17:14:44 +0000] "GET /post-new-or-edit-request/?requestid=1194342 HTTP/1.1" 302 5 "-" "Mozilla/5.0 AppleWebKit/537.36 (KHTML, like Gecko; compatible; ClaudeBot/1.0; +claudebot@anthropic.com)"
216.73.216.200 - - [28/Aug/2026:17:14:46 +0000] "GET /post-new-or-edit-request/ HTTP/1.1" 302 5 "https://wp.syrtalents.com/post-new-or-edit-request/?requestid=1194342" "Mozilla/5.0 AppleWebKit/537.36 (KHTML, like Gecko; compatible; ClaudeBot/1.0; +claudebot@anthropic.com)"
216.73.216.200 - - [28/Aug/2026:17:14:49 +0000] "GET /post-new-or-edit-request/?requestid=1194604 HTTP/1.1" 200 35234 "https://wp.syrtalents.com/post-new-or-edit-request/" "Mozilla/5.0 AppleWebKit/537.36 (KHTML, like Gecko; compatible; ClaudeBot/1.0; +claudebot@anthropic.com)"
