72.167.149.90 - - [28/Aug/2026:15:22:54 +0000] "POST /wp-cron.php?doing_wp_cron=1787930573.2170081138610839843750 HTTP/1.1" 499 0 "-" "WordPress/7.1; https://wp.syrtalents.com/ar"
216.73.217.6 - - [28/Aug/2026:15:22:54 +0000] "GET /ar/post-new-or-edit-request/?requestid=1191936 HTTP/1.1" 302 5 "-" "Mozilla/5.0 AppleWebKit/537.36 (KHTML, like Gecko; compatible; ClaudeBot/1.0; +claudebot@anthropic.com)"
216.73.217.6 - - [28/Aug/2026:15:22:58 +0000] "GET /ar/post-new-or-edit-request/?requestid=1194445 HTTP/1.1" 200 37825 "https://wp.syrtalents.com/ar/post-new-or-edit-request/?requestid=1191936" "Mozilla/5.0 AppleWebKit/537.36 (KHTML, like Gecko; compatible; ClaudeBot/1.0; +claudebot@anthropic.com)"
54.164.106.236 - - [28/Aug/2026:15:23:16 +0000] "GET /ar/wp-json/oembed/1.0/embed?format=xml&url=https://wp.syrtalents.com/ar/verify-email/ HTTP/1.1" 200 1153 "-" "Mozilla/5.0 AppleWebKit/537.36 (KHTML, like Gecko; compatible; Amazonbot/0.1; +https://developer.amazon.com/support/amazonbot) Chrome/119.0.6045.214 Safari/537.36"
216.73.217.6 - - [28/Aug/2026:15:23:24 +0000] "GET /ar/post-new-or-edit-request/?requestid=1191358 HTTP/1.1" 302 5 "-" "Mozilla/5.0 AppleWebKit/537.36 (KHTML, like Gecko; compatible; ClaudeBot/1.0; +claudebot@anthropic.com)"
216.73.217.6 - - [28/Aug/2026:15:23:29 +0000] "GET /ar/post-new-or-edit-request/?requestid=1194445 HTTP/1.1" 200 37828 "https://wp.syrtalents.com/ar/post-new-or-edit-request/?requestid=1191358" "Mozilla/5.0 AppleWebKit/537.36 (KHTML, like Gecko; compatible; ClaudeBot/1.0; +claudebot@anthropic.com)"
216.73.217.6 - - [28/Aug/2026:15:23:56 +0000] "GET /post-new-or-edit-request/?requestid=1192449 HTTP/1.1" 302 5 "-" "Mozilla/5.0 AppleWebKit/537.36 (KHTML, like Gecko; compatible; ClaudeBot/1.0; +claudebot@anthropic.com)"
216.73.217.6 - - [28/Aug/2026:15:23:59 +0000] "GET /post-new-or-edit-request/ HTTP/1.1" 302 5 "https://wp.syrtalents.com/post-new-or-edit-request/?requestid=1192449" "Mozilla/5.0 AppleWebKit/537.36 (KHTML, like Gecko; compatible; ClaudeBot/1.0; +claudebot@anthropic.com)"
216.73.217.6 - - [28/Aug/2026:15:24:03 +0000] "GET /post-new-or-edit-request/?requestid=1194446 HTTP/1.1" 499 0 "https://wp.syrtalents.com/post-new-or-edit-request/" "Mozilla/5.0 AppleWebKit/537.36 (KHTML, like Gecko; compatible; ClaudeBot/1.0; +claudebot@anthropic.com)"
216.73.217.6 - - [28/Aug/2026:15:24:04 +0000] "GET /ar/post-new-or-edit-request/?requestid=1193569 HTTP/1.1" 302 5 "-" "Mozilla/5.0 AppleWebKit/537.36 (KHTML, like Gecko; compatible; ClaudeBot/1.0; +claudebot@anthropic.com)"
216.73.217.6 - - [28/Aug/2026:15:24:07 +0000] "GET /ar/post-new-or-edit-request/ HTTP/1.1" 302 5 "https://wp.syrtalents.com/ar/post-new-or-edit-request/?requestid=1193569" "Mozilla/5.0 AppleWebKit/537.36 (KHTML, like Gecko; compatible; ClaudeBot/1.0; +claudebot@anthropic.com)"
216.73.217.6 - - [28/Aug/2026:15:24:10 +0000] "GET /ar/post-new-or-edit-request/?requestid=1194447 HTTP/1.1" 499 0 "https://wp.syrtalents.com/ar/post-new-or-edit-request/" "Mozilla/5.0 AppleWebKit/537.36 (KHTML, like Gecko; compatible; ClaudeBot/1.0; +claudebot@anthropic.com)"
216.73.217.6 - - [28/Aug/2026:15:24:24 +0000] "GET /ar/post-new-or-edit-request/?requestid=1192300 HTTP/1.1" 302 5 "-" "Mozilla/5.0 AppleWebKit/537.36 (KHTML, like Gecko; compatible; ClaudeBot/1.0; +claudebot@anthropic.com)"
216.73.217.6 - - [28/Aug/2026:15:24:27 +0000] "GET /ar/post-new-or-edit-request/ HTTP/1.1" 302 5 "https://wp.syrtalents.com/ar/post-new-or-edit-request/?requestid=1192300" "Mozilla/5.0 AppleWebKit/537.36 (KHTML, like Gecko; compatible; ClaudeBot/1.0; +claudebot@anthropic.com)"
216.73.217.6 - - [28/Aug/2026:15:24:30 +0000] "GET /ar/post-new-or-edit-request/?requestid=1194448 HTTP/1.1" 499 0 "https://wp.syrtalents.com/ar/post-new-or-edit-request/" "Mozilla/5.0 AppleWebKit/537.36 (KHTML, like Gecko; compatible; ClaudeBot/1.0; +claudebot@anthropic.com)"
216.73.217.6 - - [28/Aug/2026:15:24:42 +0000] "GET /ar/post-new-or-edit-request/?requestid=1192576 HTTP/1.1" 302 5 "-" "Mozilla/5.0 AppleWebKit/537.36 (KHTML, like Gecko; compatible; ClaudeBot/1.0; +claudebot@anthropic.com)"
216.73.217.6 - - [28/Aug/2026:15:24:44 +0000] "GET /ar/post-new-or-edit-request/ HTTP/1.1" 302 5 "https://wp.syrtalents.com/ar/post-new-or-edit-request/?requestid=1192576" "Mozilla/5.0 AppleWebKit/537.36 (KHTML, like Gecko; compatible; ClaudeBot/1.0; +claudebot@anthropic.com)"
216.73.217.6 - - [28/Aug/2026:15:24:47 +0000] "GET /ar/post-new-or-edit-request/?requestid=1194449 HTTP/1.1" 200 37829 "https://wp.syrtalents.com/ar/post-new-or-edit-request/" "Mozilla/5.0 AppleWebKit/537.36 (KHTML, like Gecko; compatible; ClaudeBot/1.0; +claudebot@anthropic.com)"
216.73.217.6 - - [28/Aug/2026:15:25:13 +0000] "GET /ar/post-new-or-edit-request/?requestid=1194195 HTTP/1.1" 302 5 "-" "Mozilla/5.0 AppleWebKit/537.36 (KHTML, like Gecko; compatible; ClaudeBot/1.0; +claudebot@anthropic.com)"
216.73.217.6 - - [28/Aug/2026:15:25:15 +0000] "GET /ar/post-new-or-edit-request/ HTTP/1.1" 302 5 "https://wp.syrtalents.com/ar/post-new-or-edit-request/?requestid=1194195" "Mozilla/5.0 AppleWebKit/537.36 (KHTML, like Gecko; compatible; ClaudeBot/1.0; +claudebot@anthropic.com)"
216.73.217.6 - - [28/Aug/2026:15:25:17 +0000] "GET /ar/post-new-or-edit-request/?requestid=1194450 HTTP/1.1" 200 37829 "https://wp.syrtalents.com/ar/post-new-or-edit-request/" "Mozilla/5.0 AppleWebKit/537.36 (KHTML, like Gecko; compatible; ClaudeBot/1.0; +claudebot@anthropic.com)"
216.73.216.242 - - [28/Aug/2026:15:25:32 +0000] "GET /post-new-or-edit-request/?requestid=1191512 HTTP/1.1" 302 5 "-" "Mozilla/5.0 AppleWebKit/537.36 (KHTML, like Gecko; compatible; ClaudeBot/1.0; +claudebot@anthropic.com)"
216.73.216.242 - - [28/Aug/2026:15:25:35 +0000] "GET /post-new-or-edit-request/ HTTP/1.1" 302 5 "https://wp.syrtalents.com/post-new-or-edit-request/?requestid=1191512" "Mozilla/5.0 AppleWebKit/537.36 (KHTML, like Gecko; compatible; ClaudeBot/1.0; +claudebot@anthropic.com)"
216.73.216.242 - - [28/Aug/2026:15:25:38 +0000] "GET /post-new-or-edit-request/?requestid=1194451 HTTP/1.1" 499 0 "https://wp.syrtalents.com/post-new-or-edit-request/" "Mozilla/5.0 AppleWebKit/537.36 (KHTML, like Gecko; compatible; ClaudeBot/1.0; +claudebot@anthropic.com)"
216.73.216.242 - - [28/Aug/2026:15:26:02 +0000] "GET /ar/post-new-or-edit-request/?requestid=1191683 HTTP/1.1" 302 5 "-" "Mozilla/5.0 AppleWebKit/537.36 (KHTML, like Gecko; compatible; ClaudeBot/1.0; +claudebot@anthropic.com)"
216.73.216.242 - - [28/Aug/2026:15:26:05 +0000] "GET /ar/post-new-or-edit-request/ HTTP/1.1" 302 5 "https://wp.syrtalents.com/ar/post-new-or-edit-request/?requestid=1191683" "Mozilla/5.0 AppleWebKit/537.36 (KHTML, like Gecko; compatible; ClaudeBot/1.0; +claudebot@anthropic.com)"
216.73.216.242 - - [28/Aug/2026:15:26:08 +0000] "GET /ar/post-new-or-edit-request/?requestid=1194452 HTTP/1.1" 200 37831 "https://wp.syrtalents.com/ar/post-new-or-edit-request/" "Mozilla/5.0 AppleWebKit/537.36 (KHTML, like Gecko; compatible; ClaudeBot/1.0; +claudebot@anthropic.com)"
216.73.217.6 - - [28/Aug/2026:15:26:34 +0000] "GET /post-new-or-edit-request/?requestid=1190853 HTTP/1.1" 302 5 "-" "Mozilla/5.0 AppleWebKit/537.36 (KHTML, like Gecko; compatible; ClaudeBot/1.0; +claudebot@anthropic.com)"
216.73.217.6 - - [28/Aug/2026:15:26:36 +0000] "GET /post-new-or-edit-request/ HTTP/1.1" 302 5 "https://wp.syrtalents.com/post-new-or-edit-request/?requestid=1190853" "Mozilla/5.0 AppleWebKit/537.36 (KHTML, like Gecko; compatible; ClaudeBot/1.0; +claudebot@anthropic.com)"
216.73.217.6 - - [28/Aug/2026:15:26:39 +0000] "GET /post-new-or-edit-request/?requestid=1194453 HTTP/1.1" 499 0 "https://wp.syrtalents.com/post-new-or-edit-request/" "Mozilla/5.0 AppleWebKit/537.36 (KHTML, like Gecko; compatible; ClaudeBot/1.0; +claudebot@anthropic.com)"
216.73.217.6 - - [28/Aug/2026:15:27:11 +0000] "GET /post-new-or-edit-request/?requestid=1190718 HTTP/1.1" 499 0 "-" "Mozilla/5.0 AppleWebKit/537.36 (KHTML, like Gecko; compatible; ClaudeBot/1.0; +claudebot@anthropic.com)"
216.73.217.6 - - [28/Aug/2026:15:27:36 +0000] "GET /post-new-or-edit-request/?requestid=1190875 HTTP/1.1" 302 5 "-" "Mozilla/5.0 AppleWebKit/537.36 (KHTML, like Gecko; compatible; ClaudeBot/1.0; +claudebot@anthropic.com)"
216.73.217.6 - - [28/Aug/2026:15:27:39 +0000] "GET /post-new-or-edit-request/?requestid=1194453 HTTP/1.1" 200 35239 "https://wp.syrtalents.com/post-new-or-edit-request/?requestid=1190875" "Mozilla/5.0 AppleWebKit/537.36 (KHTML, like Gecko; compatible; ClaudeBot/1.0; +claudebot@anthropic.com)"
72.167.149.90 - - [28/Aug/2026:15:28:09 +0000] "POST /wp-cron.php?doing_wp_cron=1787930888.0040819644927978515625 HTTP/1.1" 499 0 "-" "WordPress/7.1; https://wp.syrtalents.com"
216.73.217.6 - - [28/Aug/2026:15:28:09 +0000] "GET /post-new-or-edit-request/?requestid=1190877 HTTP/1.1" 302 5 "-" "Mozilla/5.0 AppleWebKit/537.36 (KHTML, like Gecko; compatible; ClaudeBot/1.0; +claudebot@anthropic.com)"
216.73.217.6 - - [28/Aug/2026:15:28:12 +0000] "GET /post-new-or-edit-request/?requestid=1194453 HTTP/1.1" 200 35238 "https://wp.syrtalents.com/post-new-or-edit-request/?requestid=1190877" "Mozilla/5.0 AppleWebKit/537.36 (KHTML, like Gecko; compatible; ClaudeBot/1.0; +claudebot@anthropic.com)"
216.73.216.242 - - [28/Aug/2026:15:28:24 +0000] "GET /ar/post-new-or-edit-request/?requestid=1189319 HTTP/1.1" 302 5 "-" "Mozilla/5.0 AppleWebKit/537.36 (KHTML, like Gecko; compatible; ClaudeBot/1.0; +claudebot@anthropic.com)"
216.73.216.242 - - [28/Aug/2026:15:28:31 +0000] "GET /ar/post-new-or-edit-request/?requestid=1194452 HTTP/1.1" 200 37831 "https://wp.syrtalents.com/ar/post-new-or-edit-request/?requestid=1189319" "Mozilla/5.0 AppleWebKit/537.36 (KHTML, like Gecko; compatible; ClaudeBot/1.0; +claudebot@anthropic.com)"
72.167.149.90 - - [28/Aug/2026:15:30:11 +0000] "POST /wp-cron.php?doing_wp_cron=1787931010.1081359386444091796875 HTTP/1.1" 499 0 "-" "WordPress/7.1; https://wp.syrtalents.com"
216.73.216.42 - - [28/Aug/2026:15:30:11 +0000] "GET /post-new-or-edit-request/?requestid=1194178 HTTP/1.1" 302 5 "-" "Mozilla/5.0 AppleWebKit/537.36 (KHTML, like Gecko; compatible; ClaudeBot/1.0; +claudebot@anthropic.com)"
216.73.216.42 - - [28/Aug/2026:15:30:15 +0000] "GET /post-new-or-edit-request/ HTTP/1.1" 499 0 "https://wp.syrtalents.com/post-new-or-edit-request/?requestid=1194178" "Mozilla/5.0 AppleWebKit/537.36 (KHTML, like Gecko; compatible; ClaudeBot/1.0; +claudebot@anthropic.com)"
216.73.216.42 - - [28/Aug/2026:15:30:39 +0000] "GET /post-new-or-edit-request/?requestid=1187890 HTTP/1.1" 302 5 "-" "Mozilla/5.0 AppleWebKit/537.36 (KHTML, like Gecko; compatible; ClaudeBot/1.0; +claudebot@anthropic.com)"
216.73.216.42 - - [28/Aug/2026:15:30:42 +0000] "GET /post-new-or-edit-request/ HTTP/1.1" 302 5 "https://wp.syrtalents.com/post-new-or-edit-request/?requestid=1187890" "Mozilla/5.0 AppleWebKit/537.36 (KHTML, like Gecko; compatible; ClaudeBot/1.0; +claudebot@anthropic.com)"
216.73.216.42 - - [28/Aug/2026:15:30:45 +0000] "GET /post-new-or-edit-request/?requestid=1194455 HTTP/1.1" 499 0 "https://wp.syrtalents.com/post-new-or-edit-request/" "Mozilla/5.0 AppleWebKit/537.36 (KHTML, like Gecko; compatible; ClaudeBot/1.0; +claudebot@anthropic.com)"
216.73.216.42 - - [28/Aug/2026:15:31:12 +0000] "GET /post-new-or-edit-request/?requestid=1191898 HTTP/1.1" 302 5 "-" "Mozilla/5.0 AppleWebKit/537.36 (KHTML, like Gecko; compatible; ClaudeBot/1.0; +claudebot@anthropic.com)"
216.73.216.42 - - [28/Aug/2026:15:31:17 +0000] "GET /post-new-or-edit-request/?requestid=1194455 HTTP/1.1" 200 35243 "https://wp.syrtalents.com/post-new-or-edit-request/?requestid=1191898" "Mozilla/5.0 AppleWebKit/537.36 (KHTML, like Gecko; compatible; ClaudeBot/1.0; +claudebot@anthropic.com)"
216.73.216.111 - - [28/Aug/2026:15:31:41 +0000] "GET /ar/post-new-or-edit-request/?requestid=1194394 HTTP/1.1" 302 5 "-" "Mozilla/5.0 AppleWebKit/537.36 (KHTML, like Gecko; compatible; ClaudeBot/1.0; +claudebot@anthropic.com)"
216.73.216.111 - - [28/Aug/2026:15:31:44 +0000] "GET /ar/post-new-or-edit-request/ HTTP/1.1" 302 5 "https://wp.syrtalents.com/ar/post-new-or-edit-request/?requestid=1194394" "Mozilla/5.0 AppleWebKit/537.36 (KHTML, like Gecko; compatible; ClaudeBot/1.0; +claudebot@anthropic.com)"
216.73.216.111 - - [28/Aug/2026:15:31:48 +0000] "GET /ar/post-new-or-edit-request/?requestid=1194456 HTTP/1.1" 499 0 "https://wp.syrtalents.com/ar/post-new-or-edit-request/" "Mozilla/5.0 AppleWebKit/537.36 (KHTML, like Gecko; compatible; ClaudeBot/1.0; +claudebot@anthropic.com)"
216.73.216.243 - - [28/Aug/2026:15:32:12 +0000] "GET /post-new-or-edit-request/?requestid=1188467 HTTP/1.1" 302 5 "-" "Mozilla/5.0 AppleWebKit/537.36 (KHTML, like Gecko; compatible; ClaudeBot/1.0; +claudebot@anthropic.com)"
216.73.216.243 - - [28/Aug/2026:15:32:15 +0000] "GET /post-new-or-edit-request/ HTTP/1.1" 302 5 "https://wp.syrtalents.com/post-new-or-edit-request/?requestid=1188467" "Mozilla/5.0 AppleWebKit/537.36 (KHTML, like Gecko; compatible; ClaudeBot/1.0; +claudebot@anthropic.com)"
216.73.216.243 - - [28/Aug/2026:15:32:18 +0000] "GET /post-new-or-edit-request/?requestid=1194457 HTTP/1.1" 499 0 "https://wp.syrtalents.com/post-new-or-edit-request/" "Mozilla/5.0 AppleWebKit/537.36 (KHTML, like Gecko; compatible; ClaudeBot/1.0; +claudebot@anthropic.com)"
216.73.216.243 - - [28/Aug/2026:15:32:42 +0000] "GET /ar/post-new-or-edit-request/?requestid=1181005 HTTP/1.1" 302 5 "-" "Mozilla/5.0 AppleWebKit/537.36 (KHTML, like Gecko; compatible; ClaudeBot/1.0; +claudebot@anthropic.com)"
216.73.216.243 - - [28/Aug/2026:15:32:45 +0000] "GET /ar/post-new-or-edit-request/ HTTP/1.1" 302 5 "https://wp.syrtalents.com/ar/post-new-or-edit-request/?requestid=1181005" "Mozilla/5.0 AppleWebKit/537.36 (KHTML, like Gecko; compatible; ClaudeBot/1.0; +claudebot@anthropic.com)"
216.73.216.243 - - [28/Aug/2026:15:32:49 +0000] "GET /ar/post-new-or-edit-request/?requestid=1194458 HTTP/1.1" 499 0 "https://wp.syrtalents.com/ar/post-new-or-edit-request/" "Mozilla/5.0 AppleWebKit/537.36 (KHTML, like Gecko; compatible; ClaudeBot/1.0; +claudebot@anthropic.com)"
72.167.149.90 - - [28/Aug/2026:15:33:15 +0000] "POST /wp-cron.php?doing_wp_cron=1787931194.1318740844726562500000 HTTP/1.1" 499 0 "-" "WordPress/7.1; https://wp.syrtalents.com/ar"
216.73.216.243 - - [28/Aug/2026:15:33:15 +0000] "GET /ar/post-new-or-edit-request/?requestid=1185084 HTTP/1.1" 302 5 "-" "Mozilla/5.0 AppleWebKit/537.36 (KHTML, like Gecko; compatible; ClaudeBot/1.0; +claudebot@anthropic.com)"
216.73.216.243 - - [28/Aug/2026:15:33:20 +0000] "GET /ar/post-new-or-edit-request/?requestid=1194458 HTTP/1.1" 200 37826 "https://wp.syrtalents.com/ar/post-new-or-edit-request/?requestid=1185084" "Mozilla/5.0 AppleWebKit/537.36 (KHTML, like Gecko; compatible; ClaudeBot/1.0; +claudebot@anthropic.com)"
216.73.216.243 - - [28/Aug/2026:15:33:47 +0000] "GET /ar/post-new-or-edit-request/?requestid=1189910 HTTP/1.1" 302 5 "-" "Mozilla/5.0 AppleWebKit/537.36 (KHTML, like Gecko; compatible; ClaudeBot/1.0; +claudebot@anthropic.com)"
216.73.216.243 - - [28/Aug/2026:15:33:53 +0000] "GET /ar/post-new-or-edit-request/?requestid=1194458 HTTP/1.1" 499 0 "https://wp.syrtalents.com/ar/post-new-or-edit-request/?requestid=1189910" "Mozilla/5.0 AppleWebKit/537.36 (KHTML, like Gecko; compatible; ClaudeBot/1.0; +claudebot@anthropic.com)"
216.73.216.243 - - [28/Aug/2026:15:34:19 +0000] "GET /ar/post-new-or-edit-request/?requestid=1191056 HTTP/1.1" 302 5 "-" "Mozilla/5.0 AppleWebKit/537.36 (KHTML, like Gecko; compatible; ClaudeBot/1.0; +claudebot@anthropic.com)"
216.73.216.243 - - [28/Aug/2026:15:34:25 +0000] "GET /ar/post-new-or-edit-request/?requestid=1194458 HTTP/1.1" 499 0 "https://wp.syrtalents.com/ar/post-new-or-edit-request/?requestid=1191056" "Mozilla/5.0 AppleWebKit/537.36 (KHTML, like Gecko; compatible; ClaudeBot/1.0; +claudebot@anthropic.com)"
216.73.216.243 - - [28/Aug/2026:15:34:51 +0000] "GET /ar/post-new-or-edit-request/?requestid=1184737 HTTP/1.1" 302 5 "-" "Mozilla/5.0 AppleWebKit/537.36 (KHTML, like Gecko; compatible; ClaudeBot/1.0; +claudebot@anthropic.com)"
216.73.216.243 - - [28/Aug/2026:15:34:57 +0000] "GET /ar/post-new-or-edit-request/?requestid=1194458 HTTP/1.1" 499 0 "https://wp.syrtalents.com/ar/post-new-or-edit-request/?requestid=1184737" "Mozilla/5.0 AppleWebKit/537.36 (KHTML, like Gecko; compatible; ClaudeBot/1.0; +claudebot@anthropic.com)"
220.181.108.168 - - [28/Aug/2026:15:35:52 +0000] "GET /post-new-or-edit-request/?requestid=1105902 HTTP/1.1" 302 5 "-" "Mozilla/5.0 (compatible; Baiduspider/2.0; +http://www.baidu.com/search/spider.html)"
220.181.108.168 - - [28/Aug/2026:15:35:56 +0000] "GET /post-new-or-edit-request/ HTTP/1.1" 302 5 "-" "Mozilla/5.0 (compatible; Baiduspider/2.0; +http://www.baidu.com/search/spider.html)"
220.181.108.105 - - [28/Aug/2026:15:36:00 +0000] "GET /post-new-or-edit-request/?requestid=1194459 HTTP/1.1" 200 35243 "-" "Mozilla/5.0 (compatible; Baiduspider/2.0; +http://www.baidu.com/search/spider.html)"
116.179.37.178 - - [28/Aug/2026:15:36:10 +0000] "GET /wp-includes/js/jquery/jquery.form.min.js?ver=4.3.0 HTTP/1.1" 200 5970 "https://wp.syrtalents.com/post-new-or-edit-request/?requestid=1194459" "Mozilla/5.0 (compatible; Baiduspider-render/2.0; +http://www.baidu.com/search/spider.html)"
66.249.64.70 - - [28/Aug/2026:15:36:13 +0000] "GET /robots.txt HTTP/1.1" 200 54 "-" "Mozilla/5.0 (compatible; Googlebot/2.1; +http://www.google.com/bot.html)"
66.249.64.68 - - [28/Aug/2026:15:36:18 +0000] "GET /post-new-or-edit-request/?gtm_latency=1 HTTP/1.1" 302 5 "-" "GoogleOther"
116.179.37.108 - - [28/Aug/2026:15:36:19 +0000] "POST /wp-admin/admin-ajax.php?action=un_config_get HTTP/1.1" 200 971 "https://wp.syrtalents.com/post-new-or-edit-request/?requestid=1194459" "Mozilla/5.0 (compatible; Baiduspider-render/2.0; +http://www.baidu.com/search/spider.html)"
66.249.64.68 - - [28/Aug/2026:15:36:23 +0000] "GET /post-new-or-edit-request/?requestid=1194460 HTTP/1.1" 200 35241 "-" "GoogleOther"
66.249.64.68 - - [28/Aug/2026:15:36:23 +0000] "GET /wp-includes/css/dashicons.min.css?ver=7.1 HTTP/1.1" 200 35766 "https://wp.syrtalents.com/post-new-or-edit-request/?requestid=1194460" "GoogleOther"
66.249.64.68 - - [28/Aug/2026:15:36:27 +0000] "GET /wp-content/plugins/ap-plugin-scripteo/frontend/css/all.css?ver=7.1 HTTP/1.1" 200 4748 "https://wp.syrtalents.com/post-new-or-edit-request/?requestid=1194460" "GoogleOther"
66.249.64.68 - - [28/Aug/2026:15:36:31 +0000] "GET /wp-content/plugins/ap-plugin-scripteo/frontend/css/asset/user-panel.css?ver=7.1 HTTP/1.1" 200 786 "https://wp.syrtalents.com/post-new-or-edit-request/?requestid=1194460" "GoogleOther"
66.249.64.68 - - [28/Aug/2026:15:36:34 +0000] "GET /wp-content/plugins/google-site-kit/dist/assets/js/googlesitekit-events-provider-content-events-33078016c5e1e9f07c35.js HTTP/1.1" 200 23 "https://wp.syrtalents.com/post-new-or-edit-request/?requestid=1194460" "GoogleOther"
66.249.64.68 - - [28/Aug/2026:15:36:37 +0000] "GET /wp-content/plugins/usernoise/js/usernoise.js?v=5.2.9 HTTP/1.1" 200 325932 "https://wp.syrtalents.com/post-new-or-edit-request/?requestid=1194460" "GoogleOther"
66.249.64.68 - - [28/Aug/2026:15:36:45 +0000] "POST /wp-admin/admin-ajax.php?action=un_config_get HTTP/1.1" 200 972 "https://wp.syrtalents.com/post-new-or-edit-request/?requestid=1194460" "GoogleOther"
216.73.217.179 - - [28/Aug/2026:15:37:31 +0000] "GET /post-new-or-edit-request/?requestid=1193828 HTTP/1.1" 302 5 "-" "Mozilla/5.0 AppleWebKit/537.36 (KHTML, like Gecko; compatible; ClaudeBot/1.0; +claudebot@anthropic.com)"
216.73.217.179 - - [28/Aug/2026:15:37:34 +0000] "GET /post-new-or-edit-request/ HTTP/1.1" 302 5 "https://wp.syrtalents.com/post-new-or-edit-request/?requestid=1193828" "Mozilla/5.0 AppleWebKit/537.36 (KHTML, like Gecko; compatible; ClaudeBot/1.0; +claudebot@anthropic.com)"
216.73.217.179 - - [28/Aug/2026:15:37:36 +0000] "GET /post-new-or-edit-request/?requestid=1194461 HTTP/1.1" 499 0 "https://wp.syrtalents.com/post-new-or-edit-request/" "Mozilla/5.0 AppleWebKit/537.36 (KHTML, like Gecko; compatible; ClaudeBot/1.0; +claudebot@anthropic.com)"
72.167.149.90 - - [28/Aug/2026:15:38:02 +0000] "POST /wp-cron.php?doing_wp_cron=1787931481.6269578933715820312500 HTTP/1.1" 499 0 "-" "WordPress/7.1; https://wp.syrtalents.com/ar"
216.73.217.179 - - [28/Aug/2026:15:38:02 +0000] "GET /ar/post-new-or-edit-request/?requestid=1193757 HTTP/1.1" 302 5 "-" "Mozilla/5.0 AppleWebKit/537.36 (KHTML, like Gecko; compatible; ClaudeBot/1.0; +claudebot@anthropic.com)"
216.73.217.179 - - [28/Aug/2026:15:38:06 +0000] "GET /ar/post-new-or-edit-request/ HTTP/1.1" 302 5 "https://wp.syrtalents.com/ar/post-new-or-edit-request/?requestid=1193757" "Mozilla/5.0 AppleWebKit/537.36 (KHTML, like Gecko; compatible; ClaudeBot/1.0; +claudebot@anthropic.com)"
216.73.217.179 - - [28/Aug/2026:15:38:06 +0000] "GET /ar/post-new-or-edit-request/?requestid=1194462 HTTP/1.1" 499 0 "https://wp.syrtalents.com/ar/post-new-or-edit-request/" "Mozilla/5.0 AppleWebKit/537.36 (KHTML, like Gecko; compatible; ClaudeBot/1.0; +claudebot@anthropic.com)"
216.73.217.179 - - [28/Aug/2026:15:38:29 +0000] "GET /ar/post-new-or-edit-request/?requestid=1194193 HTTP/1.1" 302 5 "-" "Mozilla/5.0 AppleWebKit/537.36 (KHTML, like Gecko; compatible; ClaudeBot/1.0; +claudebot@anthropic.com)"
216.73.217.179 - - [28/Aug/2026:15:38:31 +0000] "GET /ar/post-new-or-edit-request/ HTTP/1.1" 302 5 "https://wp.syrtalents.com/ar/post-new-or-edit-request/?requestid=1194193" "Mozilla/5.0 AppleWebKit/537.36 (KHTML, like Gecko; compatible; ClaudeBot/1.0; +claudebot@anthropic.com)"
216.73.217.179 - - [28/Aug/2026:15:38:36 +0000] "GET /ar/post-new-or-edit-request/?requestid=1194463 HTTP/1.1" 200 37829 "https://wp.syrtalents.com/ar/post-new-or-edit-request/" "Mozilla/5.0 AppleWebKit/537.36 (KHTML, like Gecko; compatible; ClaudeBot/1.0; +claudebot@anthropic.com)"
216.73.217.179 - - [28/Aug/2026:15:39:00 +0000] "GET /post-new-or-edit-request/?requestid=1180433 HTTP/1.1" 302 5 "-" "Mozilla/5.0 AppleWebKit/537.36 (KHTML, like Gecko; compatible; ClaudeBot/1.0; +claudebot@anthropic.com)"
216.73.217.179 - - [28/Aug/2026:15:39:05 +0000] "GET /post-new-or-edit-request/ HTTP/1.1" 302 5 "https://wp.syrtalents.com/post-new-or-edit-request/?requestid=1180433" "Mozilla/5.0 AppleWebKit/537.36 (KHTML, like Gecko; compatible; ClaudeBot/1.0; +claudebot@anthropic.com)"
216.73.217.179 - - [28/Aug/2026:15:39:07 +0000] "GET /post-new-or-edit-request/?requestid=1194464 HTTP/1.1" 499 0 "https://wp.syrtalents.com/post-new-or-edit-request/" "Mozilla/5.0 AppleWebKit/537.36 (KHTML, like Gecko; compatible; ClaudeBot/1.0; +claudebot@anthropic.com)"
216.73.217.68 - - [28/Aug/2026:15:39:29 +0000] "GET /post-new-or-edit-request/?requestid=1188845 HTTP/1.1" 302 5 "-" "Mozilla/5.0 AppleWebKit/537.36 (KHTML, like Gecko; compatible; ClaudeBot/1.0; +claudebot@anthropic.com)"
216.73.217.68 - - [28/Aug/2026:15:39:32 +0000] "GET /post-new-or-edit-request/ HTTP/1.1" 302 5 "https://wp.syrtalents.com/post-new-or-edit-request/?requestid=1188845" "Mozilla/5.0 AppleWebKit/537.36 (KHTML, like Gecko; compatible; ClaudeBot/1.0; +claudebot@anthropic.com)"
216.73.217.68 - - [28/Aug/2026:15:39:37 +0000] "GET /post-new-or-edit-request/?requestid=1194465 HTTP/1.1" 200 35245 "https://wp.syrtalents.com/post-new-or-edit-request/" "Mozilla/5.0 AppleWebKit/537.36 (KHTML, like Gecko; compatible; ClaudeBot/1.0; +claudebot@anthropic.com)"
216.73.217.179 - - [28/Aug/2026:15:40:04 +0000] "GET /ar/post-new-or-edit-request/?requestid=1187227 HTTP/1.1" 302 5 "-" "Mozilla/5.0 AppleWebKit/537.36 (KHTML, like Gecko; compatible; ClaudeBot/1.0; +claudebot@anthropic.com)"
216.73.217.179 - - [28/Aug/2026:15:40:08 +0000] "GET /ar/post-new-or-edit-request/ HTTP/1.1" 499 0 "https://wp.syrtalents.com/ar/post-new-or-edit-request/?requestid=1187227" "Mozilla/5.0 AppleWebKit/537.36 (KHTML, like Gecko; compatible; ClaudeBot/1.0; +claudebot@anthropic.com)"
72.167.149.90 - - [28/Aug/2026:15:40:11 +0000] "POST /wp-cron.php?doing_wp_cron=1787931610.8953230381011962890625 HTTP/1.1" 499 0 "-" "WordPress/7.1; https://wp.syrtalents.com/ar"
216.73.217.179 - - [28/Aug/2026:15:40:33 +0000] "GET /ar/post-new-or-edit-request/?requestid=1190324 HTTP/1.1" 302 5 "-" "Mozilla/5.0 AppleWebKit/537.36 (KHTML, like Gecko; compatible; ClaudeBot/1.0; +claudebot@anthropic.com)"
216.73.217.179 - - [28/Aug/2026:15:40:36 +0000] "GET /ar/post-new-or-edit-request/ HTTP/1.1" 302 5 "https://wp.syrtalents.com/ar/post-new-or-edit-request/?requestid=1190324" "Mozilla/5.0 AppleWebKit/537.36 (KHTML, like Gecko; compatible; ClaudeBot/1.0; +claudebot@anthropic.com)"
216.73.217.179 - - [28/Aug/2026:15:40:40 +0000] "GET /ar/post-new-or-edit-request/?requestid=1194467 HTTP/1.1" 499 0 "https://wp.syrtalents.com/ar/post-new-or-edit-request/" "Mozilla/5.0 AppleWebKit/537.36 (KHTML, like Gecko; compatible; ClaudeBot/1.0; +claudebot@anthropic.com)"
216.73.217.179 - - [28/Aug/2026:15:40:49 +0000] "GET /post-new-or-edit-request/?requestid=1187239 HTTP/1.1" 302 5 "-" "Mozilla/5.0 AppleWebKit/537.36 (KHTML, like Gecko; compatible; ClaudeBot/1.0; +claudebot@anthropic.com)"
216.73.217.179 - - [28/Aug/2026:15:40:54 +0000] "GET /post-new-or-edit-request/?requestid=1194464 HTTP/1.1" 200 35240 "https://wp.syrtalents.com/post-new-or-edit-request/?requestid=1187239" "Mozilla/5.0 AppleWebKit/537.36 (KHTML, like Gecko; compatible; ClaudeBot/1.0; +claudebot@anthropic.com)"
216.73.217.179 - - [28/Aug/2026:15:41:20 +0000] "GET /post-new-or-edit-request/?requestid=1189085 HTTP/1.1" 302 5 "-" "Mozilla/5.0 AppleWebKit/537.36 (KHTML, like Gecko; compatible; ClaudeBot/1.0; +claudebot@anthropic.com)"
216.73.217.179 - - [28/Aug/2026:15:41:24 +0000] "GET /post-new-or-edit-request/?requestid=1194464 HTTP/1.1" 200 35242 "https://wp.syrtalents.com/post-new-or-edit-request/?requestid=1189085" "Mozilla/5.0 AppleWebKit/537.36 (KHTML, like Gecko; compatible; ClaudeBot/1.0; +claudebot@anthropic.com)"
216.73.217.179 - - [28/Aug/2026:15:41:53 +0000] "GET /post-new-or-edit-request/?requestid=1173552 HTTP/1.1" 302 5 "-" "Mozilla/5.0 AppleWebKit/537.36 (KHTML, like Gecko; compatible; ClaudeBot/1.0; +claudebot@anthropic.com)"
216.73.217.179 - - [28/Aug/2026:15:41:56 +0000] "GET /post-new-or-edit-request/?requestid=1194464 HTTP/1.1" 200 35240 "https://wp.syrtalents.com/post-new-or-edit-request/?requestid=1173552" "Mozilla/5.0 AppleWebKit/537.36 (KHTML, like Gecko; compatible; ClaudeBot/1.0; +claudebot@anthropic.com)"
216.73.217.179 - - [28/Aug/2026:15:42:24 +0000] "GET /post-new-or-edit-request/?requestid=1177151 HTTP/1.1" 302 5 "-" "Mozilla/5.0 AppleWebKit/537.36 (KHTML, like Gecko; compatible; ClaudeBot/1.0; +claudebot@anthropic.com)"
216.73.217.179 - - [28/Aug/2026:15:42:29 +0000] "GET /post-new-or-edit-request/?requestid=1194464 HTTP/1.1" 200 35240 "https://wp.syrtalents.com/post-new-or-edit-request/?requestid=1177151" "Mozilla/5.0 AppleWebKit/537.36 (KHTML, like Gecko; compatible; ClaudeBot/1.0; +claudebot@anthropic.com)"
72.167.149.90 - - [28/Aug/2026:15:43:23 +0000] "POST /wp-cron.php?doing_wp_cron=1787931802.4348509311676025390625 HTTP/1.1" 499 0 "-" "WordPress/7.1; https://wp.syrtalents.com"
216.73.217.68 - - [28/Aug/2026:15:43:23 +0000] "GET /robots.txt HTTP/1.1" 200 54 "-" "Mozilla/5.0 AppleWebKit/537.36 (KHTML, like Gecko; compatible; ClaudeBot/1.0; +claudebot@anthropic.com)"
216.73.217.68 - - [28/Aug/2026:15:43:26 +0000] "GET /post-new-or-edit-request/?requestid=1194041 HTTP/1.1" 302 5 "-" "Mozilla/5.0 AppleWebKit/537.36 (KHTML, like Gecko; compatible; ClaudeBot/1.0; +claudebot@anthropic.com)"
216.73.217.68 - - [28/Aug/2026:15:43:28 +0000] "GET /post-new-or-edit-request/?requestid=1193471 HTTP/1.1" 302 5 "-" "Mozilla/5.0 AppleWebKit/537.36 (KHTML, like Gecko; compatible; ClaudeBot/1.0; +claudebot@anthropic.com)"
216.73.217.68 - - [28/Aug/2026:15:43:31 +0000] "GET /post-new-or-edit-request/ HTTP/1.1" 302 5 "https://wp.syrtalents.com/post-new-or-edit-request/?requestid=1194041" "Mozilla/5.0 AppleWebKit/537.36 (KHTML, like Gecko; compatible; ClaudeBot/1.0; +claudebot@anthropic.com)"
216.73.217.68 - - [28/Aug/2026:15:43:33 +0000] "GET /post-new-or-edit-request/?requestid=1194468 HTTP/1.1" 499 0 "https://wp.syrtalents.com/post-new-or-edit-request/" "Mozilla/5.0 AppleWebKit/537.36 (KHTML, like Gecko; compatible; ClaudeBot/1.0; +claudebot@anthropic.com)"
216.73.217.68 - - [28/Aug/2026:15:43:33 +0000] "GET /post-new-or-edit-request/ HTTP/1.1" 302 5 "https://wp.syrtalents.com/post-new-or-edit-request/?requestid=1193471" "Mozilla/5.0 AppleWebKit/537.36 (KHTML, like Gecko; compatible; ClaudeBot/1.0; +claudebot@anthropic.com)"
216.73.217.68 - - [28/Aug/2026:15:43:34 +0000] "GET /post-new-or-edit-request/?requestid=1194469 HTTP/1.1" 499 0 "https://wp.syrtalents.com/post-new-or-edit-request/" "Mozilla/5.0 AppleWebKit/537.36 (KHTML, like Gecko; compatible; ClaudeBot/1.0; +claudebot@anthropic.com)"
216.73.217.68 - - [28/Aug/2026:15:43:42 +0000] "GET /post-new-or-edit-request/?requestid=1193097 HTTP/1.1" 302 5 "-" "Mozilla/5.0 AppleWebKit/537.36 (KHTML, like Gecko; compatible; ClaudeBot/1.0; +claudebot@anthropic.com)"
216.73.217.68 - - [28/Aug/2026:15:43:43 +0000] "GET /post-new-or-edit-request/?requestid=1194468 HTTP/1.1" 499 0 "https://wp.syrtalents.com/post-new-or-edit-request/?requestid=1193097" "Mozilla/5.0 AppleWebKit/537.36 (KHTML, like Gecko; compatible; ClaudeBot/1.0; +claudebot@anthropic.com)"
216.73.217.68 - - [28/Aug/2026:15:43:44 +0000] "GET /post-new-or-edit-request/?requestid=1193149 HTTP/1.1" 499 0 "-" "Mozilla/5.0 AppleWebKit/537.36 (KHTML, like Gecko; compatible; ClaudeBot/1.0; +claudebot@anthropic.com)"
216.73.217.68 - - [28/Aug/2026:15:43:48 +0000] "GET /post-new-or-edit-request/?requestid=1193145 HTTP/1.1" 302 5 "-" "Mozilla/5.0 AppleWebKit/537.36 (KHTML, like Gecko; compatible; ClaudeBot/1.0; +claudebot@anthropic.com)"
216.73.217.68 - - [28/Aug/2026:15:43:53 +0000] "GET /post-new-or-edit-request/?requestid=1194469 HTTP/1.1" 499 0 "https://wp.syrtalents.com/post-new-or-edit-request/?requestid=1193145" "Mozilla/5.0 AppleWebKit/537.36 (KHTML, like Gecko; compatible; ClaudeBot/1.0; +claudebot@anthropic.com)"
216.73.217.68 - - [28/Aug/2026:15:43:54 +0000] "GET /post-new-or-edit-request/?requestid=1193379 HTTP/1.1" 499 0 "-" "Mozilla/5.0 AppleWebKit/537.36 (KHTML, like Gecko; compatible; ClaudeBot/1.0; +claudebot@anthropic.com)"
216.73.217.68 - - [28/Aug/2026:15:43:59 +0000] "GET /post-new-or-edit-request/?requestid=1191414 HTTP/1.1" 302 5 "-" "Mozilla/5.0 AppleWebKit/537.36 (KHTML, like Gecko; compatible; ClaudeBot/1.0; +claudebot@anthropic.com)"
216.73.217.68 - - [28/Aug/2026:15:44:00 +0000] "GET /post-new-or-edit-request/?requestid=1193453 HTTP/1.1" 302 5 "-" "Mozilla/5.0 AppleWebKit/537.36 (KHTML, like Gecko; compatible; ClaudeBot/1.0; +claudebot@anthropic.com)"
216.73.217.68 - - [28/Aug/2026:15:44:02 +0000] "GET /post-new-or-edit-request/ HTTP/1.1" 302 5 "https://wp.syrtalents.com/post-new-or-edit-request/?requestid=1191414" "Mozilla/5.0 AppleWebKit/537.36 (KHTML, like Gecko; compatible; ClaudeBot/1.0; +claudebot@anthropic.com)"
216.73.217.68 - - [28/Aug/2026:15:44:03 +0000] "GET /post-new-or-edit-request/?requestid=1194469 HTTP/1.1" 499 0 "https://wp.syrtalents.com/post-new-or-edit-request/?requestid=1193453" "Mozilla/5.0 AppleWebKit/537.36 (KHTML, like Gecko; compatible; ClaudeBot/1.0; +claudebot@anthropic.com)"
216.73.217.68 - - [28/Aug/2026:15:44:06 +0000] "GET /post-new-or-edit-request/?requestid=1194470 HTTP/1.1" 499 0 "https://wp.syrtalents.com/post-new-or-edit-request/" "Mozilla/5.0 AppleWebKit/537.36 (KHTML, like Gecko; compatible; ClaudeBot/1.0; +claudebot@anthropic.com)"
216.73.217.68 - - [28/Aug/2026:15:44:11 +0000] "GET /post-new-or-edit-request/?requestid=1194217 HTTP/1.1" 302 5 "-" "Mozilla/5.0 AppleWebKit/537.36 (KHTML, like Gecko; compatible; ClaudeBot/1.0; +claudebot@anthropic.com)"
216.73.217.68 - - [28/Aug/2026:15:44:16 +0000] "GET /post-new-or-edit-request/?requestid=1194470 HTTP/1.1" 499 0 "https://wp.syrtalents.com/post-new-or-edit-request/?requestid=1194217" "Mozilla/5.0 AppleWebKit/537.36 (KHTML, like Gecko; compatible; ClaudeBot/1.0; +claudebot@anthropic.com)"
216.73.217.68 - - [28/Aug/2026:15:44:20 +0000] "GET /ar/post-new-or-edit-request/?requestid=1193232 HTTP/1.1" 302 5 "-" "Mozilla/5.0 AppleWebKit/537.36 (KHTML, like Gecko; compatible; ClaudeBot/1.0; +claudebot@anthropic.com)"
216.73.217.68 - - [28/Aug/2026:15:44:26 +0000] "GET /ar/post-new-or-edit-request/?requestid=1194470 HTTP/1.1" 499 0 "https://wp.syrtalents.com/ar/post-new-or-edit-request/?requestid=1193232" "Mozilla/5.0 AppleWebKit/537.36 (KHTML, like Gecko; compatible; ClaudeBot/1.0; +claudebot@anthropic.com)"
216.73.217.68 - - [28/Aug/2026:15:44:29 +0000] "GET /ar/post-new-or-edit-request/?requestid=1192005 HTTP/1.1" 302 5 "-" "Mozilla/5.0 AppleWebKit/537.36 (KHTML, like Gecko; compatible; ClaudeBot/1.0; +claudebot@anthropic.com)"
216.73.217.68 - - [28/Aug/2026:15:44:33 +0000] "GET /ar/post-new-or-edit-request/?requestid=1194470 HTTP/1.1" 200 37829 "https://wp.syrtalents.com/ar/post-new-or-edit-request/?requestid=1192005" "Mozilla/5.0 AppleWebKit/537.36 (KHTML, like Gecko; compatible; ClaudeBot/1.0; +claudebot@anthropic.com)"
216.73.217.68 - - [28/Aug/2026:15:44:36 +0000] "GET /post-new-or-edit-request/?requestid=1183466 HTTP/1.1" 302 5 "-" "Mozilla/5.0 AppleWebKit/537.36 (KHTML, like Gecko; compatible; ClaudeBot/1.0; +claudebot@anthropic.com)"
216.73.217.68 - - [28/Aug/2026:15:44:40 +0000] "GET /post-new-or-edit-request/?requestid=1194470 HTTP/1.1" 200 35237 "https://wp.syrtalents.com/post-new-or-edit-request/?requestid=1183466" "Mozilla/5.0 AppleWebKit/537.36 (KHTML, like Gecko; compatible; ClaudeBot/1.0; +claudebot@anthropic.com)"
216.73.217.68 - - [28/Aug/2026:15:44:44 +0000] "GET /post-new-or-edit-request/?requestid=1187850 HTTP/1.1" 302 5 "-" "Mozilla/5.0 AppleWebKit/537.36 (KHTML, like Gecko; compatible; ClaudeBot/1.0; +claudebot@anthropic.com)"
216.73.216.61 - - [28/Aug/2026:15:44:47 +0000] "GET /ar/post-new-or-edit-request/?requestid=1187005 HTTP/1.1" 302 5 "-" "Mozilla/5.0 AppleWebKit/537.36 (KHTML, like Gecko; compatible; ClaudeBot/1.0; +claudebot@anthropic.com)"
216.73.217.68 - - [28/Aug/2026:15:44:48 +0000] "GET /post-new-or-edit-request/?requestid=1194470 HTTP/1.1" 200 35240 "https://wp.syrtalents.com/post-new-or-edit-request/?requestid=1187850" "Mozilla/5.0 AppleWebKit/537.36 (KHTML, like Gecko; compatible; ClaudeBot/1.0; +claudebot@anthropic.com)"
216.73.216.61 - - [28/Aug/2026:15:44:52 +0000] "GET /ar/post-new-or-edit-request/ HTTP/1.1" 302 5 "https://wp.syrtalents.com/ar/post-new-or-edit-request/?requestid=1187005" "Mozilla/5.0 AppleWebKit/537.36 (KHTML, like Gecko; compatible; ClaudeBot/1.0; +claudebot@anthropic.com)"
216.73.216.61 - - [28/Aug/2026:15:44:54 +0000] "GET /ar/post-new-or-edit-request/?requestid=1194471 HTTP/1.1" 499 0 "https://wp.syrtalents.com/ar/post-new-or-edit-request/" "Mozilla/5.0 AppleWebKit/537.36 (KHTML, like Gecko; compatible; ClaudeBot/1.0; +claudebot@anthropic.com)"
216.73.216.61 - - [28/Aug/2026:15:44:59 +0000] "GET /post-new-or-edit-request/?requestid=1188438 HTTP/1.1" 302 5 "-" "Mozilla/5.0 AppleWebKit/537.36 (KHTML, like Gecko; compatible; ClaudeBot/1.0; +claudebot@anthropic.com)"
216.73.216.61 - - [28/Aug/2026:15:45:04 +0000] "GET /post-new-or-edit-request/?requestid=1194471 HTTP/1.1" 499 0 "https://wp.syrtalents.com/post-new-or-edit-request/?requestid=1188438" "Mozilla/5.0 AppleWebKit/537.36 (KHTML, like Gecko; compatible; ClaudeBot/1.0; +claudebot@anthropic.com)"
216.73.216.61 - - [28/Aug/2026:15:45:12 +0000] "GET /post-new-or-edit-request/?requestid=1191959 HTTP/1.1" 302 5 "-" "Mozilla/5.0 AppleWebKit/537.36 (KHTML, like Gecko; compatible; ClaudeBot/1.0; +claudebot@anthropic.com)"
216.73.216.61 - - [28/Aug/2026:15:45:14 +0000] "GET /post-new-or-edit-request/?requestid=1194471 HTTP/1.1" 499 0 "https://wp.syrtalents.com/post-new-or-edit-request/?requestid=1191959" "Mozilla/5.0 AppleWebKit/537.36 (KHTML, like Gecko; compatible; ClaudeBot/1.0; +claudebot@anthropic.com)"
216.73.216.61 - - [28/Aug/2026:15:45:19 +0000] "GET /ar/post-new-or-edit-request/?requestid=1189181 HTTP/1.1" 302 5 "-" "Mozilla/5.0 AppleWebKit/537.36 (KHTML, like Gecko; compatible; ClaudeBot/1.0; +claudebot@anthropic.com)"
216.73.216.61 - - [28/Aug/2026:15:45:24 +0000] "GET /ar/post-new-or-edit-request/?requestid=1194471 HTTP/1.1" 200 15702 "https://wp.syrtalents.com/ar/post-new-or-edit-request/?requestid=1189181" "Mozilla/5.0 AppleWebKit/537.36 (KHTML, like Gecko; compatible; ClaudeBot/1.0; +claudebot@anthropic.com)"
216.73.216.61 - - [28/Aug/2026:15:45:27 +0000] "GET /post-new-or-edit-request/?requestid=1188649 HTTP/1.1" 302 5 "-" "Mozilla/5.0 AppleWebKit/537.36 (KHTML, like Gecko; compatible; ClaudeBot/1.0; +claudebot@anthropic.com)"
216.73.216.61 - - [28/Aug/2026:15:45:32 +0000] "GET /post-new-or-edit-request/?requestid=1194471 HTTP/1.1" 200 35241 "https://wp.syrtalents.com/post-new-or-edit-request/?requestid=1188649" "Mozilla/5.0 AppleWebKit/537.36 (KHTML, like Gecko; compatible; ClaudeBot/1.0; +claudebot@anthropic.com)"
216.73.216.61 - - [28/Aug/2026:15:45:35 +0000] "GET /post-new-or-edit-request/?requestid=1189860 HTTP/1.1" 302 5 "-" "Mozilla/5.0 AppleWebKit/537.36 (KHTML, like Gecko; compatible; ClaudeBot/1.0; +claudebot@anthropic.com)"
216.73.216.61 - - [28/Aug/2026:15:45:40 +0000] "GET /post-new-or-edit-request/?requestid=1194471 HTTP/1.1" 200 35238 "https://wp.syrtalents.com/post-new-or-edit-request/?requestid=1189860" "Mozilla/5.0 AppleWebKit/537.36 (KHTML, like Gecko; compatible; ClaudeBot/1.0; +claudebot@anthropic.com)"
220.181.108.169 - - [28/Aug/2026:15:45:44 +0000] "GET /post-new-or-edit-request/?requestid=1106408 HTTP/1.1" 302 5 "-" "Mozilla/5.0 (compatible; Baiduspider/2.0; +http://www.baidu.com/search/spider.html)"
216.73.216.61 - - [28/Aug/2026:15:45:45 +0000] "GET /post-new-or-edit-request/?requestid=1188382 HTTP/1.1" 302 5 "-" "Mozilla/5.0 AppleWebKit/537.36 (KHTML, like Gecko; compatible; ClaudeBot/1.0; +claudebot@anthropic.com)"
216.73.217.68 - - [28/Aug/2026:15:45:48 +0000] "GET /ar/post-new-or-edit-request/?requestid=1178705 HTTP/1.1" 302 5 "-" "Mozilla/5.0 AppleWebKit/537.36 (KHTML, like Gecko; compatible; ClaudeBot/1.0; +claudebot@anthropic.com)"
216.73.216.61 - - [28/Aug/2026:15:45:49 +0000] "GET /post-new-or-edit-request/?requestid=1194471 HTTP/1.1" 200 35239 "https://wp.syrtalents.com/post-new-or-edit-request/?requestid=1188382" "Mozilla/5.0 AppleWebKit/537.36 (KHTML, like Gecko; compatible; ClaudeBot/1.0; +claudebot@anthropic.com)"
220.181.108.146 - - [28/Aug/2026:15:45:50 +0000] "GET /post-new-or-edit-request/ HTTP/1.1" 302 5 "-" "Mozilla/5.0 (compatible; Baiduspider/2.0; +http://www.baidu.com/search/spider.html)"
216.73.217.68 - - [28/Aug/2026:15:45:51 +0000] "GET /ar/post-new-or-edit-request/ HTTP/1.1" 302 5 "https://wp.syrtalents.com/ar/post-new-or-edit-request/?requestid=1178705" "Mozilla/5.0 AppleWebKit/537.36 (KHTML, like Gecko; compatible; ClaudeBot/1.0; +claudebot@anthropic.com)"
216.73.217.68 - - [28/Aug/2026:15:45:54 +0000] "GET /ar/post-new-or-edit-request/?requestid=1194473 HTTP/1.1" 499 0 "https://wp.syrtalents.com/ar/post-new-or-edit-request/" "Mozilla/5.0 AppleWebKit/537.36 (KHTML, like Gecko; compatible; ClaudeBot/1.0; +claudebot@anthropic.com)"
220.181.108.166 - - [28/Aug/2026:15:45:55 +0000] "GET /post-new-or-edit-request/?requestid=1194472 HTTP/1.1" 200 35239 "-" "Mozilla/5.0 (compatible; Baiduspider/2.0; +http://www.baidu.com/search/spider.html)"
216.73.217.68 - - [28/Aug/2026:15:45:57 +0000] "GET /ar/post-new-or-edit-request/?requestid=1192233 HTTP/1.1" 302 5 "-" "Mozilla/5.0 AppleWebKit/537.36 (KHTML, like Gecko; compatible; ClaudeBot/1.0; +claudebot@anthropic.com)"
216.73.217.68 - - [28/Aug/2026:15:46:03 +0000] "GET /ar/post-new-or-edit-request/?requestid=1194473 HTTP/1.1" 200 37828 "https://wp.syrtalents.com/ar/post-new-or-edit-request/?requestid=1192233" "Mozilla/5.0 AppleWebKit/537.36 (KHTML, like Gecko; compatible; ClaudeBot/1.0; +claudebot@anthropic.com)"
216.73.217.68 - - [28/Aug/2026:15:46:07 +0000] "GET /ar/post-new-or-edit-request/?requestid=1190877 HTTP/1.1" 302 5 "-" "Mozilla/5.0 AppleWebKit/537.36 (KHTML, like Gecko; compatible; ClaudeBot/1.0; +claudebot@anthropic.com)"
216.73.217.68 - - [28/Aug/2026:15:46:12 +0000] "GET /ar/post-new-or-edit-request/?requestid=1194473 HTTP/1.1" 200 37828 "https://wp.syrtalents.com/ar/post-new-or-edit-request/?requestid=1190877" "Mozilla/5.0 AppleWebKit/537.36 (KHTML, like Gecko; compatible; ClaudeBot/1.0; +claudebot@anthropic.com)"
116.179.37.51 - - [28/Aug/2026:15:46:13 +0000] "POST /wp-admin/admin-ajax.php?action=un_config_get HTTP/1.1" 200 972 "https://wp.syrtalents.com/post-new-or-edit-request/?requestid=1194472" "Mozilla/5.0 (compatible; Baiduspider-render/2.0; +http://www.baidu.com/search/spider.html)"
216.73.217.68 - - [28/Aug/2026:15:46:14 +0000] "GET /ar/post-new-or-edit-request/?requestid=1192187 HTTP/1.1" 302 5 "-" "Mozilla/5.0 AppleWebKit/537.36 (KHTML, like Gecko; compatible; ClaudeBot/1.0; +claudebot@anthropic.com)"
216.73.217.68 - - [28/Aug/2026:15:46:17 +0000] "GET /ar/post-new-or-edit-request/?requestid=1194473 HTTP/1.1" 200 37826 "https://wp.syrtalents.com/ar/post-new-or-edit-request/?requestid=1192187" "Mozilla/5.0 AppleWebKit/537.36 (KHTML, like Gecko; compatible; ClaudeBot/1.0; +claudebot@anthropic.com)"
216.73.217.68 - - [28/Aug/2026:15:46:20 +0000] "GET /ar/post-new-or-edit-request/?requestid=1194053 HTTP/1.1" 302 5 "-" "Mozilla/5.0 AppleWebKit/537.36 (KHTML, like Gecko; compatible; ClaudeBot/1.0; +claudebot@anthropic.com)"
216.73.217.68 - - [28/Aug/2026:15:46:23 +0000] "GET /ar/post-new-or-edit-request/?requestid=1194473 HTTP/1.1" 200 37830 "https://wp.syrtalents.com/ar/post-new-or-edit-request/?requestid=1194053" "Mozilla/5.0 AppleWebKit/537.36 (KHTML, like Gecko; compatible; ClaudeBot/1.0; +claudebot@anthropic.com)"
216.73.217.68 - - [28/Aug/2026:15:46:26 +0000] "GET /ar/post-new-or-edit-request/?requestid=1194384 HTTP/1.1" 302 5 "-" "Mozilla/5.0 AppleWebKit/537.36 (KHTML, like Gecko; compatible; ClaudeBot/1.0; +claudebot@anthropic.com)"
216.73.217.68 - - [28/Aug/2026:15:46:31 +0000] "GET /ar/post-new-or-edit-request/?requestid=1194473 HTTP/1.1" 200 37828 "https://wp.syrtalents.com/ar/post-new-or-edit-request/?requestid=1194384" "Mozilla/5.0 AppleWebKit/537.36 (KHTML, like Gecko; compatible; ClaudeBot/1.0; +claudebot@anthropic.com)"
216.73.217.68 - - [28/Aug/2026:15:46:36 +0000] "GET /ar/post-new-or-edit-request/?requestid=1193971 HTTP/1.1" 302 5 "-" "Mozilla/5.0 AppleWebKit/537.36 (KHTML, like Gecko; compatible; ClaudeBot/1.0; +claudebot@anthropic.com)"
216.73.217.68 - - [28/Aug/2026:15:46:43 +0000] "GET /ar/post-new-or-edit-request/?requestid=1194473 HTTP/1.1" 499 0 "https://wp.syrtalents.com/ar/post-new-or-edit-request/?requestid=1193971" "Mozilla/5.0 AppleWebKit/537.36 (KHTML, like Gecko; compatible; ClaudeBot/1.0; +claudebot@anthropic.com)"
216.73.217.68 - - [28/Aug/2026:15:46:51 +0000] "GET /ar/post-new-or-edit-request/?requestid=1194022 HTTP/1.1" 302 5 "-" "Mozilla/5.0 AppleWebKit/537.36 (KHTML, like Gecko; compatible; ClaudeBot/1.0; +claudebot@anthropic.com)"
216.73.217.68 - - [28/Aug/2026:15:46:55 +0000] "GET /ar/post-new-or-edit-request/?requestid=1194473 HTTP/1.1" 200 37829 "https://wp.syrtalents.com/ar/post-new-or-edit-request/?requestid=1194022" "Mozilla/5.0 AppleWebKit/537.36 (KHTML, like Gecko; compatible; ClaudeBot/1.0; +claudebot@anthropic.com)"
216.73.217.68 - - [28/Aug/2026:15:47:24 +0000] "GET /ar/post-new-or-edit-request/?requestid=1194306 HTTP/1.1" 302 5 "-" "Mozilla/5.0 AppleWebKit/537.36 (KHTML, like Gecko; compatible; ClaudeBot/1.0; +claudebot@anthropic.com)"
216.73.217.68 - - [28/Aug/2026:15:47:28 +0000] "GET /ar/post-new-or-edit-request/?requestid=1194473 HTTP/1.1" 200 37828 "https://wp.syrtalents.com/ar/post-new-or-edit-request/?requestid=1194306" "Mozilla/5.0 AppleWebKit/537.36 (KHTML, like Gecko; compatible; ClaudeBot/1.0; +claudebot@anthropic.com)"
72.167.149.90 - - [28/Aug/2026:15:50:11 +0000] "POST /wp-cron.php?doing_wp_cron=1787932210.7573220729827880859375 HTTP/1.1" 499 0 "-" "WordPress/7.1; https://wp.syrtalents.com"
216.73.216.101 - - [28/Aug/2026:15:50:11 +0000] "GET /post-new-or-edit-request/?requestid=1192914 HTTP/1.1" 302 5 "-" "Mozilla/5.0 AppleWebKit/537.36 (KHTML, like Gecko; compatible; ClaudeBot/1.0; +claudebot@anthropic.com)"
216.73.216.101 - - [28/Aug/2026:15:50:14 +0000] "GET /post-new-or-edit-request/ HTTP/1.1" 302 5 "https://wp.syrtalents.com/post-new-or-edit-request/?requestid=1192914" "Mozilla/5.0 AppleWebKit/537.36 (KHTML, like Gecko; compatible; ClaudeBot/1.0; +claudebot@anthropic.com)"
216.73.216.101 - - [28/Aug/2026:15:50:16 +0000] "GET /post-new-or-edit-request/?requestid=1194474 HTTP/1.1" 499 0 "https://wp.syrtalents.com/post-new-or-edit-request/" "Mozilla/5.0 AppleWebKit/537.36 (KHTML, like Gecko; compatible; ClaudeBot/1.0; +claudebot@anthropic.com)"
216.73.216.101 - - [28/Aug/2026:15:50:38 +0000] "GET /post-new-or-edit-request/?requestid=1193275 HTTP/1.1" 302 5 "-" "Mozilla/5.0 AppleWebKit/537.36 (KHTML, like Gecko; compatible; ClaudeBot/1.0; +claudebot@anthropic.com)"
216.73.216.101 - - [28/Aug/2026:15:50:40 +0000] "GET /post-new-or-edit-request/ HTTP/1.1" 302 5 "https://wp.syrtalents.com/post-new-or-edit-request/?requestid=1193275" "Mozilla/5.0 AppleWebKit/537.36 (KHTML, like Gecko; compatible; ClaudeBot/1.0; +claudebot@anthropic.com)"
216.73.216.101 - - [28/Aug/2026:15:50:43 +0000] "GET /post-new-or-edit-request/?requestid=1194475 HTTP/1.1" 200 35244 "https://wp.syrtalents.com/post-new-or-edit-request/" "Mozilla/5.0 AppleWebKit/537.36 (KHTML, like Gecko; compatible; ClaudeBot/1.0; +claudebot@anthropic.com)"
216.73.216.101 - - [28/Aug/2026:15:51:09 +0000] "GET /ar/post-new-or-edit-request/?requestid=1194106 HTTP/1.1" 302 5 "-" "Mozilla/5.0 AppleWebKit/537.36 (KHTML, like Gecko; compatible; ClaudeBot/1.0; +claudebot@anthropic.com)"
216.73.216.101 - - [28/Aug/2026:15:51:11 +0000] "GET /ar/post-new-or-edit-request/ HTTP/1.1" 302 5 "https://wp.syrtalents.com/ar/post-new-or-edit-request/?requestid=1194106" "Mozilla/5.0 AppleWebKit/537.36 (KHTML, like Gecko; compatible; ClaudeBot/1.0; +claudebot@anthropic.com)"
216.73.216.101 - - [28/Aug/2026:15:51:15 +0000] "GET /ar/post-new-or-edit-request/?requestid=1194476 HTTP/1.1" 200 37828 "https://wp.syrtalents.com/ar/post-new-or-edit-request/" "Mozilla/5.0 AppleWebKit/537.36 (KHTML, like Gecko; compatible; ClaudeBot/1.0; +claudebot@anthropic.com)"
216.73.216.101 - - [28/Aug/2026:15:51:28 +0000] "GET /post-new-or-edit-request/?requestid=1190345 HTTP/1.1" 302 5 "-" "Mozilla/5.0 AppleWebKit/537.36 (KHTML, like Gecko; compatible; ClaudeBot/1.0; +claudebot@anthropic.com)"
216.73.216.101 - - [28/Aug/2026:15:51:31 +0000] "GET /post-new-or-edit-request/ HTTP/1.1" 302 5 "https://wp.syrtalents.com/post-new-or-edit-request/?requestid=1190345" "Mozilla/5.0 AppleWebKit/537.36 (KHTML, like Gecko; compatible; ClaudeBot/1.0; +claudebot@anthropic.com)"
216.73.216.101 - - [28/Aug/2026:15:51:34 +0000] "GET /post-new-or-edit-request/?requestid=1194477 HTTP/1.1" 200 35238 "https://wp.syrtalents.com/post-new-or-edit-request/" "Mozilla/5.0 AppleWebKit/537.36 (KHTML, like Gecko; compatible; ClaudeBot/1.0; +claudebot@anthropic.com)"
216.73.217.9 - - [28/Aug/2026:15:51:58 +0000] "GET /post-new-or-edit-request/?requestid=1188514 HTTP/1.1" 302 5 "-" "Mozilla/5.0 AppleWebKit/537.36 (KHTML, like Gecko; compatible; ClaudeBot/1.0; +claudebot@anthropic.com)"
216.73.217.9 - - [28/Aug/2026:15:52:00 +0000] "GET /post-new-or-edit-request/ HTTP/1.1" 302 5 "https://wp.syrtalents.com/post-new-or-edit-request/?requestid=1188514" "Mozilla/5.0 AppleWebKit/537.36 (KHTML, like Gecko; compatible; ClaudeBot/1.0; +claudebot@anthropic.com)"
216.73.217.9 - - [28/Aug/2026:15:52:03 +0000] "GET /post-new-or-edit-request/?requestid=1194478 HTTP/1.1" 200 35238 "https://wp.syrtalents.com/post-new-or-edit-request/" "Mozilla/5.0 AppleWebKit/537.36 (KHTML, like Gecko; compatible; ClaudeBot/1.0; +claudebot@anthropic.com)"
216.73.217.9 - - [28/Aug/2026:15:52:18 +0000] "GET /ar/post-new-or-edit-request/?requestid=1187119 HTTP/1.1" 302 5 "-" "Mozilla/5.0 AppleWebKit/537.36 (KHTML, like Gecko; compatible; ClaudeBot/1.0; +claudebot@anthropic.com)"
216.73.217.9 - - [28/Aug/2026:15:52:21 +0000] "GET /ar/post-new-or-edit-request/ HTTP/1.1" 302 5 "https://wp.syrtalents.com/ar/post-new-or-edit-request/?requestid=1187119" "Mozilla/5.0 AppleWebKit/537.36 (KHTML, like Gecko; compatible; ClaudeBot/1.0; +claudebot@anthropic.com)"
216.73.217.9 - - [28/Aug/2026:15:52:24 +0000] "GET /ar/post-new-or-edit-request/?requestid=1194479 HTTP/1.1" 499 0 "https://wp.syrtalents.com/ar/post-new-or-edit-request/" "Mozilla/5.0 AppleWebKit/537.36 (KHTML, like Gecko; compatible; ClaudeBot/1.0; +claudebot@anthropic.com)"
72.167.149.90 - - [28/Aug/2026:15:53:01 +0000] "POST /wp-cron.php?doing_wp_cron=1787932380.8767480850219726562500 HTTP/1.1" 499 0 "-" "WordPress/7.1; https://wp.syrtalents.com"
50.17.193.48 - - [28/Aug/2026:15:53:02 +0000] "GET /newsletter/?page HTTP/1.1" 200 28435 "-" "Mozilla/5.0 AppleWebKit/537.36 (KHTML, like Gecko; compatible; Amazonbot/0.1; +https://developer.amazon.com/support/amazonbot) Chrome/119.0.6045.214 Safari/537.36"
52.7.33.248 - - [28/Aug/2026:15:53:04 +0000] "GET /verify-phone/?page&pagename=verify-phone/ HTTP/1.1" 200 29259 "-" "Mozilla/5.0 AppleWebKit/537.36 (KHTML, like Gecko; compatible; Amazonbot/0.1; +https://developer.amazon.com/support/amazonbot) Chrome/119.0.6045.214 Safari/537.36"
216.73.217.9 - - [28/Aug/2026:15:53:20 +0000] "GET /ar/post-new-or-edit-request/?requestid=1188583 HTTP/1.1" 302 5 "-" "Mozilla/5.0 AppleWebKit/537.36 (KHTML, like Gecko; compatible; ClaudeBot/1.0; +claudebot@anthropic.com)"
