216.73.216.230 - - [29/Aug/2026:00:44:27 +0000] "GET /ar/post-new-or-edit-request/?requestid=1195156 HTTP/1.1" 499 0 "https://wp.syrtalents.com/ar/post-new-or-edit-request/" "Mozilla/5.0 AppleWebKit/537.36 (KHTML, like Gecko; compatible; ClaudeBot/1.0; +claudebot@anthropic.com)"
216.73.216.230 - - [29/Aug/2026:00:44:50 +0000] "GET /ar/post-new-or-edit-request/?requestid=1193894 HTTP/1.1" 302 5 "-" "Mozilla/5.0 AppleWebKit/537.36 (KHTML, like Gecko; compatible; ClaudeBot/1.0; +claudebot@anthropic.com)"
216.73.216.230 - - [29/Aug/2026:00:44:53 +0000] "GET /ar/post-new-or-edit-request/ HTTP/1.1" 302 5 "https://wp.syrtalents.com/ar/post-new-or-edit-request/?requestid=1193894" "Mozilla/5.0 AppleWebKit/537.36 (KHTML, like Gecko; compatible; ClaudeBot/1.0; +claudebot@anthropic.com)"
216.73.216.230 - - [29/Aug/2026:00:44:57 +0000] "GET /ar/post-new-or-edit-request/?requestid=1195157 HTTP/1.1" 499 0 "https://wp.syrtalents.com/ar/post-new-or-edit-request/" "Mozilla/5.0 AppleWebKit/537.36 (KHTML, like Gecko; compatible; ClaudeBot/1.0; +claudebot@anthropic.com)"
216.73.216.230 - - [29/Aug/2026:00:45:20 +0000] "GET /ar/post-new-or-edit-request/?requestid=1192322 HTTP/1.1" 302 5 "-" "Mozilla/5.0 AppleWebKit/537.36 (KHTML, like Gecko; compatible; ClaudeBot/1.0; +claudebot@anthropic.com)"
216.73.216.230 - - [29/Aug/2026:00:45:22 +0000] "GET /ar/post-new-or-edit-request/ HTTP/1.1" 302 5 "https://wp.syrtalents.com/ar/post-new-or-edit-request/?requestid=1192322" "Mozilla/5.0 AppleWebKit/537.36 (KHTML, like Gecko; compatible; ClaudeBot/1.0; +claudebot@anthropic.com)"
216.73.216.230 - - [29/Aug/2026:00:45:26 +0000] "GET /ar/post-new-or-edit-request/?requestid=1195158 HTTP/1.1" 200 37823 "https://wp.syrtalents.com/ar/post-new-or-edit-request/" "Mozilla/5.0 AppleWebKit/537.36 (KHTML, like Gecko; compatible; ClaudeBot/1.0; +claudebot@anthropic.com)"
216.73.216.230 - - [29/Aug/2026:00:45:49 +0000] "GET /ar/post-new-or-edit-request/?requestid=1192655 HTTP/1.1" 302 5 "-" "Mozilla/5.0 AppleWebKit/537.36 (KHTML, like Gecko; compatible; ClaudeBot/1.0; +claudebot@anthropic.com)"
216.73.216.230 - - [29/Aug/2026:00:45:52 +0000] "GET /ar/post-new-or-edit-request/?requestid=1179484 HTTP/1.1" 302 5 "-" "Mozilla/5.0 AppleWebKit/537.36 (KHTML, like Gecko; compatible; ClaudeBot/1.0; +claudebot@anthropic.com)"
216.73.216.230 - - [29/Aug/2026:00:45:52 +0000] "GET /ar/post-new-or-edit-request/?requestid=1190325 HTTP/1.1" 302 5 "-" "Mozilla/5.0 AppleWebKit/537.36 (KHTML, like Gecko; compatible; ClaudeBot/1.0; +claudebot@anthropic.com)"
216.73.216.230 - - [29/Aug/2026:00:45:53 +0000] "GET /ar/post-new-or-edit-request/ HTTP/1.1" 302 5 "https://wp.syrtalents.com/ar/post-new-or-edit-request/?requestid=1192655" "Mozilla/5.0 AppleWebKit/537.36 (KHTML, like Gecko; compatible; ClaudeBot/1.0; +claudebot@anthropic.com)"
216.73.216.230 - - [29/Aug/2026:00:45:54 +0000] "GET /ar/post-new-or-edit-request/?requestid=1189229 HTTP/1.1" 302 5 "-" "Mozilla/5.0 AppleWebKit/537.36 (KHTML, like Gecko; compatible; ClaudeBot/1.0; +claudebot@anthropic.com)"
216.73.216.230 - - [29/Aug/2026:00:45:55 +0000] "GET /ar/post-new-or-edit-request/ HTTP/1.1" 302 5 "https://wp.syrtalents.com/ar/post-new-or-edit-request/?requestid=1179484" "Mozilla/5.0 AppleWebKit/537.36 (KHTML, like Gecko; compatible; ClaudeBot/1.0; +claudebot@anthropic.com)"
216.73.216.230 - - [29/Aug/2026:00:45:55 +0000] "GET /ar/post-new-or-edit-request/ HTTP/1.1" 302 5 "https://wp.syrtalents.com/ar/post-new-or-edit-request/?requestid=1190325" "Mozilla/5.0 AppleWebKit/537.36 (KHTML, like Gecko; compatible; ClaudeBot/1.0; +claudebot@anthropic.com)"
216.73.216.230 - - [29/Aug/2026:00:45:57 +0000] "GET /ar/post-new-or-edit-request/?requestid=1195159 HTTP/1.1" 499 0 "https://wp.syrtalents.com/ar/post-new-or-edit-request/" "Mozilla/5.0 AppleWebKit/537.36 (KHTML, like Gecko; compatible; ClaudeBot/1.0; +claudebot@anthropic.com)"
216.73.216.230 - - [29/Aug/2026:00:45:57 +0000] "GET /ar/post-new-or-edit-request/?requestid=1195161 HTTP/1.1" 499 0 "https://wp.syrtalents.com/ar/post-new-or-edit-request/" "Mozilla/5.0 AppleWebKit/537.36 (KHTML, like Gecko; compatible; ClaudeBot/1.0; +claudebot@anthropic.com)"
216.73.216.230 - - [29/Aug/2026:00:45:58 +0000] "GET /ar/post-new-or-edit-request/ HTTP/1.1" 302 5 "https://wp.syrtalents.com/ar/post-new-or-edit-request/?requestid=1189229" "Mozilla/5.0 AppleWebKit/537.36 (KHTML, like Gecko; compatible; ClaudeBot/1.0; +claudebot@anthropic.com)"
216.73.216.230 - - [29/Aug/2026:00:45:59 +0000] "GET /ar/post-new-or-edit-request/?requestid=1195160 HTTP/1.1" 499 0 "https://wp.syrtalents.com/ar/post-new-or-edit-request/" "Mozilla/5.0 AppleWebKit/537.36 (KHTML, like Gecko; compatible; ClaudeBot/1.0; +claudebot@anthropic.com)"
216.73.216.230 - - [29/Aug/2026:00:45:59 +0000] "GET /ar/post-new-or-edit-request/?requestid=1195162 HTTP/1.1" 499 0 "https://wp.syrtalents.com/ar/post-new-or-edit-request/" "Mozilla/5.0 AppleWebKit/537.36 (KHTML, like Gecko; compatible; ClaudeBot/1.0; +claudebot@anthropic.com)"
216.73.216.230 - - [29/Aug/2026:00:46:05 +0000] "GET /post-new-or-edit-request/?requestid=1188363 HTTP/1.1" 302 5 "-" "Mozilla/5.0 AppleWebKit/537.36 (KHTML, like Gecko; compatible; ClaudeBot/1.0; +claudebot@anthropic.com)"
216.73.216.230 - - [29/Aug/2026:00:46:09 +0000] "GET /post-new-or-edit-request/?requestid=1195162 HTTP/1.1" 499 0 "https://wp.syrtalents.com/post-new-or-edit-request/?requestid=1188363" "Mozilla/5.0 AppleWebKit/537.36 (KHTML, like Gecko; compatible; ClaudeBot/1.0; +claudebot@anthropic.com)"
216.73.216.230 - - [29/Aug/2026:00:46:09 +0000] "GET /ar/post-new-or-edit-request/?requestid=1183147 HTTP/1.1" 499 0 "-" "Mozilla/5.0 AppleWebKit/537.36 (KHTML, like Gecko; compatible; ClaudeBot/1.0; +claudebot@anthropic.com)"
216.73.216.230 - - [29/Aug/2026:00:46:12 +0000] "GET /post-new-or-edit-request/?requestid=1188984 HTTP/1.1" 302 5 "-" "Mozilla/5.0 AppleWebKit/537.36 (KHTML, like Gecko; compatible; ClaudeBot/1.0; +claudebot@anthropic.com)"
216.73.216.230 - - [29/Aug/2026:00:46:19 +0000] "GET /post-new-or-edit-request/?requestid=1195162 HTTP/1.1" 499 0 "https://wp.syrtalents.com/post-new-or-edit-request/?requestid=1188984" "Mozilla/5.0 AppleWebKit/537.36 (KHTML, like Gecko; compatible; ClaudeBot/1.0; +claudebot@anthropic.com)"
216.73.216.230 - - [29/Aug/2026:00:46:19 +0000] "GET /ar/post-new-or-edit-request/?requestid=1187296 HTTP/1.1" 499 0 "-" "Mozilla/5.0 AppleWebKit/537.36 (KHTML, like Gecko; compatible; ClaudeBot/1.0; +claudebot@anthropic.com)"
216.73.216.230 - - [29/Aug/2026:00:46:24 +0000] "GET /ar/post-new-or-edit-request/?requestid=1189324 HTTP/1.1" 302 5 "-" "Mozilla/5.0 AppleWebKit/537.36 (KHTML, like Gecko; compatible; ClaudeBot/1.0; +claudebot@anthropic.com)"
216.73.216.230 - - [29/Aug/2026:00:46:29 +0000] "GET /ar/post-new-or-edit-request/?requestid=1195162 HTTP/1.1" 499 0 "https://wp.syrtalents.com/ar/post-new-or-edit-request/?requestid=1189324" "Mozilla/5.0 AppleWebKit/537.36 (KHTML, like Gecko; compatible; ClaudeBot/1.0; +claudebot@anthropic.com)"
216.73.216.230 - - [29/Aug/2026:00:46:36 +0000] "GET /ar/post-new-or-edit-request/?requestid=1190883 HTTP/1.1" 302 5 "-" "Mozilla/5.0 AppleWebKit/537.36 (KHTML, like Gecko; compatible; ClaudeBot/1.0; +claudebot@anthropic.com)"
216.73.216.230 - - [29/Aug/2026:00:46:39 +0000] "GET /ar/post-new-or-edit-request/?requestid=1195162 HTTP/1.1" 499 0 "https://wp.syrtalents.com/ar/post-new-or-edit-request/?requestid=1190883" "Mozilla/5.0 AppleWebKit/537.36 (KHTML, like Gecko; compatible; ClaudeBot/1.0; +claudebot@anthropic.com)"
216.73.216.230 - - [29/Aug/2026:00:46:43 +0000] "GET /ar/post-new-or-edit-request/?requestid=1190253 HTTP/1.1" 302 5 "-" "Mozilla/5.0 AppleWebKit/537.36 (KHTML, like Gecko; compatible; ClaudeBot/1.0; +claudebot@anthropic.com)"
216.73.216.230 - - [29/Aug/2026:00:46:49 +0000] "GET /ar/post-new-or-edit-request/?requestid=1195162 HTTP/1.1" 499 0 "https://wp.syrtalents.com/ar/post-new-or-edit-request/?requestid=1190253" "Mozilla/5.0 AppleWebKit/537.36 (KHTML, like Gecko; compatible; ClaudeBot/1.0; +claudebot@anthropic.com)"
216.73.216.230 - - [29/Aug/2026:00:46:54 +0000] "GET /ar/post-new-or-edit-request/?requestid=1191902 HTTP/1.1" 302 5 "-" "Mozilla/5.0 AppleWebKit/537.36 (KHTML, like Gecko; compatible; ClaudeBot/1.0; +claudebot@anthropic.com)"
216.73.216.230 - - [29/Aug/2026:00:46:59 +0000] "GET /ar/post-new-or-edit-request/?requestid=1195162 HTTP/1.1" 499 0 "https://wp.syrtalents.com/ar/post-new-or-edit-request/?requestid=1191902" "Mozilla/5.0 AppleWebKit/537.36 (KHTML, like Gecko; compatible; ClaudeBot/1.0; +claudebot@anthropic.com)"
216.73.216.230 - - [29/Aug/2026:00:47:01 +0000] "GET /ar/post-new-or-edit-request/?requestid=1193036 HTTP/1.1" 302 5 "-" "Mozilla/5.0 AppleWebKit/537.36 (KHTML, like Gecko; compatible; ClaudeBot/1.0; +claudebot@anthropic.com)"
216.73.216.230 - - [29/Aug/2026:00:47:05 +0000] "GET /ar/post-new-or-edit-request/?requestid=1195162 HTTP/1.1" 200 37827 "https://wp.syrtalents.com/ar/post-new-or-edit-request/?requestid=1193036" "Mozilla/5.0 AppleWebKit/537.36 (KHTML, like Gecko; compatible; ClaudeBot/1.0; +claudebot@anthropic.com)"
216.73.216.230 - - [29/Aug/2026:00:47:08 +0000] "GET /ar/post-new-or-edit-request/?requestid=1189368 HTTP/1.1" 302 5 "-" "Mozilla/5.0 AppleWebKit/537.36 (KHTML, like Gecko; compatible; ClaudeBot/1.0; +claudebot@anthropic.com)"
216.73.216.230 - - [29/Aug/2026:00:47:12 +0000] "GET /ar/post-new-or-edit-request/?requestid=1195162 HTTP/1.1" 200 37825 "https://wp.syrtalents.com/ar/post-new-or-edit-request/?requestid=1189368" "Mozilla/5.0 AppleWebKit/537.36 (KHTML, like Gecko; compatible; ClaudeBot/1.0; +claudebot@anthropic.com)"
216.73.216.230 - - [29/Aug/2026:00:47:15 +0000] "GET /ar/post-new-or-edit-request/?requestid=1189078 HTTP/1.1" 302 5 "-" "Mozilla/5.0 AppleWebKit/537.36 (KHTML, like Gecko; compatible; ClaudeBot/1.0; +claudebot@anthropic.com)"
216.73.216.230 - - [29/Aug/2026:00:47:18 +0000] "GET /ar/post-new-or-edit-request/?requestid=1195162 HTTP/1.1" 200 37828 "https://wp.syrtalents.com/ar/post-new-or-edit-request/?requestid=1189078" "Mozilla/5.0 AppleWebKit/537.36 (KHTML, like Gecko; compatible; ClaudeBot/1.0; +claudebot@anthropic.com)"
216.73.216.230 - - [29/Aug/2026:00:47:22 +0000] "GET /ar/post-new-or-edit-request/?requestid=1189581 HTTP/1.1" 302 5 "-" "Mozilla/5.0 AppleWebKit/537.36 (KHTML, like Gecko; compatible; ClaudeBot/1.0; +claudebot@anthropic.com)"
34.227.156.153 - - [29/Aug/2026:00:47:25 +0000] "GET /fake-page-57476/ HTTP/1.1" 404 28971 "-" "Mozilla/5.0 AppleWebKit/537.36 (KHTML, like Gecko; compatible; Amazonbot/0.1; +https://developer.amazon.com/support/amazonbot) Chrome/119.0.6045.214 Safari/537.36"
216.73.216.230 - - [29/Aug/2026:00:47:26 +0000] "GET /ar/post-new-or-edit-request/?requestid=1195162 HTTP/1.1" 200 37826 "https://wp.syrtalents.com/ar/post-new-or-edit-request/?requestid=1189581" "Mozilla/5.0 AppleWebKit/537.36 (KHTML, like Gecko; compatible; ClaudeBot/1.0; +claudebot@anthropic.com)"
98.82.214.73 - - [29/Aug/2026:00:47:29 +0000] "GET /job-categories/mysql?job_cat=mysql/ HTTP/1.1" 301 5 "-" "Mozilla/5.0 AppleWebKit/537.36 (KHTML, like Gecko; compatible; Amazonbot/0.1; +https://developer.amazon.com/support/amazonbot) Chrome/119.0.6045.214 Safari/537.36"
216.73.216.230 - - [29/Aug/2026:00:47:31 +0000] "GET /ar/post-new-or-edit-request/?requestid=1190505 HTTP/1.1" 302 5 "-" "Mozilla/5.0 AppleWebKit/537.36 (KHTML, like Gecko; compatible; ClaudeBot/1.0; +claudebot@anthropic.com)"
23.23.214.190 - - [29/Aug/2026:00:47:33 +0000] "GET /job-categories/mysql/ HTTP/1.1" 200 32300 "-" "Mozilla/5.0 AppleWebKit/537.36 (KHTML, like Gecko; compatible; Amazonbot/0.1; +https://developer.amazon.com/support/amazonbot) Chrome/119.0.6045.214 Safari/537.36"
216.73.216.230 - - [29/Aug/2026:00:47:34 +0000] "GET /ar/post-new-or-edit-request/?requestid=1195162 HTTP/1.1" 200 37826 "https://wp.syrtalents.com/ar/post-new-or-edit-request/?requestid=1190505" "Mozilla/5.0 AppleWebKit/537.36 (KHTML, like Gecko; compatible; ClaudeBot/1.0; +claudebot@anthropic.com)"
216.73.216.230 - - [29/Aug/2026:00:47:47 +0000] "GET /post-new-or-edit-request/?requestid=1190092 HTTP/1.1" 302 5 "-" "Mozilla/5.0 AppleWebKit/537.36 (KHTML, like Gecko; compatible; ClaudeBot/1.0; +claudebot@anthropic.com)"
216.73.216.230 - - [29/Aug/2026:00:47:52 +0000] "GET /post-new-or-edit-request/?requestid=1195162 HTTP/1.1" 200 35241 "https://wp.syrtalents.com/post-new-or-edit-request/?requestid=1190092" "Mozilla/5.0 AppleWebKit/537.36 (KHTML, like Gecko; compatible; ClaudeBot/1.0; +claudebot@anthropic.com)"
72.167.149.90 - - [29/Aug/2026:00:48:19 +0000] "POST /wp-cron.php?doing_wp_cron=1787964498.4118239879608154296875 HTTP/1.1" 499 0 "-" "WordPress/7.1; https://wp.syrtalents.com/ar"
216.73.216.230 - - [29/Aug/2026:00:48:19 +0000] "GET /ar/post-new-or-edit-request/?requestid=1189643 HTTP/1.1" 302 5 "-" "Mozilla/5.0 AppleWebKit/537.36 (KHTML, like Gecko; compatible; ClaudeBot/1.0; +claudebot@anthropic.com)"
216.73.216.230 - - [29/Aug/2026:00:48:22 +0000] "GET /ar/post-new-or-edit-request/?requestid=1195162 HTTP/1.1" 200 37825 "https://wp.syrtalents.com/ar/post-new-or-edit-request/?requestid=1189643" "Mozilla/5.0 AppleWebKit/537.36 (KHTML, like Gecko; compatible; ClaudeBot/1.0; +claudebot@anthropic.com)"
216.73.217.34 - - [29/Aug/2026:00:49:59 +0000] "GET /post-new-or-edit-request/?requestid=1195151 HTTP/1.1" 302 5 "-" "Mozilla/5.0 AppleWebKit/537.36 (KHTML, like Gecko; compatible; ClaudeBot/1.0; +claudebot@anthropic.com)"
216.73.217.34 - - [29/Aug/2026:00:50:03 +0000] "GET /post-new-or-edit-request/ HTTP/1.1" 302 5 "https://wp.syrtalents.com/post-new-or-edit-request/?requestid=1195151" "Mozilla/5.0 AppleWebKit/537.36 (KHTML, like Gecko; compatible; ClaudeBot/1.0; +claudebot@anthropic.com)"
216.73.217.34 - - [29/Aug/2026:00:50:07 +0000] "GET /post-new-or-edit-request/?requestid=1195163 HTTP/1.1" 499 0 "https://wp.syrtalents.com/post-new-or-edit-request/" "Mozilla/5.0 AppleWebKit/537.36 (KHTML, like Gecko; compatible; ClaudeBot/1.0; +claudebot@anthropic.com)"
72.167.149.90 - - [29/Aug/2026:00:50:09 +0000] "POST /wp-cron.php?doing_wp_cron=1787964608.8850059509277343750000 HTTP/1.1" 499 0 "-" "WordPress/7.1; https://wp.syrtalents.com"
216.73.217.34 - - [29/Aug/2026:00:50:29 +0000] "GET /post-new-or-edit-request/?requestid=1188115 HTTP/1.1" 302 5 "-" "Mozilla/5.0 AppleWebKit/537.36 (KHTML, like Gecko; compatible; ClaudeBot/1.0; +claudebot@anthropic.com)"
216.73.217.34 - - [29/Aug/2026:00:50:30 +0000] "GET /post-new-or-edit-request/ HTTP/1.1" 302 5 "https://wp.syrtalents.com/post-new-or-edit-request/?requestid=1188115" "Mozilla/5.0 AppleWebKit/537.36 (KHTML, like Gecko; compatible; ClaudeBot/1.0; +claudebot@anthropic.com)"
216.73.217.34 - - [29/Aug/2026:00:50:32 +0000] "GET /post-new-or-edit-request/?requestid=1195164 HTTP/1.1" 200 35240 "https://wp.syrtalents.com/post-new-or-edit-request/" "Mozilla/5.0 AppleWebKit/537.36 (KHTML, like Gecko; compatible; ClaudeBot/1.0; +claudebot@anthropic.com)"
216.73.217.34 - - [29/Aug/2026:00:50:46 +0000] "GET /post-new-or-edit-request/?requestid=1192740 HTTP/1.1" 302 5 "-" "Mozilla/5.0 AppleWebKit/537.36 (KHTML, like Gecko; compatible; ClaudeBot/1.0; +claudebot@anthropic.com)"
216.73.217.34 - - [29/Aug/2026:00:50:49 +0000] "GET /post-new-or-edit-request/ HTTP/1.1" 302 5 "https://wp.syrtalents.com/post-new-or-edit-request/?requestid=1192740" "Mozilla/5.0 AppleWebKit/537.36 (KHTML, like Gecko; compatible; ClaudeBot/1.0; +claudebot@anthropic.com)"
216.73.217.34 - - [29/Aug/2026:00:50:53 +0000] "GET /post-new-or-edit-request/?requestid=1195165 HTTP/1.1" 200 35239 "https://wp.syrtalents.com/post-new-or-edit-request/" "Mozilla/5.0 AppleWebKit/537.36 (KHTML, like Gecko; compatible; ClaudeBot/1.0; +claudebot@anthropic.com)"
216.73.217.34 - - [29/Aug/2026:00:50:55 +0000] "GET /robots.txt HTTP/1.1" 200 54 "-" "Mozilla/5.0 AppleWebKit/537.36 (KHTML, like Gecko; compatible; ClaudeBot/1.0; +claudebot@anthropic.com)"
216.73.217.34 - - [29/Aug/2026:00:51:16 +0000] "GET /ar/post-new-or-edit-request/?requestid=1193455 HTTP/1.1" 302 5 "-" "Mozilla/5.0 AppleWebKit/537.36 (KHTML, like Gecko; compatible; ClaudeBot/1.0; +claudebot@anthropic.com)"
216.73.217.34 - - [29/Aug/2026:00:51:20 +0000] "GET /ar/post-new-or-edit-request/ HTTP/1.1" 302 5 "https://wp.syrtalents.com/ar/post-new-or-edit-request/?requestid=1193455" "Mozilla/5.0 AppleWebKit/537.36 (KHTML, like Gecko; compatible; ClaudeBot/1.0; +claudebot@anthropic.com)"
216.73.217.34 - - [29/Aug/2026:00:51:23 +0000] "GET /ar/post-new-or-edit-request/?requestid=1195166 HTTP/1.1" 499 0 "https://wp.syrtalents.com/ar/post-new-or-edit-request/" "Mozilla/5.0 AppleWebKit/537.36 (KHTML, like Gecko; compatible; ClaudeBot/1.0; +claudebot@anthropic.com)"
44.205.74.196 - - [29/Aug/2026:00:51:25 +0000] "GET /fake-page-39220/ HTTP/1.1" 404 28970 "-" "Mozilla/5.0 AppleWebKit/537.36 (KHTML, like Gecko; compatible; Amazonbot/0.1; +https://developer.amazon.com/support/amazonbot) Chrome/119.0.6045.214 Safari/537.36"
216.73.217.34 - - [29/Aug/2026:00:51:36 +0000] "GET /ar/post-new-or-edit-request/?requestid=1193203 HTTP/1.1" 302 5 "-" "Mozilla/5.0 AppleWebKit/537.36 (KHTML, like Gecko; compatible; ClaudeBot/1.0; +claudebot@anthropic.com)"
216.73.217.34 - - [29/Aug/2026:00:51:39 +0000] "GET /ar/post-new-or-edit-request/ HTTP/1.1" 302 5 "https://wp.syrtalents.com/ar/post-new-or-edit-request/?requestid=1193203" "Mozilla/5.0 AppleWebKit/537.36 (KHTML, like Gecko; compatible; ClaudeBot/1.0; +claudebot@anthropic.com)"
216.73.217.34 - - [29/Aug/2026:00:51:43 +0000] "GET /ar/post-new-or-edit-request/?requestid=1195167 HTTP/1.1" 499 0 "https://wp.syrtalents.com/ar/post-new-or-edit-request/" "Mozilla/5.0 AppleWebKit/537.36 (KHTML, like Gecko; compatible; ClaudeBot/1.0; +claudebot@anthropic.com)"
216.73.217.34 - - [29/Aug/2026:00:52:06 +0000] "GET /ar/post-new-or-edit-request/?requestid=1187773 HTTP/1.1" 302 5 "-" "Mozilla/5.0 AppleWebKit/537.36 (KHTML, like Gecko; compatible; ClaudeBot/1.0; +claudebot@anthropic.com)"
216.73.217.34 - - [29/Aug/2026:00:52:09 +0000] "GET /ar/post-new-or-edit-request/ HTTP/1.1" 302 5 "https://wp.syrtalents.com/ar/post-new-or-edit-request/?requestid=1187773" "Mozilla/5.0 AppleWebKit/537.36 (KHTML, like Gecko; compatible; ClaudeBot/1.0; +claudebot@anthropic.com)"
216.73.217.34 - - [29/Aug/2026:00:52:13 +0000] "GET /ar/post-new-or-edit-request/?requestid=1195168 HTTP/1.1" 200 37826 "https://wp.syrtalents.com/ar/post-new-or-edit-request/" "Mozilla/5.0 AppleWebKit/537.36 (KHTML, like Gecko; compatible; ClaudeBot/1.0; +claudebot@anthropic.com)"
216.73.217.34 - - [29/Aug/2026:00:52:36 +0000] "GET /post-new-or-edit-request/?requestid=1175993 HTTP/1.1" 302 5 "-" "Mozilla/5.0 AppleWebKit/537.36 (KHTML, like Gecko; compatible; ClaudeBot/1.0; +claudebot@anthropic.com)"
216.73.217.34 - - [29/Aug/2026:00:52:38 +0000] "GET /post-new-or-edit-request/ HTTP/1.1" 302 5 "https://wp.syrtalents.com/post-new-or-edit-request/?requestid=1175993" "Mozilla/5.0 AppleWebKit/537.36 (KHTML, like Gecko; compatible; ClaudeBot/1.0; +claudebot@anthropic.com)"
216.73.217.34 - - [29/Aug/2026:00:52:41 +0000] "GET /post-new-or-edit-request/?requestid=1195169 HTTP/1.1" 200 35242 "https://wp.syrtalents.com/post-new-or-edit-request/" "Mozilla/5.0 AppleWebKit/537.36 (KHTML, like Gecko; compatible; ClaudeBot/1.0; +claudebot@anthropic.com)"
72.167.149.90 - - [29/Aug/2026:00:53:10 +0000] "POST /wp-cron.php?doing_wp_cron=1787964789.2161860466003417968750 HTTP/1.1" 499 0 "-" "WordPress/7.1; https://wp.syrtalents.com"
216.73.217.34 - - [29/Aug/2026:00:53:10 +0000] "GET /post-new-or-edit-request/?requestid=1190690 HTTP/1.1" 302 5 "-" "Mozilla/5.0 AppleWebKit/537.36 (KHTML, like Gecko; compatible; ClaudeBot/1.0; +claudebot@anthropic.com)"
216.73.217.34 - - [29/Aug/2026:00:53:14 +0000] "GET /post-new-or-edit-request/?requestid=1195169 HTTP/1.1" 200 35242 "https://wp.syrtalents.com/post-new-or-edit-request/?requestid=1190690" "Mozilla/5.0 AppleWebKit/537.36 (KHTML, like Gecko; compatible; ClaudeBot/1.0; +claudebot@anthropic.com)"
220.181.108.94 - - [29/Aug/2026:00:53:33 +0000] "GET /post-new-or-edit-request/?requestid=1172368 HTTP/1.1" 302 5 "-" "Mozilla/5.0 (compatible; Baiduspider/2.0; +http://www.baidu.com/search/spider.html)"
220.181.108.144 - - [29/Aug/2026:00:53:36 +0000] "GET /post-new-or-edit-request/ HTTP/1.1" 302 5 "-" "Mozilla/5.0 (compatible; Baiduspider/2.0; +http://www.baidu.com/search/spider.html)"
220.181.108.93 - - [29/Aug/2026:00:53:39 +0000] "GET /post-new-or-edit-request/?requestid=1195170 HTTP/1.1" 200 35243 "-" "Mozilla/5.0 (compatible; Baiduspider/2.0; +http://www.baidu.com/search/spider.html)"
216.73.217.34 - - [29/Aug/2026:00:53:40 +0000] "GET /ar/wp-json/wp/v2/job_cat/76 HTTP/1.1" 200 351 "-" "Mozilla/5.0 AppleWebKit/537.36 (KHTML, like Gecko; compatible; ClaudeBot/1.0; +claudebot@anthropic.com)"
116.179.37.251 - - [29/Aug/2026:00:53:53 +0000] "POST /wp-admin/admin-ajax.php?action=un_config_get HTTP/1.1" 200 971 "https://wp.syrtalents.com/post-new-or-edit-request/?requestid=1195170" "Mozilla/5.0 (compatible; Baiduspider-render/2.0; +http://www.baidu.com/search/spider.html)"
216.73.217.34 - - [29/Aug/2026:00:54:13 +0000] "GET /post-new-or-edit-request/?requestid=1189807 HTTP/1.1" 302 5 "-" "Mozilla/5.0 AppleWebKit/537.36 (KHTML, like Gecko; compatible; ClaudeBot/1.0; +claudebot@anthropic.com)"
216.73.217.34 - - [29/Aug/2026:00:54:17 +0000] "GET /post-new-or-edit-request/?requestid=1195169 HTTP/1.1" 200 35242 "https://wp.syrtalents.com/post-new-or-edit-request/?requestid=1189807" "Mozilla/5.0 AppleWebKit/537.36 (KHTML, like Gecko; compatible; ClaudeBot/1.0; +claudebot@anthropic.com)"
216.73.217.34 - - [29/Aug/2026:00:54:45 +0000] "GET /post-new-or-edit-request/?requestid=1191371 HTTP/1.1" 302 5 "-" "Mozilla/5.0 AppleWebKit/537.36 (KHTML, like Gecko; compatible; ClaudeBot/1.0; +claudebot@anthropic.com)"
216.73.217.34 - - [29/Aug/2026:00:54:48 +0000] "GET /post-new-or-edit-request/?requestid=1195169 HTTP/1.1" 200 35240 "https://wp.syrtalents.com/post-new-or-edit-request/?requestid=1191371" "Mozilla/5.0 AppleWebKit/537.36 (KHTML, like Gecko; compatible; ClaudeBot/1.0; +claudebot@anthropic.com)"
216.73.217.34 - - [29/Aug/2026:00:55:18 +0000] "GET /post-new-or-edit-request/?requestid=1189173 HTTP/1.1" 302 5 "-" "Mozilla/5.0 AppleWebKit/537.36 (KHTML, like Gecko; compatible; ClaudeBot/1.0; +claudebot@anthropic.com)"
216.73.217.34 - - [29/Aug/2026:00:55:23 +0000] "GET /post-new-or-edit-request/?requestid=1195169 HTTP/1.1" 200 35241 "https://wp.syrtalents.com/post-new-or-edit-request/?requestid=1189173" "Mozilla/5.0 AppleWebKit/537.36 (KHTML, like Gecko; compatible; ClaudeBot/1.0; +claudebot@anthropic.com)"
72.167.149.90 - - [29/Aug/2026:00:56:48 +0000] "POST /wp-cron.php?doing_wp_cron=1787965007.2852530479431152343750 HTTP/1.1" 499 0 "-" "WordPress/7.1; https://wp.syrtalents.com"
216.73.217.34 - - [29/Aug/2026:00:56:48 +0000] "GET /post-new-or-edit-request/?requestid=1192011 HTTP/1.1" 302 5 "-" "Mozilla/5.0 AppleWebKit/537.36 (KHTML, like Gecko; compatible; ClaudeBot/1.0; +claudebot@anthropic.com)"
216.73.217.34 - - [29/Aug/2026:00:56:51 +0000] "GET /post-new-or-edit-request/ HTTP/1.1" 302 5 "https://wp.syrtalents.com/post-new-or-edit-request/?requestid=1192011" "Mozilla/5.0 AppleWebKit/537.36 (KHTML, like Gecko; compatible; ClaudeBot/1.0; +claudebot@anthropic.com)"
216.73.217.34 - - [29/Aug/2026:00:56:53 +0000] "GET /post-new-or-edit-request/?requestid=1195171 HTTP/1.1" 200 35239 "https://wp.syrtalents.com/post-new-or-edit-request/" "Mozilla/5.0 AppleWebKit/537.36 (KHTML, like Gecko; compatible; ClaudeBot/1.0; +claudebot@anthropic.com)"
216.73.217.34 - - [29/Aug/2026:00:57:17 +0000] "GET /post-new-or-edit-request/?requestid=1191236 HTTP/1.1" 302 5 "-" "Mozilla/5.0 AppleWebKit/537.36 (KHTML, like Gecko; compatible; ClaudeBot/1.0; +claudebot@anthropic.com)"
216.73.217.34 - - [29/Aug/2026:00:57:20 +0000] "GET /post-new-or-edit-request/ HTTP/1.1" 302 5 "https://wp.syrtalents.com/post-new-or-edit-request/?requestid=1191236" "Mozilla/5.0 AppleWebKit/537.36 (KHTML, like Gecko; compatible; ClaudeBot/1.0; +claudebot@anthropic.com)"
216.73.217.34 - - [29/Aug/2026:00:57:23 +0000] "GET /post-new-or-edit-request/?requestid=1195172 HTTP/1.1" 200 35240 "https://wp.syrtalents.com/post-new-or-edit-request/" "Mozilla/5.0 AppleWebKit/537.36 (KHTML, like Gecko; compatible; ClaudeBot/1.0; +claudebot@anthropic.com)"
216.73.217.34 - - [29/Aug/2026:00:57:49 +0000] "GET /post-new-or-edit-request/?requestid=1193748 HTTP/1.1" 302 5 "-" "Mozilla/5.0 AppleWebKit/537.36 (KHTML, like Gecko; compatible; ClaudeBot/1.0; +claudebot@anthropic.com)"
216.73.217.34 - - [29/Aug/2026:00:57:52 +0000] "GET /post-new-or-edit-request/ HTTP/1.1" 302 5 "https://wp.syrtalents.com/post-new-or-edit-request/?requestid=1193748" "Mozilla/5.0 AppleWebKit/537.36 (KHTML, like Gecko; compatible; ClaudeBot/1.0; +claudebot@anthropic.com)"
216.73.217.34 - - [29/Aug/2026:00:57:55 +0000] "GET /post-new-or-edit-request/?requestid=1195173 HTTP/1.1" 499 0 "https://wp.syrtalents.com/post-new-or-edit-request/" "Mozilla/5.0 AppleWebKit/537.36 (KHTML, like Gecko; compatible; ClaudeBot/1.0; +claudebot@anthropic.com)"
72.167.149.90 - - [29/Aug/2026:00:57:56 +0000] "POST /wp-cron.php?doing_wp_cron=1787965075.5492300987243652343750 HTTP/1.1" 499 0 "-" "WordPress/7.1; https://wp.syrtalents.com"
216.73.217.34 - - [29/Aug/2026:00:58:17 +0000] "GET /ar/post-new-or-edit-request/?requestid=1194608 HTTP/1.1" 302 5 "-" "Mozilla/5.0 AppleWebKit/537.36 (KHTML, like Gecko; compatible; ClaudeBot/1.0; +claudebot@anthropic.com)"
216.73.217.34 - - [29/Aug/2026:00:58:19 +0000] "GET /ar/post-new-or-edit-request/ HTTP/1.1" 302 5 "https://wp.syrtalents.com/ar/post-new-or-edit-request/?requestid=1194608" "Mozilla/5.0 AppleWebKit/537.36 (KHTML, like Gecko; compatible; ClaudeBot/1.0; +claudebot@anthropic.com)"
216.73.217.34 - - [29/Aug/2026:00:58:23 +0000] "GET /ar/post-new-or-edit-request/?requestid=1195174 HTTP/1.1" 200 37827 "https://wp.syrtalents.com/ar/post-new-or-edit-request/" "Mozilla/5.0 AppleWebKit/537.36 (KHTML, like Gecko; compatible; ClaudeBot/1.0; +claudebot@anthropic.com)"
216.73.217.34 - - [29/Aug/2026:00:58:24 +0000] "GET /ar/post-new-or-edit-request/?requestid=1189952 HTTP/1.1" 302 5 "-" "Mozilla/5.0 AppleWebKit/537.36 (KHTML, like Gecko; compatible; ClaudeBot/1.0; +claudebot@anthropic.com)"
216.73.217.34 - - [29/Aug/2026:00:58:26 +0000] "GET /ar/post-new-or-edit-request/ HTTP/1.1" 302 5 "https://wp.syrtalents.com/ar/post-new-or-edit-request/?requestid=1189952" "Mozilla/5.0 AppleWebKit/537.36 (KHTML, like Gecko; compatible; ClaudeBot/1.0; +claudebot@anthropic.com)"
216.73.217.34 - - [29/Aug/2026:00:58:30 +0000] "GET /ar/post-new-or-edit-request/?requestid=1195175 HTTP/1.1" 200 37826 "https://wp.syrtalents.com/ar/post-new-or-edit-request/" "Mozilla/5.0 AppleWebKit/537.36 (KHTML, like Gecko; compatible; ClaudeBot/1.0; +claudebot@anthropic.com)"
216.73.217.34 - - [29/Aug/2026:00:58:31 +0000] "GET /ar/post-new-or-edit-request/?requestid=1187083 HTTP/1.1" 302 5 "-" "Mozilla/5.0 AppleWebKit/537.36 (KHTML, like Gecko; compatible; ClaudeBot/1.0; +claudebot@anthropic.com)"
216.73.217.34 - - [29/Aug/2026:00:58:34 +0000] "GET /ar/post-new-or-edit-request/ HTTP/1.1" 302 5 "https://wp.syrtalents.com/ar/post-new-or-edit-request/?requestid=1187083" "Mozilla/5.0 AppleWebKit/537.36 (KHTML, like Gecko; compatible; ClaudeBot/1.0; +claudebot@anthropic.com)"
34.225.138.57 - - [29/Aug/2026:00:58:36 +0000] "GET /ar/wp-json/wp/v2/posts/198649/revisions HTTP/1.1" 401 322 "-" "Mozilla/5.0 AppleWebKit/537.36 (KHTML, like Gecko; compatible; Amazonbot/0.1; +https://developer.amazon.com/support/amazonbot) Chrome/119.0.6045.214 Safari/537.36"
216.73.217.34 - - [29/Aug/2026:00:58:38 +0000] "GET /ar/post-new-or-edit-request/?requestid=1195176 HTTP/1.1" 499 0 "https://wp.syrtalents.com/ar/post-new-or-edit-request/" "Mozilla/5.0 AppleWebKit/537.36 (KHTML, like Gecko; compatible; ClaudeBot/1.0; +claudebot@anthropic.com)"
216.73.217.34 - - [29/Aug/2026:00:59:00 +0000] "GET /ar/post-new-or-edit-request/?requestid=1189826 HTTP/1.1" 302 5 "-" "Mozilla/5.0 AppleWebKit/537.36 (KHTML, like Gecko; compatible; ClaudeBot/1.0; +claudebot@anthropic.com)"
216.73.217.34 - - [29/Aug/2026:00:59:03 +0000] "GET /ar/post-new-or-edit-request/ HTTP/1.1" 302 5 "https://wp.syrtalents.com/ar/post-new-or-edit-request/?requestid=1189826" "Mozilla/5.0 AppleWebKit/537.36 (KHTML, like Gecko; compatible; ClaudeBot/1.0; +claudebot@anthropic.com)"
216.73.217.34 - - [29/Aug/2026:00:59:08 +0000] "GET /ar/post-new-or-edit-request/?requestid=1195177 HTTP/1.1" 200 37826 "https://wp.syrtalents.com/ar/post-new-or-edit-request/" "Mozilla/5.0 AppleWebKit/537.36 (KHTML, like Gecko; compatible; ClaudeBot/1.0; +claudebot@anthropic.com)"
216.73.217.34 - - [29/Aug/2026:00:59:27 +0000] "GET /post-new-or-edit-request/?requestid=1182618 HTTP/1.1" 302 5 "-" "Mozilla/5.0 AppleWebKit/537.36 (KHTML, like Gecko; compatible; ClaudeBot/1.0; +claudebot@anthropic.com)"
216.73.217.34 - - [29/Aug/2026:00:59:29 +0000] "GET /post-new-or-edit-request/ HTTP/1.1" 302 5 "https://wp.syrtalents.com/post-new-or-edit-request/?requestid=1182618" "Mozilla/5.0 AppleWebKit/537.36 (KHTML, like Gecko; compatible; ClaudeBot/1.0; +claudebot@anthropic.com)"
216.73.217.34 - - [29/Aug/2026:00:59:32 +0000] "GET /post-new-or-edit-request/?requestid=1195178 HTTP/1.1" 200 35240 "https://wp.syrtalents.com/post-new-or-edit-request/" "Mozilla/5.0 AppleWebKit/537.36 (KHTML, like Gecko; compatible; ClaudeBot/1.0; +claudebot@anthropic.com)"
216.73.217.34 - - [29/Aug/2026:00:59:45 +0000] "GET /ar/post-new-or-edit-request/?requestid=1190072 HTTP/1.1" 302 5 "-" "Mozilla/5.0 AppleWebKit/537.36 (KHTML, like Gecko; compatible; ClaudeBot/1.0; +claudebot@anthropic.com)"
216.73.217.34 - - [29/Aug/2026:00:59:47 +0000] "GET /ar/post-new-or-edit-request/ HTTP/1.1" 302 5 "https://wp.syrtalents.com/ar/post-new-or-edit-request/?requestid=1190072" "Mozilla/5.0 AppleWebKit/537.36 (KHTML, like Gecko; compatible; ClaudeBot/1.0; +claudebot@anthropic.com)"
216.73.217.34 - - [29/Aug/2026:00:59:50 +0000] "GET /ar/post-new-or-edit-request/?requestid=1195179 HTTP/1.1" 200 37828 "https://wp.syrtalents.com/ar/post-new-or-edit-request/" "Mozilla/5.0 AppleWebKit/537.36 (KHTML, like Gecko; compatible; ClaudeBot/1.0; +claudebot@anthropic.com)"
72.167.149.90 - - [29/Aug/2026:01:00:23 +0000] "POST /wp-cron.php?doing_wp_cron=1787965222.0085840225219726562500 HTTP/1.1" 499 0 "-" "WordPress/7.1; https://wp.syrtalents.com/ar"
216.73.217.34 - - [29/Aug/2026:01:00:23 +0000] "GET /ar/post-new-or-edit-request/?requestid=1188914 HTTP/1.1" 302 5 "-" "Mozilla/5.0 AppleWebKit/537.36 (KHTML, like Gecko; compatible; ClaudeBot/1.0; +claudebot@anthropic.com)"
216.73.217.34 - - [29/Aug/2026:01:00:26 +0000] "GET /ar/post-new-or-edit-request/?requestid=1195176 HTTP/1.1" 499 0 "https://wp.syrtalents.com/ar/post-new-or-edit-request/?requestid=1188914" "Mozilla/5.0 AppleWebKit/537.36 (KHTML, like Gecko; compatible; ClaudeBot/1.0; +claudebot@anthropic.com)"
216.73.217.34 - - [29/Aug/2026:01:00:51 +0000] "GET /ar/post-new-or-edit-request/?requestid=1190374 HTTP/1.1" 302 5 "-" "Mozilla/5.0 AppleWebKit/537.36 (KHTML, like Gecko; compatible; ClaudeBot/1.0; +claudebot@anthropic.com)"
216.73.217.34 - - [29/Aug/2026:01:00:57 +0000] "GET /ar/post-new-or-edit-request/?requestid=1195179 HTTP/1.1" 499 0 "https://wp.syrtalents.com/ar/post-new-or-edit-request/?requestid=1190374" "Mozilla/5.0 AppleWebKit/537.36 (KHTML, like Gecko; compatible; ClaudeBot/1.0; +claudebot@anthropic.com)"
72.167.149.90 - - [29/Aug/2026:01:01:56 +0000] "POST /wp-cron.php?doing_wp_cron=1787965315.3131430149078369140625 HTTP/1.1" 499 0 "-" "WordPress/7.1; https://wp.syrtalents.com/ar"
216.73.217.34 - - [29/Aug/2026:01:01:56 +0000] "GET /ar/post-new-or-edit-request/?requestid=1188720 HTTP/1.1" 302 5 "-" "Mozilla/5.0 AppleWebKit/537.36 (KHTML, like Gecko; compatible; ClaudeBot/1.0; +claudebot@anthropic.com)"
216.73.217.34 - - [29/Aug/2026:01:02:01 +0000] "GET /ar/post-new-or-edit-request/?requestid=1195179 HTTP/1.1" 499 0 "https://wp.syrtalents.com/ar/post-new-or-edit-request/?requestid=1188720" "Mozilla/5.0 AppleWebKit/537.36 (KHTML, like Gecko; compatible; ClaudeBot/1.0; +claudebot@anthropic.com)"
72.167.149.90 - - [29/Aug/2026:01:02:59 +0000] "POST /wp-cron.php?doing_wp_cron=1787965378.2397880554199218750000 HTTP/1.1" 499 0 "-" "WordPress/7.1; https://wp.syrtalents.com/ar"
216.73.217.34 - - [29/Aug/2026:01:02:59 +0000] "GET /ar/post-new-or-edit-request/?requestid=1192019 HTTP/1.1" 302 5 "-" "Mozilla/5.0 AppleWebKit/537.36 (KHTML, like Gecko; compatible; ClaudeBot/1.0; +claudebot@anthropic.com)"
216.73.217.34 - - [29/Aug/2026:01:03:05 +0000] "GET /ar/post-new-or-edit-request/?requestid=1195179 HTTP/1.1" 499 0 "https://wp.syrtalents.com/ar/post-new-or-edit-request/?requestid=1192019" "Mozilla/5.0 AppleWebKit/537.36 (KHTML, like Gecko; compatible; ClaudeBot/1.0; +claudebot@anthropic.com)"
18.213.27.222 - - [29/Aug/2026:01:03:13 +0000] "GET /authentication-forgot-password/?page&pagename=authentication-forgot-password/ HTTP/1.1" 200 28592 "-" "Mozilla/5.0 AppleWebKit/537.36 (KHTML, like Gecko; compatible; Amazonbot/0.1; +https://developer.amazon.com/support/amazonbot) Chrome/119.0.6045.214 Safari/537.36"
216.73.217.34 - - [29/Aug/2026:01:03:19 +0000] "GET /post-new-or-edit-request/?requestid=1195071 HTTP/1.1" 302 5 "-" "Mozilla/5.0 AppleWebKit/537.36 (KHTML, like Gecko; compatible; ClaudeBot/1.0; +claudebot@anthropic.com)"
216.73.217.34 - - [29/Aug/2026:01:03:24 +0000] "GET /post-new-or-edit-request/ HTTP/1.1" 499 0 "https://wp.syrtalents.com/post-new-or-edit-request/?requestid=1195071" "Mozilla/5.0 AppleWebKit/537.36 (KHTML, like Gecko; compatible; ClaudeBot/1.0; +claudebot@anthropic.com)"
216.73.217.34 - - [29/Aug/2026:01:03:50 +0000] "GET /post-new-or-edit-request/?requestid=1191476 HTTP/1.1" 302 5 "-" "Mozilla/5.0 AppleWebKit/537.36 (KHTML, like Gecko; compatible; ClaudeBot/1.0; +claudebot@anthropic.com)"
216.73.217.34 - - [29/Aug/2026:01:03:54 +0000] "GET /post-new-or-edit-request/ HTTP/1.1" 499 0 "https://wp.syrtalents.com/post-new-or-edit-request/?requestid=1191476" "Mozilla/5.0 AppleWebKit/537.36 (KHTML, like Gecko; compatible; ClaudeBot/1.0; +claudebot@anthropic.com)"
184.73.35.182 - - [29/Aug/2026:01:03:59 +0000] "GET /ar/wp-json/wp/v2/posts/198652/revisions HTTP/1.1" 401 322 "-" "Mozilla/5.0 AppleWebKit/537.36 (KHTML, like Gecko; compatible; Amazonbot/0.1; +https://developer.amazon.com/support/amazonbot) Chrome/119.0.6045.214 Safari/537.36"
216.73.217.34 - - [29/Aug/2026:01:04:19 +0000] "GET /ar/post-new-or-edit-request/?requestid=1195076 HTTP/1.1" 302 5 "-" "Mozilla/5.0 AppleWebKit/537.36 (KHTML, like Gecko; compatible; ClaudeBot/1.0; +claudebot@anthropic.com)"
216.73.217.34 - - [29/Aug/2026:01:04:22 +0000] "GET /ar/post-new-or-edit-request/ HTTP/1.1" 302 5 "https://wp.syrtalents.com/ar/post-new-or-edit-request/?requestid=1195076" "Mozilla/5.0 AppleWebKit/537.36 (KHTML, like Gecko; compatible; ClaudeBot/1.0; +claudebot@anthropic.com)"
216.73.217.34 - - [29/Aug/2026:01:04:24 +0000] "GET /ar/post-new-or-edit-request/?requestid=1195182 HTTP/1.1" 499 0 "https://wp.syrtalents.com/ar/post-new-or-edit-request/" "Mozilla/5.0 AppleWebKit/537.36 (KHTML, like Gecko; compatible; ClaudeBot/1.0; +claudebot@anthropic.com)"
216.73.217.34 - - [29/Aug/2026:01:04:47 +0000] "GET /ar/post-new-or-edit-request/?requestid=1190267 HTTP/1.1" 302 5 "-" "Mozilla/5.0 AppleWebKit/537.36 (KHTML, like Gecko; compatible; ClaudeBot/1.0; +claudebot@anthropic.com)"
216.73.217.34 - - [29/Aug/2026:01:04:48 +0000] "GET /ar/post-new-or-edit-request/?requestid=1193832 HTTP/1.1" 302 5 "-" "Mozilla/5.0 AppleWebKit/537.36 (KHTML, like Gecko; compatible; ClaudeBot/1.0; +claudebot@anthropic.com)"
216.73.217.34 - - [29/Aug/2026:01:04:50 +0000] "GET /ar/post-new-or-edit-request/ HTTP/1.1" 302 5 "https://wp.syrtalents.com/ar/post-new-or-edit-request/?requestid=1190267" "Mozilla/5.0 AppleWebKit/537.36 (KHTML, like Gecko; compatible; ClaudeBot/1.0; +claudebot@anthropic.com)"
216.73.217.34 - - [29/Aug/2026:01:04:51 +0000] "GET /ar/post-new-or-edit-request/ HTTP/1.1" 302 5 "https://wp.syrtalents.com/ar/post-new-or-edit-request/?requestid=1193832" "Mozilla/5.0 AppleWebKit/537.36 (KHTML, like Gecko; compatible; ClaudeBot/1.0; +claudebot@anthropic.com)"
216.73.217.34 - - [29/Aug/2026:01:04:52 +0000] "GET /post-new-or-edit-request/?requestid=1188326 HTTP/1.1" 302 5 "-" "Mozilla/5.0 AppleWebKit/537.36 (KHTML, like Gecko; compatible; ClaudeBot/1.0; +claudebot@anthropic.com)"
216.73.217.34 - - [29/Aug/2026:01:04:54 +0000] "GET /post-new-or-edit-request/ HTTP/1.1" 302 5 "https://wp.syrtalents.com/post-new-or-edit-request/?requestid=1188326" "Mozilla/5.0 AppleWebKit/537.36 (KHTML, like Gecko; compatible; ClaudeBot/1.0; +claudebot@anthropic.com)"
216.73.217.34 - - [29/Aug/2026:01:04:54 +0000] "GET /ar/post-new-or-edit-request/?requestid=1195183 HTTP/1.1" 499 0 "https://wp.syrtalents.com/ar/post-new-or-edit-request/" "Mozilla/5.0 AppleWebKit/537.36 (KHTML, like Gecko; compatible; ClaudeBot/1.0; +claudebot@anthropic.com)"
216.73.217.34 - - [29/Aug/2026:01:04:55 +0000] "GET /ar/post-new-or-edit-request/?requestid=1195184 HTTP/1.1" 200 37826 "https://wp.syrtalents.com/ar/post-new-or-edit-request/" "Mozilla/5.0 AppleWebKit/537.36 (KHTML, like Gecko; compatible; ClaudeBot/1.0; +claudebot@anthropic.com)"
216.73.217.34 - - [29/Aug/2026:01:04:59 +0000] "GET /post-new-or-edit-request/?requestid=1195185 HTTP/1.1" 200 35241 "https://wp.syrtalents.com/post-new-or-edit-request/" "Mozilla/5.0 AppleWebKit/537.36 (KHTML, like Gecko; compatible; ClaudeBot/1.0; +claudebot@anthropic.com)"
216.73.217.34 - - [29/Aug/2026:01:05:36 +0000] "GET /post-new-or-edit-request/?requestid=1184980 HTTP/1.1" 499 0 "-" "Mozilla/5.0 AppleWebKit/537.36 (KHTML, like Gecko; compatible; ClaudeBot/1.0; +claudebot@anthropic.com)"
72.167.149.90 - - [29/Aug/2026:01:05:37 +0000] "POST /wp-cron.php?doing_wp_cron=1787965536.5494170188903808593750 HTTP/1.1" 499 0 "-" "WordPress/7.1; https://wp.syrtalents.com"
18.211.39.188 - - [29/Aug/2026:01:05:44 +0000] "GET /ar/wp-json/wp/v2/categories?post=198637 HTTP/1.1" 499 0 "-" "Mozilla/5.0 AppleWebKit/537.36 (KHTML, like Gecko; compatible; Amazonbot/0.1; +https://developer.amazon.com/support/amazonbot) Chrome/119.0.6045.214 Safari/537.36"
72.167.149.90 - - [29/Aug/2026:01:05:45 +0000] "POST /wp-cron.php?doing_wp_cron=1787965544.8871181011199951171875 HTTP/1.1" 499 0 "-" "WordPress/7.1; https://wp.syrtalents.com/ar"
116.179.32.77 - - [29/Aug/2026:01:05:47 +0000] "GET /post-new-or-edit-request/?requestid=1171300 HTTP/1.1" 302 5 "-" "Mozilla/5.0 (compatible; Baiduspider/2.0; +http://www.baidu.com/search/spider.html)"
116.179.32.137 - - [29/Aug/2026:01:05:56 +0000] "GET /post-new-or-edit-request/ HTTP/1.1" 302 5 "-" "Mozilla/5.0 (compatible; Baiduspider/2.0; +http://www.baidu.com/search/spider.html)"
116.179.32.18 - - [29/Aug/2026:01:06:08 +0000] "GET /post-new-or-edit-request/?requestid=1195186 HTTP/1.1" 200 35242 "-" "Mozilla/5.0 (compatible; Baiduspider/2.0; +http://www.baidu.com/search/spider.html)"
216.73.217.34 - - [29/Aug/2026:01:06:08 +0000] "GET /ar/post-new-or-edit-request/?requestid=1194976 HTTP/1.1" 302 5 "-" "Mozilla/5.0 AppleWebKit/537.36 (KHTML, like Gecko; compatible; ClaudeBot/1.0; +claudebot@anthropic.com)"
216.73.217.34 - - [29/Aug/2026:01:06:12 +0000] "GET /ar/post-new-or-edit-request/?requestid=1195182 HTTP/1.1" 499 0 "https://wp.syrtalents.com/ar/post-new-or-edit-request/?requestid=1194976" "Mozilla/5.0 AppleWebKit/537.36 (KHTML, like Gecko; compatible; ClaudeBot/1.0; +claudebot@anthropic.com)"
116.179.37.115 - - [29/Aug/2026:01:06:23 +0000] "POST /wp-admin/admin-ajax.php?action=un_config_get HTTP/1.1" 200 971 "https://wp.syrtalents.com/post-new-or-edit-request/?requestid=1195186" "Mozilla/5.0 (compatible; Baiduspider-render/2.0; +http://www.baidu.com/search/spider.html)"
162.0.229.236 - - [29/Aug/2026:01:06:31 +0000] "GET /wp-login.php HTTP/1.1" 302 5 "-" "Mozilla/5.0 (Windows NT 10.0; Win64; x64) AppleWebKit/537.36 (KHTML, like Gecko) Chrome/151.0.0.0 Safari/537.36"
162.0.229.236 - - [29/Aug/2026:01:06:31 +0000] "GET /wp-login.php HTTP/1.1" 302 5 "-" "Mozilla/5.0 (Windows NT 10.0; Win64; x64) AppleWebKit/537.36 (KHTML, like Gecko) Chrome/151.0.0.0 Safari/537.36"
162.0.229.236 - - [29/Aug/2026:01:06:34 +0000] "GET /authentication-login/ HTTP/1.1" 499 0 "https://wp.syrtalents.com/wp-login.php" "Mozilla/5.0 (Windows NT 10.0; Win64; x64) AppleWebKit/537.36 (KHTML, like Gecko) Chrome/151.0.0.0 Safari/537.36"
162.0.229.236 - - [29/Aug/2026:01:06:34 +0000] "GET /authentication-login/ HTTP/1.1" 499 0 "https://wp.syrtalents.com/wp-login.php" "Mozilla/5.0 (Windows NT 10.0; Win64; x64) AppleWebKit/537.36 (KHTML, like Gecko) Chrome/151.0.0.0 Safari/537.36"
44.221.37.41 - - [29/Aug/2026:01:06:37 +0000] "GET /ar/wp-json/wp/v2/media?parent=198652 HTTP/1.1" 200 33 "-" "Mozilla/5.0 AppleWebKit/537.36 (KHTML, like Gecko; compatible; Amazonbot/0.1; +https://developer.amazon.com/support/amazonbot) Chrome/119.0.6045.214 Safari/537.36"
162.0.229.236 - beso4u [29/Aug/2026:01:06:39 +0000] "GET /wp-json/wp/v2/users/me HTTP/1.1" 403 117 "-" "Mozilla/5.0 (Windows NT 10.0; Win64; x64) AppleWebKit/537.36 (KHTML, like Gecko) Chrome/151.0.0.0 Safari/537.36"
162.0.229.236 - magrathea [29/Aug/2026:01:06:39 +0000] "GET /wp-json/wp/v2/users/me HTTP/1.1" 403 117 "-" "Mozilla/5.0 (Windows NT 10.0; Win64; x64) AppleWebKit/537.36 (KHTML, like Gecko) Chrome/151.0.0.0 Safari/537.36"
216.73.217.34 - - [29/Aug/2026:01:06:45 +0000] "GET /post-new-or-edit-request/?requestid=1190272 HTTP/1.1" 302 5 "-" "Mozilla/5.0 AppleWebKit/537.36 (KHTML, like Gecko; compatible; ClaudeBot/1.0; +claudebot@anthropic.com)"
216.73.217.34 - - [29/Aug/2026:01:06:50 +0000] "GET /post-new-or-edit-request/ HTTP/1.1" 302 5 "https://wp.syrtalents.com/post-new-or-edit-request/?requestid=1190272" "Mozilla/5.0 AppleWebKit/537.36 (KHTML, like Gecko; compatible; ClaudeBot/1.0; +claudebot@anthropic.com)"
216.73.217.34 - - [29/Aug/2026:01:06:51 +0000] "GET /post-new-or-edit-request/?requestid=1195187 HTTP/1.1" 499 0 "https://wp.syrtalents.com/post-new-or-edit-request/" "Mozilla/5.0 AppleWebKit/537.36 (KHTML, like Gecko; compatible; ClaudeBot/1.0; +claudebot@anthropic.com)"
72.167.149.90 - - [29/Aug/2026:01:07:21 +0000] "POST /wp-cron.php?doing_wp_cron=1787965640.3609371185302734375000 HTTP/1.1" 499 0 "-" "WordPress/7.1; https://wp.syrtalents.com/ar"
216.73.217.34 - - [29/Aug/2026:01:07:21 +0000] "GET /ar/post-new-or-edit-request/?requestid=1192198 HTTP/1.1" 302 5 "-" "Mozilla/5.0 AppleWebKit/537.36 (KHTML, like Gecko; compatible; ClaudeBot/1.0; +claudebot@anthropic.com)"
216.73.217.34 - - [29/Aug/2026:01:07:26 +0000] "GET /ar/post-new-or-edit-request/?requestid=1195182 HTTP/1.1" 200 37826 "https://wp.syrtalents.com/ar/post-new-or-edit-request/?requestid=1192198" "Mozilla/5.0 AppleWebKit/537.36 (KHTML, like Gecko; compatible; ClaudeBot/1.0; +claudebot@anthropic.com)"
72.167.149.90 - - [29/Aug/2026:01:07:57 +0000] "POST /wp-cron.php?doing_wp_cron=1787965675.9830110073089599609375 HTTP/1.1" 499 0 "-" "WordPress/7.1; https://wp.syrtalents.com/ar"
3.221.244.28 - - [29/Aug/2026:01:07:57 +0000] "GET /ar/wp-json/wp/v2/comments?post=198640 HTTP/1.1" 200 33 "-" "Mozilla/5.0 AppleWebKit/537.36 (KHTML, like Gecko; compatible; Amazonbot/0.1; +https://developer.amazon.com/support/amazonbot) Chrome/119.0.6045.214 Safari/537.36"
216.73.217.34 - - [29/Aug/2026:01:08:24 +0000] "GET /ar/post-new-or-edit-request/?requestid=1194685 HTTP/1.1" 302 5 "-" "Mozilla/5.0 AppleWebKit/537.36 (KHTML, like Gecko; compatible; ClaudeBot/1.0; +claudebot@anthropic.com)"
216.73.217.34 - - [29/Aug/2026:01:08:27 +0000] "GET /ar/post-new-or-edit-request/?requestid=1195182 HTTP/1.1" 200 37826 "https://wp.syrtalents.com/ar/post-new-or-edit-request/?requestid=1194685" "Mozilla/5.0 AppleWebKit/537.36 (KHTML, like Gecko; compatible; ClaudeBot/1.0; +claudebot@anthropic.com)"
216.73.217.34 - - [29/Aug/2026:01:09:56 +0000] "GET /post-new-or-edit-request/?requestid=1190806 HTTP/1.1" 302 5 "-" "Mozilla/5.0 AppleWebKit/537.36 (KHTML, like Gecko; compatible; ClaudeBot/1.0; +claudebot@anthropic.com)"
216.73.217.34 - - [29/Aug/2026:01:09:58 +0000] "GET /post-new-or-edit-request/ HTTP/1.1" 302 5 "https://wp.syrtalents.com/post-new-or-edit-request/?requestid=1190806" "Mozilla/5.0 AppleWebKit/537.36 (KHTML, like Gecko; compatible; ClaudeBot/1.0; +claudebot@anthropic.com)"
216.73.217.34 - - [29/Aug/2026:01:10:04 +0000] "GET /post-new-or-edit-request/?requestid=1195188 HTTP/1.1" 200 35242 "https://wp.syrtalents.com/post-new-or-edit-request/" "Mozilla/5.0 AppleWebKit/537.36 (KHTML, like Gecko; compatible; ClaudeBot/1.0; +claudebot@anthropic.com)"
72.167.149.90 - - [29/Aug/2026:01:10:28 +0000] "POST /wp-cron.php?doing_wp_cron=1787965827.4731109142303466796875 HTTP/1.1" 499 0 "-" "WordPress/7.1; https://wp.syrtalents.com"
216.73.217.34 - - [29/Aug/2026:01:10:28 +0000] "GET /post-new-or-edit-request/?requestid=1193347 HTTP/1.1" 302 5 "-" "Mozilla/5.0 AppleWebKit/537.36 (KHTML, like Gecko; compatible; ClaudeBot/1.0; +claudebot@anthropic.com)"
216.73.217.34 - - [29/Aug/2026:01:10:30 +0000] "GET /post-new-or-edit-request/ HTTP/1.1" 302 5 "https://wp.syrtalents.com/post-new-or-edit-request/?requestid=1193347" "Mozilla/5.0 AppleWebKit/537.36 (KHTML, like Gecko; compatible; ClaudeBot/1.0; +claudebot@anthropic.com)"
216.73.217.34 - - [29/Aug/2026:01:10:33 +0000] "GET /post-new-or-edit-request/?requestid=1195189 HTTP/1.1" 200 35243 "https://wp.syrtalents.com/post-new-or-edit-request/" "Mozilla/5.0 AppleWebKit/537.36 (KHTML, like Gecko; compatible; ClaudeBot/1.0; +claudebot@anthropic.com)"
216.73.217.34 - - [29/Aug/2026:01:10:57 +0000] "GET /ar/post-new-or-edit-request/?requestid=1194983 HTTP/1.1" 302 5 "-" "Mozilla/5.0 AppleWebKit/537.36 (KHTML, like Gecko; compatible; ClaudeBot/1.0; +claudebot@anthropic.com)"
216.73.217.34 - - [29/Aug/2026:01:11:00 +0000] "GET /ar/post-new-or-edit-request/ HTTP/1.1" 302 5 "https://wp.syrtalents.com/ar/post-new-or-edit-request/?requestid=1194983" "Mozilla/5.0 AppleWebKit/537.36 (KHTML, like Gecko; compatible; ClaudeBot/1.0; +claudebot@anthropic.com)"
216.73.217.34 - - [29/Aug/2026:01:11:04 +0000] "GET /ar/post-new-or-edit-request/?requestid=1195190 HTTP/1.1" 200 37825 "https://wp.syrtalents.com/ar/post-new-or-edit-request/" "Mozilla/5.0 AppleWebKit/537.36 (KHTML, like Gecko; compatible; ClaudeBot/1.0; +claudebot@anthropic.com)"
216.73.217.34 - - [29/Aug/2026:01:11:27 +0000] "GET /ar/post-new-or-edit-request/?requestid=1194059 HTTP/1.1" 302 5 "-" "Mozilla/5.0 AppleWebKit/537.36 (KHTML, like Gecko; compatible; ClaudeBot/1.0; +claudebot@anthropic.com)"
216.73.217.34 - - [29/Aug/2026:01:11:29 +0000] "GET /ar/post-new-or-edit-request/ HTTP/1.1" 302 5 "https://wp.syrtalents.com/ar/post-new-or-edit-request/?requestid=1194059" "Mozilla/5.0 AppleWebKit/537.36 (KHTML, like Gecko; compatible; ClaudeBot/1.0; +claudebot@anthropic.com)"
216.73.217.34 - - [29/Aug/2026:01:11:32 +0000] "GET /ar/post-new-or-edit-request/?requestid=1195191 HTTP/1.1" 200 37826 "https://wp.syrtalents.com/ar/post-new-or-edit-request/" "Mozilla/5.0 AppleWebKit/537.36 (KHTML, like Gecko; compatible; ClaudeBot/1.0; +claudebot@anthropic.com)"
216.73.217.34 - - [29/Aug/2026:01:11:57 +0000] "GET /ar/post-new-or-edit-request/?requestid=1190062 HTTP/1.1" 302 5 "-" "Mozilla/5.0 AppleWebKit/537.36 (KHTML, like Gecko; compatible; ClaudeBot/1.0; +claudebot@anthropic.com)"
216.73.217.34 - - [29/Aug/2026:01:11:59 +0000] "GET /ar/post-new-or-edit-request/ HTTP/1.1" 302 5 "https://wp.syrtalents.com/ar/post-new-or-edit-request/?requestid=1190062" "Mozilla/5.0 AppleWebKit/537.36 (KHTML, like Gecko; compatible; ClaudeBot/1.0; +claudebot@anthropic.com)"
216.73.217.34 - - [29/Aug/2026:01:12:03 +0000] "GET /ar/post-new-or-edit-request/?requestid=1195192 HTTP/1.1" 200 37827 "https://wp.syrtalents.com/ar/post-new-or-edit-request/" "Mozilla/5.0 AppleWebKit/537.36 (KHTML, like Gecko; compatible; ClaudeBot/1.0; +claudebot@anthropic.com)"
216.73.217.34 - - [29/Aug/2026:01:12:28 +0000] "GET /sitemap.xml HTTP/1.1" 200 372 "-" "Mozilla/5.0 AppleWebKit/537.36 (KHTML, like Gecko; compatible; ClaudeBot/1.0; +claudebot@anthropic.com)"
72.167.149.90 - - [29/Aug/2026:01:12:58 +0000] "POST /wp-cron.php?doing_wp_cron=1787965977.7448639869689941406250 HTTP/1.1" 499 0 "-" "WordPress/7.1; https://wp.syrtalents.com"
216.73.217.34 - - [29/Aug/2026:01:12:58 +0000] "GET /post-new-or-edit-request/?requestid=1187952 HTTP/1.1" 302 5 "-" "Mozilla/5.0 AppleWebKit/537.36 (KHTML, like Gecko; compatible; ClaudeBot/1.0; +claudebot@anthropic.com)"
216.73.217.34 - - [29/Aug/2026:01:13:01 +0000] "GET /post-new-or-edit-request/ HTTP/1.1" 302 5 "https://wp.syrtalents.com/post-new-or-edit-request/?requestid=1187952" "Mozilla/5.0 AppleWebKit/537.36 (KHTML, like Gecko; compatible; ClaudeBot/1.0; +claudebot@anthropic.com)"
216.73.217.34 - - [29/Aug/2026:01:13:04 +0000] "GET /post-new-or-edit-request/?requestid=1188413 HTTP/1.1" 302 5 "-" "Mozilla/5.0 AppleWebKit/537.36 (KHTML, like Gecko; compatible; ClaudeBot/1.0; +claudebot@anthropic.com)"
216.73.217.34 - - [29/Aug/2026:01:13:05 +0000] "GET /post-new-or-edit-request/?requestid=1195193 HTTP/1.1" 200 35239 "https://wp.syrtalents.com/post-new-or-edit-request/" "Mozilla/5.0 AppleWebKit/537.36 (KHTML, like Gecko; compatible; ClaudeBot/1.0; +claudebot@anthropic.com)"
216.73.217.34 - - [29/Aug/2026:01:13:06 +0000] "GET /post-new-or-edit-request/ HTTP/1.1" 302 5 "https://wp.syrtalents.com/post-new-or-edit-request/?requestid=1188413" "Mozilla/5.0 AppleWebKit/537.36 (KHTML, like Gecko; compatible; ClaudeBot/1.0; +claudebot@anthropic.com)"
