74.7.227.5 - - [29/Aug/2026:03:36:54 +0000] "GET /ar/agent/ali-alloush/ HTTP/1.1" 200 31022 "https://staging.syraqarat.com/ar/?p=23942" "Mozilla/5.0 AppleWebKit/537.36 (KHTML, like Gecko; compatible; GPTBot/1.4; +https://openai.com/gptbot)"
72.167.149.90 - - [29/Aug/2026:03:36:57 +0000] "POST /wp-cron.php?doing_wp_cron=1787974616.0688049793243408203125 HTTP/1.1" 499 0 "-" "WordPress/7.1; https://staging.syraqarat.com"
74.7.227.5 - - [29/Aug/2026:03:36:57 +0000] "GET /wp-json/wp/v2/properties/24575 HTTP/1.1" 200 2475 "https://staging.syraqarat.com/property/%d9%82%d8%a8%d9%88-%d9%84%d9%84%d8%a8%d9%8a%d8%b9-%d8%ad%d9%85%d8%b5-%d8%a8%d8%a7%d8%a8-%d8%a7%d9%84%d8%af%d8%b1%d9%8a%d8%a8/" "Mozilla/5.0 AppleWebKit/537.36 (KHTML, like Gecko; compatible; GPTBot/1.4; +https://openai.com/gptbot)"
74.7.227.5 - - [29/Aug/2026:03:36:57 +0000] "GET /wp-content/plugins/elementor/assets/css/widget-icon-box.min.css?ver=4.2.3 HTTP/1.1" 200 473 "https://staging.syraqarat.com/" "Mozilla/5.0 AppleWebKit/537.36 (KHTML, like Gecko; compatible; GPTBot/1.4; +https://openai.com/gptbot)"
74.7.227.5 - - [29/Aug/2026:03:36:57 +0000] "GET /wp-content/themes/houzez/js/vendors/theia-sticky-sidebar.min.js?ver=4.3.2 HTTP/1.1" 200 1742 "https://staging.syraqarat.com/" "Mozilla/5.0 AppleWebKit/537.36 (KHTML, like Gecko; compatible; GPTBot/1.4; +https://openai.com/gptbot)"
72.167.149.90 - - [29/Aug/2026:03:37:01 +0000] "POST /wp-cron.php?doing_wp_cron=1787974620.1028749942779541015625 HTTP/1.1" 499 0 "-" "WordPress/7.1; https://staging.syraqarat.com"
74.7.227.5 - - [29/Aug/2026:03:37:01 +0000] "GET /property/%d8%b4%d9%82%d8%a9-%d9%84%d9%84%d8%a8%d9%8a%d8%b9-%d8%b4%d8%a7%d8%b1%d8%b9-%d8%aa%d9%84%d9%88/ HTTP/1.1" 200 31154 "https://staging.syraqarat.com/author/lougenm/page/2/" "Mozilla/5.0 AppleWebKit/537.36 (KHTML, like Gecko; compatible; GPTBot/1.4; +https://openai.com/gptbot)"
74.7.227.5 - - [29/Aug/2026:03:37:05 +0000] "GET /property/%d8%b4%d9%82%d8%a9-%d9%84%d9%84%d8%a8%d9%8a%d8%b9-%d8%ad%d9%85%d8%b5-%d8%a8%d9%8a%d8%aa-%d8%a7%d9%84%d8%b7%d9%88%d9%8a%d9%84-%d9%85%d8%b9-%d8%a7%d9%84%d9%81%d8%b1%d8%b4/ HTTP/1.1" 200 33312 "https://staging.syraqarat.com/author/lougenm/page/3/" "Mozilla/5.0 AppleWebKit/537.36 (KHTML, like Gecko; compatible; GPTBot/1.4; +https://openai.com/gptbot)"
72.167.149.90 - - [29/Aug/2026:03:37:09 +0000] "POST /wp-cron.php?doing_wp_cron=1787974628.8846900463104248046875 HTTP/1.1" 499 0 "-" "WordPress/7.1; https://staging.syraqarat.com/ar"
74.7.227.5 - - [29/Aug/2026:03:37:10 +0000] "GET /ar/property/%d8%b4%d9%82%d8%a9-%d9%84%d9%84%d8%a8%d9%8a%d8%b9-%d8%ad%d9%85%d8%b5-%d8%a7%d9%84%d8%a7%d9%87%d8%b1%d8%a7%d9%85/ HTTP/1.1" 200 34211 "https://staging.syraqarat.com/ar/agent/ali-alloush/?tab=for-sale" "Mozilla/5.0 AppleWebKit/537.36 (KHTML, like Gecko; compatible; GPTBot/1.4; +https://openai.com/gptbot)"
74.7.227.5 - - [29/Aug/2026:03:37:13 +0000] "GET /property/%d8%b4%d9%82%d8%a9-%d9%84%d9%84%d8%a8%d9%8a%d8%b9-%d9%81%d9%8a-%d8%ad%d9%85%d8%b5-%d8%a8%d9%8a%d8%aa-%d8%a7%d9%84%d8%b7%d9%88%d9%8a%d9%84/ HTTP/1.1" 200 32538 "https://staging.syraqarat.com/author/lougenm/page/3/" "Mozilla/5.0 AppleWebKit/537.36 (KHTML, like Gecko; compatible; GPTBot/1.4; +https://openai.com/gptbot)"
72.167.149.90 - - [29/Aug/2026:03:37:16 +0000] "POST /wp-cron.php?doing_wp_cron=1787974635.1105380058288574218750 HTTP/1.1" 499 0 "-" "WordPress/7.1; https://staging.syraqarat.com"
74.7.227.5 - - [29/Aug/2026:03:37:16 +0000] "GET /property/%d8%b4%d9%82%d8%a9-%d9%84%d9%84%d8%a8%d9%8a%d8%b9-%d8%ad%d9%85%d8%b5-%d8%b4%d8%a7%d8%b1%d8%b9-%d8%a8%d9%8a%d8%aa-%d8%a7%d9%84%d8%b7%d9%88%d9%8a%d9%84/ HTTP/1.1" 200 32454 "https://staging.syraqarat.com/author/lougenm/page/3/" "Mozilla/5.0 AppleWebKit/537.36 (KHTML, like Gecko; compatible; GPTBot/1.4; +https://openai.com/gptbot)"
74.7.227.5 - - [29/Aug/2026:03:37:19 +0000] "GET /ar/author/lougenm/?tab=for-sale HTTP/1.1" 200 31669 "https://staging.syraqarat.com/author/lougenm/?tab=for-sale" "Mozilla/5.0 AppleWebKit/537.36 (KHTML, like Gecko; compatible; GPTBot/1.4; +https://openai.com/gptbot)"
72.167.149.90 - - [29/Aug/2026:03:37:22 +0000] "POST /wp-cron.php?doing_wp_cron=1787974641.9540541172027587890625 HTTP/1.1" 499 0 "-" "WordPress/7.1; https://staging.syraqarat.com/ar"
74.7.227.5 - - [29/Aug/2026:03:37:23 +0000] "GET /ar/author/lougenm/?tab=for-rent HTTP/1.1" 200 28243 "https://staging.syraqarat.com/author/lougenm/?tab=for-rent" "Mozilla/5.0 AppleWebKit/537.36 (KHTML, like Gecko; compatible; GPTBot/1.4; +https://openai.com/gptbot)"
72.167.149.90 - - [29/Aug/2026:03:37:26 +0000] "POST /wp-cron.php?doing_wp_cron=1787974645.1436059474945068359375 HTTP/1.1" 499 0 "-" "WordPress/7.1; https://staging.syraqarat.com/ar"
74.7.227.5 - - [29/Aug/2026:03:37:26 +0000] "GET /ar/agent/ali-alloush/page/2/ HTTP/1.1" 200 27184 "https://staging.syraqarat.com/ar/?p=23942" "Mozilla/5.0 AppleWebKit/537.36 (KHTML, like Gecko; compatible; GPTBot/1.4; +https://openai.com/gptbot)"
72.167.149.90 - - [29/Aug/2026:03:37:29 +0000] "POST /wp-cron.php?doing_wp_cron=1787974648.3689649105072021484375 HTTP/1.1" 499 0 "-" "WordPress/7.1; https://staging.syraqarat.com/ar"
74.7.227.5 - - [29/Aug/2026:03:37:29 +0000] "GET /ar/agent/ali-alloush/page/2/?tab=for-sale HTTP/1.1" 200 27200 "https://staging.syraqarat.com/ar/agent/ali-alloush/?tab=for-sale" "Mozilla/5.0 AppleWebKit/537.36 (KHTML, like Gecko; compatible; GPTBot/1.4; +https://openai.com/gptbot)"
74.7.227.5 - - [29/Aug/2026:03:37:32 +0000] "GET /ar/property/%d8%b4%d9%82%d8%a9-%d9%84%d9%84%d8%a8%d9%8a%d8%b9-%d8%ad%d9%85%d8%b5-%d8%b9%d9%83%d8%b1%d9%85%d8%a9-%d8%a7%d9%84%d8%ac%d8%af%d9%8a%d8%af%d8%a9/ HTTP/1.1" 200 34322 "https://staging.syraqarat.com/ar/agent/ali-alloush/?tab=for-sale" "Mozilla/5.0 AppleWebKit/537.36 (KHTML, like Gecko; compatible; GPTBot/1.4; +https://openai.com/gptbot)"
72.167.149.90 - - [29/Aug/2026:03:37:35 +0000] "POST /wp-cron.php?doing_wp_cron=1787974654.9576671123504638671875 HTTP/1.1" 499 0 "-" "WordPress/7.1; https://staging.syraqarat.com/ar"
74.7.227.5 - - [29/Aug/2026:03:37:36 +0000] "GET /ar/agent/ali-alloush/page/2/?tab HTTP/1.1" 200 27189 "https://staging.syraqarat.com/ar/agent/ali-alloush/?tab" "Mozilla/5.0 AppleWebKit/537.36 (KHTML, like Gecko; compatible; GPTBot/1.4; +https://openai.com/gptbot)"
72.167.149.90 - - [29/Aug/2026:03:37:41 +0000] "POST /wp-cron.php?doing_wp_cron=1787974660.1490399837493896484375 HTTP/1.1" 499 0 "-" "WordPress/7.1; https://staging.syraqarat.com/ar"
74.7.227.5 - - [29/Aug/2026:03:37:41 +0000] "GET /ar/property/%d8%b4%d9%82%d8%a9-%d9%84%d9%84%d8%a8%d9%8a%d8%b9-%d8%b4%d8%a7%d8%b1%d8%b9-%d8%aa%d9%84%d9%88/ HTTP/1.1" 200 32870 "https://staging.syraqarat.com/property/%d8%b4%d9%82%d8%a9-%d9%84%d9%84%d8%a8%d9%8a%d8%b9-%d8%b4%d8%a7%d8%b1%d8%b9-%d8%aa%d9%84%d9%88/" "Mozilla/5.0 AppleWebKit/537.36 (KHTML, like Gecko; compatible; GPTBot/1.4; +https://openai.com/gptbot)"
72.167.149.90 - - [29/Aug/2026:03:37:43 +0000] "POST /wp-cron.php?doing_wp_cron=1787974662.6180489063262939453125 HTTP/1.1" 200 31 "-" "WordPress/7.1; https://staging.syraqarat.com"
74.7.227.5 - - [29/Aug/2026:03:37:43 +0000] "GET /wp-json/oembed/1.0/embed?format=xml&url=https%3A%2F%2Fstaging.syraqarat.com%2Fproperty%2F%25d8%25b4%25d9%2582%25d8%25a9-%25d9%2584%25d9%2584%25d8%25a8%25d9%258a%25d8%25b9-%25d8%25ad%25d9%2585%25d8%25b5-%25d8%25a8%25d9%258a%25d8%25aa-%25d8%25a7%25d9%2584%25d8%25b7%25d9%2588%25d9%258a%25d9%2584-%25d9%2585%25d8%25b9-%25d8%25a7%25d9%2584%25d9%2581%25d8%25b1%25d8%25b4%2F HTTP/1.1" 200 1286 "https://staging.syraqarat.com/property/%d8%b4%d9%82%d8%a9-%d9%84%d9%84%d8%a8%d9%8a%d8%b9-%d8%ad%d9%85%d8%b5-%d8%a8%d9%8a%d8%aa-%d8%a7%d9%84%d8%b7%d9%88%d9%8a%d9%84-%d9%85%d8%b9-%d8%a7%d9%84%d9%81%d8%b1%d8%b4/" "Mozilla/5.0 AppleWebKit/537.36 (KHTML, like Gecko; compatible; GPTBot/1.4; +https://openai.com/gptbot)"
72.167.149.90 - - [29/Aug/2026:03:37:45 +0000] "POST /wp-cron.php?doing_wp_cron=1787974664.8370571136474609375000 HTTP/1.1" 499 0 "-" "WordPress/7.1; https://staging.syraqarat.com/ar"
74.7.227.5 - - [29/Aug/2026:03:37:45 +0000] "GET /ar/wp-json/oembed/1.0/embed?format=xml&url=https%3A%2F%2Fstaging.syraqarat.com%2Far%2Fproperty%2F%25d8%25b4%25d9%2582%25d8%25a9-%25d9%2584%25d9%2584%25d8%25a8%25d9%258a%25d8%25b9-%25d8%25ad%25d9%2585%25d8%25b5-%25d8%25a7%25d9%2584%25d8%25a7%25d9%2587%25d8%25b1%25d8%25a7%25d9%2585%2F HTTP/1.1" 200 1249 "https://staging.syraqarat.com/ar/property/%d8%b4%d9%82%d8%a9-%d9%84%d9%84%d8%a8%d9%8a%d8%b9-%d8%ad%d9%85%d8%b5-%d8%a7%d9%84%d8%a7%d9%87%d8%b1%d8%a7%d9%85/" "Mozilla/5.0 AppleWebKit/537.36 (KHTML, like Gecko; compatible; GPTBot/1.4; +https://openai.com/gptbot)"
74.7.227.5 - - [29/Aug/2026:03:37:49 +0000] "GET /ar/property/%d9%83%d8%aa%d9%84%d8%a9-%d9%84%d9%84%d8%a8%d9%8a%d8%b9-%d9%81%d9%8a-%d8%ad%d9%85%d8%b5-%d8%af%d9%88%d8%a7%d8%b1-%d8%a7%d9%84%d8%a7%d8%b5%d9%8a%d9%84/ HTTP/1.1" 200 33221 "https://staging.syraqarat.com/ar/property/%d8%b4%d9%82%d8%a9-%d9%84%d9%84%d8%a8%d9%8a%d8%b9-%d8%ad%d9%85%d8%b5-%d8%a7%d9%84%d8%a7%d9%87%d8%b1%d8%a7%d9%85/" "Mozilla/5.0 AppleWebKit/537.36 (KHTML, like Gecko; compatible; GPTBot/1.4; +https://openai.com/gptbot)"
72.167.149.90 - - [29/Aug/2026:03:37:53 +0000] "POST /wp-cron.php?doing_wp_cron=1787974672.5609529018402099609375 HTTP/1.1" 499 0 "-" "WordPress/7.1; https://staging.syraqarat.com/ar"
74.7.227.5 - - [29/Aug/2026:03:37:53 +0000] "GET /ar/property/%d8%b4%d9%82%d8%a9-%d9%84%d9%84%d8%a8%d9%8a%d8%b9-%d8%ad%d9%85%d8%b5-%d8%b4%d8%a7%d8%b1%d8%b9-%d8%a8%d9%8a%d8%aa-%d8%a7%d9%84%d8%b7%d9%88%d9%8a%d9%84/ HTTP/1.1" 200 34201 "https://staging.syraqarat.com/property/%d8%b4%d9%82%d8%a9-%d9%84%d9%84%d8%a8%d9%8a%d8%b9-%d8%ad%d9%85%d8%b5-%d8%b4%d8%a7%d8%b1%d8%b9-%d8%a8%d9%8a%d8%aa-%d8%a7%d9%84%d8%b7%d9%88%d9%8a%d9%84/" "Mozilla/5.0 AppleWebKit/537.36 (KHTML, like Gecko; compatible; GPTBot/1.4; +https://openai.com/gptbot)"
72.167.149.90 - - [29/Aug/2026:03:37:57 +0000] "POST /wp-cron.php?doing_wp_cron=1787974676.7795960903167724609375 HTTP/1.1" 499 0 "-" "WordPress/7.1; https://staging.syraqarat.com/ar"
74.7.227.5 - - [29/Aug/2026:03:37:57 +0000] "GET /ar/property/%d8%b4%d9%82%d8%a9-%d9%84%d9%84%d8%a8%d9%8a%d8%b9-%d9%81%d9%8a-%d8%ad%d9%85%d8%b5-%d8%b4%d8%a7%d8%b1%d8%b9-%d8%a7%d9%84%d8%ae%d8%b6%d8%b1%d9%8a/ HTTP/1.1" 200 34573 "https://staging.syraqarat.com/ar/author/lougenm/?tab=for-sale" "Mozilla/5.0 AppleWebKit/537.36 (KHTML, like Gecko; compatible; GPTBot/1.4; +https://openai.com/gptbot)"
72.167.149.90 - - [29/Aug/2026:03:38:02 +0000] "POST /wp-cron.php?doing_wp_cron=1787974681.2820880413055419921875 HTTP/1.1" 499 0 "-" "WordPress/7.1; https://staging.syraqarat.com/ar"
74.7.227.5 - - [29/Aug/2026:03:38:02 +0000] "GET /ar/property/%d8%b4%d9%82%d8%a9-%d9%84%d9%84%d8%a8%d9%8a%d8%b9-%d8%a8%d9%8a%d8%aa-%d8%a7%d9%84%d8%b7%d9%88%d9%8a%d9%84-2/ HTTP/1.1" 200 33849 "https://staging.syraqarat.com/ar/author/lougenm/?tab=for-sale" "Mozilla/5.0 AppleWebKit/537.36 (KHTML, like Gecko; compatible; GPTBot/1.4; +https://openai.com/gptbot)"
74.7.227.5 - - [29/Aug/2026:03:38:05 +0000] "GET /ar/property/%d8%b4%d9%82%d8%a9-%d8%ad%d9%85%d8%b5-%d9%83%d8%b1%d9%85-%d8%a7%d9%84%d9%84%d9%88%d8%b2/ HTTP/1.1" 200 33996 "https://staging.syraqarat.com/ar/agent/ali-alloush/page/2/" "Mozilla/5.0 AppleWebKit/537.36 (KHTML, like Gecko; compatible; GPTBot/1.4; +https://openai.com/gptbot)"
72.167.149.90 - - [29/Aug/2026:03:38:09 +0000] "POST /wp-cron.php?doing_wp_cron=1787974688.5203940868377685546875 HTTP/1.1" 499 0 "-" "WordPress/7.1; https://staging.syraqarat.com/ar"
74.7.227.5 - - [29/Aug/2026:03:38:09 +0000] "GET /ar/property/%d8%b4%d9%82%d8%a9-%d9%84%d9%84%d8%a8%d9%8a%d8%b9-%d9%81%d9%8a-%d8%ad%d9%85%d8%b5-%d8%b4%d8%a7%d8%b1%d8%b9-%d8%a7%d9%84%d8%a7%d8%b1%d9%85%d9%86/ HTTP/1.1" 200 31074 "https://staging.syraqarat.com/ar/author/lougenm/?tab=for-rent" "Mozilla/5.0 AppleWebKit/537.36 (KHTML, like Gecko; compatible; GPTBot/1.4; +https://openai.com/gptbot)"
72.167.149.90 - - [29/Aug/2026:03:38:14 +0000] "POST /wp-cron.php?doing_wp_cron=1787974693.8828821182250976562500 HTTP/1.1" 499 0 "-" "WordPress/7.1; https://staging.syraqarat.com/ar"
74.7.227.5 - - [29/Aug/2026:03:38:15 +0000] "GET /ar/status/for-rent/ HTTP/1.1" 200 25011 "https://staging.syraqarat.com/ar/author/lougenm/?tab=for-rent" "Mozilla/5.0 AppleWebKit/537.36 (KHTML, like Gecko; compatible; GPTBot/1.4; +https://openai.com/gptbot)"
74.7.227.5 - - [29/Aug/2026:03:38:16 +0000] "GET /wp-json/oembed/1.0/embed?format=xml&url=https%3A%2F%2Fstaging.syraqarat.com%2Fproperty%2F%25d8%25b4%25d9%2582%25d8%25a9-%25d9%2584%25d9%2584%25d8%25a8%25d9%258a%25d8%25b9-%25d9%2581%25d9%258a-%25d8%25ad%25d9%2585%25d8%25b5-%25d8%25a8%25d9%258a%25d8%25aa-%25d8%25a7%25d9%2584%25d8%25b7%25d9%2588%25d9%258a%25d9%2584%2F HTTP/1.1" 200 1264 "https://staging.syraqarat.com/property/%d8%b4%d9%82%d8%a9-%d9%84%d9%84%d8%a8%d9%8a%d8%b9-%d9%81%d9%8a-%d8%ad%d9%85%d8%b5-%d8%a8%d9%8a%d8%aa-%d8%a7%d9%84%d8%b7%d9%88%d9%8a%d9%84/" "Mozilla/5.0 AppleWebKit/537.36 (KHTML, like Gecko; compatible; GPTBot/1.4; +https://openai.com/gptbot)"
72.167.149.90 - - [29/Aug/2026:03:38:19 +0000] "POST /wp-cron.php?doing_wp_cron=1787974698.6070029735565185546875 HTTP/1.1" 499 0 "-" "WordPress/7.1; https://staging.syraqarat.com/ar"
74.7.227.5 - - [29/Aug/2026:03:38:19 +0000] "GET /ar/wp-json/oembed/1.0/embed?url=https%3A%2F%2Fstaging.syraqarat.com%2Far%2Fproperty%2F%25d8%25b4%25d9%2582%25d8%25a9-%25d9%2584%25d9%2584%25d8%25a8%25d9%258a%25d8%25b9-%25d8%25b4%25d8%25a7%25d8%25b1%25d8%25b9-%25d8%25aa%25d9%2584%25d9%2588%2F HTTP/1.1" 200 1198 "https://staging.syraqarat.com/ar/property/%d8%b4%d9%82%d8%a9-%d9%84%d9%84%d8%a8%d9%8a%d8%b9-%d8%b4%d8%a7%d8%b1%d8%b9-%d8%aa%d9%84%d9%88/" "Mozilla/5.0 AppleWebKit/537.36 (KHTML, like Gecko; compatible; GPTBot/1.4; +https://openai.com/gptbot)"
74.7.227.5 - - [29/Aug/2026:03:38:21 +0000] "GET /ar/?p=24490 HTTP/1.1" 301 5 "https://staging.syraqarat.com/ar/property/%d8%b4%d9%82%d8%a9-%d9%84%d9%84%d8%a8%d9%8a%d8%b9-%d8%ad%d9%85%d8%b5-%d8%a7%d9%84%d8%a7%d9%87%d8%b1%d8%a7%d9%85/" "Mozilla/5.0 AppleWebKit/537.36 (KHTML, like Gecko; compatible; GPTBot/1.4; +https://openai.com/gptbot)"
72.167.149.90 - - [29/Aug/2026:03:38:24 +0000] "POST /wp-cron.php?doing_wp_cron=1787974703.2734370231628417968750 HTTP/1.1" 499 0 "-" "WordPress/7.1; https://staging.syraqarat.com"
74.7.227.5 - - [29/Aug/2026:03:38:24 +0000] "GET /wp-json/wp/v2/properties/24597 HTTP/1.1" 200 2500 "https://staging.syraqarat.com/property/%d8%b4%d9%82%d8%a9-%d9%84%d9%84%d8%a8%d9%8a%d8%b9-%d8%b4%d8%a7%d8%b1%d8%b9-%d8%aa%d9%84%d9%88/" "Mozilla/5.0 AppleWebKit/537.36 (KHTML, like Gecko; compatible; GPTBot/1.4; +https://openai.com/gptbot)"
74.7.227.5 - - [29/Aug/2026:03:38:26 +0000] "GET /ar/wp-json/oembed/1.0/embed?url=https%3A%2F%2Fstaging.syraqarat.com%2Far%2Fproperty%2F%25d9%2583%25d8%25aa%25d9%2584%25d8%25a9-%25d9%2584%25d9%2584%25d8%25a8%25d9%258a%25d8%25b9-%25d9%2581%25d9%258a-%25d8%25ad%25d9%2585%25d8%25b5-%25d8%25af%25d9%2588%25d8%25a7%25d8%25b1-%25d8%25a7%25d9%2584%25d8%25a7%25d8%25b5%25d9%258a%25d9%2584%2F HTTP/1.1" 200 1239 "https://staging.syraqarat.com/ar/property/%d9%83%d8%aa%d9%84%d8%a9-%d9%84%d9%84%d8%a8%d9%8a%d8%b9-%d9%81%d9%8a-%d8%ad%d9%85%d8%b5-%d8%af%d9%88%d8%a7%d8%b1-%d8%a7%d9%84%d8%a7%d8%b5%d9%8a%d9%84/" "Mozilla/5.0 AppleWebKit/537.36 (KHTML, like Gecko; compatible; GPTBot/1.4; +https://openai.com/gptbot)"
72.167.149.90 - - [29/Aug/2026:03:38:29 +0000] "POST /wp-cron.php?doing_wp_cron=1787974708.1185441017150878906250 HTTP/1.1" 499 0 "-" "WordPress/7.1; https://staging.syraqarat.com/ar"
74.7.227.5 - - [29/Aug/2026:03:38:29 +0000] "GET /ar/?p=24478 HTTP/1.1" 301 5 "https://staging.syraqarat.com/ar/property/%d9%83%d8%aa%d9%84%d8%a9-%d9%84%d9%84%d8%a8%d9%8a%d8%b9-%d9%81%d9%8a-%d8%ad%d9%85%d8%b5-%d8%af%d9%88%d8%a7%d8%b1-%d8%a7%d9%84%d8%a7%d8%b5%d9%8a%d9%84/" "Mozilla/5.0 AppleWebKit/537.36 (KHTML, like Gecko; compatible; GPTBot/1.4; +https://openai.com/gptbot)"
74.7.227.5 - - [29/Aug/2026:03:38:30 +0000] "GET /ar/wp-json/oembed/1.0/embed?format=xml&url=https%3A%2F%2Fstaging.syraqarat.com%2Far%2Fproperty%2F%25d8%25b4%25d9%2582%25d8%25a9-%25d9%2584%25d9%2584%25d8%25a8%25d9%258a%25d8%25b9-%25d9%2581%25d9%258a-%25d8%25ad%25d9%2585%25d8%25b5-%25d8%25b4%25d8%25a7%25d8%25b1%25d8%25b9-%25d8%25a7%25d9%2584%25d8%25ae%25d8%25b6%25d8%25b1%25d9%258a%2F HTTP/1.1" 200 1273 "https://staging.syraqarat.com/ar/property/%d8%b4%d9%82%d8%a9-%d9%84%d9%84%d8%a8%d9%8a%d8%b9-%d9%81%d9%8a-%d8%ad%d9%85%d8%b5-%d8%b4%d8%a7%d8%b1%d8%b9-%d8%a7%d9%84%d8%ae%d8%b6%d8%b1%d9%8a/" "Mozilla/5.0 AppleWebKit/537.36 (KHTML, like Gecko; compatible; GPTBot/1.4; +https://openai.com/gptbot)"
72.167.149.90 - - [29/Aug/2026:03:38:33 +0000] "POST /wp-cron.php?doing_wp_cron=1787974712.5184340476989746093750 HTTP/1.1" 499 0 "-" "WordPress/7.1; https://staging.syraqarat.com/ar"
74.7.227.5 - - [29/Aug/2026:03:38:33 +0000] "GET /ar/wp-json/oembed/1.0/embed?format=xml&url=https%3A%2F%2Fstaging.syraqarat.com%2Far%2Fproperty%2F%25d8%25b4%25d9%2582%25d8%25a9-%25d9%2584%25d9%2584%25d8%25a8%25d9%258a%25d8%25b9-%25d8%25a8%25d9%258a%25d8%25aa-%25d8%25a7%25d9%2584%25d8%25b7%25d9%2588%25d9%258a%25d9%2584-2%2F HTTP/1.1" 200 1241 "https://staging.syraqarat.com/ar/property/%d8%b4%d9%82%d8%a9-%d9%84%d9%84%d8%a8%d9%8a%d8%b9-%d8%a8%d9%8a%d8%aa-%d8%a7%d9%84%d8%b7%d9%88%d9%8a%d9%84-2/" "Mozilla/5.0 AppleWebKit/537.36 (KHTML, like Gecko; compatible; GPTBot/1.4; +https://openai.com/gptbot)"
74.7.227.5 - - [29/Aug/2026:03:38:35 +0000] "GET /ar/wp-json/oembed/1.0/embed?url=https%3A%2F%2Fstaging.syraqarat.com%2Far%2Fproperty%2F%25d8%25b4%25d9%2582%25d8%25a9-%25d9%2584%25d9%2584%25d8%25a8%25d9%258a%25d8%25b9-%25d9%2581%25d9%258a-%25d8%25ad%25d9%2585%25d8%25b5-%25d8%25b4%25d8%25a7%25d8%25b1%25d8%25b9-%25d8%25a7%25d9%2584%25d8%25ae%25d8%25b6%25d8%25b1%25d9%258a%2F HTTP/1.1" 200 1235 "https://staging.syraqarat.com/ar/property/%d8%b4%d9%82%d8%a9-%d9%84%d9%84%d8%a8%d9%8a%d8%b9-%d9%81%d9%8a-%d8%ad%d9%85%d8%b5-%d8%b4%d8%a7%d8%b1%d8%b9-%d8%a7%d9%84%d8%ae%d8%b6%d8%b1%d9%8a/" "Mozilla/5.0 AppleWebKit/537.36 (KHTML, like Gecko; compatible; GPTBot/1.4; +https://openai.com/gptbot)"
72.167.149.90 - - [29/Aug/2026:03:38:38 +0000] "POST /wp-cron.php?doing_wp_cron=1787974717.3187310695648193359375 HTTP/1.1" 499 0 "-" "WordPress/7.1; https://staging.syraqarat.com/ar"
74.7.227.5 - - [29/Aug/2026:03:38:38 +0000] "GET /ar/wp-json/oembed/1.0/embed?url=https%3A%2F%2Fstaging.syraqarat.com%2Far%2Fproperty%2F%25d8%25b4%25d9%2582%25d8%25a9-%25d9%2584%25d9%2584%25d8%25a8%25d9%258a%25d8%25b9-%25d8%25a8%25d9%258a%25d8%25aa-%25d8%25a7%25d9%2584%25d8%25b7%25d9%2588%25d9%258a%25d9%2584-2%2F HTTP/1.1" 200 1204 "https://staging.syraqarat.com/ar/property/%d8%b4%d9%82%d8%a9-%d9%84%d9%84%d8%a8%d9%8a%d8%b9-%d8%a8%d9%8a%d8%aa-%d8%a7%d9%84%d8%b7%d9%88%d9%8a%d9%84-2/" "Mozilla/5.0 AppleWebKit/537.36 (KHTML, like Gecko; compatible; GPTBot/1.4; +https://openai.com/gptbot)"
74.7.227.5 - - [29/Aug/2026:03:38:42 +0000] "GET /ar/property/%d8%b4%d9%82%d8%a9-%d9%84%d9%84%d8%a8%d9%8a%d8%b9-%d8%ad%d9%85%d8%b5-%d8%b4%d8%a7%d8%b1%d8%b9-%d8%a7%d9%84%d8%a3%d9%87%d8%b1%d8%a7%d9%85/ HTTP/1.1" 200 34325 "https://staging.syraqarat.com/ar/property/%d8%b4%d9%82%d8%a9-%d9%84%d9%84%d8%a8%d9%8a%d8%b9-%d8%a8%d9%8a%d8%aa-%d8%a7%d9%84%d8%b7%d9%88%d9%8a%d9%84-2/" "Mozilla/5.0 AppleWebKit/537.36 (KHTML, like Gecko; compatible; GPTBot/1.4; +https://openai.com/gptbot)"
72.167.149.90 - - [29/Aug/2026:03:38:46 +0000] "POST /wp-cron.php?doing_wp_cron=1787974725.4456260204315185546875 HTTP/1.1" 499 0 "-" "WordPress/7.1; https://staging.syraqarat.com/ar"
74.7.227.5 - - [29/Aug/2026:03:38:46 +0000] "GET /ar/wp-json/oembed/1.0/embed?url=https%3A%2F%2Fstaging.syraqarat.com%2Far%2Fproperty%2F%25d8%25b4%25d9%2582%25d8%25a9-%25d8%25ad%25d9%2585%25d8%25b5-%25d9%2583%25d8%25b1%25d9%2585-%25d8%25a7%25d9%2584%25d9%2584%25d9%2588%25d8%25b2%2F HTTP/1.1" 200 1200 "https://staging.syraqarat.com/ar/property/%d8%b4%d9%82%d8%a9-%d8%ad%d9%85%d8%b5-%d9%83%d8%b1%d9%85-%d8%a7%d9%84%d9%84%d9%88%d8%b2/" "Mozilla/5.0 AppleWebKit/537.36 (KHTML, like Gecko; compatible; GPTBot/1.4; +https://openai.com/gptbot)"
74.7.227.5 - - [29/Aug/2026:03:38:49 +0000] "GET /ar/?p=24699 HTTP/1.1" 301 5 "https://staging.syraqarat.com/ar/property/%d8%b4%d9%82%d8%a9-%d9%84%d9%84%d8%a8%d9%8a%d8%b9-%d9%81%d9%8a-%d8%ad%d9%85%d8%b5-%d8%b4%d8%a7%d8%b1%d8%b9-%d8%a7%d9%84%d8%a7%d8%b1%d9%85%d9%86/" "Mozilla/5.0 AppleWebKit/537.36 (KHTML, like Gecko; compatible; GPTBot/1.4; +https://openai.com/gptbot)"
72.167.149.90 - - [29/Aug/2026:03:38:51 +0000] "POST /wp-cron.php?doing_wp_cron=1787974730.9066689014434814453125 HTTP/1.1" 499 0 "-" "WordPress/7.1; https://staging.syraqarat.com/ar"
74.7.227.5 - - [29/Aug/2026:03:38:51 +0000] "GET /ar/?p=24523 HTTP/1.1" 301 5 "https://staging.syraqarat.com/ar/property/%d8%b4%d9%82%d8%a9-%d9%84%d9%84%d8%a8%d9%8a%d8%b9-%d8%ad%d9%85%d8%b5-%d8%b4%d8%a7%d8%b1%d8%b9-%d8%a8%d9%8a%d8%aa-%d8%a7%d9%84%d8%b7%d9%88%d9%8a%d9%84/" "Mozilla/5.0 AppleWebKit/537.36 (KHTML, like Gecko; compatible; GPTBot/1.4; +https://openai.com/gptbot)"
72.167.149.90 - - [29/Aug/2026:03:38:55 +0000] "POST /wp-cron.php?doing_wp_cron=1787974734.1200261116027832031250 HTTP/1.1" 499 0 "-" "WordPress/7.1; https://staging.syraqarat.com/ar"
74.7.227.5 - - [29/Aug/2026:03:38:55 +0000] "GET /ar/?p=24377 HTTP/1.1" 301 5 "https://staging.syraqarat.com/ar/property/%d8%b4%d9%82%d8%a9-%d8%ad%d9%85%d8%b5-%d9%83%d8%b1%d9%85-%d8%a7%d9%84%d9%84%d9%88%d8%b2/" "Mozilla/5.0 AppleWebKit/537.36 (KHTML, like Gecko; compatible; GPTBot/1.4; +https://openai.com/gptbot)"
74.7.227.5 - - [29/Aug/2026:03:38:58 +0000] "GET /ar/property/%d9%85%d8%b2%d8%b1%d8%b9%d8%a9-%d9%84%d9%84%d8%a8%d9%8a%d8%b9-%d8%ad%d9%85%d8%b5-%d8%a7%d9%84%d8%ae%d8%b7%d9%84%d8%a7%d8%a1/ HTTP/1.1" 200 34685 "https://staging.syraqarat.com/ar/property/%d8%b4%d9%82%d8%a9-%d8%ad%d9%85%d8%b5-%d9%83%d8%b1%d9%85-%d8%a7%d9%84%d9%84%d9%88%d8%b2/" "Mozilla/5.0 AppleWebKit/537.36 (KHTML, like Gecko; compatible; GPTBot/1.4; +https://openai.com/gptbot)"
72.167.149.90 - - [29/Aug/2026:03:39:01 +0000] "POST /wp-cron.php?doing_wp_cron=1787974740.0910620689392089843750 HTTP/1.1" 499 0 "-" "WordPress/7.1; https://staging.syraqarat.com"
74.7.227.5 - - [29/Aug/2026:03:39:01 +0000] "GET /wp-json/wp/v2/properties/24531 HTTP/1.1" 200 2853 "https://staging.syraqarat.com/property/%d8%b4%d9%82%d8%a9-%d9%84%d9%84%d8%a8%d9%8a%d8%b9-%d8%ad%d9%85%d8%b5-%d8%a8%d9%8a%d8%aa-%d8%a7%d9%84%d8%b7%d9%88%d9%8a%d9%84-%d9%85%d8%b9-%d8%a7%d9%84%d9%81%d8%b1%d8%b4/" "Mozilla/5.0 AppleWebKit/537.36 (KHTML, like Gecko; compatible; GPTBot/1.4; +https://openai.com/gptbot)"
74.7.227.5 - - [29/Aug/2026:03:39:03 +0000] "GET /wp-json/wp/v2/properties/24462 HTTP/1.1" 200 2530 "https://staging.syraqarat.com/property/%d8%b4%d9%82%d8%a9-%d9%84%d9%84%d8%a8%d9%8a%d8%b9-%d9%81%d9%8a-%d8%ad%d9%85%d8%b5-%d8%a8%d9%8a%d8%aa-%d8%a7%d9%84%d8%b7%d9%88%d9%8a%d9%84/" "Mozilla/5.0 AppleWebKit/537.36 (KHTML, like Gecko; compatible; GPTBot/1.4; +https://openai.com/gptbot)"
72.167.149.90 - - [29/Aug/2026:03:39:07 +0000] "POST /wp-cron.php?doing_wp_cron=1787974746.3012509346008300781250 HTTP/1.1" 499 0 "-" "WordPress/7.1; https://staging.syraqarat.com"
74.7.227.5 - - [29/Aug/2026:03:39:07 +0000] "GET /wp-json/wp/v2/properties/24523 HTTP/1.1" 200 2433 "https://staging.syraqarat.com/property/%d8%b4%d9%82%d8%a9-%d9%84%d9%84%d8%a8%d9%8a%d8%b9-%d8%ad%d9%85%d8%b5-%d8%b4%d8%a7%d8%b1%d8%b9-%d8%a8%d9%8a%d8%aa-%d8%a7%d9%84%d8%b7%d9%88%d9%8a%d9%84/" "Mozilla/5.0 AppleWebKit/537.36 (KHTML, like Gecko; compatible; GPTBot/1.4; +https://openai.com/gptbot)"
74.7.227.5 - - [29/Aug/2026:03:39:10 +0000] "GET /wp-json/oembed/1.0/embed?url=https%3A%2F%2Fstaging.syraqarat.com%2Fproperty%2F%25d8%25b4%25d9%2582%25d8%25a9-%25d9%2584%25d9%2584%25d8%25a8%25d9%258a%25d8%25b9-%25d9%2581%25d9%258a-%25d8%25ad%25d9%2585%25d8%25b5-%25d8%25a8%25d9%258a%25d8%25aa-%25d8%25a7%25d9%2584%25d8%25b7%25d9%2588%25d9%258a%25d9%2584%2F HTTP/1.1" 200 1225 "https://staging.syraqarat.com/property/%d8%b4%d9%82%d8%a9-%d9%84%d9%84%d8%a8%d9%8a%d8%b9-%d9%81%d9%8a-%d8%ad%d9%85%d8%b5-%d8%a8%d9%8a%d8%aa-%d8%a7%d9%84%d8%b7%d9%88%d9%8a%d9%84/" "Mozilla/5.0 AppleWebKit/537.36 (KHTML, like Gecko; compatible; GPTBot/1.4; +https://openai.com/gptbot)"
72.167.149.90 - - [29/Aug/2026:03:39:13 +0000] "POST /wp-cron.php?doing_wp_cron=1787974752.1711220741271972656250 HTTP/1.1" 499 0 "-" "WordPress/7.1; https://staging.syraqarat.com"
74.7.227.5 - - [29/Aug/2026:03:39:13 +0000] "GET /wp-json/oembed/1.0/embed?format=xml&url=https%3A%2F%2Fstaging.syraqarat.com%2Fproperty%2F%25d8%25b4%25d9%2582%25d8%25a9-%25d9%2584%25d9%2584%25d8%25a8%25d9%258a%25d8%25b9-%25d8%25ad%25d9%2585%25d8%25b5-%25d8%25b4%25d8%25a7%25d8%25b1%25d8%25b9-%25d8%25a8%25d9%258a%25d8%25aa-%25d8%25a7%25d9%2584%25d8%25b7%25d9%2588%25d9%258a%25d9%2584%2F HTTP/1.1" 200 1274 "https://staging.syraqarat.com/property/%d8%b4%d9%82%d8%a9-%d9%84%d9%84%d8%a8%d9%8a%d8%b9-%d8%ad%d9%85%d8%b5-%d8%b4%d8%a7%d8%b1%d8%b9-%d8%a8%d9%8a%d8%aa-%d8%a7%d9%84%d8%b7%d9%88%d9%8a%d9%84/" "Mozilla/5.0 AppleWebKit/537.36 (KHTML, like Gecko; compatible; GPTBot/1.4; +https://openai.com/gptbot)"
72.167.149.90 - - [29/Aug/2026:03:39:15 +0000] "POST /wp-cron.php?doing_wp_cron=1787974754.5485711097717285156250 HTTP/1.1" 499 0 "-" "WordPress/7.1; https://staging.syraqarat.com/ar"
74.7.227.5 - - [29/Aug/2026:03:39:15 +0000] "GET /ar/?p=24622 HTTP/1.1" 301 5 "https://staging.syraqarat.com/ar/property/%d8%b4%d9%82%d8%a9-%d9%84%d9%84%d8%a8%d9%8a%d8%b9-%d8%ad%d9%85%d8%b5-%d8%b4%d8%a7%d8%b1%d8%b9-%d8%a7%d9%84%d8%a3%d9%87%d8%b1%d8%a7%d9%85/" "Mozilla/5.0 AppleWebKit/537.36 (KHTML, like Gecko; compatible; GPTBot/1.4; +https://openai.com/gptbot)"
74.7.227.5 - - [29/Aug/2026:03:39:17 +0000] "GET /wp-json/oembed/1.0/embed?format=xml&url=https%3A%2F%2Fstaging.syraqarat.com%2Fproperty%2F%25d8%25b4%25d9%2582%25d8%25a9-%25d9%2584%25d9%2584%25d8%25a8%25d9%258a%25d8%25b9-%25d8%25b4%25d8%25a7%25d8%25b1%25d8%25b9-%25d8%25aa%25d9%2584%25d9%2588%2F HTTP/1.1" 200 1230 "https://staging.syraqarat.com/property/%d8%b4%d9%82%d8%a9-%d9%84%d9%84%d8%a8%d9%8a%d8%b9-%d8%b4%d8%a7%d8%b1%d8%b9-%d8%aa%d9%84%d9%88/" "Mozilla/5.0 AppleWebKit/537.36 (KHTML, like Gecko; compatible; GPTBot/1.4; +https://openai.com/gptbot)"
72.167.149.90 - - [29/Aug/2026:03:39:21 +0000] "POST /wp-cron.php?doing_wp_cron=1787974760.5900619029998779296875 HTTP/1.1" 499 0 "-" "WordPress/7.1; https://staging.syraqarat.com"
74.7.227.5 - - [29/Aug/2026:03:39:21 +0000] "GET /status/for-sale/ HTTP/1.1" 200 26187 "https://staging.syraqarat.com/" "Mozilla/5.0 AppleWebKit/537.36 (KHTML, like Gecko; compatible; GPTBot/1.4; +https://openai.com/gptbot)"
74.7.227.5 - - [29/Aug/2026:03:39:25 +0000] "GET /ar/author/lougenm/?tab HTTP/1.1" 200 31624 "https://staging.syraqarat.com/ar/author/lougenm/?tab=for-sale" "Mozilla/5.0 AppleWebKit/537.36 (KHTML, like Gecko; compatible; GPTBot/1.4; +https://openai.com/gptbot)"
72.167.149.90 - - [29/Aug/2026:03:39:27 +0000] "POST /wp-cron.php?doing_wp_cron=1787974766.8360569477081298828125 HTTP/1.1" 499 0 "-" "WordPress/7.1; https://staging.syraqarat.com"
74.7.227.5 - - [29/Aug/2026:03:39:27 +0000] "GET /wp-json/oembed/1.0/embed?url=https%3A%2F%2Fstaging.syraqarat.com%2Ffrequently-asked-questions%2F HTTP/1.1" 200 1131 "https://staging.syraqarat.com/frequently-asked-questions/" "Mozilla/5.0 AppleWebKit/537.36 (KHTML, like Gecko; compatible; GPTBot/1.4; +https://openai.com/gptbot)"
74.7.227.5 - - [29/Aug/2026:03:39:29 +0000] "GET /ar/wp-json/oembed/1.0/embed?format=xml&url=https%3A%2F%2Fstaging.syraqarat.com%2Far%2Fproperty%2F%25d9%2585%25d8%25b2%25d8%25b1%25d8%25b9%25d8%25a9-%25d9%2584%25d9%2584%25d8%25a8%25d9%258a%25d8%25b9-%25d8%25ad%25d9%2585%25d8%25b5-%25d8%25a7%25d9%2584%25d8%25ae%25d8%25b7%25d9%2584%25d8%25a7%25d8%25a1%2F HTTP/1.1" 200 1259 "https://staging.syraqarat.com/ar/property/%d9%85%d8%b2%d8%b1%d8%b9%d8%a9-%d9%84%d9%84%d8%a8%d9%8a%d8%b9-%d8%ad%d9%85%d8%b5-%d8%a7%d9%84%d8%ae%d8%b7%d9%84%d8%a7%d8%a1/" "Mozilla/5.0 AppleWebKit/537.36 (KHTML, like Gecko; compatible; GPTBot/1.4; +https://openai.com/gptbot)"
72.167.149.90 - - [29/Aug/2026:03:39:32 +0000] "POST /wp-cron.php?doing_wp_cron=1787974771.6016719341278076171875 HTTP/1.1" 499 0 "-" "WordPress/7.1; https://staging.syraqarat.com/ar"
74.7.227.5 - - [29/Aug/2026:03:39:32 +0000] "GET /ar/?p=24392 HTTP/1.1" 301 5 "https://staging.syraqarat.com/ar/property/%d9%85%d8%b2%d8%b1%d8%b9%d8%a9-%d9%84%d9%84%d8%a8%d9%8a%d8%b9-%d8%ad%d9%85%d8%b5-%d8%a7%d9%84%d8%ae%d8%b7%d9%84%d8%a7%d8%a1/" "Mozilla/5.0 AppleWebKit/537.36 (KHTML, like Gecko; compatible; GPTBot/1.4; +https://openai.com/gptbot)"
74.7.227.5 - - [29/Aug/2026:03:39:32 +0000] "GET /wp-content/plugins/elementor/assets/css/widget-image-box.min.css?ver=4.2.3 HTTP/1.1" 200 382 "https://staging.syraqarat.com/" "Mozilla/5.0 AppleWebKit/537.36 (KHTML, like Gecko; compatible; GPTBot/1.4; +https://openai.com/gptbot)"
72.167.149.90 - - [29/Aug/2026:03:39:36 +0000] "POST /wp-cron.php?doing_wp_cron=1787974775.8030879497528076171875 HTTP/1.1" 499 0 "-" "WordPress/7.1; https://staging.syraqarat.com/ar"
74.7.227.5 - - [29/Aug/2026:03:39:36 +0000] "GET /ar/wp-json/oembed/1.0/embed?url=https%3A%2F%2Fstaging.syraqarat.com%2Far%2Fproperty%2F%25d8%25b4%25d9%2582%25d8%25a9-%25d9%2584%25d9%2584%25d8%25a8%25d9%258a%25d8%25b9-%25d8%25ad%25d9%2585%25d8%25b5-%25d8%25b4%25d8%25a7%25d8%25b1%25d8%25b9-%25d8%25a7%25d9%2584%25d8%25a3%25d9%2587%25d8%25b1%25d8%25a7%25d9%2585%2F HTTP/1.1" 200 1226 "https://staging.syraqarat.com/ar/property/%d8%b4%d9%82%d8%a9-%d9%84%d9%84%d8%a8%d9%8a%d8%b9-%d8%ad%d9%85%d8%b5-%d8%b4%d8%a7%d8%b1%d8%b9-%d8%a7%d9%84%d8%a3%d9%87%d8%b1%d8%a7%d9%85/" "Mozilla/5.0 AppleWebKit/537.36 (KHTML, like Gecko; compatible; GPTBot/1.4; +https://openai.com/gptbot)"
74.7.227.5 - - [29/Aug/2026:03:39:36 +0000] "GET /wp-content/uploads/elementor/css/post-16941.css?ver=1787739225 HTTP/1.1" 200 1494 "https://staging.syraqarat.com/contact/" "Mozilla/5.0 AppleWebKit/537.36 (KHTML, like Gecko; compatible; GPTBot/1.4; +https://openai.com/gptbot)"
74.7.227.5 - - [29/Aug/2026:03:39:37 +0000] "GET /wp-content/uploads/elementor/css/post-17124.css?ver=1787797318 HTTP/1.1" 200 664 "https://staging.syraqarat.com/frequently-asked-questions/" "Mozilla/5.0 AppleWebKit/537.36 (KHTML, like Gecko; compatible; GPTBot/1.4; +https://openai.com/gptbot)"
72.167.149.90 - - [29/Aug/2026:03:39:42 +0000] "POST /wp-cron.php?doing_wp_cron=1787974781.3986809253692626953125 HTTP/1.1" 499 0 "-" "WordPress/7.1; https://staging.syraqarat.com"
74.7.227.5 - - [29/Aug/2026:03:39:42 +0000] "GET /property/%d8%b4%d9%82%d8%a9-%d9%84%d9%84%d8%a8%d9%8a%d8%b9-%d8%ad%d9%85%d8%b5-%d8%b6%d8%a7%d8%ad%d9%8a%d8%a9-%d8%a7%d9%84%d9%85%d9%87%d8%a7%d8%ac%d8%b1%d9%8a%d9%86/ HTTP/1.1" 200 32730 "https://staging.syraqarat.com/author/lougenm/page/4/" "Mozilla/5.0 AppleWebKit/537.36 (KHTML, like Gecko; compatible; GPTBot/1.4; +https://openai.com/gptbot)"
72.167.149.90 - - [29/Aug/2026:03:39:45 +0000] "POST /wp-cron.php?doing_wp_cron=1787974784.5513899326324462890625 HTTP/1.1" 499 0 "-" "WordPress/7.1; https://staging.syraqarat.com/ar"
74.7.227.5 - - [29/Aug/2026:03:39:45 +0000] "GET /ar/wp-json/oembed/1.0/embed?format=xml&url=https%3A%2F%2Fstaging.syraqarat.com%2Far%2Fproperty%2F%25d8%25b4%25d9%2582%25d8%25a9-%25d9%2584%25d9%2584%25d8%25a8%25d9%258a%25d8%25b9-%25d8%25ad%25d9%2585%25d8%25b5-%25d8%25b9%25d9%2583%25d8%25b1%25d9%2585%25d8%25a9-%25d8%25a7%25d9%2584%25d8%25ac%25d8%25af%25d9%258a%25d8%25af%25d8%25a9%2F HTTP/1.1" 200 1276 "https://staging.syraqarat.com/ar/property/%d8%b4%d9%82%d8%a9-%d9%84%d9%84%d8%a8%d9%8a%d8%b9-%d8%ad%d9%85%d8%b5-%d8%b9%d9%83%d8%b1%d9%85%d8%a9-%d8%a7%d9%84%d8%ac%d8%af%d9%8a%d8%af%d8%a9/" "Mozilla/5.0 AppleWebKit/537.36 (KHTML, like Gecko; compatible; GPTBot/1.4; +https://openai.com/gptbot)"
74.7.227.5 - - [29/Aug/2026:03:39:47 +0000] "GET /ar/label/green-title-deed/ HTTP/1.1" 200 23846 "https://staging.syraqarat.com/ar/author/lougenm/?tab=for-sale" "Mozilla/5.0 AppleWebKit/537.36 (KHTML, like Gecko; compatible; GPTBot/1.4; +https://openai.com/gptbot)"
72.167.149.90 - - [29/Aug/2026:03:39:49 +0000] "POST /wp-cron.php?doing_wp_cron=1787974788.8575780391693115234375 HTTP/1.1" 499 0 "-" "WordPress/7.1; https://staging.syraqarat.com"
74.7.227.5 - - [29/Aug/2026:03:39:49 +0000] "GET /?p=24575 HTTP/1.1" 301 5 "https://staging.syraqarat.com/property/%d9%82%d8%a8%d9%88-%d9%84%d9%84%d8%a8%d9%8a%d8%b9-%d8%ad%d9%85%d8%b5-%d8%a8%d8%a7%d8%a8-%d8%a7%d9%84%d8%af%d8%b1%d9%8a%d8%a8/" "Mozilla/5.0 AppleWebKit/537.36 (KHTML, like Gecko; compatible; GPTBot/1.4; +https://openai.com/gptbot)"
74.7.227.5 - - [29/Aug/2026:03:39:51 +0000] "GET /?p=23924 HTTP/1.1" 301 5 "https://staging.syraqarat.com/agent/mohammad-hijazi/" "Mozilla/5.0 AppleWebKit/537.36 (KHTML, like Gecko; compatible; GPTBot/1.4; +https://openai.com/gptbot)"
72.167.149.90 - - [29/Aug/2026:03:39:54 +0000] "POST /wp-cron.php?doing_wp_cron=1787974793.4213809967041015625000 HTTP/1.1" 499 0 "-" "WordPress/7.1; https://staging.syraqarat.com"
74.7.227.5 - - [29/Aug/2026:03:39:54 +0000] "GET /?p=24523 HTTP/1.1" 301 5 "https://staging.syraqarat.com/property/%d8%b4%d9%82%d8%a9-%d9%84%d9%84%d8%a8%d9%8a%d8%b9-%d8%ad%d9%85%d8%b5-%d8%b4%d8%a7%d8%b1%d8%b9-%d8%a8%d9%8a%d8%aa-%d8%a7%d9%84%d8%b7%d9%88%d9%8a%d9%84/" "Mozilla/5.0 AppleWebKit/537.36 (KHTML, like Gecko; compatible; GPTBot/1.4; +https://openai.com/gptbot)"
74.7.227.5 - - [29/Aug/2026:03:39:56 +0000] "GET /?p=16256 HTTP/1.1" 301 5 "https://staging.syraqarat.com/favorite-properties/" "Mozilla/5.0 AppleWebKit/537.36 (KHTML, like Gecko; compatible; GPTBot/1.4; +https://openai.com/gptbot)"
72.167.149.90 - - [29/Aug/2026:03:39:58 +0000] "POST /wp-cron.php?doing_wp_cron=1787974797.7304780483245849609375 HTTP/1.1" 499 0 "-" "WordPress/7.1; https://staging.syraqarat.com"
74.7.227.5 - - [29/Aug/2026:03:39:58 +0000] "GET /?p=16941 HTTP/1.1" 301 5 "https://staging.syraqarat.com/contact/" "Mozilla/5.0 AppleWebKit/537.36 (KHTML, like Gecko; compatible; GPTBot/1.4; +https://openai.com/gptbot)"
74.7.227.5 - - [29/Aug/2026:03:40:00 +0000] "GET /?p=23942 HTTP/1.1" 301 5 "https://staging.syraqarat.com/agent/ali-alloush/" "Mozilla/5.0 AppleWebKit/537.36 (KHTML, like Gecko; compatible; GPTBot/1.4; +https://openai.com/gptbot)"
72.167.149.90 - - [29/Aug/2026:03:40:03 +0000] "POST /wp-cron.php?doing_wp_cron=1787974802.4725069999694824218750 HTTP/1.1" 499 0 "-" "WordPress/7.1; https://staging.syraqarat.com"
74.7.227.5 - - [29/Aug/2026:03:40:03 +0000] "GET /?p=24462 HTTP/1.1" 301 5 "https://staging.syraqarat.com/property/%d8%b4%d9%82%d8%a9-%d9%84%d9%84%d8%a8%d9%8a%d8%b9-%d9%81%d9%8a-%d8%ad%d9%85%d8%b5-%d8%a8%d9%8a%d8%aa-%d8%a7%d9%84%d8%b7%d9%88%d9%8a%d9%84/" "Mozilla/5.0 AppleWebKit/537.36 (KHTML, like Gecko; compatible; GPTBot/1.4; +https://openai.com/gptbot)"
74.7.227.5 - - [29/Aug/2026:03:40:09 +0000] "GET /agent/nawar-shahoud-2/ HTTP/1.1" 200 27032 "https://staging.syraqarat.com/" "Mozilla/5.0 AppleWebKit/537.36 (KHTML, like Gecko; compatible; GPTBot/1.4; +https://openai.com/gptbot)"
72.167.149.90 - - [29/Aug/2026:03:40:12 +0000] "POST /wp-cron.php?doing_wp_cron=1787974811.2034139633178710937500 HTTP/1.1" 499 0 "-" "WordPress/7.1; https://staging.syraqarat.com"
74.7.227.5 - - [29/Aug/2026:03:40:12 +0000] "GET /wp-json/oembed/1.0/embed?format=xml&url=https%3A%2F%2Fstaging.syraqarat.com%2Fproperty%2F%25d8%25b4%25d9%2582%25d8%25a9-%25d9%2584%25d9%2584%25d8%25a8%25d9%258a%25d8%25b9-%25d8%25ad%25d9%2585%25d8%25b5-%25d8%25b6%25d8%25a7%25d8%25ad%25d9%258a%25d8%25a9-%25d8%25a7%25d9%2584%25d9%2585%25d9%2587%25d8%25a7%25d8%25ac%25d8%25b1%25d9%258a%25d9%2586%2F HTTP/1.1" 200 1282 "https://staging.syraqarat.com/property/%d8%b4%d9%82%d8%a9-%d9%84%d9%84%d8%a8%d9%8a%d8%b9-%d8%ad%d9%85%d8%b5-%d8%b6%d8%a7%d8%ad%d9%8a%d8%a9-%d8%a7%d9%84%d9%85%d9%87%d8%a7%d8%ac%d8%b1%d9%8a%d9%86/" "Mozilla/5.0 AppleWebKit/537.36 (KHTML, like Gecko; compatible; GPTBot/1.4; +https://openai.com/gptbot)"
74.7.227.5 - - [29/Aug/2026:03:40:12 +0000] "GET /wp-content/plugins/elementor/assets/js/webpack.runtime.min.js?ver=4.2.3 HTTP/1.1" 200 2551 "https://staging.syraqarat.com/" "Mozilla/5.0 AppleWebKit/537.36 (KHTML, like Gecko; compatible; GPTBot/1.4; +https://openai.com/gptbot)"
74.7.227.5 - - [29/Aug/2026:03:40:12 +0000] "GET /wp-content/plugins/houzi-rest-api-1.4.7/public/css/houzi-rest-api-public.css?ver=1.4.7 HTTP/1.1" 200 98 "https://staging.syraqarat.com/" "Mozilla/5.0 AppleWebKit/537.36 (KHTML, like Gecko; compatible; GPTBot/1.4; +https://openai.com/gptbot)"
72.167.149.90 - - [29/Aug/2026:03:40:17 +0000] "POST /wp-cron.php?doing_wp_cron=1787974816.2225871086120605468750 HTTP/1.1" 499 0 "-" "WordPress/7.1; https://staging.syraqarat.com"
74.7.227.5 - - [29/Aug/2026:03:40:17 +0000] "GET /agent/ali-alloush/page/2/ HTTP/1.1" 200 25503 "https://staging.syraqarat.com/agent/ali-alloush/" "Mozilla/5.0 AppleWebKit/537.36 (KHTML, like Gecko; compatible; GPTBot/1.4; +https://openai.com/gptbot)"
72.167.149.90 - - [29/Aug/2026:03:40:21 +0000] "POST /wp-cron.php?doing_wp_cron=1787974820.1143960952758789062500 HTTP/1.1" 499 0 "-" "WordPress/7.1; https://staging.syraqarat.com/ar"
74.7.227.5 - - [29/Aug/2026:03:40:21 +0000] "GET /ar/wp-json/oembed/1.0/embed?url=https%3A%2F%2Fstaging.syraqarat.com%2Far%2Fproperty%2F%25d8%25b4%25d9%2582%25d8%25a9-%25d9%2584%25d9%2584%25d8%25a8%25d9%258a%25d8%25b9-%25d8%25ad%25d9%2585%25d8%25b5-%25d8%25b9%25d9%2583%25d8%25b1%25d9%2585%25d8%25a9-%25d8%25a7%25d9%2584%25d8%25ac%25d8%25af%25d9%258a%25d8%25af%25d8%25a9%2F HTTP/1.1" 200 1235 "https://staging.syraqarat.com/ar/property/%d8%b4%d9%82%d8%a9-%d9%84%d9%84%d8%a8%d9%8a%d8%b9-%d8%ad%d9%85%d8%b5-%d8%b9%d9%83%d8%b1%d9%85%d8%a9-%d8%a7%d9%84%d8%ac%d8%af%d9%8a%d8%af%d8%a9/" "Mozilla/5.0 AppleWebKit/537.36 (KHTML, like Gecko; compatible; GPTBot/1.4; +https://openai.com/gptbot)"
74.7.227.5 - - [29/Aug/2026:03:40:21 +0000] "GET /wp-content/themes/houzez/js/vendors/bootstrap-select.min.js?ver=1.14.0 HTTP/1.1" 200 17419 "https://staging.syraqarat.com/" "Mozilla/5.0 AppleWebKit/537.36 (KHTML, like Gecko; compatible; GPTBot/1.4; +https://openai.com/gptbot)"
74.7.227.5 - - [29/Aug/2026:03:40:25 +0000] "GET /city/tartous/ HTTP/1.1" 200 21461 "https://staging.syraqarat.com/" "Mozilla/5.0 AppleWebKit/537.36 (KHTML, like Gecko; compatible; GPTBot/1.4; +https://openai.com/gptbot)"
72.167.149.90 - - [29/Aug/2026:03:40:29 +0000] "POST /wp-cron.php?doing_wp_cron=1787974828.5484149456024169921875 HTTP/1.1" 499 0 "-" "WordPress/7.1; https://staging.syraqarat.com"
74.7.227.5 - - [29/Aug/2026:03:40:29 +0000] "GET /wp-json/oembed/1.0/embed?format=xml&url=https%3A%2F%2Fstaging.syraqarat.com%2Fproperty%2F%25d9%2582%25d8%25a8%25d9%2588-%25d9%2584%25d9%2584%25d8%25a8%25d9%258a%25d8%25b9-%25d8%25ad%25d9%2585%25d8%25b5-%25d8%25a8%25d8%25a7%25d8%25a8-%25d8%25a7%25d9%2584%25d8%25af%25d8%25b1%25d9%258a%25d8%25a8%2F HTTP/1.1" 200 1257 "https://staging.syraqarat.com/property/%d9%82%d8%a8%d9%88-%d9%84%d9%84%d8%a8%d9%8a%d8%b9-%d8%ad%d9%85%d8%b5-%d8%a8%d8%a7%d8%a8-%d8%a7%d9%84%d8%af%d8%b1%d9%8a%d8%a8/" "Mozilla/5.0 AppleWebKit/537.36 (KHTML, like Gecko; compatible; GPTBot/1.4; +https://openai.com/gptbot)"
74.7.227.5 - - [29/Aug/2026:03:40:29 +0000] "GET /wp-content/plugins/houzi-rest-api-1.4.7/public/js/houzi-rest-api-public.js?ver=1.4.7 HTTP/1.1" 200 491 "https://staging.syraqarat.com/" "Mozilla/5.0 AppleWebKit/537.36 (KHTML, like Gecko; compatible; GPTBot/1.4; +https://openai.com/gptbot)"
74.7.227.5 - - [29/Aug/2026:03:40:35 +0000] "GET /ar/author/lougenm/page/2/ HTTP/1.1" 200 32300 "https://staging.syraqarat.com/author/lougenm/page/2/" "Mozilla/5.0 AppleWebKit/537.36 (KHTML, like Gecko; compatible; GPTBot/1.4; +https://openai.com/gptbot)"
72.167.149.90 - - [29/Aug/2026:03:40:38 +0000] "POST /wp-cron.php?doing_wp_cron=1787974837.8002719879150390625000 HTTP/1.1" 499 0 "-" "WordPress/7.1; https://staging.syraqarat.com"
74.7.227.5 - - [29/Aug/2026:03:40:38 +0000] "GET /?p=23926 HTTP/1.1" 301 5 "https://staging.syraqarat.com/agent/nawar-shahoud-2/" "Mozilla/5.0 AppleWebKit/537.36 (KHTML, like Gecko; compatible; GPTBot/1.4; +https://openai.com/gptbot)"
74.7.227.5 - - [29/Aug/2026:03:40:43 +0000] "GET /ar/author/lougenm/page/4/ HTTP/1.1" 200 31671 "https://staging.syraqarat.com/author/lougenm/page/4/" "Mozilla/5.0 AppleWebKit/537.36 (KHTML, like Gecko; compatible; GPTBot/1.4; +https://openai.com/gptbot)"
74.7.227.5 - - [29/Aug/2026:03:40:43 +0000] "GET /wp-content/plugins/elementor/assets/lib/animations/styles/fadeInRight.min.css?ver=4.2.3 HTTP/1.1" 200 139 "https://staging.syraqarat.com/" "Mozilla/5.0 AppleWebKit/537.36 (KHTML, like Gecko; compatible; GPTBot/1.4; +https://openai.com/gptbot)"
72.167.149.90 - - [29/Aug/2026:03:40:47 +0000] "POST /wp-cron.php?doing_wp_cron=1787974846.8944370746612548828125 HTTP/1.1" 499 0 "-" "WordPress/7.1; https://staging.syraqarat.com"
74.7.227.5 - - [29/Aug/2026:03:40:48 +0000] "GET /city/aleppo/ HTTP/1.1" 200 22429 "https://staging.syraqarat.com/" "Mozilla/5.0 AppleWebKit/537.36 (KHTML, like Gecko; compatible; GPTBot/1.4; +https://openai.com/gptbot)"
74.7.227.5 - - [29/Aug/2026:03:40:50 +0000] "GET /ar/wp-json/wp/v2/properties/24516 HTTP/1.1" 200 2584 "https://staging.syraqarat.com/ar/property/%d8%b4%d9%82%d8%a9-%d9%84%d9%84%d8%a8%d9%8a%d8%b9-%d8%ad%d9%85%d8%b5-%d8%b9%d9%83%d8%b1%d9%85%d8%a9-%d8%a7%d9%84%d8%ac%d8%af%d9%8a%d8%af%d8%a9/" "Mozilla/5.0 AppleWebKit/537.36 (KHTML, like Gecko; compatible; GPTBot/1.4; +https://openai.com/gptbot)"
74.7.227.5 - - [29/Aug/2026:03:40:50 +0000] "GET /wp-content/plugins/elementor/assets/css/conditionals/e-swiper.min.css?ver=4.2.3 HTTP/1.1" 200 814 "https://staging.syraqarat.com/" "Mozilla/5.0 AppleWebKit/537.36 (KHTML, like Gecko; compatible; GPTBot/1.4; +https://openai.com/gptbot)"
43.157.22.57 - - [29/Aug/2026:03:40:53 +0000] "GET /wp-content/uploads/2023/02/apartment-0010.webp HTTP/1.1" 200 124794 "-" "Mozilla/5.0 (iPhone; CPU iPhone OS 13_2_3 like Mac OS X) AppleWebKit/605.1.15 (KHTML, like Gecko) Version/13.0.3 Mobile/15E148 Safari/604.1"
72.167.149.90 - - [29/Aug/2026:03:40:54 +0000] "POST /wp-cron.php?doing_wp_cron=1787974853.1478118896484375000000 HTTP/1.1" 499 0 "-" "WordPress/7.1; https://staging.syraqarat.com/ar"
74.7.227.5 - - [29/Aug/2026:03:40:54 +0000] "GET /ar/wp-json/wp/v2/properties/24658 HTTP/1.1" 200 2667 "https://staging.syraqarat.com/ar/property/%d8%b4%d9%82%d8%a9-%d9%84%d9%84%d8%a8%d9%8a%d8%b9-%d9%81%d9%8a-%d8%ad%d9%85%d8%b5-%d8%b4%d8%a7%d8%b1%d8%b9-%d8%a7%d9%84%d8%ae%d8%b6%d8%b1%d9%8a/" "Mozilla/5.0 AppleWebKit/537.36 (KHTML, like Gecko; compatible; GPTBot/1.4; +https://openai.com/gptbot)"
74.7.227.5 - - [29/Aug/2026:03:40:56 +0000] "GET /ar/wp-json/wp/v2/properties/24490 HTTP/1.1" 200 2569 "https://staging.syraqarat.com/ar/property/%d8%b4%d9%82%d8%a9-%d9%84%d9%84%d8%a8%d9%8a%d8%b9-%d8%ad%d9%85%d8%b5-%d8%a7%d9%84%d8%a7%d9%87%d8%b1%d8%a7%d9%85/" "Mozilla/5.0 AppleWebKit/537.36 (KHTML, like Gecko; compatible; GPTBot/1.4; +https://openai.com/gptbot)"
72.167.149.90 - - [29/Aug/2026:03:40:59 +0000] "POST /wp-cron.php?doing_wp_cron=1787974858.8560910224914550781250 HTTP/1.1" 499 0 "-" "WordPress/7.1; https://staging.syraqarat.com/ar"
74.7.227.5 - - [29/Aug/2026:03:40:59 +0000] "GET /ar/wp-json/wp/v2/properties/24699 HTTP/1.1" 200 2495 "https://staging.syraqarat.com/ar/property/%d8%b4%d9%82%d8%a9-%d9%84%d9%84%d8%a8%d9%8a%d8%b9-%d9%81%d9%8a-%d8%ad%d9%85%d8%b5-%d8%b4%d8%a7%d8%b1%d8%b9-%d8%a7%d9%84%d8%a7%d8%b1%d9%85%d9%86/" "Mozilla/5.0 AppleWebKit/537.36 (KHTML, like Gecko; compatible; GPTBot/1.4; +https://openai.com/gptbot)"
74.7.227.5 - - [29/Aug/2026:03:41:03 +0000] "GET /ar/wp-json/wp/v2/properties/24478 HTTP/1.1" 200 2694 "https://staging.syraqarat.com/ar/property/%d9%83%d8%aa%d9%84%d8%a9-%d9%84%d9%84%d8%a8%d9%8a%d8%b9-%d9%81%d9%8a-%d8%ad%d9%85%d8%b5-%d8%af%d9%88%d8%a7%d8%b1-%d8%a7%d9%84%d8%a7%d8%b5%d9%8a%d9%84/" "Mozilla/5.0 AppleWebKit/537.36 (KHTML, like Gecko; compatible; GPTBot/1.4; +https://openai.com/gptbot)"
72.167.149.90 - - [29/Aug/2026:03:41:07 +0000] "POST /wp-cron.php?doing_wp_cron=1787974866.0152070522308349609375 HTTP/1.1" 499 0 "-" "WordPress/7.1; https://staging.syraqarat.com/ar"
74.7.227.5 - - [29/Aug/2026:03:41:07 +0000] "GET /ar/wp-json/wp/v2/properties/24377 HTTP/1.1" 200 2464 "https://staging.syraqarat.com/ar/property/%d8%b4%d9%82%d8%a9-%d8%ad%d9%85%d8%b5-%d9%83%d8%b1%d9%85-%d8%a7%d9%84%d9%84%d9%88%d8%b2/" "Mozilla/5.0 AppleWebKit/537.36 (KHTML, like Gecko; compatible; GPTBot/1.4; +https://openai.com/gptbot)"
74.7.227.5 - - [29/Aug/2026:03:41:10 +0000] "GET /ar/wp-json/wp/v2/properties/24622 HTTP/1.1" 200 2535 "https://staging.syraqarat.com/ar/property/%d8%b4%d9%82%d8%a9-%d9%84%d9%84%d8%a8%d9%8a%d8%b9-%d8%ad%d9%85%d8%b5-%d8%b4%d8%a7%d8%b1%d8%b9-%d8%a7%d9%84%d8%a3%d9%87%d8%b1%d8%a7%d9%85/" "Mozilla/5.0 AppleWebKit/537.36 (KHTML, like Gecko; compatible; GPTBot/1.4; +https://openai.com/gptbot)"
72.167.149.90 - - [29/Aug/2026:03:41:13 +0000] "POST /wp-cron.php?doing_wp_cron=1787974872.9527618885040283203125 HTTP/1.1" 499 0 "-" "WordPress/7.1; https://staging.syraqarat.com/ar"
74.7.227.5 - - [29/Aug/2026:03:41:14 +0000] "GET /ar/wp-json/wp/v2/properties/24631 HTTP/1.1" 200 2415 "https://staging.syraqarat.com/ar/property/%d8%b4%d9%82%d8%a9-%d9%84%d9%84%d8%a8%d9%8a%d8%b9-%d8%a8%d9%8a%d8%aa-%d8%a7%d9%84%d8%b7%d9%88%d9%8a%d9%84-2/" "Mozilla/5.0 AppleWebKit/537.36 (KHTML, like Gecko; compatible; GPTBot/1.4; +https://openai.com/gptbot)"
74.7.227.5 - - [29/Aug/2026:03:41:16 +0000] "GET /ar/wp-json/wp/v2/properties/24523 HTTP/1.1" 200 2434 "https://staging.syraqarat.com/ar/property/%d8%b4%d9%82%d8%a9-%d9%84%d9%84%d8%a8%d9%8a%d8%b9-%d8%ad%d9%85%d8%b5-%d8%b4%d8%a7%d8%b1%d8%b9-%d8%a8%d9%8a%d8%aa-%d8%a7%d9%84%d8%b7%d9%88%d9%8a%d9%84/" "Mozilla/5.0 AppleWebKit/537.36 (KHTML, like Gecko; compatible; GPTBot/1.4; +https://openai.com/gptbot)"
72.167.149.90 - - [29/Aug/2026:03:41:19 +0000] "POST /wp-cron.php?doing_wp_cron=1787974878.8501939773559570312500 HTTP/1.1" 499 0 "-" "WordPress/7.1; https://staging.syraqarat.com/ar"
74.7.227.5 - - [29/Aug/2026:03:41:19 +0000] "GET /ar/wp-json/wp/v2/properties/24597 HTTP/1.1" 200 2500 "https://staging.syraqarat.com/ar/property/%d8%b4%d9%82%d8%a9-%d9%84%d9%84%d8%a8%d9%8a%d8%b9-%d8%b4%d8%a7%d8%b1%d8%b9-%d8%aa%d9%84%d9%88/" "Mozilla/5.0 AppleWebKit/537.36 (KHTML, like Gecko; compatible; GPTBot/1.4; +https://openai.com/gptbot)"
74.7.227.5 - - [29/Aug/2026:03:41:24 +0000] "GET /ar/property/%d8%b4%d9%82%d8%a9-%d9%84%d9%84%d8%a8%d9%8a%d8%b9-%d9%81%d9%8a-%d8%ad%d9%85%d8%b5-%d8%a7%d9%84%d8%a7%d8%b1%d9%85%d9%86-%d8%a7%d9%84%d8%b4%d9%85%d8%a7%d9%84%d9%8a/ HTTP/1.1" 200 34179 "https://staging.syraqarat.com/ar/property/%d9%83%d8%aa%d9%84%d8%a9-%d9%84%d9%84%d8%a8%d9%8a%d8%b9-%d9%81%d9%8a-%d8%ad%d9%85%d8%b5-%d8%af%d9%88%d8%a7%d8%b1-%d8%a7%d9%84%d8%a7%d8%b5%d9%8a%d9%84/" "Mozilla/5.0 AppleWebKit/537.36 (KHTML, like Gecko; compatible; GPTBot/1.4; +https://openai.com/gptbot)"
72.167.149.90 - - [29/Aug/2026:03:41:27 +0000] "POST /wp-cron.php?doing_wp_cron=1787974886.7671399116516113281250 HTTP/1.1" 499 0 "-" "WordPress/7.1; https://staging.syraqarat.com/ar"
74.7.227.5 - - [29/Aug/2026:03:41:27 +0000] "GET /ar/wp-json/wp/v2/agents/23942 HTTP/1.1" 200 1941 "https://staging.syraqarat.com/ar/agent/ali-alloush/?tab=for-rent" "Mozilla/5.0 AppleWebKit/537.36 (KHTML, like Gecko; compatible; GPTBot/1.4; +https://openai.com/gptbot)"
72.167.149.90 - - [29/Aug/2026:03:41:32 +0000] "POST /wp-cron.php?doing_wp_cron=1787974891.1138169765472412109375 HTTP/1.1" 499 0 "-" "WordPress/7.1; https://staging.syraqarat.com"
74.7.227.5 - - [29/Aug/2026:03:41:32 +0000] "GET /agent/ali-alloush/?tab HTTP/1.1" 200 29471 "https://staging.syraqarat.com/agent/ali-alloush/" "Mozilla/5.0 AppleWebKit/537.36 (KHTML, like Gecko; compatible; GPTBot/1.4; +https://openai.com/gptbot)"
74.7.227.5 - - [29/Aug/2026:03:41:34 +0000] "GET /wp-json/wp/v2/users/42 HTTP/1.1" 200 347 "https://staging.syraqarat.com/author/lougenm/" "Mozilla/5.0 AppleWebKit/537.36 (KHTML, like Gecko; compatible; GPTBot/1.4; +https://openai.com/gptbot)"
72.167.149.90 - - [29/Aug/2026:03:41:38 +0000] "POST /wp-cron.php?doing_wp_cron=1787974897.3618099689483642578125 HTTP/1.1" 499 0 "-" "WordPress/7.1; https://staging.syraqarat.com"
74.7.227.5 - - [29/Aug/2026:03:41:38 +0000] "GET /property/%d8%b4%d9%82%d8%a9-%d9%84%d9%84%d8%a8%d9%8a%d8%b9-%d8%aa%d9%81%d8%b1%d8%b9%d8%a7%d8%aa-%d8%b4%d8%a7%d8%b1%d8%b9-%d8%a7%d9%84%d8%a7%d9%87%d8%b1%d8%a7%d9%85-%d8%a7%d9%84%d8%b1%d8%a6%d9%8a%d8%b3%d9%8a/ HTTP/1.1" 200 32489 "https://staging.syraqarat.com/author/lougenm/page/4/" "Mozilla/5.0 AppleWebKit/537.36 (KHTML, like Gecko; compatible; GPTBot/1.4; +https://openai.com/gptbot)"
74.7.227.5 - - [29/Aug/2026:03:41:41 +0000] "GET /property/%d9%85%d8%ad%d9%84-%d8%b7%d8%a7%d8%a8%d9%82%d9%8a%d9%86-%d9%84%d9%84%d8%a8%d9%8a%d8%b9-%d8%ad%d9%85%d8%b5-%d8%a7%d9%84%d8%b3%d8%a7%d8%b9%d8%a9-%d8%a7%d9%84%d9%82%d8%af%d9%8a%d9%85%d8%a9/ HTTP/1.1" 200 30043 "https://staging.syraqarat.com/" "Mozilla/5.0 AppleWebKit/537.36 (KHTML, like Gecko; compatible; GPTBot/1.4; +https://openai.com/gptbot)"
74.7.227.5 - - [29/Aug/2026:03:41:41 +0000] "GET /wp-content/themes/houzez/js/vendors/bootstrap.bundle.min.js?ver=5.3.3 HTTP/1.1" 200 24008 "https://staging.syraqarat.com/" "Mozilla/5.0 AppleWebKit/537.36 (KHTML, like Gecko; compatible; GPTBot/1.4; +https://openai.com/gptbot)"
72.167.149.90 - - [29/Aug/2026:03:41:45 +0000] "POST /wp-cron.php?doing_wp_cron=1787974904.5395910739898681640625 HTTP/1.1" 499 0 "-" "WordPress/7.1; https://staging.syraqarat.com/ar"
74.7.227.5 - - [29/Aug/2026:03:41:45 +0000] "GET /ar/wp-json/wp/v2/property_label/103 HTTP/1.1" 200 351 "https://staging.syraqarat.com/ar/label/green-title-deed/" "Mozilla/5.0 AppleWebKit/537.36 (KHTML, like Gecko; compatible; GPTBot/1.4; +https://openai.com/gptbot)"
