74.7.227.5 - - [29/Aug/2026:03:41:47 +0000] "GET /ar/wp-json/oembed/1.0/embed?url=https%3A%2F%2Fstaging.syraqarat.com%2Far%2Fproperty%2F%25d8%25b4%25d9%2582%25d8%25a9-%25d9%2584%25d9%2584%25d8%25a8%25d9%258a%25d8%25b9-%25d8%25ad%25d9%2585%25d8%25b5-%25d8%25b4%25d8%25a7%25d8%25b1%25d8%25b9-%25d8%25a8%25d9%258a%25d8%25aa-%25d8%25a7%25d9%2584%25d8%25b7%25d9%2588%25d9%258a%25d9%2584%2F HTTP/1.1" 200 1237 "https://staging.syraqarat.com/ar/property/%d8%b4%d9%82%d8%a9-%d9%84%d9%84%d8%a8%d9%8a%d8%b9-%d8%ad%d9%85%d8%b5-%d8%b4%d8%a7%d8%b1%d8%b9-%d8%a8%d9%8a%d8%aa-%d8%a7%d9%84%d8%b7%d9%88%d9%8a%d9%84/" "Mozilla/5.0 AppleWebKit/537.36 (KHTML, like Gecko; compatible; GPTBot/1.4; +https://openai.com/gptbot)"
72.167.149.90 - - [29/Aug/2026:03:41:50 +0000] "POST /wp-cron.php?doing_wp_cron=1787974909.3958659172058105468750 HTTP/1.1" 499 0 "-" "WordPress/7.1; https://staging.syraqarat.com"
74.7.227.5 - - [29/Aug/2026:03:41:50 +0000] "GET /wp-json/oembed/1.0/embed?url=https%3A%2F%2Fstaging.syraqarat.com%2F HTTP/1.1" 200 1114 "https://staging.syraqarat.com/" "Mozilla/5.0 AppleWebKit/537.36 (KHTML, like Gecko; compatible; GPTBot/1.4; +https://openai.com/gptbot)"
72.167.149.90 - - [29/Aug/2026:03:41:53 +0000] "POST /wp-cron.php?doing_wp_cron=1787974912.6021599769592285156250 HTTP/1.1" 499 0 "-" "WordPress/7.1; https://staging.syraqarat.com"
74.7.227.5 - - [29/Aug/2026:03:41:53 +0000] "GET /xmlrpc.php?rsd HTTP/1.1" 200 320 "https://staging.syraqarat.com/" "Mozilla/5.0 AppleWebKit/537.36 (KHTML, like Gecko; compatible; GPTBot/1.4; +https://openai.com/gptbot)"
74.7.227.5 - - [29/Aug/2026:03:41:55 +0000] "GET /ar/wp-json/oembed/1.0/embed?format=xml&url=https%3A%2F%2Fstaging.syraqarat.com%2Far%2Fproperty%2F%25d8%25b4%25d9%2582%25d8%25a9-%25d9%2584%25d9%2584%25d8%25a8%25d9%258a%25d8%25b9-%25d9%2581%25d9%258a-%25d8%25ad%25d9%2585%25d8%25b5-%25d8%25a7%25d9%2584%25d8%25a7%25d8%25b1%25d9%2585%25d9%2586-%25d8%25a7%25d9%2584%25d8%25b4%25d9%2585%25d8%25a7%25d9%2584%25d9%258a%2F HTTP/1.1" 200 1282 "https://staging.syraqarat.com/ar/property/%d8%b4%d9%82%d8%a9-%d9%84%d9%84%d8%a8%d9%8a%d8%b9-%d9%81%d9%8a-%d8%ad%d9%85%d8%b5-%d8%a7%d9%84%d8%a7%d8%b1%d9%85%d9%86-%d8%a7%d9%84%d8%b4%d9%85%d8%a7%d9%84%d9%8a/" "Mozilla/5.0 AppleWebKit/537.36 (KHTML, like Gecko; compatible; GPTBot/1.4; +https://openai.com/gptbot)"
72.167.149.90 - - [29/Aug/2026:03:41:57 +0000] "POST /wp-cron.php?doing_wp_cron=1787974916.7661690711975097656250 HTTP/1.1" 499 0 "-" "WordPress/7.1; https://staging.syraqarat.com/ar"
74.7.227.5 - - [29/Aug/2026:03:41:57 +0000] "GET /ar/wp-json/oembed/1.0/embed?url=https%3A%2F%2Fstaging.syraqarat.com%2Far%2Fproperty%2F%25d8%25b4%25d9%2582%25d8%25a9-%25d9%2584%25d9%2584%25d8%25a8%25d9%258a%25d8%25b9-%25d9%2581%25d9%258a-%25d8%25ad%25d9%2585%25d8%25b5-%25d8%25a7%25d9%2584%25d8%25a7%25d8%25b1%25d9%2585%25d9%2586-%25d8%25a7%25d9%2584%25d8%25b4%25d9%2585%25d8%25a7%25d9%2584%25d9%258a%2F HTTP/1.1" 200 1242 "https://staging.syraqarat.com/ar/property/%d8%b4%d9%82%d8%a9-%d9%84%d9%84%d8%a8%d9%8a%d8%b9-%d9%81%d9%8a-%d8%ad%d9%85%d8%b5-%d8%a7%d9%84%d8%a7%d8%b1%d9%85%d9%86-%d8%a7%d9%84%d8%b4%d9%85%d8%a7%d9%84%d9%8a/" "Mozilla/5.0 AppleWebKit/537.36 (KHTML, like Gecko; compatible; GPTBot/1.4; +https://openai.com/gptbot)"
74.7.227.5 - - [29/Aug/2026:03:41:59 +0000] "GET /ar/?p=24471 HTTP/1.1" 301 5 "https://staging.syraqarat.com/ar/property/%d8%b4%d9%82%d8%a9-%d9%84%d9%84%d8%a8%d9%8a%d8%b9-%d9%81%d9%8a-%d8%ad%d9%85%d8%b5-%d8%a7%d9%84%d8%a7%d8%b1%d9%85%d9%86-%d8%a7%d9%84%d8%b4%d9%85%d8%a7%d9%84%d9%8a/" "Mozilla/5.0 AppleWebKit/537.36 (KHTML, like Gecko; compatible; GPTBot/1.4; +https://openai.com/gptbot)"
72.167.149.90 - - [29/Aug/2026:03:42:02 +0000] "POST /wp-cron.php?doing_wp_cron=1787974921.6841390132904052734375 HTTP/1.1" 499 0 "-" "WordPress/7.1; https://staging.syraqarat.com/ar"
74.7.227.5 - - [29/Aug/2026:03:42:02 +0000] "GET /ar/wp-json/wp/v2/properties/24471 HTTP/1.1" 200 2488 "https://staging.syraqarat.com/ar/property/%d8%b4%d9%82%d8%a9-%d9%84%d9%84%d8%a8%d9%8a%d8%b9-%d9%81%d9%8a-%d8%ad%d9%85%d8%b5-%d8%a7%d9%84%d8%a7%d8%b1%d9%85%d9%86-%d8%a7%d9%84%d8%b4%d9%85%d8%a7%d9%84%d9%8a/" "Mozilla/5.0 AppleWebKit/537.36 (KHTML, like Gecko; compatible; GPTBot/1.4; +https://openai.com/gptbot)"
74.7.227.5 - - [29/Aug/2026:03:42:04 +0000] "GET /wp-json/wp/v2/properties/24433 HTTP/1.1" 200 2476 "https://staging.syraqarat.com/property/%d8%b4%d9%82%d8%a9-%d9%84%d9%84%d8%a8%d9%8a%d8%b9-%d8%aa%d9%81%d8%b1%d8%b9%d8%a7%d8%aa-%d8%b4%d8%a7%d8%b1%d8%b9-%d8%a7%d9%84%d8%a7%d9%87%d8%b1%d8%a7%d9%85-%d8%a7%d9%84%d8%b1%d8%a6%d9%8a%d8%b3%d9%8a/" "Mozilla/5.0 AppleWebKit/537.36 (KHTML, like Gecko; compatible; GPTBot/1.4; +https://openai.com/gptbot)"
72.167.149.90 - - [29/Aug/2026:03:42:07 +0000] "POST /wp-cron.php?doing_wp_cron=1787974926.3152530193328857421875 HTTP/1.1" 200 31 "-" "WordPress/7.1; https://staging.syraqarat.com"
74.7.227.5 - - [29/Aug/2026:03:42:07 +0000] "GET /?p=24433 HTTP/1.1" 301 5 "https://staging.syraqarat.com/property/%d8%b4%d9%82%d8%a9-%d9%84%d9%84%d8%a8%d9%8a%d8%b9-%d8%aa%d9%81%d8%b1%d8%b9%d8%a7%d8%aa-%d8%b4%d8%a7%d8%b1%d8%b9-%d8%a7%d9%84%d8%a7%d9%87%d8%b1%d8%a7%d9%85-%d8%a7%d9%84%d8%b1%d8%a6%d9%8a%d8%b3%d9%8a/" "Mozilla/5.0 AppleWebKit/537.36 (KHTML, like Gecko; compatible; GPTBot/1.4; +https://openai.com/gptbot)"
72.167.149.90 - - [29/Aug/2026:03:42:09 +0000] "POST /wp-cron.php?doing_wp_cron=1787974928.7748880386352539062500 HTTP/1.1" 200 31 "-" "WordPress/7.1; https://staging.syraqarat.com"
74.7.227.5 - - [29/Aug/2026:03:42:09 +0000] "GET /wp-json/oembed/1.0/embed?format=xml&url=https%3A%2F%2Fstaging.syraqarat.com%2Fproperty%2F%25d8%25b4%25d9%2582%25d8%25a9-%25d9%2584%25d9%2584%25d8%25a8%25d9%258a%25d8%25b9-%25d8%25aa%25d9%2581%25d8%25b1%25d8%25b9%25d8%25a7%25d8%25aa-%25d8%25b4%25d8%25a7%25d8%25b1%25d8%25b9-%25d8%25a7%25d9%2584%25d8%25a7%25d9%2587%25d8%25b1%25d8%25a7%25d9%2585-%25d8%25a7%25d9%2584%25d8%25b1%25d8%25a6%25d9%258a%25d8%25b3%25d9%258a%2F HTTP/1.1" 200 1291 "https://staging.syraqarat.com/property/%d8%b4%d9%82%d8%a9-%d9%84%d9%84%d8%a8%d9%8a%d8%b9-%d8%aa%d9%81%d8%b1%d8%b9%d8%a7%d8%aa-%d8%b4%d8%a7%d8%b1%d8%b9-%d8%a7%d9%84%d8%a7%d9%87%d8%b1%d8%a7%d9%85-%d8%a7%d9%84%d8%b1%d8%a6%d9%8a%d8%b3%d9%8a/" "Mozilla/5.0 AppleWebKit/537.36 (KHTML, like Gecko; compatible; GPTBot/1.4; +https://openai.com/gptbot)"
72.167.149.90 - - [29/Aug/2026:03:42:13 +0000] "POST /wp-cron.php?doing_wp_cron=1787974932.1391849517822265625000 HTTP/1.1" 499 0 "-" "WordPress/7.1; https://staging.syraqarat.com/ar"
74.7.227.5 - - [29/Aug/2026:03:42:13 +0000] "GET /ar/property/%d8%b4%d9%82%d8%a9-%d9%84%d9%84%d8%a8%d9%8a%d8%b9-%d8%ad%d9%85%d8%b5-%d8%a7%d9%84%d9%85%d9%8a%d8%af%d8%a7%d9%86/ HTTP/1.1" 200 34165 "https://staging.syraqarat.com/ar/property/%d8%b4%d9%82%d8%a9-%d9%84%d9%84%d8%a8%d9%8a%d8%b9-%d8%ad%d9%85%d8%b5-%d8%a7%d9%84%d8%a7%d9%87%d8%b1%d8%a7%d9%85/" "Mozilla/5.0 AppleWebKit/537.36 (KHTML, like Gecko; compatible; GPTBot/1.4; +https://openai.com/gptbot)"
72.167.149.90 - - [29/Aug/2026:03:42:15 +0000] "POST /wp-cron.php?doing_wp_cron=1787974934.8045771121978759765625 HTTP/1.1" 499 0 "-" "WordPress/7.1; https://staging.syraqarat.com"
74.7.227.5 - - [29/Aug/2026:03:42:15 +0000] "GET /wp-json/oembed/1.0/embed?url=https%3A%2F%2Fstaging.syraqarat.com%2Fproperty%2F%25d8%25b4%25d9%2582%25d8%25a9-%25d9%2584%25d9%2584%25d8%25a8%25d9%258a%25d8%25b9-%25d8%25ad%25d9%2585%25d8%25b5-%25d8%25b4%25d8%25a7%25d8%25b1%25d8%25b9-%25d8%25a8%25d9%258a%25d8%25aa-%25d8%25a7%25d9%2584%25d8%25b7%25d9%2588%25d9%258a%25d9%2584%2F HTTP/1.1" 200 1234 "https://staging.syraqarat.com/property/%d8%b4%d9%82%d8%a9-%d9%84%d9%84%d8%a8%d9%8a%d8%b9-%d8%ad%d9%85%d8%b5-%d8%b4%d8%a7%d8%b1%d8%b9-%d8%a8%d9%8a%d8%aa-%d8%a7%d9%84%d8%b7%d9%88%d9%8a%d9%84/" "Mozilla/5.0 AppleWebKit/537.36 (KHTML, like Gecko; compatible; GPTBot/1.4; +https://openai.com/gptbot)"
74.7.227.5 - - [29/Aug/2026:03:42:18 +0000] "GET /ar/wp-json/oembed/1.0/embed?url=https%3A%2F%2Fstaging.syraqarat.com%2Far%2Fproperty%2F%25d9%2585%25d8%25b2%25d8%25b1%25d8%25b9%25d8%25a9-%25d9%2584%25d9%2584%25d8%25a8%25d9%258a%25d8%25b9-%25d8%25ad%25d9%2585%25d8%25b5-%25d8%25a7%25d9%2584%25d8%25ae%25d8%25b7%25d9%2584%25d8%25a7%25d8%25a1%2F HTTP/1.1" 200 1219 "https://staging.syraqarat.com/ar/property/%d9%85%d8%b2%d8%b1%d8%b9%d8%a9-%d9%84%d9%84%d8%a8%d9%8a%d8%b9-%d8%ad%d9%85%d8%b5-%d8%a7%d9%84%d8%ae%d8%b7%d9%84%d8%a7%d8%a1/" "Mozilla/5.0 AppleWebKit/537.36 (KHTML, like Gecko; compatible; GPTBot/1.4; +https://openai.com/gptbot)"
74.7.227.5 - - [29/Aug/2026:03:42:18 +0000] "GET /wp-content/themes/houzez/js/custom.js?ver=4.3.2 HTTP/1.1" 200 48186 "https://staging.syraqarat.com/" "Mozilla/5.0 AppleWebKit/537.36 (KHTML, like Gecko; compatible; GPTBot/1.4; +https://openai.com/gptbot)"
72.167.149.90 - - [29/Aug/2026:03:42:21 +0000] "POST /wp-cron.php?doing_wp_cron=1787974940.2290320396423339843750 HTTP/1.1" 499 0 "-" "WordPress/7.1; https://staging.syraqarat.com/ar"
74.7.227.5 - - [29/Aug/2026:03:42:21 +0000] "GET /ar/wp-json/oembed/1.0/embed?format=xml&url=https%3A%2F%2Fstaging.syraqarat.com%2Far%2Fproperty%2F%25d8%25b4%25d9%2582%25d8%25a9-%25d9%2584%25d9%2584%25d8%25a8%25d9%258a%25d8%25b9-%25d8%25ad%25d9%2585%25d8%25b5-%25d8%25b4%25d8%25a7%25d8%25b1%25d8%25b9-%25d8%25a7%25d9%2584%25d8%25a3%25d9%2587%25d8%25b1%25d8%25a7%25d9%2585%2F HTTP/1.1" 200 1264 "https://staging.syraqarat.com/ar/property/%d8%b4%d9%82%d8%a9-%d9%84%d9%84%d8%a8%d9%8a%d8%b9-%d8%ad%d9%85%d8%b5-%d8%b4%d8%a7%d8%b1%d8%b9-%d8%a7%d9%84%d8%a3%d9%87%d8%b1%d8%a7%d9%85/" "Mozilla/5.0 AppleWebKit/537.36 (KHTML, like Gecko; compatible; GPTBot/1.4; +https://openai.com/gptbot)"
72.167.149.90 - - [29/Aug/2026:03:42:25 +0000] "POST /wp-cron.php?doing_wp_cron=1787974944.0537679195404052734375 HTTP/1.1" 499 0 "-" "WordPress/7.1; https://staging.syraqarat.com"
74.7.227.5 - - [29/Aug/2026:03:42:25 +0000] "GET /property/%d8%b4%d9%82%d8%a9-%d9%84%d9%84%d8%a8%d9%8a%d8%b9-%d8%ad%d9%85%d8%b5-%d8%b4%d8%a7%d8%b1%d8%b9-%d8%a7%d9%84%d8%ad%d8%b6%d8%a7%d8%b1%d8%a9/ HTTP/1.1" 200 32738 "https://staging.syraqarat.com/author/lougenm/page/3/" "Mozilla/5.0 AppleWebKit/537.36 (KHTML, like Gecko; compatible; GPTBot/1.4; +https://openai.com/gptbot)"
74.7.227.5 - - [29/Aug/2026:03:42:26 +0000] "GET /ar/wp-json/wp/v2/property_status/37 HTTP/1.1" 200 337 "https://staging.syraqarat.com/ar/status/for-rent/" "Mozilla/5.0 AppleWebKit/537.36 (KHTML, like Gecko; compatible; GPTBot/1.4; +https://openai.com/gptbot)"
72.167.149.90 - - [29/Aug/2026:03:42:30 +0000] "POST /wp-cron.php?doing_wp_cron=1787974949.9259119033813476562500 HTTP/1.1" 499 0 "-" "WordPress/7.1; https://staging.syraqarat.com/ar"
74.7.227.5 - - [29/Aug/2026:03:42:31 +0000] "GET /ar/property/%d8%b4%d9%82%d8%a9-%d9%84%d9%84%d8%a8%d9%8a%d8%b9-%d8%ad%d9%85%d8%b5-%d8%b4%d8%a7%d8%b1%d8%b9-%d8%a7%d9%84%d8%ad%d8%b6%d8%a7%d8%b1%d8%a9/ HTTP/1.1" 200 34481 "https://staging.syraqarat.com/ar/property/%d8%b4%d9%82%d8%a9-%d9%84%d9%84%d8%a8%d9%8a%d8%b9-%d8%ad%d9%85%d8%b5-%d8%b9%d9%83%d8%b1%d9%85%d8%a9-%d8%a7%d9%84%d8%ac%d8%af%d9%8a%d8%af%d8%a9/" "Mozilla/5.0 AppleWebKit/537.36 (KHTML, like Gecko; compatible; GPTBot/1.4; +https://openai.com/gptbot)"
72.167.149.90 - - [29/Aug/2026:03:42:33 +0000] "POST /wp-cron.php?doing_wp_cron=1787974952.5436809062957763671875 HTTP/1.1" 499 0 "-" "WordPress/7.1; https://staging.syraqarat.com"
74.7.227.5 - - [29/Aug/2026:03:42:33 +0000] "GET /author/lougenm/feed/ HTTP/1.1" 200 2300 "https://staging.syraqarat.com/author/lougenm/" "Mozilla/5.0 AppleWebKit/537.36 (KHTML, like Gecko; compatible; GPTBot/1.4; +https://openai.com/gptbot)"
74.7.227.5 - - [29/Aug/2026:03:42:36 +0000] "GET /ar/author/lougenm/ HTTP/1.1" 200 31581 "https://staging.syraqarat.com/author/lougenm/" "Mozilla/5.0 AppleWebKit/537.36 (KHTML, like Gecko; compatible; GPTBot/1.4; +https://openai.com/gptbot)"
72.167.149.90 - - [29/Aug/2026:03:42:40 +0000] "POST /wp-cron.php?doing_wp_cron=1787974959.2472269535064697265625 HTTP/1.1" 499 0 "-" "WordPress/7.1; https://staging.syraqarat.com"
74.7.227.5 - - [29/Aug/2026:03:42:40 +0000] "GET /agent/ali-alloush/page/2/?tab HTTP/1.1" 200 25508 "https://staging.syraqarat.com/ar/agent/ali-alloush/page/2/?tab" "Mozilla/5.0 AppleWebKit/537.36 (KHTML, like Gecko; compatible; GPTBot/1.4; +https://openai.com/gptbot)"
74.7.227.5 - - [29/Aug/2026:03:42:41 +0000] "GET /ar/wp-json/oembed/1.0/embed?format=xml&url=https%3A%2F%2Fstaging.syraqarat.com%2Far%2Fproperty%2F%25d8%25b4%25d9%2582%25d8%25a9-%25d9%2584%25d9%2584%25d8%25a8%25d9%258a%25d8%25b9-%25d8%25ad%25d9%2585%25d8%25b5-%25d8%25a7%25d9%2584%25d9%2585%25d9%258a%25d8%25af%25d8%25a7%25d9%2586%2F HTTP/1.1" 200 1254 "https://staging.syraqarat.com/ar/property/%d8%b4%d9%82%d8%a9-%d9%84%d9%84%d8%a8%d9%8a%d8%b9-%d8%ad%d9%85%d8%b5-%d8%a7%d9%84%d9%85%d9%8a%d8%af%d8%a7%d9%86/" "Mozilla/5.0 AppleWebKit/537.36 (KHTML, like Gecko; compatible; GPTBot/1.4; +https://openai.com/gptbot)"
72.167.149.90 - - [29/Aug/2026:03:42:43 +0000] "POST /wp-cron.php?doing_wp_cron=1787974962.7353179454803466796875 HTTP/1.1" 499 0 "-" "WordPress/7.1; https://staging.syraqarat.com/ar"
74.7.227.5 - - [29/Aug/2026:03:42:43 +0000] "GET /ar/?p=24498 HTTP/1.1" 301 5 "https://staging.syraqarat.com/ar/property/%d8%b4%d9%82%d8%a9-%d9%84%d9%84%d8%a8%d9%8a%d8%b9-%d8%ad%d9%85%d8%b5-%d8%a7%d9%84%d9%85%d9%8a%d8%af%d8%a7%d9%86/" "Mozilla/5.0 AppleWebKit/537.36 (KHTML, like Gecko; compatible; GPTBot/1.4; +https://openai.com/gptbot)"
74.7.227.5 - - [29/Aug/2026:03:42:46 +0000] "GET /ar/wp-json/oembed/1.0/embed?url=https%3A%2F%2Fstaging.syraqarat.com%2Far%2Fproperty%2F%25d8%25b4%25d9%2582%25d8%25a9-%25d9%2584%25d9%2584%25d8%25a8%25d9%258a%25d8%25b9-%25d8%25ad%25d9%2585%25d8%25b5-%25d8%25a7%25d9%2584%25d9%2585%25d9%258a%25d8%25af%25d8%25a7%25d9%2586%2F HTTP/1.1" 200 1215 "https://staging.syraqarat.com/ar/property/%d8%b4%d9%82%d8%a9-%d9%84%d9%84%d8%a8%d9%8a%d8%b9-%d8%ad%d9%85%d8%b5-%d8%a7%d9%84%d9%85%d9%8a%d8%af%d8%a7%d9%86/" "Mozilla/5.0 AppleWebKit/537.36 (KHTML, like Gecko; compatible; GPTBot/1.4; +https://openai.com/gptbot)"
72.167.149.90 - - [29/Aug/2026:03:42:48 +0000] "POST /wp-cron.php?doing_wp_cron=1787974967.4577810764312744140625 HTTP/1.1" 499 0 "-" "WordPress/7.1; https://staging.syraqarat.com/ar"
74.7.227.5 - - [29/Aug/2026:03:42:48 +0000] "GET /ar/wp-json/wp/v2/properties/24498 HTTP/1.1" 200 2554 "https://staging.syraqarat.com/ar/property/%d8%b4%d9%82%d8%a9-%d9%84%d9%84%d8%a8%d9%8a%d8%b9-%d8%ad%d9%85%d8%b5-%d8%a7%d9%84%d9%85%d9%8a%d8%af%d8%a7%d9%86/" "Mozilla/5.0 AppleWebKit/537.36 (KHTML, like Gecko; compatible; GPTBot/1.4; +https://openai.com/gptbot)"
74.7.227.5 - - [29/Aug/2026:03:42:48 +0000] "GET /wp-content/plugins/translatepress-multilingual/assets/flags/4x3/ar.svg HTTP/1.1" 200 4333 "https://staging.syraqarat.com/" "Mozilla/5.0 AppleWebKit/537.36 (KHTML, like Gecko; compatible; GPTBot/1.4; +https://openai.com/gptbot)"
72.167.149.90 - - [29/Aug/2026:03:42:51 +0000] "POST /wp-cron.php?doing_wp_cron=1787974970.5084149837493896484375 HTTP/1.1" 499 0 "-" "WordPress/7.1; https://staging.syraqarat.com"
74.7.227.5 - - [29/Aug/2026:03:42:51 +0000] "GET /wp-json/wp/v2/properties/24505 HTTP/1.1" 200 2652 "https://staging.syraqarat.com/property/%d8%b4%d9%82%d8%a9-%d9%84%d9%84%d8%a8%d9%8a%d8%b9-%d8%ad%d9%85%d8%b5-%d8%b4%d8%a7%d8%b1%d8%b9-%d8%a7%d9%84%d8%ad%d8%b6%d8%a7%d8%b1%d8%a9/" "Mozilla/5.0 AppleWebKit/537.36 (KHTML, like Gecko; compatible; GPTBot/1.4; +https://openai.com/gptbot)"
74.7.227.5 - - [29/Aug/2026:03:42:52 +0000] "GET /wp-json/oembed/1.0/embed?url=https%3A%2F%2Fstaging.syraqarat.com%2Fproperty%2F%25d8%25b4%25d9%2582%25d8%25a9-%25d9%2584%25d9%2584%25d8%25a8%25d9%258a%25d8%25b9-%25d8%25ad%25d9%2585%25d8%25b5-%25d8%25b4%25d8%25a7%25d8%25b1%25d8%25b9-%25d8%25a7%25d9%2584%25d8%25ad%25d8%25b6%25d8%25a7%25d8%25b1%25d8%25a9%2F HTTP/1.1" 200 1224 "https://staging.syraqarat.com/property/%d8%b4%d9%82%d8%a9-%d9%84%d9%84%d8%a8%d9%8a%d8%b9-%d8%ad%d9%85%d8%b5-%d8%b4%d8%a7%d8%b1%d8%b9-%d8%a7%d9%84%d8%ad%d8%b6%d8%a7%d8%b1%d8%a9/" "Mozilla/5.0 AppleWebKit/537.36 (KHTML, like Gecko; compatible; GPTBot/1.4; +https://openai.com/gptbot)"
72.167.149.90 - - [29/Aug/2026:03:42:55 +0000] "POST /wp-cron.php?doing_wp_cron=1787974974.0039870738983154296875 HTTP/1.1" 499 0 "-" "WordPress/7.1; https://staging.syraqarat.com/ar"
74.7.227.5 - - [29/Aug/2026:03:42:55 +0000] "GET /ar/?p=24505 HTTP/1.1" 301 5 "https://staging.syraqarat.com/ar/property/%d8%b4%d9%82%d8%a9-%d9%84%d9%84%d8%a8%d9%8a%d8%b9-%d8%ad%d9%85%d8%b5-%d8%b4%d8%a7%d8%b1%d8%b9-%d8%a7%d9%84%d8%ad%d8%b6%d8%a7%d8%b1%d8%a9/" "Mozilla/5.0 AppleWebKit/537.36 (KHTML, like Gecko; compatible; GPTBot/1.4; +https://openai.com/gptbot)"
74.7.227.5 - - [29/Aug/2026:03:42:56 +0000] "GET /ar/wp-json/oembed/1.0/embed?format=xml&url=https%3A%2F%2Fstaging.syraqarat.com%2Far%2Fproperty%2F%25d8%25b4%25d9%2582%25d8%25a9-%25d9%2584%25d9%2584%25d8%25a8%25d9%258a%25d8%25b9-%25d8%25ad%25d9%2585%25d8%25b5-%25d8%25b4%25d8%25a7%25d8%25b1%25d8%25b9-%25d8%25a7%25d9%2584%25d8%25ad%25d8%25b6%25d8%25a7%25d8%25b1%25d8%25a9%2F HTTP/1.1" 200 1266 "https://staging.syraqarat.com/ar/property/%d8%b4%d9%82%d8%a9-%d9%84%d9%84%d8%a8%d9%8a%d8%b9-%d8%ad%d9%85%d8%b5-%d8%b4%d8%a7%d8%b1%d8%b9-%d8%a7%d9%84%d8%ad%d8%b6%d8%a7%d8%b1%d8%a9/" "Mozilla/5.0 AppleWebKit/537.36 (KHTML, like Gecko; compatible; GPTBot/1.4; +https://openai.com/gptbot)"
72.167.149.90 - - [29/Aug/2026:03:42:58 +0000] "POST /wp-cron.php?doing_wp_cron=1787974977.4961268901824951171875 HTTP/1.1" 499 0 "-" "WordPress/7.1; https://staging.syraqarat.com"
74.7.227.5 - - [29/Aug/2026:03:42:58 +0000] "GET /?p=24505 HTTP/1.1" 301 5 "https://staging.syraqarat.com/property/%d8%b4%d9%82%d8%a9-%d9%84%d9%84%d8%a8%d9%8a%d8%b9-%d8%ad%d9%85%d8%b5-%d8%b4%d8%a7%d8%b1%d8%b9-%d8%a7%d9%84%d8%ad%d8%b6%d8%a7%d8%b1%d8%a9/" "Mozilla/5.0 AppleWebKit/537.36 (KHTML, like Gecko; compatible; GPTBot/1.4; +https://openai.com/gptbot)"
72.167.149.90 - - [29/Aug/2026:03:43:01 +0000] "POST /wp-cron.php?doing_wp_cron=1787974980.4047219753265380859375 HTTP/1.1" 499 0 "-" "WordPress/7.1; https://staging.syraqarat.com/ar"
74.7.227.5 - - [29/Aug/2026:03:43:01 +0000] "GET /ar/wp-json/wp/v2/properties/24505 HTTP/1.1" 200 2653 "https://staging.syraqarat.com/ar/property/%d8%b4%d9%82%d8%a9-%d9%84%d9%84%d8%a8%d9%8a%d8%b9-%d8%ad%d9%85%d8%b5-%d8%b4%d8%a7%d8%b1%d8%b9-%d8%a7%d9%84%d8%ad%d8%b6%d8%a7%d8%b1%d8%a9/" "Mozilla/5.0 AppleWebKit/537.36 (KHTML, like Gecko; compatible; GPTBot/1.4; +https://openai.com/gptbot)"
74.7.227.5 - - [29/Aug/2026:03:43:04 +0000] "GET /ar/wp-json/oembed/1.0/embed?url=https%3A%2F%2Fstaging.syraqarat.com%2Far%2Fproperty%2F%25d8%25b4%25d9%2582%25d8%25a9-%25d9%2584%25d9%2584%25d8%25a8%25d9%258a%25d8%25b9-%25d8%25ad%25d9%2585%25d8%25b5-%25d8%25b4%25d8%25a7%25d8%25b1%25d8%25b9-%25d8%25a7%25d9%2584%25d8%25ad%25d8%25b6%25d8%25a7%25d8%25b1%25d8%25a9%2F HTTP/1.1" 200 1226 "https://staging.syraqarat.com/ar/property/%d8%b4%d9%82%d8%a9-%d9%84%d9%84%d8%a8%d9%8a%d8%b9-%d8%ad%d9%85%d8%b5-%d8%b4%d8%a7%d8%b1%d8%b9-%d8%a7%d9%84%d8%ad%d8%b6%d8%a7%d8%b1%d8%a9/" "Mozilla/5.0 AppleWebKit/537.36 (KHTML, like Gecko; compatible; GPTBot/1.4; +https://openai.com/gptbot)"
72.167.149.90 - - [29/Aug/2026:03:43:06 +0000] "POST /wp-cron.php?doing_wp_cron=1787974985.8972420692443847656250 HTTP/1.1" 499 0 "-" "WordPress/7.1; https://staging.syraqarat.com"
74.7.227.5 - - [29/Aug/2026:03:43:06 +0000] "GET /wp-json/oembed/1.0/embed?format=xml&url=https%3A%2F%2Fstaging.syraqarat.com%2Fproperty%2F%25d8%25b4%25d9%2582%25d8%25a9-%25d9%2584%25d9%2584%25d8%25a8%25d9%258a%25d8%25b9-%25d8%25ad%25d9%2585%25d8%25b5-%25d8%25b4%25d8%25a7%25d8%25b1%25d8%25b9-%25d8%25a7%25d9%2584%25d8%25ad%25d8%25b6%25d8%25a7%25d8%25b1%25d8%25a9%2F HTTP/1.1" 200 1264 "https://staging.syraqarat.com/property/%d8%b4%d9%82%d8%a9-%d9%84%d9%84%d8%a8%d9%8a%d8%b9-%d8%ad%d9%85%d8%b5-%d8%b4%d8%a7%d8%b1%d8%b9-%d8%a7%d9%84%d8%ad%d8%b6%d8%a7%d8%b1%d8%a9/" "Mozilla/5.0 AppleWebKit/537.36 (KHTML, like Gecko; compatible; GPTBot/1.4; +https://openai.com/gptbot)"
74.7.227.5 - - [29/Aug/2026:03:43:07 +0000] "GET /wp-content/plugins/elementor-pro/assets/js/frontend.min.js?ver=4.0.4 HTTP/1.1" 200 6481 "https://staging.syraqarat.com/" "Mozilla/5.0 AppleWebKit/537.36 (KHTML, like Gecko; compatible; GPTBot/1.4; +https://openai.com/gptbot)"
74.7.227.5 - - [29/Aug/2026:03:43:07 +0000] "GET /wp-content/plugins/houzez-studio/public/js/houzez-studio-public.js?ver=1.3.3 HTTP/1.1" 200 491 "https://staging.syraqarat.com/" "Mozilla/5.0 AppleWebKit/537.36 (KHTML, like Gecko; compatible; GPTBot/1.4; +https://openai.com/gptbot)"
72.167.149.90 - - [29/Aug/2026:03:43:11 +0000] "POST /wp-cron.php?doing_wp_cron=1787974990.3382170200347900390625 HTTP/1.1" 499 0 "-" "WordPress/7.1; https://staging.syraqarat.com"
74.7.227.5 - - [29/Aug/2026:03:43:11 +0000] "GET /property/%d8%b4%d9%82%d8%a9-%d9%84%d9%84%d8%a8%d9%8a%d8%b9-%d9%81%d9%8a-%d8%ad%d9%85%d8%b5-%d9%83%d8%b1%d9%85-%d8%a7%d9%84%d9%84%d9%88%d8%b2/ HTTP/1.1" 200 32761 "https://staging.syraqarat.com/agent/ali-alloush/" "Mozilla/5.0 AppleWebKit/537.36 (KHTML, like Gecko; compatible; GPTBot/1.4; +https://openai.com/gptbot)"
72.167.149.90 - - [29/Aug/2026:03:43:14 +0000] "POST /wp-cron.php?doing_wp_cron=1787974993.0676920413970947265625 HTTP/1.1" 499 0 "-" "WordPress/7.1; https://staging.syraqarat.com"
74.7.227.5 - - [29/Aug/2026:03:43:14 +0000] "GET /feed/ HTTP/1.1" 200 4571 "https://staging.syraqarat.com/" "Mozilla/5.0 AppleWebKit/537.36 (KHTML, like Gecko; compatible; GPTBot/1.4; +https://openai.com/gptbot)"
74.7.227.5 - - [29/Aug/2026:03:43:14 +0000] "GET /wp-content/plugins/elementor/assets/css/widget-accordion.min.css?ver=4.2.3 HTTP/1.1" 200 434 "https://staging.syraqarat.com/frequently-asked-questions/" "Mozilla/5.0 AppleWebKit/537.36 (KHTML, like Gecko; compatible; GPTBot/1.4; +https://openai.com/gptbot)"
72.167.149.90 - - [29/Aug/2026:03:43:18 +0000] "POST /wp-cron.php?doing_wp_cron=1787974997.1901988983154296875000 HTTP/1.1" 499 0 "-" "WordPress/7.1; https://staging.syraqarat.com/ar"
74.7.227.5 - - [29/Aug/2026:03:43:18 +0000] "GET /ar/author/lougenm/page/2/?tab HTTP/1.1" 200 32272 "https://staging.syraqarat.com/ar/author/lougenm/?tab" "Mozilla/5.0 AppleWebKit/537.36 (KHTML, like Gecko; compatible; GPTBot/1.4; +https://openai.com/gptbot)"
74.7.227.5 - - [29/Aug/2026:03:43:20 +0000] "GET /ar/author/lougenm/page/3/?tab HTTP/1.1" 200 32686 "https://staging.syraqarat.com/ar/author/lougenm/?tab" "Mozilla/5.0 AppleWebKit/537.36 (KHTML, like Gecko; compatible; GPTBot/1.4; +https://openai.com/gptbot)"
72.167.149.90 - - [29/Aug/2026:03:43:24 +0000] "POST /wp-cron.php?doing_wp_cron=1787975003.4409990310668945312500 HTTP/1.1" 200 31 "-" "WordPress/7.1; https://staging.syraqarat.com/ar"
74.7.227.5 - - [29/Aug/2026:03:43:24 +0000] "GET /ar/author/lougenm/page/4/?tab HTTP/1.1" 200 31642 "https://staging.syraqarat.com/ar/author/lougenm/?tab" "Mozilla/5.0 AppleWebKit/537.36 (KHTML, like Gecko; compatible; GPTBot/1.4; +https://openai.com/gptbot)"
72.167.149.90 - - [29/Aug/2026:03:43:27 +0000] "POST /wp-cron.php?doing_wp_cron=1787975006.3196530342102050781250 HTTP/1.1" 499 0 "-" "WordPress/7.1; https://staging.syraqarat.com/ar"
74.7.227.5 - - [29/Aug/2026:03:43:27 +0000] "GET /ar/author/lougenm/feed/ HTTP/1.1" 200 2295 "https://staging.syraqarat.com/ar/author/lougenm/?tab=for-sale" "Mozilla/5.0 AppleWebKit/537.36 (KHTML, like Gecko; compatible; GPTBot/1.4; +https://openai.com/gptbot)"
72.167.149.90 - - [29/Aug/2026:03:43:30 +0000] "POST /wp-cron.php?doing_wp_cron=1787975009.0701539516448974609375 HTTP/1.1" 499 0 "-" "WordPress/7.1; https://staging.syraqarat.com/ar"
74.7.227.5 - - [29/Aug/2026:03:43:30 +0000] "GET /ar/wp-json/oembed/1.0/embed?format=xml&url=https%3A%2F%2Fstaging.syraqarat.com%2Far%2Fproperty%2F%25d8%25b4%25d9%2582%25d8%25a9-%25d8%25ad%25d9%2585%25d8%25b5-%25d9%2583%25d8%25b1%25d9%2585-%25d8%25a7%25d9%2584%25d9%2584%25d9%2588%25d8%25b2%2F HTTP/1.1" 200 1238 "https://staging.syraqarat.com/ar/property/%d8%b4%d9%82%d8%a9-%d8%ad%d9%85%d8%b5-%d9%83%d8%b1%d9%85-%d8%a7%d9%84%d9%84%d9%88%d8%b2/" "Mozilla/5.0 AppleWebKit/537.36 (KHTML, like Gecko; compatible; GPTBot/1.4; +https://openai.com/gptbot)"
72.167.149.90 - - [29/Aug/2026:03:43:32 +0000] "POST /wp-cron.php?doing_wp_cron=1787975011.3318428993225097656250 HTTP/1.1" 499 0 "-" "WordPress/7.1; https://staging.syraqarat.com/ar"
74.7.227.5 - - [29/Aug/2026:03:43:32 +0000] "GET /ar/wp-json/oembed/1.0/embed?format=xml&url=https%3A%2F%2Fstaging.syraqarat.com%2Far%2Fproperty%2F%25d8%25b4%25d9%2582%25d8%25a9-%25d9%2584%25d9%2584%25d8%25a8%25d9%258a%25d8%25b9-%25d8%25b4%25d8%25a7%25d8%25b1%25d8%25b9-%25d8%25aa%25d9%2584%25d9%2588%2F HTTP/1.1" 200 1235 "https://staging.syraqarat.com/ar/property/%d8%b4%d9%82%d8%a9-%d9%84%d9%84%d8%a8%d9%8a%d8%b9-%d8%b4%d8%a7%d8%b1%d8%b9-%d8%aa%d9%84%d9%88/" "Mozilla/5.0 AppleWebKit/537.36 (KHTML, like Gecko; compatible; GPTBot/1.4; +https://openai.com/gptbot)"
72.167.149.90 - - [29/Aug/2026:03:43:35 +0000] "POST /wp-cron.php?doing_wp_cron=1787975013.9710590839385986328125 HTTP/1.1" 499 0 "-" "WordPress/7.1; https://staging.syraqarat.com/ar"
74.7.227.5 - - [29/Aug/2026:03:43:35 +0000] "GET /ar/status/for-rent/feed/ HTTP/1.1" 200 1551 "https://staging.syraqarat.com/ar/status/for-rent/" "Mozilla/5.0 AppleWebKit/537.36 (KHTML, like Gecko; compatible; GPTBot/1.4; +https://openai.com/gptbot)"
72.167.149.90 - - [29/Aug/2026:03:43:37 +0000] "POST /wp-cron.php?doing_wp_cron=1787975016.1914529800415039062500 HTTP/1.1" 499 0 "-" "WordPress/7.1; https://staging.syraqarat.com"
74.7.227.5 - - [29/Aug/2026:03:43:37 +0000] "GET /?p=24443 HTTP/1.1" 301 5 "https://staging.syraqarat.com/property/%d8%b4%d9%82%d8%a9-%d9%84%d9%84%d8%a8%d9%8a%d8%b9-%d8%ad%d9%85%d8%b5-%d8%b6%d8%a7%d8%ad%d9%8a%d8%a9-%d8%a7%d9%84%d9%85%d9%87%d8%a7%d8%ac%d8%b1%d9%8a%d9%86/" "Mozilla/5.0 AppleWebKit/537.36 (KHTML, like Gecko; compatible; GPTBot/1.4; +https://openai.com/gptbot)"
72.167.149.90 - - [29/Aug/2026:03:43:39 +0000] "POST /wp-cron.php?doing_wp_cron=1787975018.4432210922241210937500 HTTP/1.1" 499 0 "-" "WordPress/7.1; https://staging.syraqarat.com"
74.7.227.5 - - [29/Aug/2026:03:43:39 +0000] "GET /wp-json/oembed/1.0/embed?format=xml&url=https%3A%2F%2Fstaging.syraqarat.com%2Fproperty%2F%25d8%25b4%25d9%2582%25d8%25a9-%25d9%2584%25d9%2584%25d8%25a8%25d9%258a%25d8%25b9-%25d9%2581%25d9%258a-%25d8%25ad%25d9%2585%25d8%25b5-%25d9%2583%25d8%25b1%25d9%2585-%25d8%25a7%25d9%2584%25d9%2584%25d9%2588%25d8%25b2%2F HTTP/1.1" 200 1264 "https://staging.syraqarat.com/property/%d8%b4%d9%82%d8%a9-%d9%84%d9%84%d8%a8%d9%8a%d8%b9-%d9%81%d9%8a-%d8%ad%d9%85%d8%b5-%d9%83%d8%b1%d9%85-%d8%a7%d9%84%d9%84%d9%88%d8%b2/" "Mozilla/5.0 AppleWebKit/537.36 (KHTML, like Gecko; compatible; GPTBot/1.4; +https://openai.com/gptbot)"
72.167.149.90 - - [29/Aug/2026:03:43:41 +0000] "POST /wp-cron.php?doing_wp_cron=1787975020.6805369853973388671875 HTTP/1.1" 499 0 "-" "WordPress/7.1; https://staging.syraqarat.com"
74.7.227.5 - - [29/Aug/2026:03:43:41 +0000] "GET /wp-json/wp/v2/properties/24453 HTTP/1.1" 200 2614 "https://staging.syraqarat.com/property/%d8%b4%d9%82%d8%a9-%d9%84%d9%84%d8%a8%d9%8a%d8%b9-%d9%81%d9%8a-%d8%ad%d9%85%d8%b5-%d9%83%d8%b1%d9%85-%d8%a7%d9%84%d9%84%d9%88%d8%b2/" "Mozilla/5.0 AppleWebKit/537.36 (KHTML, like Gecko; compatible; GPTBot/1.4; +https://openai.com/gptbot)"
74.7.227.5 - - [29/Aug/2026:03:43:43 +0000] "GET /wp-json/oembed/1.0/embed?url=https%3A%2F%2Fstaging.syraqarat.com%2Fproperty%2F%25d8%25b4%25d9%2582%25d8%25a9-%25d9%2584%25d9%2584%25d8%25a8%25d9%258a%25d8%25b9-%25d9%2581%25d9%258a-%25d8%25ad%25d9%2585%25d8%25b5-%25d9%2583%25d8%25b1%25d9%2585-%25d8%25a7%25d9%2584%25d9%2584%25d9%2588%25d8%25b2%2F HTTP/1.1" 200 1226 "https://staging.syraqarat.com/property/%d8%b4%d9%82%d8%a9-%d9%84%d9%84%d8%a8%d9%8a%d8%b9-%d9%81%d9%8a-%d8%ad%d9%85%d8%b5-%d9%83%d8%b1%d9%85-%d8%a7%d9%84%d9%84%d9%88%d8%b2/" "Mozilla/5.0 AppleWebKit/537.36 (KHTML, like Gecko; compatible; GPTBot/1.4; +https://openai.com/gptbot)"
72.167.149.90 - - [29/Aug/2026:03:43:46 +0000] "POST /wp-cron.php?doing_wp_cron=1787975025.7000689506530761718750 HTTP/1.1" 499 0 "-" "WordPress/7.1; https://staging.syraqarat.com"
74.7.227.5 - - [29/Aug/2026:03:43:46 +0000] "GET /author/lougenm/page/2/?tab HTTP/1.1" 200 30549 "https://staging.syraqarat.com/ar/author/lougenm/page/2/?tab" "Mozilla/5.0 AppleWebKit/537.36 (KHTML, like Gecko; compatible; GPTBot/1.4; +https://openai.com/gptbot)"
72.167.149.90 - - [29/Aug/2026:03:43:50 +0000] "POST /wp-cron.php?doing_wp_cron=1787975029.4470529556274414062500 HTTP/1.1" 499 0 "-" "WordPress/7.1; https://staging.syraqarat.com"
74.7.227.5 - - [29/Aug/2026:03:43:50 +0000] "GET /author/lougenm/page/3/?tab HTTP/1.1" 200 30952 "https://staging.syraqarat.com/ar/author/lougenm/page/3/?tab" "Mozilla/5.0 AppleWebKit/537.36 (KHTML, like Gecko; compatible; GPTBot/1.4; +https://openai.com/gptbot)"
72.167.149.90 - - [29/Aug/2026:03:43:53 +0000] "POST /wp-cron.php?doing_wp_cron=1787975032.6069529056549072265625 HTTP/1.1" 499 0 "-" "WordPress/7.1; https://staging.syraqarat.com"
74.7.227.5 - - [29/Aug/2026:03:43:53 +0000] "GET /author/lougenm/page/4/?tab HTTP/1.1" 200 29903 "https://staging.syraqarat.com/ar/author/lougenm/page/4/?tab" "Mozilla/5.0 AppleWebKit/537.36 (KHTML, like Gecko; compatible; GPTBot/1.4; +https://openai.com/gptbot)"
72.167.149.90 - - [29/Aug/2026:03:43:55 +0000] "POST /wp-cron.php?doing_wp_cron=1787975034.7367670536041259765625 HTTP/1.1" 499 0 "-" "WordPress/7.1; https://staging.syraqarat.com"
74.7.227.5 - - [29/Aug/2026:03:43:55 +0000] "GET /?p=24453 HTTP/1.1" 301 5 "https://staging.syraqarat.com/property/%d8%b4%d9%82%d8%a9-%d9%84%d9%84%d8%a8%d9%8a%d8%b9-%d9%81%d9%8a-%d8%ad%d9%85%d8%b5-%d9%83%d8%b1%d9%85-%d8%a7%d9%84%d9%84%d9%88%d8%b2/" "Mozilla/5.0 AppleWebKit/537.36 (KHTML, like Gecko; compatible; GPTBot/1.4; +https://openai.com/gptbot)"
72.167.149.90 - - [29/Aug/2026:03:43:59 +0000] "POST /wp-cron.php?doing_wp_cron=1787975038.2883698940277099609375 HTTP/1.1" 499 0 "-" "WordPress/7.1; https://staging.syraqarat.com/ar"
74.7.227.5 - - [29/Aug/2026:03:43:59 +0000] "GET /ar/property/%d8%b4%d9%82%d8%a9-%d9%84%d9%84%d8%a8%d9%8a%d8%b9-%d8%ad%d9%85%d8%b5-%d8%a8%d8%a7%d8%a8-%d8%a7%d9%84%d8%af%d8%b1%d9%8a%d8%a8/ HTTP/1.1" 200 36017 "https://staging.syraqarat.com/ar/author/lougenm/page/3/?tab" "Mozilla/5.0 AppleWebKit/537.36 (KHTML, like Gecko; compatible; GPTBot/1.4; +https://openai.com/gptbot)"
72.167.149.90 - - [29/Aug/2026:03:44:03 +0000] "POST /wp-cron.php?doing_wp_cron=1787975042.0545198917388916015625 HTTP/1.1" 499 0 "-" "WordPress/7.1; https://staging.syraqarat.com/ar"
74.7.227.5 - - [29/Aug/2026:03:44:03 +0000] "GET /ar/property/%d8%b4%d9%82%d8%a9-%d9%84%d9%84%d8%a8%d9%8a%d8%b9-%d8%ad%d9%85%d8%b5-%d8%a8%d9%8a%d8%aa-%d8%a7%d9%84%d8%b7%d9%88%d9%8a%d9%84/ HTTP/1.1" 200 34316 "https://staging.syraqarat.com/property/%d8%b4%d9%82%d8%a9-%d9%84%d9%84%d8%a8%d9%8a%d8%b9-%d8%ad%d9%85%d8%b5-%d8%a8%d9%8a%d8%aa-%d8%a7%d9%84%d8%b7%d9%88%d9%8a%d9%84/" "Mozilla/5.0 AppleWebKit/537.36 (KHTML, like Gecko; compatible; GPTBot/1.4; +https://openai.com/gptbot)"
74.7.227.5 - - [29/Aug/2026:03:44:06 +0000] "GET /wp-json/oembed/1.0/embed?url=https%3A%2F%2Fstaging.syraqarat.com%2Fproperty%2F%25d9%2582%25d8%25a8%25d9%2588-%25d9%2584%25d9%2584%25d8%25a8%25d9%258a%25d8%25b9-%25d8%25ad%25d9%2585%25d8%25b5-%25d8%25a8%25d8%25a7%25d8%25a8-%25d8%25a7%25d9%2584%25d8%25af%25d8%25b1%25d9%258a%25d8%25a8%2F HTTP/1.1" 200 1216 "https://staging.syraqarat.com/property/%d9%82%d8%a8%d9%88-%d9%84%d9%84%d8%a8%d9%8a%d8%b9-%d8%ad%d9%85%d8%b5-%d8%a8%d8%a7%d8%a8-%d8%a7%d9%84%d8%af%d8%b1%d9%8a%d8%a8/" "Mozilla/5.0 AppleWebKit/537.36 (KHTML, like Gecko; compatible; GPTBot/1.4; +https://openai.com/gptbot)"
72.167.149.90 - - [29/Aug/2026:03:44:10 +0000] "POST /wp-cron.php?doing_wp_cron=1787975049.9190230369567871093750 HTTP/1.1" 499 0 "-" "WordPress/7.1; https://staging.syraqarat.com"
74.7.227.5 - - [29/Aug/2026:03:44:11 +0000] "GET /wp-json/oembed/1.0/embed?url=https%3A%2F%2Fstaging.syraqarat.com%2Fproperty%2F%25d8%25b4%25d9%2582%25d8%25a9-%25d9%2584%25d9%2584%25d8%25a8%25d9%258a%25d8%25b9-%25d8%25b4%25d8%25a7%25d8%25b1%25d8%25b9-%25d8%25aa%25d9%2584%25d9%2588%2F HTTP/1.1" 200 1192 "https://staging.syraqarat.com/property/%d8%b4%d9%82%d8%a9-%d9%84%d9%84%d8%a8%d9%8a%d8%b9-%d8%b4%d8%a7%d8%b1%d8%b9-%d8%aa%d9%84%d9%88/" "Mozilla/5.0 AppleWebKit/537.36 (KHTML, like Gecko; compatible; GPTBot/1.4; +https://openai.com/gptbot)"
74.7.227.5 - - [29/Aug/2026:03:44:11 +0000] "GET /wp-includes/js/dist/i18n.min.js?ver=1dfe7db3940c23ea9216 HTTP/1.1" 200 2506 "https://staging.syraqarat.com/" "Mozilla/5.0 AppleWebKit/537.36 (KHTML, like Gecko; compatible; GPTBot/1.4; +https://openai.com/gptbot)"
74.7.227.5 - - [29/Aug/2026:03:44:11 +0000] "GET /wp-content/plugins/elementor/assets/css/widget-heading.min.css?ver=4.2.3 HTTP/1.1" 200 171 "https://staging.syraqarat.com/" "Mozilla/5.0 AppleWebKit/537.36 (KHTML, like Gecko; compatible; GPTBot/1.4; +https://openai.com/gptbot)"
72.167.149.90 - - [29/Aug/2026:03:44:16 +0000] "POST /wp-cron.php?doing_wp_cron=1787975055.2920720577239990234375 HTTP/1.1" 499 0 "-" "WordPress/7.1; https://staging.syraqarat.com/ar"
74.7.227.5 - - [29/Aug/2026:03:44:16 +0000] "GET /ar/property/%d8%b9%d9%8a%d8%a7%d8%af%d8%a9-%d9%84%d9%84%d8%a7%d9%8a%d8%ac%d8%a7%d8%b1-%d9%81%d9%8a-%d8%ad%d9%85%d8%b5-%d8%b9%d9%83%d8%b1%d9%85%d8%a9-%d9%82%d8%b1%d8%a8-%d8%a7%d9%84%d8%a8%d8%aa%d9%88%d9%84/ HTTP/1.1" 200 31475 "https://staging.syraqarat.com/ar/author/lougenm/?tab=for-rent" "Mozilla/5.0 AppleWebKit/537.36 (KHTML, like Gecko; compatible; GPTBot/1.4; +https://openai.com/gptbot)"
74.7.227.5 - - [29/Aug/2026:03:44:21 +0000] "GET /property/%d8%b4%d9%82%d8%a9-%d9%84%d9%84%d8%a8%d9%8a%d8%b9-%d8%a8%d9%8a%d8%aa-%d8%a7%d9%84%d8%b7%d9%88%d9%8a%d9%84/ HTTP/1.1" 200 32360 "https://staging.syraqarat.com/agent/ali-alloush/" "Mozilla/5.0 AppleWebKit/537.36 (KHTML, like Gecko; compatible; GPTBot/1.4; +https://openai.com/gptbot)"
72.167.149.90 - - [29/Aug/2026:03:44:26 +0000] "POST /wp-cron.php?doing_wp_cron=1787975065.9216051101684570312500 HTTP/1.1" 499 0 "-" "WordPress/7.1; https://staging.syraqarat.com"
74.7.227.5 - - [29/Aug/2026:03:44:26 +0000] "GET /property/%d8%b4%d9%82%d8%a9-%d9%84%d9%84%d8%a8%d9%8a%d8%b9-%d9%81%d9%8a-%d8%ad%d9%85%d8%b5-%d8%a7%d9%84%d8%a7%d8%b1%d9%85%d9%86-%d8%a7%d9%84%d8%b4%d9%85%d8%a7%d9%84%d9%8a/ HTTP/1.1" 200 32464 "https://staging.syraqarat.com/author/lougenm/page/3/" "Mozilla/5.0 AppleWebKit/537.36 (KHTML, like Gecko; compatible; GPTBot/1.4; +https://openai.com/gptbot)"
74.7.227.5 - - [29/Aug/2026:03:44:30 +0000] "GET /ar/author/lougenm/page/3/?tab=for-sale HTTP/1.1" 200 32460 "https://staging.syraqarat.com/ar/author/lougenm/?tab=for-sale" "Mozilla/5.0 AppleWebKit/537.36 (KHTML, like Gecko; compatible; GPTBot/1.4; +https://openai.com/gptbot)"
72.167.149.90 - - [29/Aug/2026:03:44:34 +0000] "POST /wp-cron.php?doing_wp_cron=1787975073.6537840366363525390625 HTTP/1.1" 499 0 "-" "WordPress/7.1; https://staging.syraqarat.com/ar"
74.7.227.5 - - [29/Aug/2026:03:44:34 +0000] "GET /ar/author/lougenm/page/4/?tab=for-sale HTTP/1.1" 200 30763 "https://staging.syraqarat.com/ar/author/lougenm/?tab=for-sale" "Mozilla/5.0 AppleWebKit/537.36 (KHTML, like Gecko; compatible; GPTBot/1.4; +https://openai.com/gptbot)"
74.7.227.5 - - [29/Aug/2026:03:44:35 +0000] "GET /ar/wp-json/oembed/1.0/embed?format=xml&url=https%3A%2F%2Fstaging.syraqarat.com%2Far%2Fproperty%2F%25d8%25b4%25d9%2582%25d8%25a9-%25d9%2584%25d9%2584%25d8%25a8%25d9%258a%25d8%25b9-%25d8%25ad%25d9%2585%25d8%25b5-%25d8%25a8%25d8%25a7%25d8%25a8-%25d8%25a7%25d9%2584%25d8%25af%25d8%25b1%25d9%258a%25d8%25a8%2F HTTP/1.1" 200 1358 "https://staging.syraqarat.com/ar/property/%d8%b4%d9%82%d8%a9-%d9%84%d9%84%d8%a8%d9%8a%d8%b9-%d8%ad%d9%85%d8%b5-%d8%a8%d8%a7%d8%a8-%d8%a7%d9%84%d8%af%d8%b1%d9%8a%d8%a8/" "Mozilla/5.0 AppleWebKit/537.36 (KHTML, like Gecko; compatible; GPTBot/1.4; +https://openai.com/gptbot)"
72.167.149.90 - - [29/Aug/2026:03:44:38 +0000] "POST /wp-cron.php?doing_wp_cron=1787975077.0681779384613037109375 HTTP/1.1" 499 0 "-" "WordPress/7.1; https://staging.syraqarat.com/ar"
74.7.227.5 - - [29/Aug/2026:03:44:38 +0000] "GET /ar/wp-json/oembed/1.0/embed?format=xml&url=https%3A%2F%2Fstaging.syraqarat.com%2Far%2Fproperty%2F%25d8%25b4%25d9%2582%25d8%25a9-%25d9%2584%25d9%2584%25d8%25a8%25d9%258a%25d8%25b9-%25d8%25ad%25d9%2585%25d8%25b5-%25d8%25a8%25d9%258a%25d8%25aa-%25d8%25a7%25d9%2584%25d8%25b7%25d9%2588%25d9%258a%25d9%2584%2F HTTP/1.1" 200 1260 "https://staging.syraqarat.com/ar/property/%d8%b4%d9%82%d8%a9-%d9%84%d9%84%d8%a8%d9%8a%d8%b9-%d8%ad%d9%85%d8%b5-%d8%a8%d9%8a%d8%aa-%d8%a7%d9%84%d8%b7%d9%88%d9%8a%d9%84/" "Mozilla/5.0 AppleWebKit/537.36 (KHTML, like Gecko; compatible; GPTBot/1.4; +https://openai.com/gptbot)"
72.167.149.90 - - [29/Aug/2026:03:44:40 +0000] "POST /wp-cron.php?doing_wp_cron=1787975079.4175889492034912109375 HTTP/1.1" 499 0 "-" "WordPress/7.1; https://staging.syraqarat.com/ar"
74.7.227.5 - - [29/Aug/2026:03:44:40 +0000] "GET /ar/wp-json/wp/v2/properties/24567 HTTP/1.1" 200 2589 "https://staging.syraqarat.com/ar/property/%d8%b4%d9%82%d8%a9-%d9%84%d9%84%d8%a8%d9%8a%d8%b9-%d8%ad%d9%85%d8%b5-%d8%a8%d9%8a%d8%aa-%d8%a7%d9%84%d8%b7%d9%88%d9%8a%d9%84/" "Mozilla/5.0 AppleWebKit/537.36 (KHTML, like Gecko; compatible; GPTBot/1.4; +https://openai.com/gptbot)"
72.167.149.90 - - [29/Aug/2026:03:44:42 +0000] "POST /wp-cron.php?doing_wp_cron=1787975081.9023220539093017578125 HTTP/1.1" 499 0 "-" "WordPress/7.1; https://staging.syraqarat.com/ar"
74.7.227.5 - - [29/Aug/2026:03:44:42 +0000] "GET /ar/wp-json/oembed/1.0/embed?url=https%3A%2F%2Fstaging.syraqarat.com%2Far%2Fproperty%2F%25d8%25b4%25d9%2582%25d8%25a9-%25d9%2584%25d9%2584%25d8%25a8%25d9%258a%25d8%25b9-%25d8%25ad%25d9%2585%25d8%25b5-%25d8%25a8%25d9%258a%25d8%25aa-%25d8%25a7%25d9%2584%25d8%25b7%25d9%2588%25d9%258a%25d9%2584%2F HTTP/1.1" 200 1221 "https://staging.syraqarat.com/ar/property/%d8%b4%d9%82%d8%a9-%d9%84%d9%84%d8%a8%d9%8a%d8%b9-%d8%ad%d9%85%d8%b5-%d8%a8%d9%8a%d8%aa-%d8%a7%d9%84%d8%b7%d9%88%d9%8a%d9%84/" "Mozilla/5.0 AppleWebKit/537.36 (KHTML, like Gecko; compatible; GPTBot/1.4; +https://openai.com/gptbot)"
72.167.149.90 - - [29/Aug/2026:03:44:45 +0000] "POST /wp-cron.php?doing_wp_cron=1787975084.2562499046325683593750 HTTP/1.1" 499 0 "-" "WordPress/7.1; https://staging.syraqarat.com/ar"
74.7.227.5 - - [29/Aug/2026:03:44:45 +0000] "GET /ar/wp-json/wp/v2/properties/24555 HTTP/1.1" 200 2648 "https://staging.syraqarat.com/ar/property/%d8%b4%d9%82%d8%a9-%d9%84%d9%84%d8%a8%d9%8a%d8%b9-%d8%ad%d9%85%d8%b5-%d8%a8%d8%a7%d8%a8-%d8%a7%d9%84%d8%af%d8%b1%d9%8a%d8%a8/" "Mozilla/5.0 AppleWebKit/537.36 (KHTML, like Gecko; compatible; GPTBot/1.4; +https://openai.com/gptbot)"
72.167.149.90 - - [29/Aug/2026:03:44:48 +0000] "POST /wp-cron.php?doing_wp_cron=1787975087.6386330127716064453125 HTTP/1.1" 499 0 "-" "WordPress/7.1; https://staging.syraqarat.com/ar"
74.7.227.5 - - [29/Aug/2026:03:44:48 +0000] "GET /ar/author/lougenm/page/2/?tab=for-sale HTTP/1.1" 200 32539 "https://staging.syraqarat.com/ar/author/lougenm/?tab=for-sale" "Mozilla/5.0 AppleWebKit/537.36 (KHTML, like Gecko; compatible; GPTBot/1.4; +https://openai.com/gptbot)"
74.7.227.5 - - [29/Aug/2026:03:44:49 +0000] "GET /ar/wp-json/oembed/1.0/embed?url=https%3A%2F%2Fstaging.syraqarat.com%2Far%2Fproperty%2F%25d8%25b9%25d9%258a%25d8%25a7%25d8%25af%25d8%25a9-%25d9%2584%25d9%2584%25d8%25a7%25d9%258a%25d8%25ac%25d8%25a7%25d8%25b1-%25d9%2581%25d9%258a-%25d8%25ad%25d9%2585%25d8%25b5-%25d8%25b9%25d9%2583%25d8%25b1%25d9%2585%25d8%25a9-%25d9%2582%25d8%25b1%25d8%25a8-%25d8%25a7%25d9%2584%25d8%25a8%25d8%25aa%25d9%2588%25d9%2584%2F HTTP/1.1" 200 1265 "https://staging.syraqarat.com/ar/property/%d8%b9%d9%8a%d8%a7%d8%af%d8%a9-%d9%84%d9%84%d8%a7%d9%8a%d8%ac%d8%a7%d8%b1-%d9%81%d9%8a-%d8%ad%d9%85%d8%b5-%d8%b9%d9%83%d8%b1%d9%85%d8%a9-%d9%82%d8%b1%d8%a8-%d8%a7%d9%84%d8%a8%d8%aa%d9%88%d9%84/" "Mozilla/5.0 AppleWebKit/537.36 (KHTML, like Gecko; compatible; GPTBot/1.4; +https://openai.com/gptbot)"
72.167.149.90 - - [29/Aug/2026:03:44:52 +0000] "POST /wp-cron.php?doing_wp_cron=1787975091.0795791149139404296875 HTTP/1.1" 499 0 "-" "WordPress/7.1; https://staging.syraqarat.com/ar"
74.7.227.5 - - [29/Aug/2026:03:44:52 +0000] "GET /ar/wp-json/oembed/1.0/embed?format=xml&url=https%3A%2F%2Fstaging.syraqarat.com%2Far%2Fproperty%2F%25d8%25b9%25d9%258a%25d8%25a7%25d8%25af%25d8%25a9-%25d9%2584%25d9%2584%25d8%25a7%25d9%258a%25d8%25ac%25d8%25a7%25d8%25b1-%25d9%2581%25d9%258a-%25d8%25ad%25d9%2585%25d8%25b5-%25d8%25b9%25d9%2583%25d8%25b1%25d9%2585%25d8%25a9-%25d9%2582%25d8%25b1%25d8%25a8-%25d8%25a7%25d9%2584%25d8%25a8%25d8%25aa%25d9%2588%25d9%2584%2F HTTP/1.1" 200 1306 "https://staging.syraqarat.com/ar/property/%d8%b9%d9%8a%d8%a7%d8%af%d8%a9-%d9%84%d9%84%d8%a7%d9%8a%d8%ac%d8%a7%d8%b1-%d9%81%d9%8a-%d8%ad%d9%85%d8%b5-%d8%b9%d9%83%d8%b1%d9%85%d8%a9-%d9%82%d8%b1%d8%a8-%d8%a7%d9%84%d8%a8%d8%aa%d9%88%d9%84/" "Mozilla/5.0 AppleWebKit/537.36 (KHTML, like Gecko; compatible; GPTBot/1.4; +https://openai.com/gptbot)"
72.167.149.90 - - [29/Aug/2026:03:44:54 +0000] "POST /wp-cron.php?doing_wp_cron=1787975093.5858590602874755859375 HTTP/1.1" 499 0 "-" "WordPress/7.1; https://staging.syraqarat.com"
74.7.227.5 - - [29/Aug/2026:03:44:54 +0000] "GET /wp-json/oembed/1.0/embed?format=xml&url=https%3A%2F%2Fstaging.syraqarat.com%2Fproperty%2F%25d8%25b4%25d9%2582%25d8%25a9-%25d9%2584%25d9%2584%25d8%25a8%25d9%258a%25d8%25b9-%25d9%2581%25d9%258a-%25d8%25ad%25d9%2585%25d8%25b5-%25d8%25a7%25d9%2584%25d8%25a7%25d8%25b1%25d9%2585%25d9%2586-%25d8%25a7%25d9%2584%25d8%25b4%25d9%2585%25d8%25a7%25d9%2584%25d9%258a%2F HTTP/1.1" 200 1280 "https://staging.syraqarat.com/property/%d8%b4%d9%82%d8%a9-%d9%84%d9%84%d8%a8%d9%8a%d8%b9-%d9%81%d9%8a-%d8%ad%d9%85%d8%b5-%d8%a7%d9%84%d8%a7%d8%b1%d9%85%d9%86-%d8%a7%d9%84%d8%b4%d9%85%d8%a7%d9%84%d9%8a/" "Mozilla/5.0 AppleWebKit/537.36 (KHTML, like Gecko; compatible; GPTBot/1.4; +https://openai.com/gptbot)"
72.167.149.90 - - [29/Aug/2026:03:44:56 +0000] "POST /wp-cron.php?doing_wp_cron=1787975095.9212870597839355468750 HTTP/1.1" 499 0 "-" "WordPress/7.1; https://staging.syraqarat.com/ar"
74.7.227.5 - - [29/Aug/2026:03:44:57 +0000] "GET /ar/?p=24648 HTTP/1.1" 301 5 "https://staging.syraqarat.com/ar/property/%d8%b9%d9%8a%d8%a7%d8%af%d8%a9-%d9%84%d9%84%d8%a7%d9%8a%d8%ac%d8%a7%d8%b1-%d9%81%d9%8a-%d8%ad%d9%85%d8%b5-%d8%b9%d9%83%d8%b1%d9%85%d8%a9-%d9%82%d8%b1%d8%a8-%d8%a7%d9%84%d8%a8%d8%aa%d9%88%d9%84/" "Mozilla/5.0 AppleWebKit/537.36 (KHTML, like Gecko; compatible; GPTBot/1.4; +https://openai.com/gptbot)"
72.167.149.90 - - [29/Aug/2026:03:45:00 +0000] "POST /wp-cron.php?doing_wp_cron=1787975099.0254399776458740234375 HTTP/1.1" 499 0 "-" "WordPress/7.1; https://staging.syraqarat.com"
74.7.227.5 - - [29/Aug/2026:03:45:00 +0000] "GET /wp-json/wp/v2/properties/24606 HTTP/1.1" 200 2834 "https://staging.syraqarat.com/property/%d8%b4%d9%82%d8%a9-%d9%84%d9%84%d8%a8%d9%8a%d8%b9-%d8%a8%d9%8a%d8%aa-%d8%a7%d9%84%d8%b7%d9%88%d9%8a%d9%84/" "Mozilla/5.0 AppleWebKit/537.36 (KHTML, like Gecko; compatible; GPTBot/1.4; +https://openai.com/gptbot)"
74.7.227.5 - - [29/Aug/2026:03:45:02 +0000] "GET /wp-json/wp/v2/properties/24471 HTTP/1.1" 200 2487 "https://staging.syraqarat.com/property/%d8%b4%d9%82%d8%a9-%d9%84%d9%84%d8%a8%d9%8a%d8%b9-%d9%81%d9%8a-%d8%ad%d9%85%d8%b5-%d8%a7%d9%84%d8%a7%d8%b1%d9%85%d9%86-%d8%a7%d9%84%d8%b4%d9%85%d8%a7%d9%84%d9%8a/" "Mozilla/5.0 AppleWebKit/537.36 (KHTML, like Gecko; compatible; GPTBot/1.4; +https://openai.com/gptbot)"
72.167.149.90 - - [29/Aug/2026:03:45:05 +0000] "POST /wp-cron.php?doing_wp_cron=1787975104.5113720893859863281250 HTTP/1.1" 499 0 "-" "WordPress/7.1; https://staging.syraqarat.com"
74.7.227.5 - - [29/Aug/2026:03:45:05 +0000] "GET /?p=24606 HTTP/1.1" 301 5 "https://staging.syraqarat.com/property/%d8%b4%d9%82%d8%a9-%d9%84%d9%84%d8%a8%d9%8a%d8%b9-%d8%a8%d9%8a%d8%aa-%d8%a7%d9%84%d8%b7%d9%88%d9%8a%d9%84/" "Mozilla/5.0 AppleWebKit/537.36 (KHTML, like Gecko; compatible; GPTBot/1.4; +https://openai.com/gptbot)"
74.7.227.5 - - [29/Aug/2026:03:45:07 +0000] "GET /?p=24471 HTTP/1.1" 301 5 "https://staging.syraqarat.com/property/%d8%b4%d9%82%d8%a9-%d9%84%d9%84%d8%a8%d9%8a%d8%b9-%d9%81%d9%8a-%d8%ad%d9%85%d8%b5-%d8%a7%d9%84%d8%a7%d8%b1%d9%85%d9%86-%d8%a7%d9%84%d8%b4%d9%85%d8%a7%d9%84%d9%8a/" "Mozilla/5.0 AppleWebKit/537.36 (KHTML, like Gecko; compatible; GPTBot/1.4; +https://openai.com/gptbot)"
72.167.149.90 - - [29/Aug/2026:03:45:11 +0000] "POST /wp-cron.php?doing_wp_cron=1787975110.5964748859405517578125 HTTP/1.1" 499 0 "-" "WordPress/7.1; https://staging.syraqarat.com/ar"
74.7.227.5 - - [29/Aug/2026:03:45:11 +0000] "GET /ar/wp-json/wp/v2/properties/24648 HTTP/1.1" 200 2696 "https://staging.syraqarat.com/ar/property/%d8%b9%d9%8a%d8%a7%d8%af%d8%a9-%d9%84%d9%84%d8%a7%d9%8a%d8%ac%d8%a7%d8%b1-%d9%81%d9%8a-%d8%ad%d9%85%d8%b5-%d8%b9%d9%83%d8%b1%d9%85%d8%a9-%d9%82%d8%b1%d8%a8-%d8%a7%d9%84%d8%a8%d8%aa%d9%88%d9%84/" "Mozilla/5.0 AppleWebKit/537.36 (KHTML, like Gecko; compatible; GPTBot/1.4; +https://openai.com/gptbot)"
74.7.227.5 - - [29/Aug/2026:03:45:11 +0000] "GET /wp-content/plugins/elementor/assets/lib/animations/styles/fadeIn.min.css?ver=4.2.3 HTTP/1.1" 200 77 "https://staging.syraqarat.com/" "Mozilla/5.0 AppleWebKit/537.36 (KHTML, like Gecko; compatible; GPTBot/1.4; +https://openai.com/gptbot)"
74.7.227.5 - - [29/Aug/2026:03:45:18 +0000] "GET /ar/property/%d8%b4%d9%82%d8%a9-%d9%84%d9%84%d8%a8%d9%8a%d8%b9-%d9%81%d9%8a-%d8%ad%d9%85%d8%b5-%d8%a8%d9%8a%d8%aa-%d8%a7%d9%84%d8%b7%d9%88%d9%8a%d9%84/ HTTP/1.1" 200 34298 "https://staging.syraqarat.com/property/%d8%b4%d9%82%d8%a9-%d9%84%d9%84%d8%a8%d9%8a%d8%b9-%d9%81%d9%8a-%d8%ad%d9%85%d8%b5-%d8%a8%d9%8a%d8%aa-%d8%a7%d9%84%d8%b7%d9%88%d9%8a%d9%84/" "Mozilla/5.0 AppleWebKit/537.36 (KHTML, like Gecko; compatible; GPTBot/1.4; +https://openai.com/gptbot)"
72.167.149.90 - - [29/Aug/2026:03:45:22 +0000] "POST /wp-cron.php?doing_wp_cron=1787975121.9289391040802001953125 HTTP/1.1" 499 0 "-" "WordPress/7.1; https://staging.syraqarat.com/ar"
74.7.227.5 - - [29/Aug/2026:03:45:23 +0000] "GET /ar/property/%d8%b4%d9%82%d8%a9-%d9%84%d9%84%d8%a8%d9%8a%d8%b9-%d8%ad%d9%85%d8%b5-%d8%a8%d9%8a%d8%aa-%d8%a7%d9%84%d8%b7%d9%88%d9%8a%d9%84-%d9%85%d8%b9-%d8%a7%d9%84%d9%81%d8%b1%d8%b4/ HTTP/1.1" 200 35030 "https://staging.syraqarat.com/property/%d8%b4%d9%82%d8%a9-%d9%84%d9%84%d8%a8%d9%8a%d8%b9-%d8%ad%d9%85%d8%b5-%d8%a8%d9%8a%d8%aa-%d8%a7%d9%84%d8%b7%d9%88%d9%8a%d9%84-%d9%85%d8%b9-%d8%a7%d9%84%d9%81%d8%b1%d8%b4/" "Mozilla/5.0 AppleWebKit/537.36 (KHTML, like Gecko; compatible; GPTBot/1.4; +https://openai.com/gptbot)"
74.7.227.5 - - [29/Aug/2026:03:45:23 +0000] "GET /wp-content/themes/houzez/js/vendors/jquery.validate.min.js?ver=1.19.5 HTTP/1.1" 200 8001 "https://staging.syraqarat.com/" "Mozilla/5.0 AppleWebKit/537.36 (KHTML, like Gecko; compatible; GPTBot/1.4; +https://openai.com/gptbot)"
74.7.227.5 - - [29/Aug/2026:03:45:23 +0000] "GET /wp-content/plugins/elementor/assets/lib/swiper/v8/css/swiper.min.css?ver=8.4.5 HTTP/1.1" 200 4626 "https://staging.syraqarat.com/" "Mozilla/5.0 AppleWebKit/537.36 (KHTML, like Gecko; compatible; GPTBot/1.4; +https://openai.com/gptbot)"
74.7.227.5 - - [29/Aug/2026:03:45:24 +0000] "GET /wp-includes/js/dist/hooks.min.js?ver=f0f188028580e8dc1255 HTTP/1.1" 200 1872 "https://staging.syraqarat.com/" "Mozilla/5.0 AppleWebKit/537.36 (KHTML, like Gecko; compatible; GPTBot/1.4; +https://openai.com/gptbot)"
74.7.227.5 - - [29/Aug/2026:03:45:24 +0000] "GET /wp-content/plugins/elementor/assets/js/frontend-modules.min.js?ver=4.2.3 HTTP/1.1" 200 16189 "https://staging.syraqarat.com/" "Mozilla/5.0 AppleWebKit/537.36 (KHTML, like Gecko; compatible; GPTBot/1.4; +https://openai.com/gptbot)"
72.167.149.90 - - [29/Aug/2026:03:45:27 +0000] "POST /wp-cron.php?doing_wp_cron=1787975126.6993260383605957031250 HTTP/1.1" 499 0 "-" "WordPress/7.1; https://staging.syraqarat.com/ar"
74.7.227.5 - - [29/Aug/2026:03:45:27 +0000] "GET /ar/wp-json/oembed/1.0/embed?url=https%3A%2F%2Fstaging.syraqarat.com%2Far%2Fproperty%2F%25d8%25b4%25d9%2582%25d8%25a9-%25d9%2584%25d9%2584%25d8%25a8%25d9%258a%25d8%25b9-%25d8%25ad%25d9%2585%25d8%25b5-%25d8%25a7%25d9%2584%25d8%25a7%25d9%2587%25d8%25b1%25d8%25a7%25d9%2585%2F HTTP/1.1" 200 1212 "https://staging.syraqarat.com/ar/property/%d8%b4%d9%82%d8%a9-%d9%84%d9%84%d8%a8%d9%8a%d8%b9-%d8%ad%d9%85%d8%b5-%d8%a7%d9%84%d8%a7%d9%87%d8%b1%d8%a7%d9%85/" "Mozilla/5.0 AppleWebKit/537.36 (KHTML, like Gecko; compatible; GPTBot/1.4; +https://openai.com/gptbot)"
72.167.149.90 - - [29/Aug/2026:03:45:30 +0000] "POST /wp-cron.php?doing_wp_cron=1787975129.5420150756835937500000 HTTP/1.1" 499 0 "-" "WordPress/7.1; https://staging.syraqarat.com/ar"
74.7.227.5 - - [29/Aug/2026:03:45:30 +0000] "GET /ar/wp-json/oembed/1.0/embed?url=https%3A%2F%2Fstaging.syraqarat.com%2Far%2Fproperty%2F%25d8%25b4%25d9%2582%25d8%25a9-%25d9%2584%25d9%2584%25d8%25a8%25d9%258a%25d8%25b9-%25d8%25ad%25d9%2585%25d8%25b5-%25d8%25a8%25d8%25a7%25d8%25a8-%25d8%25a7%25d9%2584%25d8%25af%25d8%25b1%25d9%258a%25d8%25a8%2F HTTP/1.1" 200 1312 "https://staging.syraqarat.com/ar/property/%d8%b4%d9%82%d8%a9-%d9%84%d9%84%d8%a8%d9%8a%d8%b9-%d8%ad%d9%85%d8%b5-%d8%a8%d8%a7%d8%a8-%d8%a7%d9%84%d8%af%d8%b1%d9%8a%d8%a8/" "Mozilla/5.0 AppleWebKit/537.36 (KHTML, like Gecko; compatible; GPTBot/1.4; +https://openai.com/gptbot)"
74.7.227.5 - - [29/Aug/2026:03:45:30 +0000] "GET /wp-includes/js/jquery/jquery.min.js?ver=3.7.1 HTTP/1.1" 200 30654 "https://staging.syraqarat.com/" "Mozilla/5.0 AppleWebKit/537.36 (KHTML, like Gecko; compatible; GPTBot/1.4; +https://openai.com/gptbot)"
72.167.149.90 - - [29/Aug/2026:03:45:33 +0000] "POST /wp-cron.php?doing_wp_cron=1787975132.6825420856475830078125 HTTP/1.1" 499 0 "-" "WordPress/7.1; https://staging.syraqarat.com"
