74.7.227.5 - - [29/Aug/2026:03:45:33 +0000] "GET /wp-json/oembed/1.0/embed?url=https%3A%2F%2Fstaging.syraqarat.com%2Fproperty%2F%25d8%25b4%25d9%2582%25d8%25a9-%25d9%2584%25d9%2584%25d8%25a8%25d9%258a%25d8%25b9-%25d8%25ad%25d9%2585%25d8%25b5-%25d8%25a8%25d9%258a%25d8%25aa-%25d8%25a7%25d9%2584%25d8%25b7%25d9%2588%25d9%258a%25d9%2584-%25d9%2585%25d8%25b9-%25d8%25a7%25d9%2584%25d9%2581%25d8%25b1%25d8%25b4%2F HTTP/1.1" 200 1244 "https://staging.syraqarat.com/property/%d8%b4%d9%82%d8%a9-%d9%84%d9%84%d8%a8%d9%8a%d8%b9-%d8%ad%d9%85%d8%b5-%d8%a8%d9%8a%d8%aa-%d8%a7%d9%84%d8%b7%d9%88%d9%8a%d9%84-%d9%85%d8%b9-%d8%a7%d9%84%d9%81%d8%b1%d8%b4/" "Mozilla/5.0 AppleWebKit/537.36 (KHTML, like Gecko; compatible; GPTBot/1.4; +https://openai.com/gptbot)"
72.167.149.90 - - [29/Aug/2026:03:45:35 +0000] "POST /wp-cron.php?doing_wp_cron=1787975134.9034199714660644531250 HTTP/1.1" 200 31 "-" "WordPress/7.1; https://staging.syraqarat.com"
74.7.227.5 - - [29/Aug/2026:03:45:35 +0000] "GET /wp-json/oembed/1.0/embed?url=https%3A%2F%2Fstaging.syraqarat.com%2Fproperty%2F%25d8%25b4%25d9%2582%25d8%25a9-%25d9%2584%25d9%2584%25d8%25a8%25d9%258a%25d8%25b9-%25d9%2581%25d9%258a-%25d8%25ad%25d9%2585%25d8%25b5-%25d8%25a7%25d9%2584%25d8%25a7%25d8%25b1%25d9%2585%25d9%2586-%25d8%25a7%25d9%2584%25d8%25b4%25d9%2585%25d8%25a7%25d9%2584%25d9%258a%2F HTTP/1.1" 200 1238 "https://staging.syraqarat.com/property/%d8%b4%d9%82%d8%a9-%d9%84%d9%84%d8%a8%d9%8a%d8%b9-%d9%81%d9%8a-%d8%ad%d9%85%d8%b5-%d8%a7%d9%84%d8%a7%d8%b1%d9%85%d9%86-%d8%a7%d9%84%d8%b4%d9%85%d8%a7%d9%84%d9%8a/" "Mozilla/5.0 AppleWebKit/537.36 (KHTML, like Gecko; compatible; GPTBot/1.4; +https://openai.com/gptbot)"
72.167.149.90 - - [29/Aug/2026:03:45:38 +0000] "POST /wp-cron.php?doing_wp_cron=1787975137.0400600433349609375000 HTTP/1.1" 200 31 "-" "WordPress/7.1; https://staging.syraqarat.com/ar"
74.7.227.5 - - [29/Aug/2026:03:45:38 +0000] "GET /ar/wp-json/oembed/1.0/embed?format=xml&url=https%3A%2F%2Fstaging.syraqarat.com%2Far%2Fproperty%2F%25d8%25b4%25d9%2582%25d8%25a9-%25d9%2584%25d9%2584%25d8%25a8%25d9%258a%25d8%25b9-%25d9%2581%25d9%258a-%25d8%25ad%25d9%2585%25d8%25b5-%25d8%25a8%25d9%258a%25d8%25aa-%25d8%25a7%25d9%2584%25d8%25b7%25d9%2588%25d9%258a%25d9%2584%2F HTTP/1.1" 200 1267 "https://staging.syraqarat.com/ar/property/%d8%b4%d9%82%d8%a9-%d9%84%d9%84%d8%a8%d9%8a%d8%b9-%d9%81%d9%8a-%d8%ad%d9%85%d8%b5-%d8%a8%d9%8a%d8%aa-%d8%a7%d9%84%d8%b7%d9%88%d9%8a%d9%84/" "Mozilla/5.0 AppleWebKit/537.36 (KHTML, like Gecko; compatible; GPTBot/1.4; +https://openai.com/gptbot)"
72.167.149.90 - - [29/Aug/2026:03:45:40 +0000] "POST /wp-cron.php?doing_wp_cron=1787975139.9333639144897460937500 HTTP/1.1" 499 0 "-" "WordPress/7.1; https://staging.syraqarat.com/ar"
74.7.227.5 - - [29/Aug/2026:03:45:40 +0000] "GET /ar/wp-json/oembed/1.0/embed?url=https%3A%2F%2Fstaging.syraqarat.com%2Far%2Fproperty%2F%25d8%25b4%25d9%2582%25d8%25a9-%25d9%2584%25d9%2584%25d8%25a8%25d9%258a%25d8%25b9-%25d8%25ad%25d9%2585%25d8%25b5-%25d8%25a8%25d9%258a%25d8%25aa-%25d8%25a7%25d9%2584%25d8%25b7%25d9%2588%25d9%258a%25d9%2584-%25d9%2585%25d8%25b9-%25d8%25a7%25d9%2584%25d9%2581%25d8%25b1%25d8%25b4%2F HTTP/1.1" 200 1247 "https://staging.syraqarat.com/ar/property/%d8%b4%d9%82%d8%a9-%d9%84%d9%84%d8%a8%d9%8a%d8%b9-%d8%ad%d9%85%d8%b5-%d8%a8%d9%8a%d8%aa-%d8%a7%d9%84%d8%b7%d9%88%d9%8a%d9%84-%d9%85%d8%b9-%d8%a7%d9%84%d9%81%d8%b1%d8%b4/" "Mozilla/5.0 AppleWebKit/537.36 (KHTML, like Gecko; compatible; GPTBot/1.4; +https://openai.com/gptbot)"
74.7.227.5 - - [29/Aug/2026:03:45:42 +0000] "GET /ar/wp-json/oembed/1.0/embed?format=xml&url=https%3A%2F%2Fstaging.syraqarat.com%2Far%2Fproperty%2F%25d8%25b4%25d9%2582%25d8%25a9-%25d9%2584%25d9%2584%25d8%25a8%25d9%258a%25d8%25b9-%25d8%25ad%25d9%2585%25d8%25b5-%25d8%25a8%25d9%258a%25d8%25aa-%25d8%25a7%25d9%2584%25d8%25b7%25d9%2588%25d9%258a%25d9%2584-%25d9%2585%25d8%25b9-%25d8%25a7%25d9%2584%25d9%2581%25d8%25b1%25d8%25b4%2F HTTP/1.1" 200 1289 "https://staging.syraqarat.com/ar/property/%d8%b4%d9%82%d8%a9-%d9%84%d9%84%d8%a8%d9%8a%d8%b9-%d8%ad%d9%85%d8%b5-%d8%a8%d9%8a%d8%aa-%d8%a7%d9%84%d8%b7%d9%88%d9%8a%d9%84-%d9%85%d8%b9-%d8%a7%d9%84%d9%81%d8%b1%d8%b4/" "Mozilla/5.0 AppleWebKit/537.36 (KHTML, like Gecko; compatible; GPTBot/1.4; +https://openai.com/gptbot)"
72.167.149.90 - - [29/Aug/2026:03:45:45 +0000] "POST /wp-cron.php?doing_wp_cron=1787975144.7741539478302001953125 HTTP/1.1" 499 0 "-" "WordPress/7.1; https://staging.syraqarat.com/ar"
74.7.227.5 - - [29/Aug/2026:03:45:45 +0000] "GET /ar/?p=24462 HTTP/1.1" 301 5 "https://staging.syraqarat.com/ar/property/%d8%b4%d9%82%d8%a9-%d9%84%d9%84%d8%a8%d9%8a%d8%b9-%d9%81%d9%8a-%d8%ad%d9%85%d8%b5-%d8%a8%d9%8a%d8%aa-%d8%a7%d9%84%d8%b7%d9%88%d9%8a%d9%84/" "Mozilla/5.0 AppleWebKit/537.36 (KHTML, like Gecko; compatible; GPTBot/1.4; +https://openai.com/gptbot)"
74.7.227.5 - - [29/Aug/2026:03:45:47 +0000] "GET /ar/wp-json/wp/v2/properties/24531 HTTP/1.1" 200 2854 "https://staging.syraqarat.com/ar/property/%d8%b4%d9%82%d8%a9-%d9%84%d9%84%d8%a8%d9%8a%d8%b9-%d8%ad%d9%85%d8%b5-%d8%a8%d9%8a%d8%aa-%d8%a7%d9%84%d8%b7%d9%88%d9%8a%d9%84-%d9%85%d8%b9-%d8%a7%d9%84%d9%81%d8%b1%d8%b4/" "Mozilla/5.0 AppleWebKit/537.36 (KHTML, like Gecko; compatible; GPTBot/1.4; +https://openai.com/gptbot)"
72.167.149.90 - - [29/Aug/2026:03:45:50 +0000] "POST /wp-cron.php?doing_wp_cron=1787975149.1374828815460205078125 HTTP/1.1" 499 0 "-" "WordPress/7.1; https://staging.syraqarat.com/ar"
74.7.227.5 - - [29/Aug/2026:03:45:50 +0000] "GET /ar/wp-json/wp/v2/properties/24462 HTTP/1.1" 200 2531 "https://staging.syraqarat.com/ar/property/%d8%b4%d9%82%d8%a9-%d9%84%d9%84%d8%a8%d9%8a%d8%b9-%d9%81%d9%8a-%d8%ad%d9%85%d8%b5-%d8%a8%d9%8a%d8%aa-%d8%a7%d9%84%d8%b7%d9%88%d9%8a%d9%84/" "Mozilla/5.0 AppleWebKit/537.36 (KHTML, like Gecko; compatible; GPTBot/1.4; +https://openai.com/gptbot)"
72.167.149.90 - - [29/Aug/2026:03:45:53 +0000] "POST /wp-cron.php?doing_wp_cron=1787975152.1487250328063964843750 HTTP/1.1" 499 0 "-" "WordPress/7.1; https://staging.syraqarat.com"
74.7.227.5 - - [29/Aug/2026:03:45:53 +0000] "GET /author/lougenm/?tab HTTP/1.1" 200 29864 "https://staging.syraqarat.com/author/lougenm/" "Mozilla/5.0 AppleWebKit/537.36 (KHTML, like Gecko; compatible; GPTBot/1.4; +https://openai.com/gptbot)"
72.167.149.90 - - [29/Aug/2026:03:45:56 +0000] "POST /wp-cron.php?doing_wp_cron=1787975155.8610799312591552734375 HTTP/1.1" 200 31 "-" "WordPress/7.1; https://staging.syraqarat.com/ar"
74.7.227.5 - - [29/Aug/2026:03:45:56 +0000] "GET /ar/property/%d8%b4%d9%82%d8%a9-%d9%84%d9%84%d8%a8%d9%8a%d8%b9-%d8%ad%d9%85%d8%b5-%d8%a8%d9%8a%d8%aa-%d8%a7%d9%84%d8%b7%d9%88%d9%8a%d9%84-2/ HTTP/1.1" 200 34350 "https://staging.syraqarat.com/ar/author/lougenm/?tab=for-sale" "Mozilla/5.0 AppleWebKit/537.36 (KHTML, like Gecko; compatible; GPTBot/1.4; +https://openai.com/gptbot)"
72.167.149.90 - - [29/Aug/2026:03:46:00 +0000] "POST /wp-cron.php?doing_wp_cron=1787975159.1179881095886230468750 HTTP/1.1" 499 0 "-" "WordPress/7.1; https://staging.syraqarat.com/ar"
74.7.227.5 - - [29/Aug/2026:03:46:00 +0000] "GET /ar/agent/%d8%ad%d9%8a%d8%a7%d9%86/ HTTP/1.1" 200 29478 "https://staging.syraqarat.com/ar/property/%d9%83%d8%aa%d9%84%d8%a9-%d9%84%d9%84%d8%a8%d9%8a%d8%b9-%d9%81%d9%8a-%d8%ad%d9%85%d8%b5-%d8%af%d9%88%d8%a7%d8%b1-%d8%a7%d9%84%d8%a7%d8%b5%d9%8a%d9%84/" "Mozilla/5.0 AppleWebKit/537.36 (KHTML, like Gecko; compatible; GPTBot/1.4; +https://openai.com/gptbot)"
74.7.227.5 - - [29/Aug/2026:03:46:00 +0000] "GET /wp-content/plugins/elementor/assets/css/widget-spacer.min.css?ver=4.2.3 HTTP/1.1" 200 349 "https://staging.syraqarat.com/frequently-asked-questions/" "Mozilla/5.0 AppleWebKit/537.36 (KHTML, like Gecko; compatible; GPTBot/1.4; +https://openai.com/gptbot)"
72.167.149.90 - - [29/Aug/2026:03:46:03 +0000] "POST /wp-cron.php?doing_wp_cron=1787975162.3263750076293945312500 HTTP/1.1" 499 0 "-" "WordPress/7.1; https://staging.syraqarat.com/ar"
74.7.227.5 - - [29/Aug/2026:03:46:03 +0000] "GET /ar/wp-json/oembed/1.0/embed?url=https%3A%2F%2Fstaging.syraqarat.com%2Far%2Fagent%2Fali-alloush%2F HTTP/1.1" 200 1223 "https://staging.syraqarat.com/ar/agent/ali-alloush/?tab=for-rent" "Mozilla/5.0 AppleWebKit/537.36 (KHTML, like Gecko; compatible; GPTBot/1.4; +https://openai.com/gptbot)"
74.7.227.5 - - [29/Aug/2026:03:46:05 +0000] "GET /wp-json/oembed/1.0/embed?url=https%3A%2F%2Fstaging.syraqarat.com%2Fproperty%2F%25d8%25b4%25d9%2582%25d8%25a9-%25d9%2584%25d9%2584%25d8%25a8%25d9%258a%25d8%25b9-%25d8%25aa%25d9%2581%25d8%25b1%25d8%25b9%25d8%25a7%25d8%25aa-%25d8%25b4%25d8%25a7%25d8%25b1%25d8%25b9-%25d8%25a7%25d9%2584%25d8%25a7%25d9%2587%25d8%25b1%25d8%25a7%25d9%2585-%25d8%25a7%25d9%2584%25d8%25b1%25d8%25a6%25d9%258a%25d8%25b3%25d9%258a%2F HTTP/1.1" 200 1254 "https://staging.syraqarat.com/property/%d8%b4%d9%82%d8%a9-%d9%84%d9%84%d8%a8%d9%8a%d8%b9-%d8%aa%d9%81%d8%b1%d8%b9%d8%a7%d8%aa-%d8%b4%d8%a7%d8%b1%d8%b9-%d8%a7%d9%84%d8%a7%d9%87%d8%b1%d8%a7%d9%85-%d8%a7%d9%84%d8%b1%d8%a6%d9%8a%d8%b3%d9%8a/" "Mozilla/5.0 AppleWebKit/537.36 (KHTML, like Gecko; compatible; GPTBot/1.4; +https://openai.com/gptbot)"
74.7.227.5 - - [29/Aug/2026:03:46:05 +0000] "GET /wp-content/themes/houzez/css/bootstrap-select.min.css?ver=1.14.0 HTTP/1.1" 200 2383 "https://staging.syraqarat.com/" "Mozilla/5.0 AppleWebKit/537.36 (KHTML, like Gecko; compatible; GPTBot/1.4; +https://openai.com/gptbot)"
72.167.149.90 - - [29/Aug/2026:03:46:10 +0000] "POST /wp-cron.php?doing_wp_cron=1787975169.3984780311584472656250 HTTP/1.1" 499 0 "-" "WordPress/7.1; https://staging.syraqarat.com"
74.7.227.5 - - [29/Aug/2026:03:46:10 +0000] "GET /create-listing/ HTTP/1.1" 200 21135 "https://staging.syraqarat.com/" "Mozilla/5.0 AppleWebKit/537.36 (KHTML, like Gecko; compatible; GPTBot/1.4; +https://openai.com/gptbot)"
74.7.227.5 - - [29/Aug/2026:03:46:10 +0000] "GET /wp-content/plugins/elementor/assets/css/widget-image.min.css?ver=4.2.3 HTTP/1.1" 200 214 "https://staging.syraqarat.com/" "Mozilla/5.0 AppleWebKit/537.36 (KHTML, like Gecko; compatible; GPTBot/1.4; +https://openai.com/gptbot)"
72.167.149.90 - - [29/Aug/2026:03:46:15 +0000] "POST /wp-cron.php?doing_wp_cron=1787975174.4026710987091064453125 HTTP/1.1" 499 0 "-" "WordPress/7.1; https://staging.syraqarat.com"
74.7.227.5 - - [29/Aug/2026:03:46:15 +0000] "GET /agencies/ HTTP/1.1" 200 22255 "https://staging.syraqarat.com/" "Mozilla/5.0 AppleWebKit/537.36 (KHTML, like Gecko; compatible; GPTBot/1.4; +https://openai.com/gptbot)"
74.7.227.5 - - [29/Aug/2026:03:46:15 +0000] "GET /wp-content/themes/houzez/css/bootstrap-datepicker.min.css?ver=1.9.0 HTTP/1.1" 200 2105 "https://staging.syraqarat.com/" "Mozilla/5.0 AppleWebKit/537.36 (KHTML, like Gecko; compatible; GPTBot/1.4; +https://openai.com/gptbot)"
72.167.149.90 - - [29/Aug/2026:03:46:19 +0000] "POST /wp-cron.php?doing_wp_cron=1787975178.1808810234069824218750 HTTP/1.1" 499 0 "-" "WordPress/7.1; https://staging.syraqarat.com"
74.7.227.5 - - [29/Aug/2026:03:46:19 +0000] "GET /wp-json/oembed/1.0/embed?url=https%3A%2F%2Fstaging.syraqarat.com%2Fproperty%2F%25d8%25b4%25d9%2582%25d8%25a9-%25d9%2584%25d9%2584%25d8%25a8%25d9%258a%25d8%25b9-%25d8%25a8%25d9%258a%25d8%25aa-%25d8%25a7%25d9%2584%25d8%25b7%25d9%2588%25d9%258a%25d9%2584%2F HTTP/1.1" 200 1201 "https://staging.syraqarat.com/property/%d8%b4%d9%82%d8%a9-%d9%84%d9%84%d8%a8%d9%8a%d8%b9-%d8%a8%d9%8a%d8%aa-%d8%a7%d9%84%d8%b7%d9%88%d9%8a%d9%84/" "Mozilla/5.0 AppleWebKit/537.36 (KHTML, like Gecko; compatible; GPTBot/1.4; +https://openai.com/gptbot)"
72.167.149.90 - - [29/Aug/2026:03:46:21 +0000] "POST /wp-cron.php?doing_wp_cron=1787975180.4795029163360595703125 HTTP/1.1" 200 31 "-" "WordPress/7.1; https://staging.syraqarat.com/ar"
74.7.227.5 - - [29/Aug/2026:03:46:21 +0000] "GET /ar/wp-json/oembed/1.0/embed?format=xml&url=https%3A%2F%2Fstaging.syraqarat.com%2Far%2Fproperty%2F%25d8%25b4%25d9%2582%25d8%25a9-%25d9%2584%25d9%2584%25d8%25a8%25d9%258a%25d8%25b9-%25d8%25ad%25d9%2585%25d8%25b5-%25d8%25a8%25d9%258a%25d8%25aa-%25d8%25a7%25d9%2584%25d8%25b7%25d9%2588%25d9%258a%25d9%2584-2%2F HTTP/1.1" 200 1263 "https://staging.syraqarat.com/ar/property/%d8%b4%d9%82%d8%a9-%d9%84%d9%84%d8%a8%d9%8a%d8%b9-%d8%ad%d9%85%d8%b5-%d8%a8%d9%8a%d8%aa-%d8%a7%d9%84%d8%b7%d9%88%d9%8a%d9%84-2/" "Mozilla/5.0 AppleWebKit/537.36 (KHTML, like Gecko; compatible; GPTBot/1.4; +https://openai.com/gptbot)"
72.167.149.90 - - [29/Aug/2026:03:46:23 +0000] "POST /wp-cron.php?doing_wp_cron=1787975182.5639369487762451171875 HTTP/1.1" 499 0 "-" "WordPress/7.1; https://staging.syraqarat.com/ar"
74.7.227.5 - - [29/Aug/2026:03:46:23 +0000] "GET /ar/wp-json/wp/v2/properties/24637 HTTP/1.1" 200 2599 "https://staging.syraqarat.com/ar/property/%d8%b4%d9%82%d8%a9-%d9%84%d9%84%d8%a8%d9%8a%d8%b9-%d8%ad%d9%85%d8%b5-%d8%a8%d9%8a%d8%aa-%d8%a7%d9%84%d8%b7%d9%88%d9%8a%d9%84-2/" "Mozilla/5.0 AppleWebKit/537.36 (KHTML, like Gecko; compatible; GPTBot/1.4; +https://openai.com/gptbot)"
72.167.149.90 - - [29/Aug/2026:03:46:26 +0000] "POST /wp-cron.php?doing_wp_cron=1787975185.7782731056213378906250 HTTP/1.1" 499 0 "-" "WordPress/7.1; https://staging.syraqarat.com/ar"
74.7.227.5 - - [29/Aug/2026:03:46:26 +0000] "GET /ar/agent/%d8%ad%d9%8a%d8%a7%d9%86/?tab=for-sale HTTP/1.1" 200 29588 "https://staging.syraqarat.com/ar/agent/%d8%ad%d9%8a%d8%a7%d9%86/" "Mozilla/5.0 AppleWebKit/537.36 (KHTML, like Gecko; compatible; GPTBot/1.4; +https://openai.com/gptbot)"
74.7.227.5 - - [29/Aug/2026:03:46:29 +0000] "GET /ar/agent/%d8%ad%d9%8a%d8%a7%d9%86/?tab=for-rent HTTP/1.1" 200 25281 "https://staging.syraqarat.com/ar/agent/%d8%ad%d9%8a%d8%a7%d9%86/" "Mozilla/5.0 AppleWebKit/537.36 (KHTML, like Gecko; compatible; GPTBot/1.4; +https://openai.com/gptbot)"
72.167.149.90 - - [29/Aug/2026:03:46:32 +0000] "POST /wp-cron.php?doing_wp_cron=1787975191.8507649898529052734375 HTTP/1.1" 499 0 "-" "WordPress/7.1; https://staging.syraqarat.com/ar"
74.7.227.5 - - [29/Aug/2026:03:46:32 +0000] "GET /ar/?p=24372 HTTP/1.1" 301 5 "https://staging.syraqarat.com/ar/agent/%d8%ad%d9%8a%d8%a7%d9%86/" "Mozilla/5.0 AppleWebKit/537.36 (KHTML, like Gecko; compatible; GPTBot/1.4; +https://openai.com/gptbot)"
74.7.227.5 - - [29/Aug/2026:03:46:36 +0000] "GET /ar/agent/%d8%ad%d9%8a%d8%a7%d9%86/?tab HTTP/1.1" 200 29566 "https://staging.syraqarat.com/ar/agent/%d8%ad%d9%8a%d8%a7%d9%86/" "Mozilla/5.0 AppleWebKit/537.36 (KHTML, like Gecko; compatible; GPTBot/1.4; +https://openai.com/gptbot)"
72.167.149.90 - - [29/Aug/2026:03:46:38 +0000] "POST /wp-cron.php?doing_wp_cron=1787975197.7279169559478759765625 HTTP/1.1" 499 0 "-" "WordPress/7.1; https://staging.syraqarat.com/ar"
74.7.227.5 - - [29/Aug/2026:03:46:38 +0000] "GET /ar/wp-json/wp/v2/agents/24372 HTTP/1.1" 200 1489 "https://staging.syraqarat.com/ar/agent/%d8%ad%d9%8a%d8%a7%d9%86/" "Mozilla/5.0 AppleWebKit/537.36 (KHTML, like Gecko; compatible; GPTBot/1.4; +https://openai.com/gptbot)"
74.7.227.5 - - [29/Aug/2026:03:46:40 +0000] "GET /ar/wp-json/oembed/1.0/embed?url=https%3A%2F%2Fstaging.syraqarat.com%2Far%2Fproperty%2F%25d8%25b4%25d9%2582%25d8%25a9-%25d9%2584%25d9%2584%25d8%25a8%25d9%258a%25d8%25b9-%25d8%25ad%25d9%2585%25d8%25b5-%25d8%25a8%25d9%258a%25d8%25aa-%25d8%25a7%25d9%2584%25d8%25b7%25d9%2588%25d9%258a%25d9%2584-2%2F HTTP/1.1" 200 1223 "https://staging.syraqarat.com/ar/property/%d8%b4%d9%82%d8%a9-%d9%84%d9%84%d8%a8%d9%8a%d8%b9-%d8%ad%d9%85%d8%b5-%d8%a8%d9%8a%d8%aa-%d8%a7%d9%84%d8%b7%d9%88%d9%8a%d9%84-2/" "Mozilla/5.0 AppleWebKit/537.36 (KHTML, like Gecko; compatible; GPTBot/1.4; +https://openai.com/gptbot)"
72.167.149.90 - - [29/Aug/2026:03:46:43 +0000] "POST /wp-cron.php?doing_wp_cron=1787975202.1932590007781982421875 HTTP/1.1" 499 0 "-" "WordPress/7.1; https://staging.syraqarat.com"
74.7.227.5 - - [29/Aug/2026:03:46:43 +0000] "GET /?p=58 HTTP/1.1" 301 5 "https://staging.syraqarat.com/agencies/" "Mozilla/5.0 AppleWebKit/537.36 (KHTML, like Gecko; compatible; GPTBot/1.4; +https://openai.com/gptbot)"
74.7.227.5 - - [29/Aug/2026:03:46:44 +0000] "GET /wp-json/wp/v2/agents/23942 HTTP/1.1" 200 1771 "https://staging.syraqarat.com/agent/ali-alloush/" "Mozilla/5.0 AppleWebKit/537.36 (KHTML, like Gecko; compatible; GPTBot/1.4; +https://openai.com/gptbot)"
72.167.149.90 - - [29/Aug/2026:03:46:48 +0000] "POST /wp-cron.php?doing_wp_cron=1787975207.1447410583496093750000 HTTP/1.1" 200 31 "-" "WordPress/7.1; https://staging.syraqarat.com/ar"
74.7.227.5 - - [29/Aug/2026:03:46:48 +0000] "GET /ar/property/%d8%b4%d9%82%d8%a9-%d9%84%d9%84%d8%a8%d9%8a%d8%b9-%d9%81%d9%8a-%d8%ad%d9%85%d8%b5-%d9%82%d8%b1%d8%a8-%d8%a7%d9%84%d8%ac%d8%a7%d9%85%d8%b9%d8%a9/ HTTP/1.1" 200 34315 "https://staging.syraqarat.com/ar/property/%d8%b4%d9%82%d8%a9-%d9%84%d9%84%d8%a8%d9%8a%d8%b9-%d8%ad%d9%85%d8%b5-%d8%a7%d9%84%d8%a7%d9%87%d8%b1%d8%a7%d9%85/" "Mozilla/5.0 AppleWebKit/537.36 (KHTML, like Gecko; compatible; GPTBot/1.4; +https://openai.com/gptbot)"
72.167.149.90 - - [29/Aug/2026:03:46:50 +0000] "POST /wp-cron.php?doing_wp_cron=1787975209.6630671024322509765625 HTTP/1.1" 499 0 "-" "WordPress/7.1; https://staging.syraqarat.com/ar"
74.7.227.5 - - [29/Aug/2026:03:46:50 +0000] "GET /ar/?p=24555 HTTP/1.1" 301 5 "https://staging.syraqarat.com/ar/property/%d8%b4%d9%82%d8%a9-%d9%84%d9%84%d8%a8%d9%8a%d8%b9-%d8%ad%d9%85%d8%b5-%d8%a8%d8%a7%d8%a8-%d8%a7%d9%84%d8%af%d8%b1%d9%8a%d8%a8/" "Mozilla/5.0 AppleWebKit/537.36 (KHTML, like Gecko; compatible; GPTBot/1.4; +https://openai.com/gptbot)"
74.7.227.5 - - [29/Aug/2026:03:46:50 +0000] "GET /wp-content/plugins/syr-payment/includes/integrations/assets/syr-payment-houzez.js?ver=1.0.0 HTTP/1.1" 200 3799 "https://staging.syraqarat.com/" "Mozilla/5.0 AppleWebKit/537.36 (KHTML, like Gecko; compatible; GPTBot/1.4; +https://openai.com/gptbot)"
72.167.149.90 - - [29/Aug/2026:03:46:54 +0000] "POST /wp-cron.php?doing_wp_cron=1787975213.3341948986053466796875 HTTP/1.1" 499 0 "-" "WordPress/7.1; https://staging.syraqarat.com"
74.7.227.5 - - [29/Aug/2026:03:46:54 +0000] "GET /agent/%d8%ad%d9%8a%d8%a7%d9%86/?tab=for-sale HTTP/1.1" 200 28102 "https://staging.syraqarat.com/ar/agent/%d8%ad%d9%8a%d8%a7%d9%86/?tab=for-sale" "Mozilla/5.0 AppleWebKit/537.36 (KHTML, like Gecko; compatible; GPTBot/1.4; +https://openai.com/gptbot)"
72.167.149.90 - - [29/Aug/2026:03:46:57 +0000] "POST /wp-cron.php?doing_wp_cron=1787975216.1964349746704101562500 HTTP/1.1" 499 0 "-" "WordPress/7.1; https://staging.syraqarat.com"
74.7.227.5 - - [29/Aug/2026:03:46:57 +0000] "GET /agent/%d8%ad%d9%8a%d8%a7%d9%86/?tab=for-rent HTTP/1.1" 200 23860 "https://staging.syraqarat.com/ar/agent/%d8%ad%d9%8a%d8%a7%d9%86/?tab=for-rent" "Mozilla/5.0 AppleWebKit/537.36 (KHTML, like Gecko; compatible; GPTBot/1.4; +https://openai.com/gptbot)"
72.167.149.90 - - [29/Aug/2026:03:47:00 +0000] "POST /wp-cron.php?doing_wp_cron=1787975219.6560730934143066406250 HTTP/1.1" 499 0 "-" "WordPress/7.1; https://staging.syraqarat.com"
74.7.227.5 - - [29/Aug/2026:03:47:00 +0000] "GET /author/lougenm/page/3/?tab=for-sale HTTP/1.1" 200 30655 "https://staging.syraqarat.com/author/lougenm/?tab=for-sale" "Mozilla/5.0 AppleWebKit/537.36 (KHTML, like Gecko; compatible; GPTBot/1.4; +https://openai.com/gptbot)"
72.167.149.90 - - [29/Aug/2026:03:47:04 +0000] "POST /wp-cron.php?doing_wp_cron=1787975223.0831990242004394531250 HTTP/1.1" 499 0 "-" "WordPress/7.1; https://staging.syraqarat.com"
74.7.227.5 - - [29/Aug/2026:03:47:04 +0000] "GET /agent/%d8%ad%d9%8a%d8%a7%d9%86/?tab HTTP/1.1" 200 28087 "https://staging.syraqarat.com/ar/agent/%d8%ad%d9%8a%d8%a7%d9%86/?tab" "Mozilla/5.0 AppleWebKit/537.36 (KHTML, like Gecko; compatible; GPTBot/1.4; +https://openai.com/gptbot)"
74.7.227.5 - - [29/Aug/2026:03:47:06 +0000] "GET /author/lougenm/page/2/?tab=for-sale HTTP/1.1" 200 30688 "https://staging.syraqarat.com/author/lougenm/?tab=for-sale" "Mozilla/5.0 AppleWebKit/537.36 (KHTML, like Gecko; compatible; GPTBot/1.4; +https://openai.com/gptbot)"
72.167.149.90 - - [29/Aug/2026:03:47:10 +0000] "POST /wp-cron.php?doing_wp_cron=1787975229.0398581027984619140625 HTTP/1.1" 499 0 "-" "WordPress/7.1; https://staging.syraqarat.com"
74.7.227.5 - - [29/Aug/2026:03:47:10 +0000] "GET /author/lougenm/page/4/?tab=for-sale HTTP/1.1" 200 29028 "https://staging.syraqarat.com/author/lougenm/?tab=for-sale" "Mozilla/5.0 AppleWebKit/537.36 (KHTML, like Gecko; compatible; GPTBot/1.4; +https://openai.com/gptbot)"
72.167.149.90 - - [29/Aug/2026:03:47:12 +0000] "POST /wp-cron.php?doing_wp_cron=1787975231.4595348834991455078125 HTTP/1.1" 499 0 "-" "WordPress/7.1; https://staging.syraqarat.com"
74.7.227.5 - - [29/Aug/2026:03:47:12 +0000] "GET /wp-json/oembed/1.0/embed?format=xml&url=https%3A%2F%2Fstaging.syraqarat.com%2Fproperty%2F%25d8%25b4%25d9%2582%25d8%25a9-%25d9%2584%25d9%2584%25d8%25a8%25d9%258a%25d8%25b9-%25d8%25a8%25d9%258a%25d8%25aa-%25d8%25a7%25d9%2584%25d8%25b7%25d9%2588%25d9%258a%25d9%2584%2F HTTP/1.1" 200 1237 "https://staging.syraqarat.com/property/%d8%b4%d9%82%d8%a9-%d9%84%d9%84%d8%a8%d9%8a%d8%b9-%d8%a8%d9%8a%d8%aa-%d8%a7%d9%84%d8%b7%d9%88%d9%8a%d9%84/" "Mozilla/5.0 AppleWebKit/537.36 (KHTML, like Gecko; compatible; GPTBot/1.4; +https://openai.com/gptbot)"
74.7.227.5 - - [29/Aug/2026:03:47:12 +0000] "GET /wp-content/themes/houzez/css/slick.min.css?ver=1.8.1 HTTP/1.1" 200 495 "https://staging.syraqarat.com/" "Mozilla/5.0 AppleWebKit/537.36 (KHTML, like Gecko; compatible; GPTBot/1.4; +https://openai.com/gptbot)"
72.167.149.90 - - [29/Aug/2026:03:47:15 +0000] "POST /wp-cron.php?doing_wp_cron=1787975234.2600450515747070312500 HTTP/1.1" 200 31 "-" "WordPress/7.1; https://staging.syraqarat.com/ar"
74.7.227.5 - - [29/Aug/2026:03:47:15 +0000] "GET /ar/wp-json/oembed/1.0/embed?url=https%3A%2F%2Fstaging.syraqarat.com%2Far%2Fproperty%2F%25d8%25b4%25d9%2582%25d8%25a9-%25d9%2584%25d9%2584%25d8%25a8%25d9%258a%25d8%25b9-%25d9%2581%25d9%258a-%25d8%25ad%25d9%2585%25d8%25b5-%25d9%2582%25d8%25b1%25d8%25a8-%25d8%25a7%25d9%2584%25d8%25ac%25d8%25a7%25d9%2585%25d8%25b9%25d8%25a9%2F HTTP/1.1" 200 1235 "https://staging.syraqarat.com/ar/property/%d8%b4%d9%82%d8%a9-%d9%84%d9%84%d8%a8%d9%8a%d8%b9-%d9%81%d9%8a-%d8%ad%d9%85%d8%b5-%d9%82%d8%b1%d8%a8-%d8%a7%d9%84%d8%ac%d8%a7%d9%85%d8%b9%d8%a9/" "Mozilla/5.0 AppleWebKit/537.36 (KHTML, like Gecko; compatible; GPTBot/1.4; +https://openai.com/gptbot)"
72.167.149.90 - - [29/Aug/2026:03:47:17 +0000] "POST /wp-cron.php?doing_wp_cron=1787975236.3631699085235595703125 HTTP/1.1" 499 0 "-" "WordPress/7.1; https://staging.syraqarat.com/ar"
74.7.227.5 - - [29/Aug/2026:03:47:17 +0000] "GET /ar/?p=24707 HTTP/1.1" 301 5 "https://staging.syraqarat.com/ar/property/%d8%b4%d9%82%d8%a9-%d9%84%d9%84%d8%a8%d9%8a%d8%b9-%d9%81%d9%8a-%d8%ad%d9%85%d8%b5-%d9%82%d8%b1%d8%a8-%d8%a7%d9%84%d8%ac%d8%a7%d9%85%d8%b9%d8%a9/" "Mozilla/5.0 AppleWebKit/537.36 (KHTML, like Gecko; compatible; GPTBot/1.4; +https://openai.com/gptbot)"
72.167.149.90 - - [29/Aug/2026:03:47:20 +0000] "POST /wp-cron.php?doing_wp_cron=1787975239.0678539276123046875000 HTTP/1.1" 200 31 "-" "WordPress/7.1; https://staging.syraqarat.com/ar"
74.7.227.5 - - [29/Aug/2026:03:47:20 +0000] "GET /ar/wp-json/wp/v2/properties/24707 HTTP/1.1" 200 2476 "https://staging.syraqarat.com/ar/property/%d8%b4%d9%82%d8%a9-%d9%84%d9%84%d8%a8%d9%8a%d8%b9-%d9%81%d9%8a-%d8%ad%d9%85%d8%b5-%d9%82%d8%b1%d8%a8-%d8%a7%d9%84%d8%ac%d8%a7%d9%85%d8%b9%d8%a9/" "Mozilla/5.0 AppleWebKit/537.36 (KHTML, like Gecko; compatible; GPTBot/1.4; +https://openai.com/gptbot)"
72.167.149.90 - - [29/Aug/2026:03:47:22 +0000] "POST /wp-cron.php?doing_wp_cron=1787975241.1043040752410888671875 HTTP/1.1" 499 0 "-" "WordPress/7.1; https://staging.syraqarat.com"
74.7.227.5 - - [29/Aug/2026:03:47:22 +0000] "GET /wp-json/oembed/1.0/embed?url=https%3A%2F%2Fstaging.syraqarat.com%2Fagent%2F%25d8%25ad%25d9%258a%25d8%25a7%25d9%2586%2F HTTP/1.1" 200 1136 "https://staging.syraqarat.com/agent/%d8%ad%d9%8a%d8%a7%d9%86/?tab=for-sale" "Mozilla/5.0 AppleWebKit/537.36 (KHTML, like Gecko; compatible; GPTBot/1.4; +https://openai.com/gptbot)"
72.167.149.90 - - [29/Aug/2026:03:47:24 +0000] "POST /wp-cron.php?doing_wp_cron=1787975243.1065800189971923828125 HTTP/1.1" 499 0 "-" "WordPress/7.1; https://staging.syraqarat.com"
74.7.227.5 - - [29/Aug/2026:03:47:24 +0000] "GET /?p=24372 HTTP/1.1" 301 5 "https://staging.syraqarat.com/agent/%d8%ad%d9%8a%d8%a7%d9%86/?tab=for-sale" "Mozilla/5.0 AppleWebKit/537.36 (KHTML, like Gecko; compatible; GPTBot/1.4; +https://openai.com/gptbot)"
74.7.227.5 - - [29/Aug/2026:03:47:26 +0000] "GET /agent/%d8%ad%d9%8a%d8%a7%d9%86/ HTTP/1.1" 200 27997 "https://staging.syraqarat.com/?p=24372" "Mozilla/5.0 AppleWebKit/537.36 (KHTML, like Gecko; compatible; GPTBot/1.4; +https://openai.com/gptbot)"
72.167.149.90 - - [29/Aug/2026:03:47:28 +0000] "POST /wp-cron.php?doing_wp_cron=1787975247.4434580802917480468750 HTTP/1.1" 499 0 "-" "WordPress/7.1; https://staging.syraqarat.com"
74.7.227.5 - - [29/Aug/2026:03:47:28 +0000] "GET /wp-json/wp/v2/agents/24372 HTTP/1.1" 200 1488 "https://staging.syraqarat.com/agent/%d8%ad%d9%8a%d8%a7%d9%86/?tab=for-sale" "Mozilla/5.0 AppleWebKit/537.36 (KHTML, like Gecko; compatible; GPTBot/1.4; +https://openai.com/gptbot)"
72.167.149.90 - - [29/Aug/2026:03:47:30 +0000] "POST /wp-cron.php?doing_wp_cron=1787975249.9605970382690429687500 HTTP/1.1" 200 31 "-" "WordPress/7.1; https://staging.syraqarat.com"
74.7.227.5 - - [29/Aug/2026:03:47:30 +0000] "GET /wp-json/oembed/1.0/embed?url=https%3A%2F%2Fstaging.syraqarat.com%2Fagent%2Fali-alloush%2F HTTP/1.1" 200 1206 "https://staging.syraqarat.com/agent/ali-alloush/" "Mozilla/5.0 AppleWebKit/537.36 (KHTML, like Gecko; compatible; GPTBot/1.4; +https://openai.com/gptbot)"
72.167.149.90 - - [29/Aug/2026:03:47:33 +0000] "POST /wp-cron.php?doing_wp_cron=1787975252.5571370124816894531250 HTTP/1.1" 499 0 "-" "WordPress/7.1; https://staging.syraqarat.com"
74.7.227.5 - - [29/Aug/2026:03:47:33 +0000] "GET /wp-json/oembed/1.0/embed?url=https%3A%2F%2Fstaging.syraqarat.com%2Fproperty%2F%25d8%25b4%25d9%2582%25d8%25a9-%25d9%2584%25d9%2584%25d8%25a8%25d9%258a%25d8%25b9-%25d8%25ad%25d9%2585%25d8%25b5-%25d8%25b6%25d8%25a7%25d8%25ad%25d9%258a%25d8%25a9-%25d8%25a7%25d9%2584%25d9%2585%25d9%2587%25d8%25a7%25d8%25ac%25d8%25b1%25d9%258a%25d9%2586%2F HTTP/1.1" 200 1240 "https://staging.syraqarat.com/property/%d8%b4%d9%82%d8%a9-%d9%84%d9%84%d8%a8%d9%8a%d8%b9-%d8%ad%d9%85%d8%b5-%d8%b6%d8%a7%d8%ad%d9%8a%d8%a9-%d8%a7%d9%84%d9%85%d9%87%d8%a7%d8%ac%d8%b1%d9%8a%d9%86/" "Mozilla/5.0 AppleWebKit/537.36 (KHTML, like Gecko; compatible; GPTBot/1.4; +https://openai.com/gptbot)"
72.167.149.90 - - [29/Aug/2026:03:47:36 +0000] "POST /wp-cron.php?doing_wp_cron=1787975255.1657190322875976562500 HTTP/1.1" 499 0 "-" "WordPress/7.1; https://staging.syraqarat.com"
74.7.227.5 - - [29/Aug/2026:03:47:36 +0000] "GET /wp-json/oembed/1.0/embed?format=xml&url=https%3A%2F%2Fstaging.syraqarat.com%2Fproperty%2F%25d8%25b4%25d9%2582%25d8%25a9-%25d9%2584%25d9%2584%25d8%25a8%25d9%258a%25d8%25b9-%25d8%25ad%25d9%2585%25d8%25b5-%25d9%2588%25d8%25a7%25d8%25af%25d9%258a-%25d8%25a7%25d9%2584%25d8%25b0%25d9%2587%25d8%25a8%2F HTTP/1.1" 200 1265 "https://staging.syraqarat.com/property/%d8%b4%d9%82%d8%a9-%d9%84%d9%84%d8%a8%d9%8a%d8%b9-%d8%ad%d9%85%d8%b5-%d9%88%d8%a7%d8%af%d9%8a-%d8%a7%d9%84%d8%b0%d9%87%d8%a8/" "Mozilla/5.0 AppleWebKit/537.36 (KHTML, like Gecko; compatible; GPTBot/1.4; +https://openai.com/gptbot)"
74.7.227.5 - - [29/Aug/2026:03:47:37 +0000] "GET /ar/wp-json/oembed/1.0/embed?url=https%3A%2F%2Fstaging.syraqarat.com%2Far%2Fagent%2F%25d8%25ad%25d9%258a%25d8%25a7%25d9%2586%2F HTTP/1.1" 200 1141 "https://staging.syraqarat.com/ar/agent/%d8%ad%d9%8a%d8%a7%d9%86/" "Mozilla/5.0 AppleWebKit/537.36 (KHTML, like Gecko; compatible; GPTBot/1.4; +https://openai.com/gptbot)"
72.167.149.90 - - [29/Aug/2026:03:47:39 +0000] "POST /wp-cron.php?doing_wp_cron=1787975258.2134950160980224609375 HTTP/1.1" 200 31 "-" "WordPress/7.1; https://staging.syraqarat.com/ar"
34.234.197.175 - - [29/Aug/2026:03:47:39 +0000] "GET /ar/wp-json/wp/v2/property_status?post=24606 HTTP/1.1" 200 338 "-" "Mozilla/5.0 AppleWebKit/537.36 (KHTML, like Gecko; compatible; Amazonbot/0.1; +https://developer.amazon.com/support/amazonbot) Chrome/119.0.6045.214 Safari/537.36"
72.167.149.90 - - [29/Aug/2026:03:47:40 +0000] "POST /wp-cron.php?doing_wp_cron=1787975259.7922320365905761718750 HTTP/1.1" 200 31 "-" "WordPress/7.1; https://staging.syraqarat.com"
74.7.227.5 - - [29/Aug/2026:03:47:40 +0000] "GET /property/%d8%b4%d9%82%d8%a9-%d9%84%d9%84%d8%a8%d9%8a%d8%b9-%d8%ad%d9%85%d8%b5-%d8%a7%d9%84%d8%a7%d9%87%d8%b1%d8%a7%d9%85/ HTTP/1.1" 200 32461 "https://staging.syraqarat.com/agent/ali-alloush/" "Mozilla/5.0 AppleWebKit/537.36 (KHTML, like Gecko; compatible; GPTBot/1.4; +https://openai.com/gptbot)"
74.7.227.5 - - [29/Aug/2026:03:47:42 +0000] "GET /ar/wp-json/oembed/1.0/embed?url=https%3A%2F%2Fstaging.syraqarat.com%2Far%2Fproperty%2F%25d8%25b4%25d9%2582%25d8%25a9-%25d9%2584%25d9%2584%25d8%25a8%25d9%258a%25d8%25b9-%25d9%2581%25d9%258a-%25d8%25ad%25d9%2585%25d8%25b5-%25d8%25b4%25d8%25a7%25d8%25b1%25d8%25b9-%25d8%25a7%25d9%2584%25d8%25a7%25d8%25b1%25d9%2585%25d9%2586%2F HTTP/1.1" 200 1234 "https://staging.syraqarat.com/ar/property/%d8%b4%d9%82%d8%a9-%d9%84%d9%84%d8%a8%d9%8a%d8%b9-%d9%81%d9%8a-%d8%ad%d9%85%d8%b5-%d8%b4%d8%a7%d8%b1%d8%b9-%d8%a7%d9%84%d8%a7%d8%b1%d9%85%d9%86/" "Mozilla/5.0 AppleWebKit/537.36 (KHTML, like Gecko; compatible; GPTBot/1.4; +https://openai.com/gptbot)"
74.7.227.5 - - [29/Aug/2026:03:47:42 +0000] "GET /wp-content/themes/houzez/js/vendors/Chart.min.js?ver=2.8.0 HTTP/1.1" 200 47516 "https://staging.syraqarat.com/" "Mozilla/5.0 AppleWebKit/537.36 (KHTML, like Gecko; compatible; GPTBot/1.4; +https://openai.com/gptbot)"
72.167.149.90 - - [29/Aug/2026:03:47:42 +0000] "POST /wp-cron.php?doing_wp_cron=1787975261.8215720653533935546875 HTTP/1.1" 499 0 "-" "WordPress/7.1; https://staging.syraqarat.com/ar"
34.231.156.59 - - [29/Aug/2026:03:47:42 +0000] "GET /ar/wp-json/wp/v2/property_area?post=24606 HTTP/1.1" 200 352 "-" "Mozilla/5.0 AppleWebKit/537.36 (KHTML, like Gecko; compatible; Amazonbot/0.1; +https://developer.amazon.com/support/amazonbot) Chrome/119.0.6045.214 Safari/537.36"
3.216.227.216 - - [29/Aug/2026:03:47:45 +0000] "GET /wp-content/plugins/elementor/modules/kit-elements-defaults/import-export/?C=M;O%3DD HTTP/1.1" 200 449 "-" "Mozilla/5.0 AppleWebKit/537.36 (KHTML, like Gecko; compatible; Amazonbot/0.1; +https://developer.amazon.com/support/amazonbot) Chrome/119.0.6045.214 Safari/537.36"
72.167.149.90 - - [29/Aug/2026:03:47:45 +0000] "POST /wp-cron.php?doing_wp_cron=1787975264.1814169883728027343750 HTTP/1.1" 200 31 "-" "WordPress/7.1; https://staging.syraqarat.com/ar"
74.7.227.5 - - [29/Aug/2026:03:47:45 +0000] "GET /ar/wp-json/wp/v2/properties/24392 HTTP/1.1" 200 2730 "https://staging.syraqarat.com/ar/property/%d9%85%d8%b2%d8%b1%d8%b9%d8%a9-%d9%84%d9%84%d8%a8%d9%8a%d8%b9-%d8%ad%d9%85%d8%b5-%d8%a7%d9%84%d8%ae%d8%b7%d9%84%d8%a7%d8%a1/" "Mozilla/5.0 AppleWebKit/537.36 (KHTML, like Gecko; compatible; GPTBot/1.4; +https://openai.com/gptbot)"
74.7.227.5 - - [29/Aug/2026:03:47:45 +0000] "GET /wp-content/plugins/elementor-pro/assets/js/elements-handlers.min.js?ver=4.0.4 HTTP/1.1" 200 10661 "https://staging.syraqarat.com/" "Mozilla/5.0 AppleWebKit/537.36 (KHTML, like Gecko; compatible; GPTBot/1.4; +https://openai.com/gptbot)"
72.167.149.90 - - [29/Aug/2026:03:47:48 +0000] "POST /wp-cron.php?doing_wp_cron=1787975267.5472929477691650390625 HTTP/1.1" 499 0 "-" "WordPress/7.1; https://staging.syraqarat.com"
74.7.227.5 - - [29/Aug/2026:03:47:48 +0000] "GET /agent/ali-alloush/page/2/?tab=for-sale HTTP/1.1" 200 25520 "https://staging.syraqarat.com/agent/ali-alloush/?tab=for-sale" "Mozilla/5.0 AppleWebKit/537.36 (KHTML, like Gecko; compatible; GPTBot/1.4; +https://openai.com/gptbot)"
74.7.227.5 - - [29/Aug/2026:03:47:50 +0000] "GET /wp-json/oembed/1.0/embed?format=xml&url=https%3A%2F%2Fstaging.syraqarat.com%2Fagent%2F%25d8%25ad%25d9%258a%25d8%25a7%25d9%2586%2F HTTP/1.1" 200 1177 "https://staging.syraqarat.com/agent/%d8%ad%d9%8a%d8%a7%d9%86/?tab=for-sale" "Mozilla/5.0 AppleWebKit/537.36 (KHTML, like Gecko; compatible; GPTBot/1.4; +https://openai.com/gptbot)"
3.211.105.134 - - [29/Aug/2026:03:47:50 +0000] "GET /ar/wp-json/wp/v2/property_type?post=24335 HTTP/1.1" 200 333 "-" "Mozilla/5.0 AppleWebKit/537.36 (KHTML, like Gecko; compatible; Amazonbot/0.1; +https://developer.amazon.com/support/amazonbot) Chrome/119.0.6045.214 Safari/537.36"
44.215.235.20 - - [29/Aug/2026:03:47:53 +0000] "GET /wp-content/plugins/elementor-pro/modules/floating-buttons/classes/?C=S;O%3DD HTTP/1.1" 200 421 "-" "Mozilla/5.0 AppleWebKit/537.36 (KHTML, like Gecko; compatible; Amazonbot/0.1; +https://developer.amazon.com/support/amazonbot) Chrome/119.0.6045.214 Safari/537.36"
72.167.149.90 - - [29/Aug/2026:03:47:53 +0000] "POST /wp-cron.php?doing_wp_cron=1787975272.1419320106506347656250 HTTP/1.1" 499 0 "-" "WordPress/7.1; https://staging.syraqarat.com/ar"
74.7.227.5 - - [29/Aug/2026:03:47:53 +0000] "GET /ar/wp-json/wp/v2/users/42 HTTP/1.1" 200 349 "https://staging.syraqarat.com/ar/author/lougenm/?tab=for-sale" "Mozilla/5.0 AppleWebKit/537.36 (KHTML, like Gecko; compatible; GPTBot/1.4; +https://openai.com/gptbot)"
74.7.227.5 - - [29/Aug/2026:03:47:53 +0000] "GET /wp-content/plugins/houzez-theme-functionality/assets/frontend/js/houzez-validate.js?ver=1.0.0 HTTP/1.1" 200 1257 "https://staging.syraqarat.com/" "Mozilla/5.0 AppleWebKit/537.36 (KHTML, like Gecko; compatible; GPTBot/1.4; +https://openai.com/gptbot)"
74.7.227.5 - - [29/Aug/2026:03:47:53 +0000] "GET /wp-content/plugins/houzez-theme-functionality/elementor/assets/css/author-box.css?ver=1.0.0 HTTP/1.1" 200 457 "https://staging.syraqarat.com/" "Mozilla/5.0 AppleWebKit/537.36 (KHTML, like Gecko; compatible; GPTBot/1.4; +https://openai.com/gptbot)"
18.214.124.6 - - [29/Aug/2026:03:47:59 +0000] "GET /label/temporary-record/feed/ HTTP/1.1" 200 556 "-" "Mozilla/5.0 AppleWebKit/537.36 (KHTML, like Gecko; compatible; Amazonbot/0.1; +https://developer.amazon.com/support/amazonbot) Chrome/119.0.6045.214 Safari/537.36"
72.167.149.90 - - [29/Aug/2026:03:47:59 +0000] "POST /wp-cron.php?doing_wp_cron=1787975278.3126900196075439453125 HTTP/1.1" 499 0 "-" "WordPress/7.1; https://staging.syraqarat.com/ar"
74.7.227.5 - - [29/Aug/2026:03:47:59 +0000] "GET /ar/property/%d8%b4%d9%82%d8%a9-%d9%84%d9%84%d8%a8%d9%8a%d8%b9-%d8%a8%d9%8a%d8%aa-%d8%a7%d9%84%d8%b7%d9%88%d9%8a%d9%84/ HTTP/1.1" 200 34121 "https://staging.syraqarat.com/ar/agent/ali-alloush/?tab=for-sale" "Mozilla/5.0 AppleWebKit/537.36 (KHTML, like Gecko; compatible; GPTBot/1.4; +https://openai.com/gptbot)"
72.167.149.90 - - [29/Aug/2026:03:48:02 +0000] "POST /wp-cron.php?doing_wp_cron=1787975281.5640730857849121093750 HTTP/1.1" 499 0 "-" "WordPress/7.1; https://staging.syraqarat.com"
74.7.227.5 - - [29/Aug/2026:03:48:02 +0000] "GET /wp-json/oembed/1.0/embed?format=xml&url=https%3A%2F%2Fstaging.syraqarat.com%2Fproperty%2F%25d8%25b4%25d9%2582%25d8%25a9-%25d9%2584%25d9%2584%25d8%25a8%25d9%258a%25d8%25b9-%25d8%25ad%25d9%2585%25d8%25b5-%25d8%25a7%25d9%2584%25d8%25a7%25d9%2587%25d8%25b1%25d8%25a7%25d9%2585%2F HTTP/1.1" 200 1246 "https://staging.syraqarat.com/property/%d8%b4%d9%82%d8%a9-%d9%84%d9%84%d8%a8%d9%8a%d8%b9-%d8%ad%d9%85%d8%b5-%d8%a7%d9%84%d8%a7%d9%87%d8%b1%d8%a7%d9%85/" "Mozilla/5.0 AppleWebKit/537.36 (KHTML, like Gecko; compatible; GPTBot/1.4; +https://openai.com/gptbot)"
44.218.6.93 - - [29/Aug/2026:03:48:02 +0000] "GET /ar/wp-json/wp/v2/property_status?post=24425 HTTP/1.1" 200 338 "-" "Mozilla/5.0 AppleWebKit/537.36 (KHTML, like Gecko; compatible; Amazonbot/0.1; +https://developer.amazon.com/support/amazonbot) Chrome/119.0.6045.214 Safari/537.36"
74.7.227.5 - - [29/Aug/2026:03:48:04 +0000] "GET /wp-json/wp/v2/properties/24490 HTTP/1.1" 200 2569 "https://staging.syraqarat.com/property/%d8%b4%d9%82%d8%a9-%d9%84%d9%84%d8%a8%d9%8a%d8%b9-%d8%ad%d9%85%d8%b5-%d8%a7%d9%84%d8%a7%d9%87%d8%b1%d8%a7%d9%85/" "Mozilla/5.0 AppleWebKit/537.36 (KHTML, like Gecko; compatible; GPTBot/1.4; +https://openai.com/gptbot)"
35.169.240.53 - - [29/Aug/2026:03:48:05 +0000] "GET /wp-content/plugins/elementor/modules/library/documents/?C=N;O%3DA HTTP/1.1" 200 499 "-" "Mozilla/5.0 AppleWebKit/537.36 (KHTML, like Gecko; compatible; Amazonbot/0.1; +https://developer.amazon.com/support/amazonbot) Chrome/119.0.6045.214 Safari/537.36"
72.167.149.90 - - [29/Aug/2026:03:48:07 +0000] "POST /wp-cron.php?doing_wp_cron=1787975286.4818830490112304687500 HTTP/1.1" 499 0 "-" "WordPress/7.1; https://staging.syraqarat.com"
74.7.227.5 - - [29/Aug/2026:03:48:07 +0000] "GET /?p=24490 HTTP/1.1" 301 5 "https://staging.syraqarat.com/property/%d8%b4%d9%82%d8%a9-%d9%84%d9%84%d8%a8%d9%8a%d8%b9-%d8%ad%d9%85%d8%b5-%d8%a7%d9%84%d8%a7%d9%87%d8%b1%d8%a7%d9%85/" "Mozilla/5.0 AppleWebKit/537.36 (KHTML, like Gecko; compatible; GPTBot/1.4; +https://openai.com/gptbot)"
3.221.222.168 - - [29/Aug/2026:03:48:08 +0000] "GET /wp-content/plugins/elementor-pro/modules/loop-builder/skins/?C=D;O%3DD HTTP/1.1" 200 487 "-" "Mozilla/5.0 AppleWebKit/537.36 (KHTML, like Gecko; compatible; Amazonbot/0.1; +https://developer.amazon.com/support/amazonbot) Chrome/119.0.6045.214 Safari/537.36"
74.7.227.5 - - [29/Aug/2026:03:48:09 +0000] "GET /wp-json/wp/v2/properties/24443 HTTP/1.1" 200 2583 "https://staging.syraqarat.com/property/%d8%b4%d9%82%d8%a9-%d9%84%d9%84%d8%a8%d9%8a%d8%b9-%d8%ad%d9%85%d8%b5-%d8%b6%d8%a7%d8%ad%d9%8a%d8%a9-%d8%a7%d9%84%d9%85%d9%87%d8%a7%d8%ac%d8%b1%d9%8a%d9%86/" "Mozilla/5.0 AppleWebKit/537.36 (KHTML, like Gecko; compatible; GPTBot/1.4; +https://openai.com/gptbot)"
72.167.149.90 - - [29/Aug/2026:03:48:13 +0000] "POST /wp-cron.php?doing_wp_cron=1787975292.1356179714202880859375 HTTP/1.1" 499 0 "-" "WordPress/7.1; https://staging.syraqarat.com"
54.84.102.81 - - [29/Aug/2026:03:48:13 +0000] "GET /wp-content/plugins/elementor/modules/components/overridable-props/?C=M;O%3DD HTTP/1.1" 200 487 "-" "Mozilla/5.0 AppleWebKit/537.36 (KHTML, like Gecko; compatible; Amazonbot/0.1; +https://developer.amazon.com/support/amazonbot) Chrome/119.0.6045.214 Safari/537.36"
74.7.227.5 - - [29/Aug/2026:03:48:13 +0000] "GET /property/%d8%b4%d9%82%d8%a9-%d9%84%d9%84%d8%a8%d9%8a%d8%b9-%d8%a8%d9%8a%d8%aa-%d8%a7%d9%84%d8%b7%d9%88%d9%8a%d9%84-2/ HTTP/1.1" 200 32055 "https://staging.syraqarat.com/author/lougenm/page/2/" "Mozilla/5.0 AppleWebKit/537.36 (KHTML, like Gecko; compatible; GPTBot/1.4; +https://openai.com/gptbot)"
54.210.152.179 - - [29/Aug/2026:03:48:16 +0000] "GET /wp-content/plugins/elementor/includes/libraries/wp-background-process/?C=N;O%3DA HTTP/1.1" 200 460 "-" "Mozilla/5.0 AppleWebKit/537.36 (KHTML, like Gecko; compatible; Amazonbot/0.1; +https://developer.amazon.com/support/amazonbot) Chrome/119.0.6045.214 Safari/537.36"
74.7.227.5 - - [29/Aug/2026:03:48:17 +0000] "GET /ar/property/%d8%b4%d9%82%d8%a9-%d9%84%d9%84%d8%a8%d9%8a%d8%b9-%d8%ad%d9%85%d8%b5-%d8%b4%d8%a7%d8%b1-%d8%b9-%d8%a7%d9%84%d8%ae%d8%b6%d8%b1%d9%8a/ HTTP/1.1" 200 34426 "https://staging.syraqarat.com/ar/property/%d8%b4%d9%82%d8%a9-%d9%84%d9%84%d8%a8%d9%8a%d8%b9-%d8%ad%d9%85%d8%b5-%d8%b4%d8%a7%d8%b1%d8%b9-%d8%a7%d9%84%d8%a3%d9%87%d8%b1%d8%a7%d9%85/" "Mozilla/5.0 AppleWebKit/537.36 (KHTML, like Gecko; compatible; GPTBot/1.4; +https://openai.com/gptbot)"
72.167.149.90 - - [29/Aug/2026:03:48:19 +0000] "POST /wp-cron.php?doing_wp_cron=1787975298.7765400409698486328125 HTTP/1.1" 499 0 "-" "WordPress/7.1; https://staging.syraqarat.com/ar"
74.7.227.5 - - [29/Aug/2026:03:48:19 +0000] "GET /ar/wp-json/oembed/1.0/embed?url=https%3A%2F%2Fstaging.syraqarat.com%2Far%2Fproperty%2F%25d8%25b4%25d9%2582%25d8%25a9-%25d9%2584%25d9%2584%25d8%25a8%25d9%258a%25d8%25b9-%25d9%2581%25d9%258a-%25d8%25ad%25d9%2585%25d8%25b5-%25d8%25a8%25d9%258a%25d8%25aa-%25d8%25a7%25d9%2584%25d8%25b7%25d9%2588%25d9%258a%25d9%2584%2F HTTP/1.1" 200 1228 "https://staging.syraqarat.com/ar/property/%d8%b4%d9%82%d8%a9-%d9%84%d9%84%d8%a8%d9%8a%d8%b9-%d9%81%d9%8a-%d8%ad%d9%85%d8%b5-%d8%a8%d9%8a%d8%aa-%d8%a7%d9%84%d8%b7%d9%88%d9%8a%d9%84/" "Mozilla/5.0 AppleWebKit/537.36 (KHTML, like Gecko; compatible; GPTBot/1.4; +https://openai.com/gptbot)"
52.200.54.136 - - [29/Aug/2026:03:48:20 +0000] "GET /wp-content/plugins/elementor/modules/kit-elements-defaults/import-export/runners/?C=S;O%3DA HTTP/1.1" 200 451 "-" "Mozilla/5.0 AppleWebKit/537.36 (KHTML, like Gecko; compatible; Amazonbot/0.1; +https://developer.amazon.com/support/amazonbot) Chrome/119.0.6045.214 Safari/537.36"
74.7.227.5 - - [29/Aug/2026:03:48:21 +0000] "GET /ar/?p=24531 HTTP/1.1" 301 5 "https://staging.syraqarat.com/ar/property/%d8%b4%d9%82%d8%a9-%d9%84%d9%84%d8%a8%d9%8a%d8%b9-%d8%ad%d9%85%d8%b5-%d8%a8%d9%8a%d8%aa-%d8%a7%d9%84%d8%b7%d9%88%d9%8a%d9%84-%d9%85%d8%b9-%d8%a7%d9%84%d9%81%d8%b1%d8%b4/" "Mozilla/5.0 AppleWebKit/537.36 (KHTML, like Gecko; compatible; GPTBot/1.4; +https://openai.com/gptbot)"
72.167.149.90 - - [29/Aug/2026:03:48:24 +0000] "POST /wp-cron.php?doing_wp_cron=1787975303.3008830547332763671875 HTTP/1.1" 499 0 "-" "WordPress/7.1; https://staging.syraqarat.com/ar"
74.7.227.5 - - [29/Aug/2026:03:48:24 +0000] "GET /ar/?p=24516 HTTP/1.1" 301 5 "https://staging.syraqarat.com/ar/property/%d8%b4%d9%82%d8%a9-%d9%84%d9%84%d8%a8%d9%8a%d8%b9-%d8%ad%d9%85%d8%b5-%d8%b9%d9%83%d8%b1%d9%85%d8%a9-%d8%a7%d9%84%d8%ac%d8%af%d9%8a%d8%af%d8%a9/" "Mozilla/5.0 AppleWebKit/537.36 (KHTML, like Gecko; compatible; GPTBot/1.4; +https://openai.com/gptbot)"
34.231.118.144 - - [29/Aug/2026:03:48:25 +0000] "GET /wp-content/plugins/elementor-pro/core/integrations/exceptions/?C=S;O%3DD HTTP/1.1" 200 471 "-" "Mozilla/5.0 AppleWebKit/537.36 (KHTML, like Gecko; compatible; Amazonbot/0.1; +https://developer.amazon.com/support/amazonbot) Chrome/119.0.6045.214 Safari/537.36"
72.167.149.90 - - [29/Aug/2026:03:48:27 +0000] "POST /wp-cron.php?doing_wp_cron=1787975306.2745189666748046875000 HTTP/1.1" 499 0 "-" "WordPress/7.1; https://staging.syraqarat.com/ar"
74.7.227.5 - - [29/Aug/2026:03:48:27 +0000] "GET /ar/?p=24631 HTTP/1.1" 301 5 "https://staging.syraqarat.com/ar/property/%d8%b4%d9%82%d8%a9-%d9%84%d9%84%d8%a8%d9%8a%d8%b9-%d8%a8%d9%8a%d8%aa-%d8%a7%d9%84%d8%b7%d9%88%d9%8a%d9%84-2/" "Mozilla/5.0 AppleWebKit/537.36 (KHTML, like Gecko; compatible; GPTBot/1.4; +https://openai.com/gptbot)"
72.167.149.90 - - [29/Aug/2026:03:48:29 +0000] "POST /wp-cron.php?doing_wp_cron=1787975308.8576231002807617187500 HTTP/1.1" 499 0 "-" "WordPress/7.1; https://staging.syraqarat.com/ar"
74.7.227.5 - - [29/Aug/2026:03:48:29 +0000] "GET /ar/wp-json/oembed/1.0/embed?format=xml&url=https%3A%2F%2Fstaging.syraqarat.com%2Far%2Fproperty%2F%25d8%25b4%25d9%2582%25d8%25a9-%25d9%2584%25d9%2584%25d8%25a8%25d9%258a%25d8%25b9-%25d8%25a8%25d9%258a%25d8%25aa-%25d8%25a7%25d9%2584%25d8%25b7%25d9%2588%25d9%258a%25d9%2584%2F HTTP/1.1" 200 1240 "https://staging.syraqarat.com/ar/property/%d8%b4%d9%82%d8%a9-%d9%84%d9%84%d8%a8%d9%8a%d8%b9-%d8%a8%d9%8a%d8%aa-%d8%a7%d9%84%d8%b7%d9%88%d9%8a%d9%84/" "Mozilla/5.0 AppleWebKit/537.36 (KHTML, like Gecko; compatible; GPTBot/1.4; +https://openai.com/gptbot)"
35.153.86.200 - - [29/Aug/2026:03:48:30 +0000] "GET /ar/agent/ali-alloush/whatsapp-image-2026-05-02-at-11-16-32-am/ HTTP/1.1" 301 5 "-" "Mozilla/5.0 AppleWebKit/537.36 (KHTML, like Gecko; compatible; Amazonbot/0.1; +https://developer.amazon.com/support/amazonbot) Chrome/119.0.6045.214 Safari/537.36"
72.167.149.90 - - [29/Aug/2026:03:48:32 +0000] "POST /wp-cron.php?doing_wp_cron=1787975311.5548310279846191406250 HTTP/1.1" 499 0 "-" "WordPress/7.1; https://staging.syraqarat.com/ar"
74.7.227.5 - - [29/Aug/2026:03:48:32 +0000] "GET /ar/wp-json/oembed/1.0/embed?url=https%3A%2F%2Fstaging.syraqarat.com%2Far%2Fproperty%2F%25d8%25b4%25d9%2582%25d8%25a9-%25d9%2584%25d9%2584%25d8%25a8%25d9%258a%25d8%25b9-%25d8%25a8%25d9%258a%25d8%25aa-%25d8%25a7%25d9%2584%25d8%25b7%25d9%2588%25d9%258a%25d9%2584%2F HTTP/1.1" 200 1203 "https://staging.syraqarat.com/ar/property/%d8%b4%d9%82%d8%a9-%d9%84%d9%84%d8%a8%d9%8a%d8%b9-%d8%a8%d9%8a%d8%aa-%d8%a7%d9%84%d8%b7%d9%88%d9%8a%d9%84/" "Mozilla/5.0 AppleWebKit/537.36 (KHTML, like Gecko; compatible; GPTBot/1.4; +https://openai.com/gptbot)"
74.7.227.5 - - [29/Aug/2026:03:48:34 +0000] "GET /ar/?p=24606 HTTP/1.1" 301 5 "https://staging.syraqarat.com/ar/property/%d8%b4%d9%82%d8%a9-%d9%84%d9%84%d8%a8%d9%8a%d8%b9-%d8%a8%d9%8a%d8%aa-%d8%a7%d9%84%d8%b7%d9%88%d9%8a%d9%84/" "Mozilla/5.0 AppleWebKit/537.36 (KHTML, like Gecko; compatible; GPTBot/1.4; +https://openai.com/gptbot)"
72.167.149.90 - - [29/Aug/2026:03:48:35 +0000] "POST /wp-cron.php?doing_wp_cron=1787975314.6766779422760009765625 HTTP/1.1" 499 0 "-" "WordPress/7.1; https://staging.syraqarat.com/ar"
34.225.138.57 - - [29/Aug/2026:03:48:35 +0000] "GET /ar/wp-json/wp/v2/property_status?post=24516 HTTP/1.1" 200 338 "-" "Mozilla/5.0 AppleWebKit/537.36 (KHTML, like Gecko; compatible; Amazonbot/0.1; +https://developer.amazon.com/support/amazonbot) Chrome/119.0.6045.214 Safari/537.36"
72.167.149.90 - - [29/Aug/2026:03:48:37 +0000] "POST /wp-cron.php?doing_wp_cron=1787975316.0696148872375488281250 HTTP/1.1" 499 0 "-" "WordPress/7.1; https://staging.syraqarat.com/ar"
52.44.148.203 - - [29/Aug/2026:03:48:37 +0000] "GET /wp-content/plugins/elementor-pro/modules/theme-elements/assets/?C=M;O%3DD HTTP/1.1" 200 379 "-" "Mozilla/5.0 AppleWebKit/537.36 (KHTML, like Gecko; compatible; Amazonbot/0.1; +https://developer.amazon.com/support/amazonbot) Chrome/119.0.6045.214 Safari/537.36"
74.7.227.5 - - [29/Aug/2026:03:48:37 +0000] "GET /ar/wp-json/wp/v2/properties/24606 HTTP/1.1" 200 2838 "https://staging.syraqarat.com/ar/property/%d8%b4%d9%82%d8%a9-%d9%84%d9%84%d8%a8%d9%8a%d8%b9-%d8%a8%d9%8a%d8%aa-%d8%a7%d9%84%d8%b7%d9%88%d9%8a%d9%84/" "Mozilla/5.0 AppleWebKit/537.36 (KHTML, like Gecko; compatible; GPTBot/1.4; +https://openai.com/gptbot)"
72.167.149.90 - - [29/Aug/2026:03:48:40 +0000] "POST /wp-cron.php?doing_wp_cron=1787975319.3089818954467773437500 HTTP/1.1" 499 0 "-" "WordPress/7.1; https://staging.syraqarat.com/ar"
74.7.227.5 - - [29/Aug/2026:03:48:40 +0000] "GET /ar/?p=24637 HTTP/1.1" 301 5 "https://staging.syraqarat.com/ar/property/%d8%b4%d9%82%d8%a9-%d9%84%d9%84%d8%a8%d9%8a%d8%b9-%d8%ad%d9%85%d8%b5-%d8%a8%d9%8a%d8%aa-%d8%a7%d9%84%d8%b7%d9%88%d9%8a%d9%84-2/" "Mozilla/5.0 AppleWebKit/537.36 (KHTML, like Gecko; compatible; GPTBot/1.4; +https://openai.com/gptbot)"
3.218.103.254 - - [29/Aug/2026:03:48:40 +0000] "GET /wp-content/plugins/elementor-pro/modules/notes/editor-one-menu-items/?C=D;O%3DD HTTP/1.1" 200 443 "-" "Mozilla/5.0 AppleWebKit/537.36 (KHTML, like Gecko; compatible; Amazonbot/0.1; +https://developer.amazon.com/support/amazonbot) Chrome/119.0.6045.214 Safari/537.36"
74.7.227.5 - - [29/Aug/2026:03:48:41 +0000] "GET /wp-json/wp/v2/properties/24631 HTTP/1.1" 200 2415 "https://staging.syraqarat.com/property/%d8%b4%d9%82%d8%a9-%d9%84%d9%84%d8%a8%d9%8a%d8%b9-%d8%a8%d9%8a%d8%aa-%d8%a7%d9%84%d8%b7%d9%88%d9%8a%d9%84-2/" "Mozilla/5.0 AppleWebKit/537.36 (KHTML, like Gecko; compatible; GPTBot/1.4; +https://openai.com/gptbot)"
72.167.149.90 - - [29/Aug/2026:03:48:44 +0000] "POST /wp-cron.php?doing_wp_cron=1787975323.0561439990997314453125 HTTP/1.1" 499 0 "-" "WordPress/7.1; https://staging.syraqarat.com/ar"
74.7.227.5 - - [29/Aug/2026:03:48:44 +0000] "GET /ar/wp-json/oembed/1.0/embed?format=xml&url=https%3A%2F%2Fstaging.syraqarat.com%2Far%2Fproperty%2F%25d8%25b4%25d9%2582%25d8%25a9-%25d9%2584%25d9%2584%25d8%25a8%25d9%258a%25d8%25b9-%25d8%25ad%25d9%2585%25d8%25b5-%25d8%25b4%25d8%25a7%25d8%25b1-%25d8%25b9-%25d8%25a7%25d9%2584%25d8%25ae%25d8%25b6%25d8%25b1%25d9%258a%2F HTTP/1.1" 200 1267 "https://staging.syraqarat.com/ar/property/%d8%b4%d9%82%d8%a9-%d9%84%d9%84%d8%a8%d9%8a%d8%b9-%d8%ad%d9%85%d8%b5-%d8%b4%d8%a7%d8%b1-%d8%b9-%d8%a7%d9%84%d8%ae%d8%b6%d8%b1%d9%8a/" "Mozilla/5.0 AppleWebKit/537.36 (KHTML, like Gecko; compatible; GPTBot/1.4; +https://openai.com/gptbot)"
50.19.221.48 - - [29/Aug/2026:03:48:45 +0000] "GET /wp-content/plugins/elementor/modules/home/transformations/base/?C=M;O%3DA HTTP/1.1" 200 438 "-" "Mozilla/5.0 AppleWebKit/537.36 (KHTML, like Gecko; compatible; Amazonbot/0.1; +https://developer.amazon.com/support/amazonbot) Chrome/119.0.6045.214 Safari/537.36"
74.7.227.5 - - [29/Aug/2026:03:48:45 +0000] "GET /ar/wp-json/wp/v2/properties/24613 HTTP/1.1" 200 2586 "https://staging.syraqarat.com/ar/property/%d8%b4%d9%82%d8%a9-%d9%84%d9%84%d8%a8%d9%8a%d8%b9-%d8%ad%d9%85%d8%b5-%d8%b4%d8%a7%d8%b1-%d8%b9-%d8%a7%d9%84%d8%ae%d8%b6%d8%b1%d9%8a/" "Mozilla/5.0 AppleWebKit/537.36 (KHTML, like Gecko; compatible; GPTBot/1.4; +https://openai.com/gptbot)"
72.167.149.90 - - [29/Aug/2026:03:48:47 +0000] "POST /wp-cron.php?doing_wp_cron=1787975326.8555300235748291015625 HTTP/1.1" 499 0 "-" "WordPress/7.1; https://staging.syraqarat.com/ar"
74.7.227.5 - - [29/Aug/2026:03:48:47 +0000] "GET /ar/wp-json/oembed/1.0/embed?url=https%3A%2F%2Fstaging.syraqarat.com%2Far%2Fproperty%2F%25d8%25b4%25d9%2582%25d8%25a9-%25d9%2584%25d9%2584%25d8%25a8%25d9%258a%25d8%25b9-%25d8%25ad%25d9%2585%25d8%25b5-%25d8%25b4%25d8%25a7%25d8%25b1-%25d8%25b9-%25d8%25a7%25d9%2584%25d8%25ae%25d8%25b6%25d8%25b1%25d9%258a%2F HTTP/1.1" 200 1227 "https://staging.syraqarat.com/ar/property/%d8%b4%d9%82%d8%a9-%d9%84%d9%84%d8%a8%d9%8a%d8%b9-%d8%ad%d9%85%d8%b5-%d8%b4%d8%a7%d8%b1-%d8%b9-%d8%a7%d9%84%d8%ae%d8%b6%d8%b1%d9%8a/" "Mozilla/5.0 AppleWebKit/537.36 (KHTML, like Gecko; compatible; GPTBot/1.4; +https://openai.com/gptbot)"
74.7.227.5 - - [29/Aug/2026:03:48:49 +0000] "GET /wp-json/oembed/1.0/embed?url=https%3A%2F%2Fstaging.syraqarat.com%2Fproperty%2F%25d8%25b4%25d9%2582%25d8%25a9-%25d9%2584%25d9%2584%25d8%25a8%25d9%258a%25d8%25b9-%25d8%25a8%25d9%258a%25d8%25aa-%25d8%25a7%25d9%2584%25d8%25b7%25d9%2588%25d9%258a%25d9%2584-2%2F HTTP/1.1" 200 1203 "https://staging.syraqarat.com/property/%d8%b4%d9%82%d8%a9-%d9%84%d9%84%d8%a8%d9%8a%d8%b9-%d8%a8%d9%8a%d8%aa-%d8%a7%d9%84%d8%b7%d9%88%d9%8a%d9%84-2/" "Mozilla/5.0 AppleWebKit/537.36 (KHTML, like Gecko; compatible; GPTBot/1.4; +https://openai.com/gptbot)"
54.84.147.79 - - [29/Aug/2026:03:48:51 +0000] "GET /wp-content/plugins/elementor/core/utils/api/?C=D;O%3DD HTTP/1.1" 200 478 "-" "Mozilla/5.0 AppleWebKit/537.36 (KHTML, like Gecko; compatible; Amazonbot/0.1; +https://developer.amazon.com/support/amazonbot) Chrome/119.0.6045.214 Safari/537.36"
