17.166.24.103 - - [02/Sep/2026:03:02:55 +0000] "GET /wp-content/themes/porto/js/woocommerce-theme.js?ver=7.7.2 HTTP/1.1" 200 22308 "https://uslconsultation.com/" "Mozilla/5.0 (Macintosh; Intel Mac OS X 10_15_7) AppleWebKit/605.1.15 (KHTML, like Gecko) Version/17.4 Safari/605.1.15 (Applebot/0.1; +http://www.apple.com/go/applebot)"
17.166.24.103 - - [02/Sep/2026:03:02:56 +0000] "GET /wp-content/plugins/porto-functionality/shortcodes/assets/js/porto-cursor-effect.min.js?ver=3.7.2 HTTP/1.1" 200 1733 "https://uslconsultation.com/" "Mozilla/5.0 (Macintosh; Intel Mac OS X 10_15_7) AppleWebKit/605.1.15 (KHTML, like Gecko) Version/17.4 Safari/605.1.15 (Applebot/0.1; +http://www.apple.com/go/applebot)"
17.166.24.103 - - [02/Sep/2026:03:02:57 +0000] "GET /wp-content/plugins/porto-functionality/shortcodes/assets/js/float-element.min.js?ver=3.7.2 HTTP/1.1" 200 1026 "https://uslconsultation.com/" "Mozilla/5.0 (Macintosh; Intel Mac OS X 10_15_7) AppleWebKit/605.1.15 (KHTML, like Gecko) Version/17.4 Safari/605.1.15 (Applebot/0.1; +http://www.apple.com/go/applebot)"
17.166.24.218 - - [02/Sep/2026:03:02:58 +0000] "GET /wp-content/themes/porto/js/libs/skrollr.min.js?ver=0.6.30 HTTP/1.1" 200 5619 "https://uslconsultation.com/" "Mozilla/5.0 (Macintosh; Intel Mac OS X 10_15_7) AppleWebKit/605.1.15 (KHTML, like Gecko) Version/17.4 Safari/605.1.15 (Applebot/0.1; +http://www.apple.com/go/applebot)"
17.166.24.218 - - [02/Sep/2026:03:02:59 +0000] "GET /wp-content/themes/porto/js/bg-parallax.js?ver=7.7.2 HTTP/1.1" 200 1862 "https://uslconsultation.com/" "Mozilla/5.0 (Macintosh; Intel Mac OS X 10_15_7) AppleWebKit/605.1.15 (KHTML, like Gecko) Version/17.4 Safari/605.1.15 (Applebot/0.1; +http://www.apple.com/go/applebot)"
17.166.24.103 - - [02/Sep/2026:03:03:00 +0000] "GET /wp-content/plugins/porto-functionality/shortcodes/assets/js/map-loader.min.js?ver=3.7.2 HTTP/1.1" 200 548 "https://uslconsultation.com/" "Mozilla/5.0 (Macintosh; Intel Mac OS X 10_15_7) AppleWebKit/605.1.15 (KHTML, like Gecko) Version/17.4 Safari/605.1.15 (Applebot/0.1; +http://www.apple.com/go/applebot)"
17.166.24.218 - - [02/Sep/2026:03:03:01 +0000] "GET /wp-content/plugins/elementor-pro/assets/js/webpack-pro.runtime.min.js?ver=4.2.3 HTTP/1.1" 200 2844 "https://uslconsultation.com/" "Mozilla/5.0 (Macintosh; Intel Mac OS X 10_15_7) AppleWebKit/605.1.15 (KHTML, like Gecko) Version/17.4 Safari/605.1.15 (Applebot/0.1; +http://www.apple.com/go/applebot)"
17.166.24.103 - - [02/Sep/2026:03:03:02 +0000] "GET /wp-content/plugins/elementor-pro/assets/js/frontend.min.js?ver=4.2.3 HTTP/1.1" 200 6481 "https://uslconsultation.com/" "Mozilla/5.0 (Macintosh; Intel Mac OS X 10_15_7) AppleWebKit/605.1.15 (KHTML, like Gecko) Version/17.4 Safari/605.1.15 (Applebot/0.1; +http://www.apple.com/go/applebot)"
17.166.24.103 - - [02/Sep/2026:03:03:03 +0000] "GET /wp-content/plugins/elementor-pro/assets/js/elements-handlers.min.js?ver=4.2.3 HTTP/1.1" 200 10661 "https://uslconsultation.com/" "Mozilla/5.0 (Macintosh; Intel Mac OS X 10_15_7) AppleWebKit/605.1.15 (KHTML, like Gecko) Version/17.4 Safari/605.1.15 (Applebot/0.1; +http://www.apple.com/go/applebot)"
17.166.24.218 - - [02/Sep/2026:03:03:04 +0000] "GET /wp-content/plugins/revslider/public/js/libs/tptools.js?ver=6.7.39 HTTP/1.1" 200 75409 "https://uslconsultation.com/" "Mozilla/5.0 (Macintosh; Intel Mac OS X 10_15_7) AppleWebKit/605.1.15 (KHTML, like Gecko) Version/17.4 Safari/605.1.15 (Applebot/0.1; +http://www.apple.com/go/applebot)"
17.166.24.103 - - [02/Sep/2026:03:03:05 +0000] "GET /wp-content/plugins/revslider/public/js/sr7.js?ver=6.7.39 HTTP/1.1" 200 97081 "https://uslconsultation.com/" "Mozilla/5.0 (Macintosh; Intel Mac OS X 10_15_7) AppleWebKit/605.1.15 (KHTML, like Gecko) Version/17.4 Safari/605.1.15 (Applebot/0.1; +http://www.apple.com/go/applebot)"
17.166.24.218 - - [02/Sep/2026:03:03:07 +0000] "GET /wp-content/themes/porto/js/libs/jquery.magnific-popup.min.js?ver=1.1.0 HTTP/1.1" 200 7382 "https://uslconsultation.com/" "Mozilla/5.0 (Macintosh; Intel Mac OS X 10_15_7) AppleWebKit/605.1.15 (KHTML, like Gecko) Version/17.4 Safari/605.1.15 (Applebot/0.1; +http://www.apple.com/go/applebot)"
17.166.24.103 - - [02/Sep/2026:03:03:08 +0000] "GET /wp-content/themes/porto/js/theme-async.js?ver=7.7.2 HTTP/1.1" 200 15921 "https://uslconsultation.com/" "Mozilla/5.0 (Macintosh; Intel Mac OS X 10_15_7) AppleWebKit/605.1.15 (KHTML, like Gecko) Version/17.4 Safari/605.1.15 (Applebot/0.1; +http://www.apple.com/go/applebot)"
17.166.24.103 - - [02/Sep/2026:03:03:09 +0000] "GET /wp-content/themes/porto/js/post-ajax-modal.min.js?ver=7.7.2 HTTP/1.1" 200 1597 "https://uslconsultation.com/" "Mozilla/5.0 (Macintosh; Intel Mac OS X 10_15_7) AppleWebKit/605.1.15 (KHTML, like Gecko) Version/17.4 Safari/605.1.15 (Applebot/0.1; +http://www.apple.com/go/applebot)"
17.166.24.103 - - [02/Sep/2026:03:03:10 +0000] "GET /wp-content/themes/porto/js/member-async.min.js?ver=7.7.2 HTTP/1.1" 200 1057 "https://uslconsultation.com/" "Mozilla/5.0 (Macintosh; Intel Mac OS X 10_15_7) AppleWebKit/605.1.15 (KHTML, like Gecko) Version/17.4 Safari/605.1.15 (Applebot/0.1; +http://www.apple.com/go/applebot)"
17.166.24.218 - - [02/Sep/2026:03:03:11 +0000] "GET /wp-content/plugins/elementor/assets/js/section-frontend-handlers.d85ab872da118940910d.bundle.min.js HTTP/1.1" 200 281 "https://uslconsultation.com/" "Mozilla/5.0 (Macintosh; Intel Mac OS X 10_15_7) AppleWebKit/605.1.15 (KHTML, like Gecko) Version/17.4 Safari/605.1.15 (Applebot/0.1; +http://www.apple.com/go/applebot)"
17.166.24.218 - - [02/Sep/2026:03:03:12 +0000] "GET /wp-content/plugins/elementor/assets/js/shared-frontend-handlers.03caa53373b56d3bab67.bundle.min.js HTTP/1.1" 200 2672 "https://uslconsultation.com/" "Mozilla/5.0 (Macintosh; Intel Mac OS X 10_15_7) AppleWebKit/605.1.15 (KHTML, like Gecko) Version/17.4 Safari/605.1.15 (Applebot/0.1; +http://www.apple.com/go/applebot)"
17.166.24.218 - - [02/Sep/2026:03:03:13 +0000] "GET /wp-content/plugins/elementor/assets/js/progress.0ea083b809812c0e3aa1.bundle.min.js HTTP/1.1" 200 469 "https://uslconsultation.com/" "Mozilla/5.0 (Macintosh; Intel Mac OS X 10_15_7) AppleWebKit/605.1.15 (KHTML, like Gecko) Version/17.4 Safari/605.1.15 (Applebot/0.1; +http://www.apple.com/go/applebot)"
17.166.24.103 - - [02/Sep/2026:03:03:14 +0000] "GET /wp-includes/js/wp-emoji-release.min.js?ver=7.1 HTTP/1.1" 200 5498 "https://uslconsultation.com/" "Mozilla/5.0 (Macintosh; Intel Mac OS X 10_15_7) AppleWebKit/605.1.15 (KHTML, like Gecko) Version/17.4 Safari/605.1.15 (Applebot/0.1; +http://www.apple.com/go/applebot)"
17.166.24.103 - - [02/Sep/2026:03:03:15 +0000] "GET /wp-content/themes/porto/js/portfolio-async.min.js?ver=7.7.2 HTTP/1.1" 200 1335 "https://uslconsultation.com/" "Mozilla/5.0 (Macintosh; Intel Mac OS X 10_15_7) AppleWebKit/605.1.15 (KHTML, like Gecko) Version/17.4 Safari/605.1.15 (Applebot/0.1; +http://www.apple.com/go/applebot)"
17.166.24.218 - - [02/Sep/2026:03:03:16 +0000] "GET /wp-content/themes/porto/js/libs/webfont.js HTTP/1.1" 200 5452 "https://uslconsultation.com/" "Mozilla/5.0 (Macintosh; Intel Mac OS X 10_15_7) AppleWebKit/605.1.15 (KHTML, like Gecko) Version/17.4 Safari/605.1.15 (Applebot/0.1; +http://www.apple.com/go/applebot)"
17.166.22.150 - - [02/Sep/2026:03:03:19 +0000] "GET /wp-content/themes/porto/css/part/media-mobile-sidebar.css?ver=7.7.2 HTTP/1.1" 200 526 "https://uslconsultation.com/" "Mozilla/5.0 (Macintosh; Intel Mac OS X 10_15_7) AppleWebKit/605.1.15 (KHTML, like Gecko) Version/17.4 Safari/605.1.15 (Applebot/0.1; +http://www.apple.com/go/applebot)"
17.166.24.64 - - [02/Sep/2026:03:03:22 +0000] "POST /?wc-ajax=get_refreshed_fragments HTTP/1.1" 200 589 "https://uslconsultation.com/" "Mozilla/5.0 (Macintosh; Intel Mac OS X 10_15_7) AppleWebKit/605.1.15 (KHTML, like Gecko) Version/17.4 Safari/605.1.15 (Applebot/0.1; +http://www.apple.com/go/applebot)"
72.167.149.90 - - [02/Sep/2026:03:03:22 +0000] "POST /wp-cron.php?doing_wp_cron=1788318201.3112928867340087890625 HTTP/1.1" 499 0 "-" "WordPress/7.1; https://uslconsultation.com"
17.166.24.103 - - [02/Sep/2026:03:03:22 +0000] "GET /wp-json/contact-form-7/v1/contact-forms/324/feedback/schema HTTP/1.1" 200 251 "https://uslconsultation.com/" "Mozilla/5.0 (Macintosh; Intel Mac OS X 10_15_7) AppleWebKit/605.1.15 (KHTML, like Gecko) Version/17.4 Safari/605.1.15 (Applebot/0.1; +http://www.apple.com/go/applebot)"
17.166.24.218 - - [02/Sep/2026:03:03:23 +0000] "GET /wp-json/contact-form-7/v1/contact-forms/324/refill HTTP/1.1" 200 33 "https://uslconsultation.com/" "Mozilla/5.0 (Macintosh; Intel Mac OS X 10_15_7) AppleWebKit/605.1.15 (KHTML, like Gecko) Version/17.4 Safari/605.1.15 (Applebot/0.1; +http://www.apple.com/go/applebot)"
72.167.149.90 - - [02/Sep/2026:03:04:22 +0000] "POST /wp-cron.php?doing_wp_cron=1788318261.1622180938720703125000 HTTP/1.1" 499 0 "-" "WordPress/7.1; https://uslconsultation.com"
57.141.14.38 - - [02/Sep/2026:03:04:22 +0000] "GET /category/franchise-licensing/ HTTP/1.1" 200 55161 "-" "Mozilla/5.0 (Windows NT 10.0; Win64; x64) AppleWebKit/537.36 (KHTML, like Gecko) Chrome/145.0.0.0 Safari/537.36 (compatible; meta-externalagent/1.1 (+https://developers.facebook.com/docs/sharing/webmasters/crawler))"
72.167.149.90 - - [02/Sep/2026:03:06:22 +0000] "POST /wp-cron.php?doing_wp_cron=1788318381.7129209041595458984375 HTTP/1.1" 499 0 "-" "WordPress/7.1; https://uslconsultation.com"
196.249.229.22 - - [02/Sep/2026:03:06:22 +0000] "POST /xmlrpc.php HTTP/1.1" 200 415 "-" "Jetpack/12.0; WordPress/6.3; http://site37129905.com"
196.249.229.22 - - [02/Sep/2026:03:06:35 +0000] "POST /xmlrpc.php HTTP/1.1" 499 0 "-" "Jetpack/12.1; WordPress/6.4; http://site99652989.com"
196.249.229.22 - - [02/Sep/2026:03:06:46 +0000] "POST /xmlrpc.php HTTP/1.1" 499 0 "-" "Jetpack by WordPress.com (Jetpack 12.0; WordPress 6.2)"
196.249.229.22 - - [02/Sep/2026:03:06:54 +0000] "POST /xmlrpc.php HTTP/1.1" 200 415 "-" "Jetpack by WordPress.com (Jetpack 12.0; WordPress 6.1)"
196.249.229.22 - - [02/Sep/2026:03:07:07 +0000] "POST /xmlrpc.php HTTP/1.1" 499 0 "-" "Jetpack/12.5; WordPress/6.1; http://site19114537.com"
72.167.149.90 - - [02/Sep/2026:03:07:08 +0000] "POST /wp-cron.php?doing_wp_cron=1788318427.5995368957519531250000 HTTP/1.1" 499 0 "-" "WordPress/7.1; https://uslconsultation.com"
196.249.229.22 - - [02/Sep/2026:03:07:15 +0000] "POST /xmlrpc.php HTTP/1.1" 499 0 "-" "WordPress.com; https://wordpress.com"
196.249.229.22 - - [02/Sep/2026:03:07:27 +0000] "POST /xmlrpc.php HTTP/1.1" 499 0 "-" "Jetpack by WordPress.com (Jetpack 12.5; WordPress 6.4)"
72.167.149.90 - - [02/Sep/2026:03:07:36 +0000] "POST /wp-cron.php?doing_wp_cron=1788318455.3747899532318115234375 HTTP/1.1" 499 0 "-" "WordPress/7.1; https://uslconsultation.com"
196.249.229.22 - - [02/Sep/2026:03:07:36 +0000] "POST /xmlrpc.php HTTP/1.1" 200 415 "-" "WordPress.com; https://wordpress.com"
196.249.229.22 - - [02/Sep/2026:03:07:45 +0000] "POST /xmlrpc.php HTTP/1.1" 200 415 "-" "Jetpack by WordPress.com"
196.249.229.22 - - [02/Sep/2026:03:07:56 +0000] "POST /xmlrpc.php HTTP/1.1" 200 415 "-" "Jetpack/12.1; WordPress/6.4; http://site63975638.com"
72.167.149.90 - - [02/Sep/2026:03:08:06 +0000] "POST /wp-cron.php?doing_wp_cron=1788318485.9185509681701660156250 HTTP/1.1" 499 0 "-" "WordPress/7.1; https://uslconsultation.com"
196.249.229.22 - - [02/Sep/2026:03:08:07 +0000] "POST /xmlrpc.php HTTP/1.1" 200 415 "-" "Jetpack by WordPress.com"
196.249.229.22 - - [02/Sep/2026:03:08:19 +0000] "POST /xmlrpc.php HTTP/1.1" 499 0 "-" "Jetpack by WordPress.com"
196.249.229.22 - - [02/Sep/2026:03:08:29 +0000] "POST /xmlrpc.php HTTP/1.1" 200 415 "-" "Jetpack/12.1; WordPress/6.1; http://site72460691.com"
196.249.229.22 - - [02/Sep/2026:03:08:38 +0000] "POST /xmlrpc.php HTTP/1.1" 200 415 "-" "Jetpack/12.0; WordPress/6.3; http://site96386454.com"
196.249.229.22 - - [02/Sep/2026:03:08:47 +0000] "POST /xmlrpc.php HTTP/1.1" 200 415 "-" "Jetpack by WordPress.com (Jetpack 12.5; WordPress 6.2)"
196.249.229.22 - - [02/Sep/2026:03:08:58 +0000] "POST /xmlrpc.php HTTP/1.1" 200 415 "-" "Jetpack/12.1; WordPress/6.3; http://site30608487.com"
196.249.229.22 - - [02/Sep/2026:03:09:11 +0000] "POST /xmlrpc.php HTTP/1.1" 499 0 "-" "Jetpack by WordPress.com (Jetpack 13.0; WordPress 6.3)"
72.167.149.90 - - [02/Sep/2026:03:09:12 +0000] "POST /wp-cron.php?doing_wp_cron=1788318551.3399400711059570312500 HTTP/1.1" 499 0 "-" "WordPress/7.1; https://uslconsultation.com"
196.249.229.22 - - [02/Sep/2026:03:09:21 +0000] "POST /xmlrpc.php HTTP/1.1" 200 415 "-" "Jetpack/12.5; WordPress/6.1; http://site91940348.com"
196.249.229.22 - - [02/Sep/2026:03:09:30 +0000] "POST /xmlrpc.php HTTP/1.1" 200 415 "-" "Jetpack by WordPress.com (Jetpack 12.1; WordPress 6.4)"
196.249.229.22 - - [02/Sep/2026:03:09:40 +0000] "POST /xmlrpc.php HTTP/1.1" 200 415 "-" "Jetpack by WordPress.com (Jetpack 12.0; WordPress 6.2)"
196.249.229.22 - - [02/Sep/2026:03:09:51 +0000] "POST /xmlrpc.php HTTP/1.1" 200 415 "-" "Jetpack/13.0; WordPress/6.1; http://site33424852.com"
196.249.229.22 - - [02/Sep/2026:03:10:03 +0000] "POST /xmlrpc.php HTTP/1.1" 499 0 "-" "Jetpack by WordPress.com (Jetpack 12.0; WordPress 6.3)"
72.167.149.90 - - [02/Sep/2026:03:10:06 +0000] "POST /wp-cron.php?doing_wp_cron=1788318605.4405241012573242187500 HTTP/1.1" 499 0 "-" "WordPress/7.1; https://uslconsultation.com"
196.249.229.22 - - [02/Sep/2026:03:10:15 +0000] "POST /xmlrpc.php HTTP/1.1" 499 0 "-" "Jetpack by WordPress.com (Jetpack 13.0; WordPress 6.4)"
196.249.229.22 - - [02/Sep/2026:03:10:25 +0000] "POST /xmlrpc.php HTTP/1.1" 200 415 "-" "Jetpack/13.0; WordPress/6.4; http://site35414597.com"
196.249.229.22 - - [02/Sep/2026:03:10:35 +0000] "POST /xmlrpc.php HTTP/1.1" 499 0 "-" "Jetpack/12.0; WordPress/6.4; http://site96182285.com"
38.147.104.201 - - [02/Sep/2026:03:10:44 +0000] "GET / HTTP/1.1" 200 68950 "-" "Mozilla/5.0 (compatible; KeyScanner/1.0)"
196.249.229.22 - - [02/Sep/2026:03:10:46 +0000] "POST /xmlrpc.php HTTP/1.1" 200 415 "-" "Jetpack by WordPress.com (Jetpack 12.1; WordPress 6.1)"
196.249.229.22 - - [02/Sep/2026:03:10:55 +0000] "POST /xmlrpc.php HTTP/1.1" 200 415 "-" "Jetpack by WordPress.com"
72.167.149.90 - - [02/Sep/2026:03:11:06 +0000] "POST /wp-cron.php?doing_wp_cron=1788318665.5306069850921630859375 HTTP/1.1" 499 0 "-" "WordPress/7.1; https://uslconsultation.com"
196.249.229.22 - - [02/Sep/2026:03:11:06 +0000] "POST /xmlrpc.php HTTP/1.1" 200 415 "-" "WordPress.com; https://wordpress.com"
196.249.229.22 - - [02/Sep/2026:03:11:18 +0000] "POST /xmlrpc.php HTTP/1.1" 200 415 "-" "Jetpack/12.5; WordPress/6.2; http://site99060522.com"
196.249.229.22 - - [02/Sep/2026:03:11:27 +0000] "POST /xmlrpc.php HTTP/1.1" 499 0 "-" "Jetpack by WordPress.com (Jetpack 13.0; WordPress 6.1)"
196.249.229.22 - - [02/Sep/2026:03:11:41 +0000] "POST /xmlrpc.php HTTP/1.1" 499 0 "-" "WordPress.com; https://wordpress.com"
196.249.229.22 - - [02/Sep/2026:03:11:50 +0000] "POST /xmlrpc.php HTTP/1.1" 200 415 "-" "Jetpack by WordPress.com"
196.249.229.22 - - [02/Sep/2026:03:11:59 +0000] "POST /xmlrpc.php HTTP/1.1" 499 0 "-" "Jetpack/12.0; WordPress/6.4; http://site28052851.com"
196.249.229.22 - - [02/Sep/2026:03:12:12 +0000] "POST /xmlrpc.php HTTP/1.1" 499 0 "-" "Jetpack by WordPress.com (Jetpack 12.5; WordPress 6.3)"
72.167.149.90 - - [02/Sep/2026:03:12:14 +0000] "POST /wp-cron.php?doing_wp_cron=1788318733.7898519039154052734375 HTTP/1.1" 499 0 "-" "WordPress/7.1; https://uslconsultation.com"
196.249.229.22 - - [02/Sep/2026:03:12:21 +0000] "POST /xmlrpc.php HTTP/1.1" 200 415 "-" "Jetpack by WordPress.com"
196.249.229.22 - - [02/Sep/2026:03:12:31 +0000] "POST /xmlrpc.php HTTP/1.1" 499 0 "-" "Jetpack by WordPress.com (Jetpack 12.0; WordPress 6.2)"
196.249.229.22 - - [02/Sep/2026:03:12:43 +0000] "POST /xmlrpc.php HTTP/1.1" 499 0 "-" "Jetpack by WordPress.com (Jetpack 13.0; WordPress 6.4)"
196.249.229.22 - - [02/Sep/2026:03:12:53 +0000] "POST /xmlrpc.php HTTP/1.1" 200 415 "-" "WordPress.com; https://wordpress.com"
72.167.149.90 - - [02/Sep/2026:03:13:04 +0000] "POST /wp-cron.php?doing_wp_cron=1788318783.4588470458984375000000 HTTP/1.1" 499 0 "-" "WordPress/7.1; https://uslconsultation.com"
196.249.229.22 - - [02/Sep/2026:03:13:04 +0000] "POST /xmlrpc.php HTTP/1.1" 200 415 "-" "Jetpack by WordPress.com"
196.249.229.22 - - [02/Sep/2026:03:13:36 +0000] "POST /xmlrpc.php HTTP/1.1" 200 415 "-" "Jetpack by WordPress.com (Jetpack 12.0; WordPress 6.3)"
196.249.229.22 - - [02/Sep/2026:03:13:50 +0000] "POST /xmlrpc.php HTTP/1.1" 200 415 "-" "Jetpack/12.1; WordPress/6.4; http://site78370630.com"
72.167.149.90 - - [02/Sep/2026:03:14:06 +0000] "POST /wp-cron.php?doing_wp_cron=1788318845.7769000530242919921875 HTTP/1.1" 499 0 "-" "WordPress/7.1; https://uslconsultation.com"
196.249.229.22 - - [02/Sep/2026:03:14:06 +0000] "POST /xmlrpc.php HTTP/1.1" 200 415 "-" "WordPress.com; https://wordpress.com"
196.249.229.22 - - [02/Sep/2026:03:14:14 +0000] "POST /xmlrpc.php HTTP/1.1" 200 415 "-" "Jetpack by WordPress.com"
196.249.229.22 - - [02/Sep/2026:03:14:24 +0000] "POST /xmlrpc.php HTTP/1.1" 200 415 "-" "WordPress.com; https://wordpress.com"
196.249.229.22 - - [02/Sep/2026:03:14:35 +0000] "POST /xmlrpc.php HTTP/1.1" 200 415 "-" "Jetpack/12.5; WordPress/6.2; http://site34453256.com"
196.249.229.22 - - [02/Sep/2026:03:14:46 +0000] "POST /xmlrpc.php HTTP/1.1" 200 415 "-" "Jetpack by WordPress.com"
196.249.229.22 - - [02/Sep/2026:03:14:55 +0000] "POST /xmlrpc.php HTTP/1.1" 200 415 "-" "Jetpack/12.1; WordPress/6.1; http://site61688836.com"
72.167.149.90 - - [02/Sep/2026:03:15:09 +0000] "POST /wp-cron.php?doing_wp_cron=1788318908.9473860263824462890625 HTTP/1.1" 499 0 "-" "WordPress/7.1; https://uslconsultation.com"
196.249.229.22 - - [02/Sep/2026:03:15:10 +0000] "POST /xmlrpc.php HTTP/1.1" 200 415 "-" "Jetpack/13.0; WordPress/6.4; http://site85957988.com"
195.177.94.141 - - [02/Sep/2026:03:15:10 +0000] "GET /wp-admin/admin-ajax.php?action=wdpsso_step1&redirect= HTTP/1.1" 400 11 "-" "Mozilla/5.0 (Windows NT 10.0; Win64; x64) AppleWebKit/537.36 (KHTML, like Gecko) Chrome/120.0.0.0 Safari/537.36"
196.249.229.22 - - [02/Sep/2026:03:15:19 +0000] "POST /xmlrpc.php HTTP/1.1" 499 0 "-" "Jetpack by WordPress.com (Jetpack 12.1; WordPress 6.4)"
196.249.229.22 - - [02/Sep/2026:03:15:31 +0000] "POST /xmlrpc.php HTTP/1.1" 499 0 "-" "Jetpack by WordPress.com (Jetpack 12.5; WordPress 6.3)"
196.249.229.22 - - [02/Sep/2026:03:15:42 +0000] "POST /xmlrpc.php HTTP/1.1" 200 415 "-" "Jetpack by WordPress.com"
196.249.229.22 - - [02/Sep/2026:03:15:49 +0000] "POST /xmlrpc.php HTTP/1.1" 200 415 "-" "Jetpack by WordPress.com (Jetpack 12.1; WordPress 6.1)"
72.167.149.90 - - [02/Sep/2026:03:16:02 +0000] "POST /wp-cron.php?doing_wp_cron=1788318961.6295800209045410156250 HTTP/1.1" 499 0 "-" "WordPress/7.1; https://uslconsultation.com"
196.249.229.22 - - [02/Sep/2026:03:16:02 +0000] "POST /xmlrpc.php HTTP/1.1" 200 415 "-" "Jetpack/13.0; WordPress/6.2; http://site92362663.com"
196.249.229.22 - - [02/Sep/2026:03:16:12 +0000] "POST /xmlrpc.php HTTP/1.1" 200 415 "-" "WordPress.com; https://wordpress.com"
196.249.229.22 - - [02/Sep/2026:03:16:23 +0000] "POST /xmlrpc.php HTTP/1.1" 499 0 "-" "WordPress.com; https://wordpress.com"
196.249.229.22 - - [02/Sep/2026:03:16:36 +0000] "POST /xmlrpc.php HTTP/1.1" 200 415 "-" "Jetpack by WordPress.com"
196.249.229.22 - - [02/Sep/2026:03:16:45 +0000] "POST /xmlrpc.php HTTP/1.1" 200 415 "-" "Jetpack by WordPress.com"
196.249.229.22 - - [02/Sep/2026:03:16:57 +0000] "POST /xmlrpc.php HTTP/1.1" 200 415 "-" "WordPress.com; https://wordpress.com"
196.249.229.22 - - [02/Sep/2026:03:17:07 +0000] "POST /xmlrpc.php HTTP/1.1" 499 0 "-" "Jetpack/12.0; WordPress/6.4; http://site92850398.com"
72.167.149.90 - - [02/Sep/2026:03:17:07 +0000] "POST /wp-cron.php?doing_wp_cron=1788319026.8971130847930908203125 HTTP/1.1" 499 0 "-" "WordPress/7.1; https://uslconsultation.com"
196.249.229.22 - - [02/Sep/2026:03:17:16 +0000] "POST /xmlrpc.php HTTP/1.1" 200 415 "-" "Jetpack by WordPress.com"
196.249.229.22 - - [02/Sep/2026:03:17:25 +0000] "POST /xmlrpc.php HTTP/1.1" 200 415 "-" "Jetpack by WordPress.com (Jetpack 13.0; WordPress 6.4)"
196.249.229.22 - - [02/Sep/2026:03:17:37 +0000] "POST /xmlrpc.php HTTP/1.1" 200 415 "-" "WordPress.com; https://wordpress.com"
196.249.229.22 - - [02/Sep/2026:03:17:46 +0000] "POST /xmlrpc.php HTTP/1.1" 200 415 "-" "WordPress.com; https://wordpress.com"
196.249.229.22 - - [02/Sep/2026:03:17:57 +0000] "POST /xmlrpc.php HTTP/1.1" 200 415 "-" "Jetpack by WordPress.com (Jetpack 12.1; WordPress 6.3)"
72.167.149.90 - - [02/Sep/2026:03:18:10 +0000] "POST /wp-cron.php?doing_wp_cron=1788319089.2474930286407470703125 HTTP/1.1" 499 0 "-" "WordPress/7.1; https://uslconsultation.com"
196.249.229.22 - - [02/Sep/2026:03:18:10 +0000] "POST /xmlrpc.php HTTP/1.1" 200 415 "-" "WordPress.com; https://wordpress.com"
196.249.229.22 - - [02/Sep/2026:03:18:17 +0000] "POST /xmlrpc.php HTTP/1.1" 200 415 "-" "Jetpack by WordPress.com"
196.249.229.22 - - [02/Sep/2026:03:18:30 +0000] "POST /xmlrpc.php HTTP/1.1" 200 415 "-" "Jetpack by WordPress.com (Jetpack 12.1; WordPress 6.2)"
196.249.229.22 - - [02/Sep/2026:03:18:40 +0000] "POST /xmlrpc.php HTTP/1.1" 200 415 "-" "WordPress.com; https://wordpress.com"
196.249.229.22 - - [02/Sep/2026:03:18:49 +0000] "POST /xmlrpc.php HTTP/1.1" 200 415 "-" "WordPress.com; https://wordpress.com"
196.249.229.22 - - [02/Sep/2026:03:19:00 +0000] "POST /xmlrpc.php HTTP/1.1" 200 415 "-" "Jetpack by WordPress.com (Jetpack 13.0; WordPress 6.1)"
72.167.149.90 - - [02/Sep/2026:03:19:11 +0000] "POST /wp-cron.php?doing_wp_cron=1788319150.7697219848632812500000 HTTP/1.1" 499 0 "-" "WordPress/7.1; https://uslconsultation.com"
196.249.229.22 - - [02/Sep/2026:03:19:11 +0000] "POST /xmlrpc.php HTTP/1.1" 200 415 "-" "Jetpack by WordPress.com"
196.249.229.22 - - [02/Sep/2026:03:19:22 +0000] "POST /xmlrpc.php HTTP/1.1" 200 415 "-" "Jetpack by WordPress.com (Jetpack 12.5; WordPress 6.3)"
196.249.229.22 - - [02/Sep/2026:03:19:31 +0000] "POST /xmlrpc.php HTTP/1.1" 200 415 "-" "WordPress.com; https://wordpress.com"
196.249.229.22 - - [02/Sep/2026:03:19:45 +0000] "POST /xmlrpc.php HTTP/1.1" 200 415 "-" "Jetpack/12.1; WordPress/6.2; http://site57623690.com"
196.249.229.22 - - [02/Sep/2026:03:19:58 +0000] "POST /xmlrpc.php HTTP/1.1" 200 415 "-" "Jetpack/12.1; WordPress/6.1; http://site11694411.com"
72.167.149.90 - - [02/Sep/2026:03:20:11 +0000] "POST /wp-cron.php?doing_wp_cron=1788319210.8305280208587646484375 HTTP/1.1" 499 0 "-" "WordPress/7.1; https://uslconsultation.com"
196.249.229.22 - - [02/Sep/2026:03:20:12 +0000] "POST /xmlrpc.php HTTP/1.1" 200 415 "-" "Jetpack/12.0; WordPress/6.3; http://site15925015.com"
72.167.149.90 - - [02/Sep/2026:03:27:45 +0000] "POST /wp-cron.php?doing_wp_cron=1788319663.9888830184936523437500 HTTP/1.1" 499 0 "-" "WordPress/7.1; https://uslconsultation.com"
216.73.217.142 - - [02/Sep/2026:03:27:45 +0000] "GET /robots.txt HTTP/1.1" 200 124 "-" "Mozilla/5.0 AppleWebKit/537.36 (KHTML, like Gecko; compatible; ClaudeBot/1.0; +claudebot@anthropic.com)"
216.73.217.142 - - [02/Sep/2026:03:27:47 +0000] "GET /sitemaps.xml HTTP/1.1" 200 284 "-" "Mozilla/5.0 AppleWebKit/537.36 (KHTML, like Gecko; compatible; ClaudeBot/1.0; +claudebot@anthropic.com)"
147.224.254.164 - - [02/Sep/2026:03:47:32 +0000] "GET /member/oliver-kayal HTTP/1.1" 499 0 "-" "Mozilla/5.0 (X11; Linux aarch64) AppleWebKit/537.36 (KHTML, like Gecko) Chrome/139.0.0.0 Safari/537.36"
72.167.149.90 - - [02/Sep/2026:03:47:37 +0000] "POST /wp-cron.php?doing_wp_cron=1788320856.0726130008697509765625 HTTP/1.1" 499 0 "-" "WordPress/7.1; https://uslconsultation.com"
72.167.149.90 - - [02/Sep/2026:03:49:52 +0000] "POST /wp-cron.php?doing_wp_cron=1788320991.9448568820953369140625 HTTP/1.1" 499 0 "-" "WordPress/7.1; https://uslconsultation.com"
147.224.254.164 - - [02/Sep/2026:03:49:53 +0000] "GET /member/oliver-kayal HTTP/1.1" 301 5 "-" "Mozilla/5.0 (X11; Linux aarch64) AppleWebKit/537.36 (KHTML, like Gecko) Chrome/139.0.0.0 Safari/537.36"
72.167.149.90 - - [02/Sep/2026:04:00:59 +0000] "GET /wp-content/uploads/2025/12/frustrated-business-people-and-laptop-with-stress-scaled-e1766360245100.jpg HTTP/1.1" 200 119657 "-" "-"
72.167.149.90 - - [02/Sep/2026:04:01:02 +0000] "POST /wp-cron.php?doing_wp_cron=1788321661.8538260459899902343750 HTTP/1.1" 499 0 "-" "WordPress/7.1; https://uslconsultation.com"
57.141.14.27 - - [02/Sep/2026:04:01:03 +0000] "GET /2025/12/21/common-mistakes-companies-make-before-scaling-internationally/ HTTP/1.1" 200 57729 "-" "Mozilla/5.0 (Windows NT 10.0; Win64; x64) AppleWebKit/537.36 (KHTML, like Gecko) Chrome/145.0.0.0 Safari/537.36 (compatible; meta-externalagent/1.1 (+https://developers.facebook.com/docs/sharing/webmasters/crawler))"
47.89.129.126 - - [02/Sep/2026:04:46:21 +0000] "GET / HTTP/1.1" 200 69132 "http://uslconsultation.com" "Mozilla/5.0 (iPhone; CPU iPhone OS 13_2_3 like Mac OS X) AppleWebKit/605.1.15 (KHTML, like Gecko) Version/13.0.3 Mobile/15E148 Safari/604.1"
129.146.78.72 - - [02/Sep/2026:05:09:08 +0000] "GET /wp-json/oembed/1.0/embed?url=https%3A%2F%2Fuslconsultation.com%2Fservice%2Fsupply-chain-and-logistics%2F HTTP/1.1" 499 0 "-" "Mozilla/5.0 (X11; Linux aarch64) AppleWebKit/537.36 (KHTML, like Gecko) Chrome/139.0.0.0 Safari/537.36"
72.167.149.90 - - [02/Sep/2026:05:09:15 +0000] "POST /wp-cron.php?doing_wp_cron=1788325754.1622951030731201171875 HTTP/1.1" 499 0 "-" "WordPress/7.1; https://uslconsultation.com"
129.146.78.72 - - [02/Sep/2026:05:11:55 +0000] "GET /wp-json/oembed/1.0/embed?url=https%3A%2F%2Fuslconsultation.com%2Fservice%2Fsupply-chain-and-logistics%2F HTTP/1.1" 499 0 "-" "Mozilla/5.0 (X11; Linux aarch64) AppleWebKit/537.36 (KHTML, like Gecko) Chrome/139.0.0.0 Safari/537.36"
72.167.149.90 - - [02/Sep/2026:05:11:56 +0000] "POST /wp-cron.php?doing_wp_cron=1788325915.1149480342864990234375 HTTP/1.1" 499 0 "-" "WordPress/7.1; https://uslconsultation.com"
72.167.149.90 - - [02/Sep/2026:05:37:12 +0000] "POST /wp-cron.php?doing_wp_cron=1788327431.6568870544433593750000 HTTP/1.1" 499 0 "-" "WordPress/7.1; https://uslconsultation.com"
216.73.217.142 - - [02/Sep/2026:05:37:12 +0000] "GET /robots.txt HTTP/1.1" 200 124 "-" "Mozilla/5.0 AppleWebKit/537.36 (KHTML, like Gecko; compatible; ClaudeBot/1.0; +claudebot@anthropic.com)"
216.73.217.142 - - [02/Sep/2026:05:37:15 +0000] "GET /sitemaps.xml HTTP/1.1" 200 283 "-" "Mozilla/5.0 AppleWebKit/537.36 (KHTML, like Gecko; compatible; ClaudeBot/1.0; +claudebot@anthropic.com)"
113.175.245.75 - - [02/Sep/2026:05:44:57 +0000] "GET /author/beso4u/page/2/ HTTP/1.1" 200 55567 "-" "Mozilla/5.0 (Macintosh; Intel Mac OS X 15_1_0) AppleWebKit/537.36 (KHTML, like Gecko) Chrome/129.0.6668.100 Safari/537.36"
43.161.234.148 - - [02/Sep/2026:05:48:32 +0000] "GET / HTTP/1.1" 200 69137 "http://www.uslconsultation.com" "Mozilla/5.0 (iPhone; CPU iPhone OS 13_2_3 like Mac OS X) AppleWebKit/605.1.15 (KHTML, like Gecko) Version/13.0.3 Mobile/15E148 Safari/604.1"
72.167.149.90 - - [02/Sep/2026:05:52:24 +0000] "GET /wp-content/uploads/2021/02/Yahya-Alhassan.png HTTP/1.1" 200 522967 "-" "-"
72.167.149.90 - - [02/Sep/2026:05:52:25 +0000] "POST /wp-cron.php?doing_wp_cron=1788328344.1466650962829589843750 HTTP/1.1" 499 0 "-" "WordPress/7.1; https://uslconsultation.com"
24.199.121.239 - - [02/Sep/2026:05:52:25 +0000] "GET /member/yahya/ HTTP/1.1" 200 55391 "https://www.google.com/search?q=uslconsultation" "Mozilla/5.0 (Macintosh; Intel Mac OS X 10_15_7) AppleWebKit/537.36 (KHTML, like Gecko) Chrome/143.0.0.0 Safari/537.36"
24.199.121.239 - - [02/Sep/2026:05:52:25 +0000] "GET /services/ HTTP/1.1" 200 59842 "https://www.google.com/search?q=uslconsultation" "Mozilla/5.0 (Macintosh; Intel Mac OS X 10_15_7) AppleWebKit/537.36 (KHTML, like Gecko) Chrome/143.0.0.0 Safari/537.36"
124.221.140.98 - - [02/Sep/2026:06:01:55 +0000] "GET / HTTP/1.1" 200 69133 "http://uslconsultation.com" "Mozilla/5.0 (iPhone; CPU iPhone OS 13_2_3 like Mac OS X) AppleWebKit/605.1.15 (KHTML, like Gecko) Version/13.0.3 Mobile/15E148 Safari/604.1"
137.131.57.239 - - [02/Sep/2026:06:04:08 +0000] "GET /ar/contact-us HTTP/1.1" 499 0 "-" "Mozilla/5.0 (X11; Linux aarch64) AppleWebKit/537.36 (KHTML, like Gecko) Chrome/139.0.0.0 Safari/537.36"
72.167.149.90 - - [02/Sep/2026:06:04:09 +0000] "POST /wp-cron.php?doing_wp_cron=1788329048.3374578952789306640625 HTTP/1.1" 499 0 "-" "WordPress/7.1; https://uslconsultation.com/ar"
137.131.57.239 - - [02/Sep/2026:06:04:11 +0000] "GET /ar/contact-us HTTP/1.1" 301 5 "-" "Mozilla/5.0 (X11; Linux aarch64) AppleWebKit/537.36 (KHTML, like Gecko) Chrome/139.0.0.0 Safari/537.36"
137.131.57.239 - - [02/Sep/2026:06:04:15 +0000] "GET /ar/contact-us/ HTTP/1.1" 499 0 "https://uslconsultation.com/ar/contact-us" "Mozilla/5.0 (X11; Linux aarch64) AppleWebKit/537.36 (KHTML, like Gecko) Chrome/139.0.0.0 Safari/537.36"
161.153.20.162 - - [02/Sep/2026:06:17:56 +0000] "GET /member_cat/sports HTTP/1.1" 499 0 "-" "Mozilla/5.0 (X11; Linux aarch64) AppleWebKit/537.36 (KHTML, like Gecko) Chrome/139.0.0.0 Safari/537.36"
72.167.149.90 - - [02/Sep/2026:06:17:57 +0000] "POST /wp-cron.php?doing_wp_cron=1788329876.5058569908142089843750 HTTP/1.1" 499 0 "-" "WordPress/7.1; https://uslconsultation.com"
72.167.149.90 - - [02/Sep/2026:06:19:53 +0000] "POST /wp-cron.php?doing_wp_cron=1788329992.5486049652099609375000 HTTP/1.1" 499 0 "-" "WordPress/7.1; https://uslconsultation.com"
161.153.20.162 - - [02/Sep/2026:06:19:53 +0000] "GET /member_cat/sports HTTP/1.1" 301 5 "-" "Mozilla/5.0 (X11; Linux aarch64) AppleWebKit/537.36 (KHTML, like Gecko) Chrome/139.0.0.0 Safari/537.36"
161.153.20.162 - - [02/Sep/2026:06:22:10 +0000] "GET /member_cat/sports/ HTTP/1.1" 499 0 "https://uslconsultation.com/member_cat/sports" "Mozilla/5.0 (X11; Linux aarch64) AppleWebKit/537.36 (KHTML, like Gecko) Chrome/139.0.0.0 Safari/537.36"
72.167.149.90 - - [02/Sep/2026:06:31:50 +0000] "POST /wp-cron.php?doing_wp_cron=1788330709.6124289035797119140625 HTTP/1.1" 499 0 "-" "WordPress/7.1; https://uslconsultation.com"
4.190.169.224 - - [02/Sep/2026:06:31:50 +0000] "GET / HTTP/1.1" 200 68952 "-" "Mozilla/5.0 (Windows NT 10.0; Win64; x64) AppleWebKit/537.36 (KHTML, like Gecko) Chrome/126.0.0.0 Safari/537.36"
4.190.169.224 - - [02/Sep/2026:06:31:57 +0000] "GET /ar/ HTTP/1.1" 200 91032 "-" "Mozilla/5.0 (Windows NT 10.0; Win64; x64) AppleWebKit/537.36 (KHTML, like Gecko) Chrome/126.0.0.0 Safari/537.36"
4.190.169.224 - - [02/Sep/2026:06:32:01 +0000] "POST /wp-admin/admin-ajax.php HTTP/1.1" 400 11 "-" "Mozilla/5.0 (Windows NT 10.0; Win64; x64) AppleWebKit/537.36 (KHTML, like Gecko) Chrome/126.0.0.0 Safari/537.36"
72.167.149.90 - - [02/Sep/2026:06:32:06 +0000] "POST /wp-cron.php?doing_wp_cron=1788330725.6621239185333251953125 HTTP/1.1" 499 0 "-" "WordPress/7.1; https://uslconsultation.com"
4.190.169.224 - - [02/Sep/2026:06:32:06 +0000] "GET /wp-json/wp/v2/users?per_page=100 HTTP/1.1" 200 678 "-" "Mozilla/5.0 (Windows NT 10.0; Win64; x64) AppleWebKit/537.36 (KHTML, like Gecko) Chrome/126.0.0.0 Safari/537.36"
4.190.169.224 - - [02/Sep/2026:06:32:09 +0000] "GET /?author=1 HTTP/1.1" 301 5 "-" "Mozilla/5.0 (Windows NT 10.0; Win64; x64) AppleWebKit/537.36 (KHTML, like Gecko) Chrome/126.0.0.0 Safari/537.36"
4.190.169.224 - - [02/Sep/2026:06:32:12 +0000] "GET /?author=2 HTTP/1.1" 200 53855 "-" "Mozilla/5.0 (Windows NT 10.0; Win64; x64) AppleWebKit/537.36 (KHTML, like Gecko) Chrome/126.0.0.0 Safari/537.36"
4.190.169.224 - - [02/Sep/2026:06:32:15 +0000] "GET /?author=3 HTTP/1.1" 404 50936 "-" "Mozilla/5.0 (Windows NT 10.0; Win64; x64) AppleWebKit/537.36 (KHTML, like Gecko) Chrome/126.0.0.0 Safari/537.36"
4.190.169.224 - - [02/Sep/2026:06:32:19 +0000] "GET /?author=4 HTTP/1.1" 404 50936 "-" "Mozilla/5.0 (Windows NT 10.0; Win64; x64) AppleWebKit/537.36 (KHTML, like Gecko) Chrome/126.0.0.0 Safari/537.36"
4.190.169.224 - - [02/Sep/2026:06:32:23 +0000] "GET /?author=5 HTTP/1.1" 404 50936 "-" "Mozilla/5.0 (Windows NT 10.0; Win64; x64) AppleWebKit/537.36 (KHTML, like Gecko) Chrome/126.0.0.0 Safari/537.36"
4.190.169.224 - - [02/Sep/2026:06:32:26 +0000] "GET /?author=6 HTTP/1.1" 404 50936 "-" "Mozilla/5.0 (Windows NT 10.0; Win64; x64) AppleWebKit/537.36 (KHTML, like Gecko) Chrome/126.0.0.0 Safari/537.36"
4.190.169.224 - - [02/Sep/2026:06:32:30 +0000] "GET /?author=7 HTTP/1.1" 404 50936 "-" "Mozilla/5.0 (Windows NT 10.0; Win64; x64) AppleWebKit/537.36 (KHTML, like Gecko) Chrome/126.0.0.0 Safari/537.36"
4.190.169.224 - - [02/Sep/2026:06:32:34 +0000] "GET /?author=8 HTTP/1.1" 404 50936 "-" "Mozilla/5.0 (Windows NT 10.0; Win64; x64) AppleWebKit/537.36 (KHTML, like Gecko) Chrome/126.0.0.0 Safari/537.36"
4.190.169.224 - - [02/Sep/2026:06:32:37 +0000] "GET /?author=9 HTTP/1.1" 404 50936 "-" "Mozilla/5.0 (Windows NT 10.0; Win64; x64) AppleWebKit/537.36 (KHTML, like Gecko) Chrome/126.0.0.0 Safari/537.36"
4.190.169.224 - - [02/Sep/2026:06:32:40 +0000] "GET /?author=10 HTTP/1.1" 404 50937 "-" "Mozilla/5.0 (Windows NT 10.0; Win64; x64) AppleWebKit/537.36 (KHTML, like Gecko) Chrome/126.0.0.0 Safari/537.36"
4.190.169.224 - - [02/Sep/2026:06:32:43 +0000] "GET /?author=11 HTTP/1.1" 404 50936 "-" "Mozilla/5.0 (Windows NT 10.0; Win64; x64) AppleWebKit/537.36 (KHTML, like Gecko) Chrome/126.0.0.0 Safari/537.36"
4.190.169.224 - - [02/Sep/2026:06:32:46 +0000] "GET /?author=12 HTTP/1.1" 404 50937 "-" "Mozilla/5.0 (Windows NT 10.0; Win64; x64) AppleWebKit/537.36 (KHTML, like Gecko) Chrome/126.0.0.0 Safari/537.36"
4.190.169.224 - - [02/Sep/2026:06:32:49 +0000] "GET /?author=13 HTTP/1.1" 404 50937 "-" "Mozilla/5.0 (Windows NT 10.0; Win64; x64) AppleWebKit/537.36 (KHTML, like Gecko) Chrome/126.0.0.0 Safari/537.36"
4.190.169.224 - - [02/Sep/2026:06:32:53 +0000] "GET /?author=14 HTTP/1.1" 404 50937 "-" "Mozilla/5.0 (Windows NT 10.0; Win64; x64) AppleWebKit/537.36 (KHTML, like Gecko) Chrome/126.0.0.0 Safari/537.36"
4.190.169.224 - - [02/Sep/2026:06:32:57 +0000] "GET /wp-json/wp/v2/users?per_page=100&page=1&context=embed HTTP/1.1" 200 619 "-" "Mozilla/5.0 (Windows NT 10.0; Win64; x64) AppleWebKit/537.36 (KHTML, like Gecko) Chrome/126.0.0.0 Safari/537.36"
195.2.67.184 - - [02/Sep/2026:06:32:58 +0000] "GET /uncategorized/hello-world/ HTTP/1.0" 404 184541 "https://uslconsultation.com/uncategorized/hello-world/#comment-614" "Mozilla/5.0 (Windows NT 10.0; Win64; x64) AppleWebKit/537.36 (KHTML, like Gecko) Chrome/131.0.0.0 Safari/537.36 Avast/131.0.0.0"
4.190.169.224 - - [02/Sep/2026:06:33:00 +0000] "GET /wp-login.php?action=lostpassword HTTP/1.1" 200 1493 "-" "Mozilla/5.0 (Windows NT 10.0; Win64; x64) AppleWebKit/537.36 (KHTML, like Gecko) Chrome/126.0.0.0 Safari/537.36"
72.167.149.90 - - [02/Sep/2026:06:33:04 +0000] "POST /wp-cron.php?doing_wp_cron=1788330783.1145200729370117187500 HTTP/1.1" 499 0 "-" "WordPress/7.1; https://uslconsultation.com"
4.190.169.224 - - [02/Sep/2026:06:33:04 +0000] "POST /wp-login.php?action=lostpassword HTTP/1.1" 302 5 "-" "Mozilla/5.0 (Windows NT 10.0; Win64; x64) AppleWebKit/537.36 (KHTML, like Gecko) Chrome/126.0.0.0 Safari/537.36"
195.2.67.184 - - [02/Sep/2026:06:33:05 +0000] "GET /blog/ HTTP/1.0" 200 203550 "https://uslconsultation.com/blog/" "Mozilla/5.0 (Windows NT 10.0; Win64; x64) AppleWebKit/537.36 (KHTML, like Gecko) Chrome/131.0.0.0 Safari/537.36 Avast/131.0.0.0"
4.190.169.224 - - [02/Sep/2026:06:33:07 +0000] "GET /wp-login.php?action=lostpassword HTTP/1.1" 200 1493 "-" "Mozilla/5.0 (Windows NT 10.0; Win64; x64) AppleWebKit/537.36 (KHTML, like Gecko) Chrome/126.0.0.0 Safari/537.36"
4.190.169.224 - - [02/Sep/2026:06:33:10 +0000] "POST /wp-login.php?action=lostpassword HTTP/1.1" 200 1585 "-" "Mozilla/5.0 (Windows NT 10.0; Win64; x64) AppleWebKit/537.36 (KHTML, like Gecko) Chrome/126.0.0.0 Safari/537.36"
195.2.67.184 - - [02/Sep/2026:06:33:10 +0000] "GET /contact-us/ HTTP/1.0" 200 204846 "https://uslconsultation.com/contact-us/" "Mozilla/5.0 (Windows NT 10.0; Win64; x64) AppleWebKit/537.36 (KHTML, like Gecko) Chrome/131.0.0.0 Safari/537.36 Avast/131.0.0.0"
4.190.169.224 - - [02/Sep/2026:06:33:11 +0000] "GET /wp-login.php?action=lostpassword HTTP/1.1" 200 1493 "-" "Mozilla/5.0 (Windows NT 10.0; Win64; x64) AppleWebKit/537.36 (KHTML, like Gecko) Chrome/126.0.0.0 Safari/537.36"
4.190.169.224 - - [02/Sep/2026:06:33:14 +0000] "POST /wp-login.php?action=lostpassword HTTP/1.1" 200 1577 "-" "Mozilla/5.0 (Windows NT 10.0; Win64; x64) AppleWebKit/537.36 (KHTML, like Gecko) Chrome/126.0.0.0 Safari/537.36"
195.2.67.184 - - [02/Sep/2026:06:33:15 +0000] "POST /contact-us/ HTTP/1.0" 200 204936 "https://uslconsultation.com/contact-us/" "Mozilla/5.0 (Windows NT 10.0; Win64; x64) AppleWebKit/537.36 (KHTML, like Gecko) Chrome/131.0.0.0 Safari/537.36 Avast/131.0.0.0"
4.190.169.224 - - [02/Sep/2026:06:33:17 +0000] "GET /wp-login.php?action=lostpassword HTTP/1.1" 200 1493 "-" "Mozilla/5.0 (Windows NT 10.0; Win64; x64) AppleWebKit/537.36 (KHTML, like Gecko) Chrome/126.0.0.0 Safari/537.36"
4.190.169.224 - - [02/Sep/2026:06:33:20 +0000] "POST /wp-login.php?action=lostpassword HTTP/1.1" 302 5 "-" "Mozilla/5.0 (Windows NT 10.0; Win64; x64) AppleWebKit/537.36 (KHTML, like Gecko) Chrome/126.0.0.0 Safari/537.36"
4.190.169.224 - - [02/Sep/2026:06:33:21 +0000] "POST /wp-content/plugins/translatepress-multilingual/includes/trp-ajax.php HTTP/1.1" 200 31 "-" "Mozilla/5.0 (Windows NT 10.0; Win64; x64) AppleWebKit/537.36 (KHTML, like Gecko) Chrome/126.0.0.0 Safari/537.36"
4.190.169.224 - - [02/Sep/2026:06:33:25 +0000] "POST /wp-content/plugins/translatepress/includes/trp-ajax.php HTTP/1.1" 404 50948 "-" "Mozilla/5.0 (Windows NT 10.0; Win64; x64) AppleWebKit/537.36 (KHTML, like Gecko) Chrome/126.0.0.0 Safari/537.36"
4.190.169.224 - - [02/Sep/2026:06:33:28 +0000] "GET /wp-login.php?action=lostpassword HTTP/1.1" 200 1493 "-" "Mozilla/5.0 (Windows NT 10.0; Win64; x64) AppleWebKit/537.36 (KHTML, like Gecko) Chrome/126.0.0.0 Safari/537.36"
4.190.169.224 - - [02/Sep/2026:06:33:30 +0000] "POST /wp-login.php?action=lostpassword HTTP/1.1" 302 5 "-" "Mozilla/5.0 (Windows NT 10.0; Win64; x64) AppleWebKit/537.36 (KHTML, like Gecko) Chrome/126.0.0.0 Safari/537.36"
4.190.169.224 - - [02/Sep/2026:06:33:32 +0000] "GET /wp-login.php?action=lostpassword HTTP/1.1" 200 1493 "-" "Mozilla/5.0 (Windows NT 10.0; Win64; x64) AppleWebKit/537.36 (KHTML, like Gecko) Chrome/126.0.0.0 Safari/537.36"
4.190.169.224 - - [02/Sep/2026:06:33:34 +0000] "POST /wp-login.php?action=lostpassword HTTP/1.1" 200 1585 "-" "Mozilla/5.0 (Windows NT 10.0; Win64; x64) AppleWebKit/537.36 (KHTML, like Gecko) Chrome/126.0.0.0 Safari/537.36"
4.190.169.224 - - [02/Sep/2026:06:33:37 +0000] "GET /wp-login.php?action=lostpassword HTTP/1.1" 200 1493 "-" "Mozilla/5.0 (Windows NT 10.0; Win64; x64) AppleWebKit/537.36 (KHTML, like Gecko) Chrome/126.0.0.0 Safari/537.36"
4.190.169.224 - - [02/Sep/2026:06:33:38 +0000] "POST /wp-login.php?action=lostpassword HTTP/1.1" 200 1577 "-" "Mozilla/5.0 (Windows NT 10.0; Win64; x64) AppleWebKit/537.36 (KHTML, like Gecko) Chrome/126.0.0.0 Safari/537.36"
4.190.169.224 - - [02/Sep/2026:06:33:40 +0000] "GET /wp-login.php?action=lostpassword HTTP/1.1" 200 1493 "-" "Mozilla/5.0 (Windows NT 10.0; Win64; x64) AppleWebKit/537.36 (KHTML, like Gecko) Chrome/126.0.0.0 Safari/537.36"
4.190.169.224 - - [02/Sep/2026:06:33:42 +0000] "POST /wp-login.php?action=lostpassword HTTP/1.1" 302 5 "-" "Mozilla/5.0 (Windows NT 10.0; Win64; x64) AppleWebKit/537.36 (KHTML, like Gecko) Chrome/126.0.0.0 Safari/537.36"
4.190.169.224 - - [02/Sep/2026:06:33:43 +0000] "POST /wp-content/plugins/translatepress-multilingual/includes/trp-ajax.php HTTP/1.1" 200 0 "-" "Mozilla/5.0 (Windows NT 10.0; Win64; x64) AppleWebKit/537.36 (KHTML, like Gecko) Chrome/126.0.0.0 Safari/537.36"
4.190.169.224 - - [02/Sep/2026:06:33:47 +0000] "POST /wp-content/plugins/translatepress/includes/trp-ajax.php HTTP/1.1" 404 50948 "-" "Mozilla/5.0 (Windows NT 10.0; Win64; x64) AppleWebKit/537.36 (KHTML, like Gecko) Chrome/126.0.0.0 Safari/537.36"
4.190.169.224 - - [02/Sep/2026:06:33:49 +0000] "GET /wp-login.php?action=lostpassword HTTP/1.1" 200 1493 "-" "Mozilla/5.0 (Windows NT 10.0; Win64; x64) AppleWebKit/537.36 (KHTML, like Gecko) Chrome/126.0.0.0 Safari/537.36"
4.190.169.224 - - [02/Sep/2026:06:33:52 +0000] "POST /wp-login.php?action=lostpassword HTTP/1.1" 302 5 "-" "Mozilla/5.0 (Windows NT 10.0; Win64; x64) AppleWebKit/537.36 (KHTML, like Gecko) Chrome/126.0.0.0 Safari/537.36"
4.190.169.224 - - [02/Sep/2026:06:33:53 +0000] "GET /wp-login.php?action=lostpassword HTTP/1.1" 200 1493 "-" "Mozilla/5.0 (Windows NT 10.0; Win64; x64) AppleWebKit/537.36 (KHTML, like Gecko) Chrome/126.0.0.0 Safari/537.36"
4.190.169.224 - - [02/Sep/2026:06:33:55 +0000] "POST /wp-login.php?action=lostpassword HTTP/1.1" 200 1585 "-" "Mozilla/5.0 (Windows NT 10.0; Win64; x64) AppleWebKit/537.36 (KHTML, like Gecko) Chrome/126.0.0.0 Safari/537.36"
4.190.169.224 - - [02/Sep/2026:06:33:57 +0000] "GET /wp-login.php?action=lostpassword HTTP/1.1" 200 1493 "-" "Mozilla/5.0 (Windows NT 10.0; Win64; x64) AppleWebKit/537.36 (KHTML, like Gecko) Chrome/126.0.0.0 Safari/537.36"
4.190.169.224 - - [02/Sep/2026:06:34:00 +0000] "POST /wp-login.php?action=lostpassword HTTP/1.1" 200 1577 "-" "Mozilla/5.0 (Windows NT 10.0; Win64; x64) AppleWebKit/537.36 (KHTML, like Gecko) Chrome/126.0.0.0 Safari/537.36"
72.167.149.90 - - [02/Sep/2026:06:34:02 +0000] "POST /wp-cron.php?doing_wp_cron=1788330841.7567501068115234375000 HTTP/1.1" 499 0 "-" "WordPress/7.1; https://uslconsultation.com"
4.190.169.224 - - [02/Sep/2026:06:34:02 +0000] "GET /wp-login.php?action=lostpassword HTTP/1.1" 200 1493 "-" "Mozilla/5.0 (Windows NT 10.0; Win64; x64) AppleWebKit/537.36 (KHTML, like Gecko) Chrome/126.0.0.0 Safari/537.36"
4.190.169.224 - - [02/Sep/2026:06:34:05 +0000] "POST /wp-login.php?action=lostpassword HTTP/1.1" 302 5 "-" "Mozilla/5.0 (Windows NT 10.0; Win64; x64) AppleWebKit/537.36 (KHTML, like Gecko) Chrome/126.0.0.0 Safari/537.36"
4.190.169.224 - - [02/Sep/2026:06:34:06 +0000] "POST /wp-content/plugins/translatepress-multilingual/includes/trp-ajax.php HTTP/1.1" 200 31 "-" "Mozilla/5.0 (Windows NT 10.0; Win64; x64) AppleWebKit/537.36 (KHTML, like Gecko) Chrome/126.0.0.0 Safari/537.36"
4.190.169.224 - - [02/Sep/2026:06:34:09 +0000] "POST /wp-content/plugins/translatepress/includes/trp-ajax.php HTTP/1.1" 404 50948 "-" "Mozilla/5.0 (Windows NT 10.0; Win64; x64) AppleWebKit/537.36 (KHTML, like Gecko) Chrome/126.0.0.0 Safari/537.36"
72.167.149.90 - - [02/Sep/2026:06:43:24 +0000] "POST /wp-cron.php?doing_wp_cron=1788331403.5980870723724365234375 HTTP/1.1" 499 0 "-" "WordPress/7.1; https://uslconsultation.com"
72.167.149.90 - - [02/Sep/2026:06:45:14 +0000] "POST /wp-cron.php?doing_wp_cron=1788331513.5034620761871337890625 HTTP/1.1" 499 0 "-" "WordPress/7.1; https://uslconsultation.com"
195.2.84.198 - - [02/Sep/2026:06:45:14 +0000] "GET /uncategorized/hello-world/ HTTP/1.0" 404 184541 "https://uslconsultation.com/uncategorized/hello-world/#comment-614" "Mozilla/5.0 (Windows NT 10.0; Win64; x64) AppleWebKit/537.36 (KHTML, like Gecko) Chrome/129.0.0.0 Safari/537.36"
195.2.84.198 - - [02/Sep/2026:06:45:18 +0000] "GET /blog/ HTTP/1.0" 200 203550 "https://uslconsultation.com/blog/" "Mozilla/5.0 (Windows NT 10.0; Win64; x64) AppleWebKit/537.36 (KHTML, like Gecko) Chrome/129.0.0.0 Safari/537.36"
195.2.84.198 - - [02/Sep/2026:06:45:22 +0000] "GET /contact-us/ HTTP/1.0" 200 204846 "https://uslconsultation.com/contact-us/" "Mozilla/5.0 (Windows NT 10.0; Win64; x64) AppleWebKit/537.36 (KHTML, like Gecko) Chrome/129.0.0.0 Safari/537.36"
195.2.84.198 - - [02/Sep/2026:06:45:29 +0000] "POST /contact-us/ HTTP/1.0" 200 204936 "https://uslconsultation.com/contact-us/" "Mozilla/5.0 (Windows NT 10.0; Win64; x64) AppleWebKit/537.36 (KHTML, like Gecko) Chrome/129.0.0.0 Safari/537.36"
129.146.200.84 - - [02/Sep/2026:07:13:15 +0000] "GET /ar/2025/12/21/how-consulting-firms-drive-measurable-growth-for-smes HTTP/1.1" 499 0 "-" "Mozilla/5.0 (X11; Linux aarch64) AppleWebKit/537.36 (KHTML, like Gecko) Chrome/139.0.0.0 Safari/537.36"
72.167.149.90 - - [02/Sep/2026:07:13:17 +0000] "POST /wp-cron.php?doing_wp_cron=1788333196.8761529922485351562500 HTTP/1.1" 499 0 "-" "WordPress/7.1; https://uslconsultation.com/ar"
129.146.200.84 - - [02/Sep/2026:07:15:14 +0000] "GET /ar/2025/12/21/how-consulting-firms-drive-measurable-growth-for-smes HTTP/1.1" 499 0 "-" "Mozilla/5.0 (X11; Linux aarch64) AppleWebKit/537.36 (KHTML, like Gecko) Chrome/139.0.0.0 Safari/537.36"
72.167.149.90 - - [02/Sep/2026:07:15:17 +0000] "POST /wp-cron.php?doing_wp_cron=1788333316.2950561046600341796875 HTTP/1.1" 499 0 "-" "WordPress/7.1; https://uslconsultation.com/ar"
72.167.149.90 - - [02/Sep/2026:07:22:52 +0000] "POST /wp-cron.php?doing_wp_cron=1788333771.2955939769744873046875 HTTP/1.1" 499 0 "-" "WordPress/7.1; https://uslconsultation.com"
216.73.217.142 - - [02/Sep/2026:07:22:52 +0000] "GET /robots.txt HTTP/1.1" 200 124 "-" "Mozilla/5.0 AppleWebKit/537.36 (KHTML, like Gecko; compatible; ClaudeBot/1.0; +claudebot@anthropic.com)"
216.73.217.142 - - [02/Sep/2026:07:22:59 +0000] "GET /sitemaps.xml HTTP/1.1" 200 284 "-" "Mozilla/5.0 AppleWebKit/537.36 (KHTML, like Gecko; compatible; ClaudeBot/1.0; +claudebot@anthropic.com)"
195.200.28.67 - - [02/Sep/2026:07:24:06 +0000] "GET /blog/ HTTP/1.0" 200 203550 "https://uslconsultation.com/blog/" "Mozilla/5.0 (Windows NT 10.0; Win64; x64) AppleWebKit/537.36 (KHTML, like Gecko) Chrome/129.0.0.0 Safari/537.36"
72.167.149.90 - - [02/Sep/2026:07:24:15 +0000] "POST /wp-cron.php?doing_wp_cron=1788333854.6325690746307373046875 HTTP/1.1" 499 0 "-" "WordPress/7.1; https://uslconsultation.com"
195.200.28.67 - - [02/Sep/2026:07:24:15 +0000] "GET /contact-us/ HTTP/1.0" 200 204846 "https://uslconsultation.com/contact-us/" "Mozilla/5.0 (Windows NT 10.0; Win64; x64) AppleWebKit/537.36 (KHTML, like Gecko) Chrome/129.0.0.0 Safari/537.36"
195.200.28.67 - - [02/Sep/2026:07:24:23 +0000] "POST /contact-us/ HTTP/1.0" 200 204936 "https://uslconsultation.com/contact-us/" "Mozilla/5.0 (Windows NT 10.0; Win64; x64) AppleWebKit/537.36 (KHTML, like Gecko) Chrome/129.0.0.0 Safari/537.36"
34.136.179.43 - - [02/Sep/2026:07:31:30 +0000] "GET /.git/config HTTP/1.1" 499 0 "-" "Mozilla/5.0 (Windows NT 10.0; Win64; x64) AppleWebKit/537.36"
72.167.149.90 - - [02/Sep/2026:07:33:01 +0000] "POST /wp-cron.php?doing_wp_cron=1788334380.4553771018981933593750 HTTP/1.1" 499 0 "-" "WordPress/7.1; https://uslconsultation.com"
185.191.171.8 - - [02/Sep/2026:07:33:01 +0000] "GET /robots.txt HTTP/1.1" 200 124 "-" "Mozilla/5.0 (compatible; SemrushBot/7~bl; +http://www.semrush.com/bot.html)"
185.191.171.2 - - [02/Sep/2026:07:33:07 +0000] "GET /dividers/ HTTP/1.1" 404 50931 "-" "Mozilla/5.0 (compatible; SemrushBot/7~bl; +http://www.semrush.com/bot.html)"
72.167.149.90 - - [02/Sep/2026:07:45:10 +0000] "POST /wp-cron.php?doing_wp_cron=1788335109.4749031066894531250000 HTTP/1.1" 499 0 "-" "WordPress/7.1; https://uslconsultation.com/ar"
152.70.153.29 - - [02/Sep/2026:07:45:10 +0000] "GET /ar/service/supply-chain-and-logistics HTTP/1.1" 301 5 "-" "Mozilla/5.0 (X11; Linux aarch64) AppleWebKit/537.36 (KHTML, like Gecko) Chrome/139.0.0.0 Safari/537.36"
152.70.153.29 - - [02/Sep/2026:07:45:14 +0000] "GET /ar/service/supply-chain-and-logistics HTTP/1.1" 301 5 "-" "Mozilla/5.0 (X11; Linux aarch64) AppleWebKit/537.36 (KHTML, like Gecko) Chrome/139.0.0.0 Safari/537.36"
72.167.149.90 - - [02/Sep/2026:07:45:18 +0000] "GET /wp-content/uploads/2025/11/Supply-chain-and-logistics-scaled-e1766401500298.jpg HTTP/1.1" 200 68166 "-" "-"
152.70.153.29 - - [02/Sep/2026:07:45:19 +0000] "GET /ar/service/supply-chain-and-logistics/ HTTP/1.1" 499 0 "https://uslconsultation.com/ar/service/supply-chain-and-logistics" "Mozilla/5.0 (X11; Linux aarch64) AppleWebKit/537.36 (KHTML, like Gecko) Chrome/139.0.0.0 Safari/537.36"
72.167.149.90 - - [02/Sep/2026:07:49:39 +0000] "POST /wp-cron.php?doing_wp_cron=1788335378.8141510486602783203125 HTTP/1.1" 499 0 "-" "WordPress/7.1; https://uslconsultation.com"
72.167.149.90 - - [02/Sep/2026:08:00:17 +0000] "POST /wp-cron.php?doing_wp_cron=1788336016.6896529197692871093750 HTTP/1.1" 499 0 "-" "WordPress/7.1; https://uslconsultation.com"
54.39.6.128 - - [02/Sep/2026:08:00:17 +0000] "GET /robots.txt HTTP/1.1" 200 124 "-" "Mozilla/5.0 (compatible; AhrefsBot/7.0; +http://ahrefs.com/robot/)"
51.81.163.20 - - [02/Sep/2026:08:00:25 +0000] "GET /blog/ HTTP/1.1" 200 55420 "-" "Mozilla/5.0 (compatible; AhrefsBot/7.0; +http://ahrefs.com/robot/)"
129.146.122.95 - - [02/Sep/2026:08:02:55 +0000] "GET /?p=5081 HTTP/1.1" 499 0 "-" "Mozilla/5.0 (X11; Linux aarch64) AppleWebKit/537.36 (KHTML, like Gecko) Chrome/139.0.0.0 Safari/537.36"
51.81.163.29 - - [02/Sep/2026:08:03:53 +0000] "GET /wp-content/uploads/elementor/css/post-4908.css?ver=1788318015 HTTP/1.1" 200 491 "-" "Mozilla/5.0 (compatible; AhrefsBot/7.0; +http://ahrefs.com/robot/)"
51.81.170.4 - - [02/Sep/2026:08:03:54 +0000] "GET /wp-content/uploads/elementor/css/custom-frontend.min.css?ver=1788318013 HTTP/1.1" 200 7463 "-" "Mozilla/5.0 (compatible; AhrefsBot/7.0; +http://ahrefs.com/robot/)"
51.81.170.3 - - [02/Sep/2026:08:03:55 +0000] "GET /wp-content/plugins/elementor-pro/assets/js/webpack-pro.runtime.min.js?ver=4.2.3 HTTP/1.1" 200 2844 "-" "Mozilla/5.0 (compatible; AhrefsBot/7.0; +http://ahrefs.com/robot/)"
51.81.165.95 - - [02/Sep/2026:08:03:56 +0000] "GET /wp-content/plugins/elementor-pro/assets/js/elements-handlers.min.js?ver=4.2.3 HTTP/1.1" 200 10661 "-" "Mozilla/5.0 (compatible; AhrefsBot/7.0; +http://ahrefs.com/robot/)"
51.81.169.193 - - [02/Sep/2026:08:03:57 +0000] "GET /wp-content/themes/porto/js/sidebar-menu.min.js?ver=7.7.2 HTTP/1.1" 200 2533 "-" "Mozilla/5.0 (compatible; AhrefsBot/7.0; +http://ahrefs.com/robot/)"
51.81.165.88 - - [02/Sep/2026:08:03:58 +0000] "GET /wp-content/plugins/elementor-pro/assets/js/frontend.min.js?ver=4.2.3 HTTP/1.1" 200 6481 "-" "Mozilla/5.0 (compatible; AhrefsBot/7.0; +http://ahrefs.com/robot/)"
51.81.163.66 - - [02/Sep/2026:08:03:58 +0000] "GET /wp-content/uploads/elementor/css/custom-apple-webkit.min.css?ver=1788318013 HTTP/1.1" 200 567 "-" "Mozilla/5.0 (compatible; AhrefsBot/7.0; +http://ahrefs.com/robot/)"
