43.159.36.180 - - [01/Sep/2026:22:06:28 +0000] "GET /?p=5269 HTTP/1.1" 301 5 "-" "Mozilla/5.0 (iPhone; CPU iPhone OS 13_2_3 like Mac OS X) AppleWebKit/605.1.15 (KHTML, like Gecko) Version/13.0.3 Mobile/15E148 Safari/604.1"
72.167.149.90 - - [01/Sep/2026:22:06:37 +0000] "GET /wp-content/uploads/2025/12/Franchise-a-Restaurant-Brand-A-Step-by-Step-Practical-Guide-scaled-e1766361718588.jpg HTTP/1.1" 200 251648 "-" "-"
43.159.36.180 - - [01/Sep/2026:22:06:38 +0000] "GET /2025/12/22/how-to-franchise-a-restaurant-brand-a-step-by-step-practical-guide/ HTTP/1.1" 200 56908 "https://uslconsultation.com/?p=5269" "Mozilla/5.0 (iPhone; CPU iPhone OS 13_2_3 like Mac OS X) AppleWebKit/605.1.15 (KHTML, like Gecko) Version/13.0.3 Mobile/15E148 Safari/604.1"
72.167.149.90 - - [01/Sep/2026:22:14:22 +0000] "POST /wp-cron.php?doing_wp_cron=1788300861.2654130458831787109375 HTTP/1.1" 499 0 "-" "WordPress/7.1; https://uslconsultation.com"
43.130.31.17 - - [01/Sep/2026:22:14:22 +0000] "GET /?p=5257 HTTP/1.1" 301 5 "-" "Mozilla/5.0 (iPhone; CPU iPhone OS 13_2_3 like Mac OS X) AppleWebKit/605.1.15 (KHTML, like Gecko) Version/13.0.3 Mobile/15E148 Safari/604.1"
72.167.149.90 - - [01/Sep/2026:22:14:32 +0000] "GET /wp-content/uploads/2025/12/the-franchise-decision-scaled-e1766360688802.jpg HTTP/1.1" 200 146678 "-" "-"
43.130.31.17 - - [01/Sep/2026:22:14:34 +0000] "GET /2025/12/21/choosing-the-right-market-entry-model-branch-franchise-or-license/ HTTP/1.1" 200 56932 "https://uslconsultation.com/?p=5257" "Mozilla/5.0 (iPhone; CPU iPhone OS 13_2_3 like Mac OS X) AppleWebKit/605.1.15 (KHTML, like Gecko) Version/13.0.3 Mobile/15E148 Safari/604.1"
72.167.149.90 - - [01/Sep/2026:22:18:07 +0000] "POST /wp-cron.php?doing_wp_cron=1788301086.3880300521850585937500 HTTP/1.1" 499 0 "-" "WordPress/7.1; https://uslconsultation.com"
13.57.222.245 - - [01/Sep/2026:22:18:07 +0000] "GET /sitemaps.xml HTTP/1.1" 200 284 "-" "TerraCotta 0.2 https://www.github.com/ceramicTeam/CeramicTerracotta"
83.217.213.120 - - [01/Sep/2026:22:34:40 +0000] "GET /blog/ HTTP/1.0" 200 203550 "https://uslconsultation.com/blog/" "Mozilla/5.0 (Windows NT 10.0; Win64; x64) AppleWebKit/537.36 (KHTML, like Gecko) Chrome/129.0.0.0 Safari/537.36"
83.217.213.120 - - [01/Sep/2026:22:34:45 +0000] "GET /contact-us/ HTTP/1.0" 200 204851 "https://uslconsultation.com/contact-us/" "Mozilla/5.0 (Windows NT 10.0; Win64; x64) AppleWebKit/537.36 (KHTML, like Gecko) Chrome/129.0.0.0 Safari/537.36"
83.217.213.120 - - [01/Sep/2026:22:34:50 +0000] "POST /contact-us/ HTTP/1.0" 200 204941 "https://uslconsultation.com/contact-us/" "Mozilla/5.0 (Windows NT 10.0; Win64; x64) AppleWebKit/537.36 (KHTML, like Gecko) Chrome/129.0.0.0 Safari/537.36"
212.34.135.234 - - [01/Sep/2026:22:41:53 +0000] "GET /blog/ HTTP/1.0" 200 203550 "https://uslconsultation.com/blog/" "Mozilla/5.0 (Windows NT 10.0; Win64; x64) AppleWebKit/537.36 (KHTML, like Gecko) Chrome/131.0.0.0 Safari/537.36"
212.34.135.234 - - [01/Sep/2026:22:41:57 +0000] "GET /contact-us/ HTTP/1.0" 200 204851 "https://uslconsultation.com/contact-us/" "Mozilla/5.0 (Windows NT 10.0; Win64; x64) AppleWebKit/537.36 (KHTML, like Gecko) Chrome/131.0.0.0 Safari/537.36"
72.167.149.90 - - [01/Sep/2026:22:42:04 +0000] "POST /wp-cron.php?doing_wp_cron=1788302523.3931279182434082031250 HTTP/1.1" 499 0 "-" "WordPress/7.1; https://uslconsultation.com"
212.34.135.234 - - [01/Sep/2026:22:42:04 +0000] "POST /contact-us/ HTTP/1.0" 200 204941 "https://uslconsultation.com/contact-us/" "Mozilla/5.0 (Windows NT 10.0; Win64; x64) AppleWebKit/537.36 (KHTML, like Gecko) Chrome/131.0.0.0 Safari/537.36"
72.167.149.90 - - [01/Sep/2026:22:45:21 +0000] "POST /wp-cron.php?doing_wp_cron=1788302720.8573729991912841796875 HTTP/1.1" 499 0 "-" "WordPress/7.1; https://uslconsultation.com"
52.167.144.66 - - [01/Sep/2026:22:45:21 +0000] "GET /robots.txt HTTP/1.1" 200 124 "-" "Mozilla/5.0 AppleWebKit/537.36 (KHTML, like Gecko; compatible; bingbot/2.0; +http://www.bing.com/bingbot.htm) Chrome/116.0.1938.76 Safari/537.36"
52.167.144.198 - - [01/Sep/2026:22:45:31 +0000] "GET /gva_template/crowdfunding-single-template/ HTTP/1.1" 404 50965 "-" "Mozilla/5.0 AppleWebKit/537.36 (KHTML, like Gecko; compatible; bingbot/2.0; +http://www.bing.com/bingbot.htm) Chrome/116.0.1938.76 Safari/537.36"
72.167.149.90 - - [01/Sep/2026:23:12:49 +0000] "POST /wp-cron.php?doing_wp_cron=1788304368.4026029109954833984375 HTTP/1.1" 499 0 "-" "WordPress/7.1; https://uslconsultation.com"
163.172.214.79 - - [01/Sep/2026:23:12:49 +0000] "GET /index.php?rest_route=/wp/v2/users HTTP/1.1" 200 439 "-" "Mozilla/5.0 zgrab/0.x"
72.167.149.90 - - [01/Sep/2026:23:21:07 +0000] "POST /wp-cron.php?doing_wp_cron=1788304866.4092369079589843750000 HTTP/1.1" 499 0 "-" "WordPress/7.1; https://uslconsultation.com"
4.232.64.120 - - [01/Sep/2026:23:21:07 +0000] "GET / HTTP/1.1" 301 5 "-" "Mozilla/5.0 (Windows NT 10.0; Win64; x64) AppleWebKit/537.36 (KHTML, like Gecko) Chrome/131.0.0.0 Safari/537.36"
4.232.64.120 - - [01/Sep/2026:23:21:14 +0000] "GET / HTTP/1.1" 200 68953 "-" "Mozilla/5.0 (Windows NT 10.0; Win64; x64) AppleWebKit/537.36 (KHTML, like Gecko) Chrome/131.0.0.0 Safari/537.36"
72.167.149.90 - - [01/Sep/2026:23:23:00 +0000] "POST /wp-cron.php?doing_wp_cron=1788304979.0112040042877197265625 HTTP/1.1" 499 0 "-" "WordPress/7.1; https://uslconsultation.com"
216.73.217.142 - - [01/Sep/2026:23:23:00 +0000] "GET /robots.txt HTTP/1.1" 200 124 "-" "Mozilla/5.0 AppleWebKit/537.36 (KHTML, like Gecko; compatible; ClaudeBot/1.0; +claudebot@anthropic.com)"
216.73.217.142 - - [01/Sep/2026:23:23:10 +0000] "GET /sitemaps.xml HTTP/1.1" 499 0 "-" "Mozilla/5.0 AppleWebKit/537.36 (KHTML, like Gecko; compatible; ClaudeBot/1.0; +claudebot@anthropic.com)"
72.167.149.90 - - [01/Sep/2026:23:39:44 +0000] "POST /wp-cron.php?doing_wp_cron=1788305983.4904870986938476562500 HTTP/1.1" 499 0 "-" "WordPress/7.1; https://uslconsultation.com"
204.12.162.9 - - [01/Sep/2026:23:39:44 +0000] "GET /robots.txt HTTP/1.1" 200 124 "-" "Mozilla/5.0 (Linux; Android 10; K) AppleWebKit/537.36 (KHTML, like Gecko) Chrome/131.0.0.0 Mobile Safari/537.36"
204.12.162.9 - - [01/Sep/2026:23:39:48 +0000] "GET /.well-known/tdmrep.json HTTP/1.1" 404 50953 "-" "Mozilla/5.0 (Linux; Android 10; K) AppleWebKit/537.36 (KHTML, like Gecko) Chrome/131.0.0.0 Mobile Safari/537.36"
204.12.162.9 - - [01/Sep/2026:23:39:52 +0000] "GET /ai.txt HTTP/1.1" 404 50931 "-" "Mozilla/5.0 (Linux; Android 10; K) AppleWebKit/537.36 (KHTML, like Gecko) Chrome/131.0.0.0 Mobile Safari/537.36"
72.167.149.90 - - [01/Sep/2026:23:41:26 +0000] "POST /wp-cron.php?doing_wp_cron=1788306085.4509999752044677734375 HTTP/1.1" 499 0 "-" "WordPress/7.1; https://uslconsultation.com"
192.241.150.168 - - [01/Sep/2026:23:41:26 +0000] "GET / HTTP/1.1" 200 319756 "-" "Mozilla/5.0 (Windows NT 10.0; Win64; x64) AppleWebKit/537.36 (KHTML, like Gecko) Chrome/102.0.0.0 Safari/537.36"
192.241.150.168 - - [01/Sep/2026:23:41:33 +0000] "GET / HTTP/1.1" 200 212583 "-" "Mozilla/5.0 (Windows NT 10.0; Win64; x64) AppleWebKit/537.36 (KHTML, like Gecko) Chrome/102.0.0.0 Safari/537.36"
99.228.82.156 - - [01/Sep/2026:23:53:00 +0000] "GET /wp-content/uploads/2025/11/cropped-USL-NEW-May-2023-Gray-32x32.png HTTP/1.1" 200 1321 "-" "Mozilla/5.0 (iPhone; CPU iPhone OS 17_4_1 like Mac OS X) AppleWebKit/531.0 (KHTML, like Gecko) CriOS/31.0.807.0 Mobile/65I920 Safari/531.0"
177.197.224.17 - - [01/Sep/2026:23:53:03 +0000] "GET /wp-includes/js/jquery/jquery-migrate.min.js?ver=3.4.1 HTTP/1.1" 200 13577 "-" "Mozilla/5.0 (compatible; MSIE 6.0; Windows NT 5.01; Trident/3.1)"
94.46.236.245 - - [01/Sep/2026:23:53:04 +0000] "GET /ar/2025/12/21/from-idea-to-execution-turning-business-plans-into-profitable-reality/tel:1234567890/tel:8001234567/tel:1234567890/tel:8001234567 HTTP/1.1" 404 71570 "-" "Mozilla/5.0 (X11; Linux i686) AppleWebKit/532.0 (KHTML, like Gecko) Chrome/49.0.882.0 Safari/532.0"
72.167.149.90 - - [01/Sep/2026:23:53:05 +0000] "GET /wp-content/uploads/2025/12/business-people-meeting-business-team-ma--scaled-e1766359954146.jpg HTTP/1.1" 200 253003 "-" "-"
72.167.149.90 - - [01/Sep/2026:23:53:07 +0000] "POST /wp-cron.php?doing_wp_cron=1788306786.1237208843231201171875 HTTP/1.1" 499 0 "-" "WordPress/7.1; https://uslconsultation.com"
168.232.181.148 - - [01/Sep/2026:23:53:07 +0000] "GET /2025/12/21/how-to-structure-a-business-expansion-strategy-in-emerging-markets-2/ HTTP/1.1" 200 57542 "-" "Mozilla/5.0 (iPhone; CPU iPhone OS 3_1_3 like Mac OS X) AppleWebKit/532.0 (KHTML, like Gecko) FxiOS/11.8o8494.0 Mobile/17W245 Safari/532.0"
72.167.149.90 - - [01/Sep/2026:23:53:07 +0000] "GET /wp-content/uploads/2025/12/businessmen-shaking-hands-on-modern-city-scaled-e1766360439535.jpg HTTP/1.1" 200 125276 "-" "-"
190.114.38.211 - - [01/Sep/2026:23:53:08 +0000] "GET /wp-includes/js/imagesloaded.min.js?ver=5.0.0 HTTP/1.1" 200 1824 "-" "Mozilla/5.0 (X11; Linux x86_64) AppleWebKit/534.2 (KHTML, like Gecko) Chrome/44.0.844.0 Safari/534.2"
72.167.149.90 - - [01/Sep/2026:23:53:08 +0000] "GET /wp-content/uploads/2021/02/services-3.jpg HTTP/1.1" 200 37838 "-" "-"
156.213.134.64 - - [01/Sep/2026:23:53:08 +0000] "GET /2025/12/21/from-idea-to-execution-turning-business-plans-into-profitable-reality/ HTTP/1.1" 200 57154 "-" "Opera/9.73.(Windows 98; hi-IN) Presto/2.9.186 Version/10.00"
102.67.252.183 - - [01/Sep/2026:23:53:10 +0000] "GET /service/operations-manuals-sops/ HTTP/1.1" 200 55656 "-" "Opera/8.71.(Windows CE; sw-KE) Presto/2.9.188 Version/11.00"
42.83.147.53 - - [01/Sep/2026:23:53:11 +0000] "GET / HTTP/1.1" 200 68950 "-" "Mozilla/5.0 (Windows NT 6.1; Win64; x64) AppleWebKit/537.36 (KHTML, like Gecko)Chrome/74.0.3729.169 Safari/537.36"
42.83.147.53 - - [01/Sep/2026:23:53:15 +0000] "GET / HTTP/1.1" 200 68951 "-" "Mozilla/5.0 (Windows NT 6.1; Win64; x64) AppleWebKit/537.36 (KHTML, like Gecko)Chrome/74.0.3729.169 Safari/537.36"
43.152.72.244 - - [02/Sep/2026:00:08:41 +0000] "GET / HTTP/1.1" 200 69138 "http://uslconsultation.com" "Mozilla/5.0 (iPhone; CPU iPhone OS 13_2_3 like Mac OS X) AppleWebKit/605.1.15 (KHTML, like Gecko) Version/13.0.3 Mobile/15E148 Safari/604.1"
72.167.149.90 - - [02/Sep/2026:00:11:05 +0000] "POST /wp-cron.php?doing_wp_cron=1788307864.4430930614471435546875 HTTP/1.1" 499 0 "-" "WordPress/7.1; https://uslconsultation.com"
85.208.96.203 - - [02/Sep/2026:00:11:05 +0000] "GET /robots.txt HTTP/1.1" 200 124 "-" "Mozilla/5.0 (compatible; SemrushBot/7~bl; +http://www.semrush.com/bot.html)"
85.208.96.207 - - [02/Sep/2026:00:11:12 +0000] "GET /ar/events/category/seminars/day/2023-11-02/ HTTP/1.1" 404 71487 "-" "Mozilla/5.0 (compatible; SemrushBot/7~bl; +http://www.semrush.com/bot.html)"
72.167.149.90 - - [02/Sep/2026:00:11:51 +0000] "GET /wp-content/uploads/2025/12/Franchise-a-Restaurant-Brand-A-Step-by-Step-Practical-Guide-scaled-e1766361718588.jpg HTTP/1.1" 200 251648 "-" "-"
45.180.149.241 - - [02/Sep/2026:00:11:54 +0000] "GET /ar/2025/12/22/how-to-franchise-a-restaurant-brand-a-step-by-step-practical-guide/ HTTP/1.1" 200 77679 "-" "Mozilla/5.0 (Macintosh; Intel Mac OS X 12_5_0) AppleWebKit/537.36 (KHTML, like Gecko) Chrome/130.0.6723.69 Safari/537.36"
74.7.243.130 - - [02/Sep/2026:00:27:19 +0000] "GET /sitemaps.xml HTTP/1.1" 200 283 "-" "Mozilla/5.0 AppleWebKit/537.36 (KHTML, like Gecko; compatible; GPTBot/1.4; +https://openai.com/gptbot)"
72.167.149.90 - - [02/Sep/2026:00:27:20 +0000] "POST /wp-cron.php?doing_wp_cron=1788308839.5917789936065673828125 HTTP/1.1" 499 0 "-" "WordPress/7.1; https://uslconsultation.com"
74.7.244.43 - - [02/Sep/2026:00:27:20 +0000] "GET /robots.txt HTTP/1.1" 200 124 "-" "Mozilla/5.0 (Macintosh; Intel Mac OS X 10_15_7) AppleWebKit/537.36 (KHTML, like Gecko) Chrome/131.0.0.0 Safari/537.36; compatible; OAI-SearchBot/1.4; robots.txt; +https://openai.com/searchbot"
72.167.149.90 - - [02/Sep/2026:00:31:23 +0000] "POST /wp-cron.php?doing_wp_cron=1788309082.3712420463562011718750 HTTP/1.1" 499 0 "-" "WordPress/7.1; https://uslconsultation.com"
161.153.105.212 - - [02/Sep/2026:00:31:23 +0000] "GET /?p=5269 HTTP/1.1" 301 0 "-" "Mozilla/5.0 (X11; Linux aarch64) AppleWebKit/537.36 (KHTML, like Gecko) Chrome/139.0.0.0 Safari/537.36"
72.167.149.90 - - [02/Sep/2026:00:33:40 +0000] "POST /wp-cron.php?doing_wp_cron=1788309219.8299210071563720703125 HTTP/1.1" 499 0 "-" "WordPress/7.1; https://uslconsultation.com"
161.153.105.212 - - [02/Sep/2026:00:33:40 +0000] "GET /?p=5269 HTTP/1.1" 301 5 "-" "Mozilla/5.0 (X11; Linux aarch64) AppleWebKit/537.36 (KHTML, like Gecko) Chrome/139.0.0.0 Safari/537.36"
122.51.236.174 - - [02/Sep/2026:00:34:50 +0000] "GET / HTTP/1.1" 200 69138 "http://www.uslconsultation.com" "Mozilla/5.0 (iPhone; CPU iPhone OS 13_2_3 like Mac OS X) AppleWebKit/605.1.15 (KHTML, like Gecko) Version/13.0.3 Mobile/15E148 Safari/604.1"
72.167.149.90 - - [02/Sep/2026:00:35:47 +0000] "GET /wp-content/uploads/2025/12/Franchise-a-Restaurant-Brand-A-Step-by-Step-Practical-Guide-scaled-e1766361718588.jpg HTTP/1.1" 200 251648 "-" "-"
161.153.105.212 - - [02/Sep/2026:00:35:48 +0000] "GET /2025/12/22/how-to-franchise-a-restaurant-brand-a-step-by-step-practical-guide/ HTTP/1.1" 200 32320 "https://uslconsultation.com/?p=5269" "Mozilla/5.0 (X11; Linux aarch64) AppleWebKit/537.36 (KHTML, like Gecko) Chrome/139.0.0.0 Safari/537.36"
72.167.149.90 - - [02/Sep/2026:00:35:49 +0000] "POST /wp-cron.php?doing_wp_cron=1788309348.0184140205383300781250 HTTP/1.1" 499 0 "-" "WordPress/7.1; https://uslconsultation.com"
72.167.149.90 - - [02/Sep/2026:00:41:46 +0000] "GET /wp-content/uploads/2025/12/the-franchise-decision-scaled-e1766360688802.jpg HTTP/1.1" 200 146678 "-" "-"
72.167.149.90 - - [02/Sep/2026:00:41:47 +0000] "POST /wp-cron.php?doing_wp_cron=1788309706.9130930900573730468750 HTTP/1.1" 499 0 "-" "WordPress/7.1; https://uslconsultation.com"
38.253.151.27 - - [02/Sep/2026:00:41:48 +0000] "GET /2025/12/21/choosing-the-right-market-entry-model-branch-franchise-or-license/ HTTP/1.1" 200 56933 "-" "Mozilla/5.0 (Macintosh; Intel Mac OS X 15_3_0) AppleWebKit/537.36 (KHTML, like Gecko) Chrome/127.0.6533.72 Safari/537.36"
72.167.149.90 - - [02/Sep/2026:00:48:57 +0000] "POST /wp-cron.php?doing_wp_cron=1788310136.4991519451141357421875 HTTP/1.1" 499 0 "-" "WordPress/7.1; https://uslconsultation.com"
144.172.104.38 - - [02/Sep/2026:00:48:57 +0000] "GET / HTTP/1.1" 301 5 "-" "Mozilla/5.0 (Windows NT 10.0; Win64; x64) AppleWebKit/537.36 (KHTML, like Gecko) Chrome/124.0.0.0 Safari/537.36"
144.172.104.38 - - [02/Sep/2026:00:49:00 +0000] "GET / HTTP/1.1" 200 319765 "https://mail.uslconsultation.com" "Mozilla/5.0 (Windows NT 10.0; Win64; x64) AppleWebKit/537.36 (KHTML, like Gecko) Chrome/124.0.0.0 Safari/537.36"
144.172.104.38 - - [02/Sep/2026:00:49:09 +0000] "GET / HTTP/1.1" 200 319756 "http://mail.uslconsultation.com" "Mozilla/5.0 (Windows NT 10.0; Win64; x64) AppleWebKit/537.36 (KHTML, like Gecko) Chrome/124.0.0.0 Safari/537.36"
54.227.17.130 - - [02/Sep/2026:00:51:56 +0000] "POST / HTTP/1.1" 499 0 "https://uslconsultation.com/" "Mozilla/5.0 (Windows NT 10.0; Win64; x64) AppleWebKit/537.36 (KHTML, like Gecko) Chrome/145.0.0.0 Safari/537.36"
72.167.149.90 - - [02/Sep/2026:00:57:23 +0000] "POST /wp-cron.php?doing_wp_cron=1788310642.4668269157409667968750 HTTP/1.1" 499 0 "-" "WordPress/7.1; https://uslconsultation.com"
137.131.38.18 - - [02/Sep/2026:00:57:23 +0000] "GET /wp-json HTTP/1.1" 200 98207 "-" "Mozilla/5.0 (X11; Linux aarch64) AppleWebKit/537.36 (KHTML, like Gecko) Chrome/139.0.0.0 Safari/537.36"
137.131.38.18 - - [02/Sep/2026:00:59:36 +0000] "GET /wp-json HTTP/1.1" 200 81378 "-" "Mozilla/5.0 (X11; Linux aarch64) AppleWebKit/537.36 (KHTML, like Gecko) Chrome/139.0.0.0 Safari/537.36"
72.167.149.90 - - [02/Sep/2026:00:59:36 +0000] "POST /wp-cron.php?doing_wp_cron=1788310775.8012609481811523437500 HTTP/1.1" 499 0 "-" "WordPress/7.1; https://uslconsultation.com"
49.51.243.156 - - [02/Sep/2026:01:15:14 +0000] "GET / HTTP/1.1" 200 69138 "http://www.uslconsultation.com" "Mozilla/5.0 (iPhone; CPU iPhone OS 13_2_3 like Mac OS X) AppleWebKit/605.1.15 (KHTML, like Gecko) Version/13.0.3 Mobile/15E148 Safari/604.1"
72.167.149.90 - - [02/Sep/2026:01:16:13 +0000] "POST /wp-cron.php?doing_wp_cron=1788311772.5669550895690917968750 HTTP/1.1" 499 0 "-" "WordPress/7.1; https://uslconsultation.com"
57.141.14.64 - - [02/Sep/2026:01:16:13 +0000] "GET /checkout/ HTTP/1.1" 302 5 "-" "Mozilla/5.0 (Windows NT 10.0; Win64; x64) AppleWebKit/537.36 (KHTML, like Gecko) Chrome/145.0.0.0 Safari/537.36 Edg/145.0.0.0 (compatible; meta-externalagent/1.1 (+https://developers.facebook.com/docs/sharing/webmasters/crawler))"
57.141.14.3 - - [02/Sep/2026:01:16:22 +0000] "GET /cart/ HTTP/1.1" 200 72742 "-" "Mozilla/5.0 (Windows NT 10.0; Win64; x64) AppleWebKit/537.36 (KHTML, like Gecko) Chrome/145.0.0.0 Safari/537.36 Edg/145.0.0.0 (compatible; meta-externalagent/1.1 (+https://developers.facebook.com/docs/sharing/webmasters/crawler))"
72.167.149.90 - - [02/Sep/2026:01:28:06 +0000] "POST /wp-cron.php?doing_wp_cron=1788312485.8510429859161376953125 HTTP/1.1" 499 0 "-" "WordPress/7.1; https://uslconsultation.com"
157.22.19.29 - - [02/Sep/2026:01:28:06 +0000] "GET /?rest_route=/ HTTP/1.1" 200 98207 "-" "curl/8.14.1"
170.168.30.53 - - [02/Sep/2026:01:28:11 +0000] "GET /wp-json/ HTTP/1.1" 200 98367 "-" "curl/8.14.1"
155.212.39.169 - - [02/Sep/2026:01:28:17 +0000] "POST /wp-json/batch/v1 HTTP/1.1" 207 490 "-" "curl/8.14.1"
72.167.149.90 - - [02/Sep/2026:01:30:20 +0000] "POST /wp-cron.php?doing_wp_cron=1788312619.1513829231262207031250 HTTP/1.1" 499 0 "-" "WordPress/7.1; https://uslconsultation.com"
216.73.217.142 - - [02/Sep/2026:01:30:20 +0000] "GET /robots.txt HTTP/1.1" 200 124 "-" "Mozilla/5.0 AppleWebKit/537.36 (KHTML, like Gecko; compatible; ClaudeBot/1.0; +claudebot@anthropic.com)"
216.73.217.142 - - [02/Sep/2026:01:30:22 +0000] "GET /sitemaps.xml HTTP/1.1" 200 284 "-" "Mozilla/5.0 AppleWebKit/537.36 (KHTML, like Gecko; compatible; ClaudeBot/1.0; +claudebot@anthropic.com)"
72.167.149.90 - - [02/Sep/2026:01:40:27 +0000] "POST /wp-cron.php?doing_wp_cron=1788313226.9238328933715820312500 HTTP/1.1" 499 0 "-" "WordPress/7.1; https://uslconsultation.com"
85.208.96.208 - - [02/Sep/2026:01:40:28 +0000] "GET /robots.txt HTTP/1.1" 200 124 "-" "Mozilla/5.0 (compatible; SemrushBot/7~bl; +http://www.semrush.com/bot.html)"
85.208.96.200 - - [02/Sep/2026:01:40:33 +0000] "GET /events/category/seminars/day/2023-09-01/ HTTP/1.1" 404 50971 "-" "Mozilla/5.0 (compatible; SemrushBot/7~bl; +http://www.semrush.com/bot.html)"
72.167.149.90 - - [02/Sep/2026:01:46:44 +0000] "POST /wp-cron.php?doing_wp_cron=1788313603.7366070747375488281250 HTTP/1.1" 499 0 "-" "WordPress/7.1; https://uslconsultation.com"
111.225.148.120 - - [02/Sep/2026:01:46:44 +0000] "GET /robots.txt HTTP/1.1" 200 124 "-" "Mozilla/5.0 (Linux; Android 5.0) AppleWebKit/537.36 (KHTML, like Gecko) Mobile Safari/537.36 (compatible; Bytespider; https://zhanzhang.toutiao.com/)"
72.167.149.90 - - [02/Sep/2026:01:48:06 +0000] "GET /wp-content/uploads/2021/02/services-1.jpg HTTP/1.1" 200 23673 "-" "-"
72.167.149.90 - - [02/Sep/2026:01:48:08 +0000] "POST /wp-cron.php?doing_wp_cron=1788313687.4453539848327636718750 HTTP/1.1" 499 0 "-" "WordPress/7.1; https://uslconsultation.com/ar"
185.191.171.10 - - [02/Sep/2026:01:48:08 +0000] "GET /ar/service/sales-marketing/ HTTP/1.1" 200 76151 "-" "Mozilla/5.0 (compatible; SemrushBot/7~bl; +http://www.semrush.com/bot.html)"
72.167.149.90 - - [02/Sep/2026:02:02:38 +0000] "POST /wp-cron.php?doing_wp_cron=1788314557.6402420997619628906250 HTTP/1.1" 499 0 "-" "WordPress/7.1; https://uslconsultation.com"
37.139.53.80 - - [02/Sep/2026:02:02:38 +0000] "GET /contact-us/ HTTP/1.0" 200 204851 "https://uslconsultation.com/contact-us/" "Mozilla/5.0 (Windows NT 10.0; Win64; x64) AppleWebKit/537.36 (KHTML, like Gecko) Chrome/131.0.0.0 Safari/537.36 Avast/131.0.0.0"
37.139.53.80 - - [02/Sep/2026:02:02:45 +0000] "POST /contact-us/ HTTP/1.0" 200 204941 "https://uslconsultation.com/contact-us/" "Mozilla/5.0 (Windows NT 10.0; Win64; x64) AppleWebKit/537.36 (KHTML, like Gecko) Chrome/131.0.0.0 Safari/537.36 Avast/131.0.0.0"
129.153.85.142 - - [02/Sep/2026:02:06:32 +0000] "GET /ar/service/feasibility-studes-financial-planning HTTP/1.1" 499 0 "-" "Mozilla/5.0 (X11; Linux aarch64) AppleWebKit/537.36 (KHTML, like Gecko) Chrome/139.0.0.0 Safari/537.36"
72.167.149.90 - - [02/Sep/2026:02:06:32 +0000] "POST /wp-cron.php?doing_wp_cron=1788314791.6059188842773437500000 HTTP/1.1" 499 0 "-" "WordPress/7.1; https://uslconsultation.com/ar"
129.153.85.142 - - [02/Sep/2026:02:08:36 +0000] "GET /ar/service/feasibility-studes-financial-planning HTTP/1.1" 499 0 "-" "Mozilla/5.0 (X11; Linux aarch64) AppleWebKit/537.36 (KHTML, like Gecko) Chrome/139.0.0.0 Safari/537.36"
72.167.149.90 - - [02/Sep/2026:02:08:36 +0000] "POST /wp-cron.php?doing_wp_cron=1788314915.7517569065093994140625 HTTP/1.1" 499 0 "-" "WordPress/7.1; https://uslconsultation.com/ar"
72.167.149.90 - - [02/Sep/2026:02:18:17 +0000] "GET /wp-content/uploads/2025/12/KPIs-scaled-e1766361387995.jpg HTTP/1.1" 200 132397 "-" "-"
57.141.14.97 - - [02/Sep/2026:02:18:18 +0000] "GET /2025/12/21/building-kpis-that-actually-improve-performance/ HTTP/1.1" 200 32320 "-" "Mozilla/5.0 (Windows NT 10.0; Win64; x64) AppleWebKit/537.36 (KHTML, like Gecko) Chrome/145.0.0.0 Safari/537.36 (compatible; meta-externalagent/1.1 (+https://developers.facebook.com/docs/sharing/webmasters/crawler))"
72.167.149.90 - - [02/Sep/2026:02:18:19 +0000] "POST /wp-cron.php?doing_wp_cron=1788315498.8256859779357910156250 HTTP/1.1" 499 0 "-" "WordPress/7.1; https://uslconsultation.com"
51.68.107.154 - - [02/Sep/2026:02:25:58 +0000] "GET /robots.txt HTTP/1.1" 200 124 "-" "Mozilla/5.0 (compatible; MJ12bot/v2.0.5; http://mj12bot.com/)"
72.167.149.90 - - [02/Sep/2026:02:26:03 +0000] "POST /wp-cron.php?doing_wp_cron=1788315962.5445001125335693359375 HTTP/1.1" 499 0 "-" "WordPress/7.1; https://uslconsultation.com"
51.68.107.154 - - [02/Sep/2026:02:26:03 +0000] "GET / HTTP/1.1" 200 68951 "-" "Mozilla/5.0 (compatible; MJ12bot/v2.0.5; http://mj12bot.com/)"
72.167.149.90 - - [02/Sep/2026:02:36:18 +0000] "POST /wp-cron.php?doing_wp_cron=1788316577.5896530151367187500000 HTTP/1.1" 499 0 "-" "WordPress/7.1; https://uslconsultation.com"
72.167.149.90 - - [02/Sep/2026:02:36:51 +0000] "POST /wp-admin/admin-ajax.php?action=elementor_1_elementor_pro_updater&nonce=22c025b4b7 HTTP/1.1" 400 11 "-" "WordPress/7.1; https://uslconsultation.com"
72.167.149.90 - - [02/Sep/2026:02:36:58 +0000] "POST /wp-cron.php?doing_wp_cron=1788316617.1711409091949462890625 HTTP/1.1" 499 0 "-" "WordPress/7.1; https://uslconsultation.com"
72.167.149.90 - - [02/Sep/2026:02:37:50 +0000] "POST /wp-cron.php?doing_wp_cron=1788316669.3063440322875976562500 HTTP/1.1" 499 0 "-" "WordPress/7.1; https://uslconsultation.com"
72.167.149.90 - - [02/Sep/2026:02:43:23 +0000] "POST /wp-cron.php?doing_wp_cron=1788317002.4134519100189208984375 HTTP/1.1" 499 0 "-" "WordPress/7.1; https://uslconsultation.com"
47.128.59.3 - - [02/Sep/2026:02:43:23 +0000] "GET /robots.txt HTTP/1.1" 200 129 "-" "Mozilla/5.0 (iPhone; CPU iPhone OS 7_1_2 like Mac OS X) AppleWebKit/537.36 (KHTML, like Gecko) Version/7.0 Mobile Safari/537.36 (compatible; Bytespider; https://bytedance.sg.larkoffice.com/docx/K5bxdypulop3IIxrJb0lOjLVgFe)"
72.167.149.90 - - [02/Sep/2026:03:00:07 +0000] "POST /wp-cron.php?doing_wp_cron=1788318006.6790759563446044921875 HTTP/1.1" 499 0 "-" "WordPress/7.1; https://uslconsultation.com"
17.166.22.100 - - [02/Sep/2026:03:00:07 +0000] "GET /robots.txt HTTP/1.1" 200 124 "-" "Mozilla/5.0 (Macintosh; Intel Mac OS X 10_15_7) AppleWebKit/605.1.15 (KHTML, like Gecko) Version/17.4 Safari/605.1.15 (Applebot/0.1; +http://www.apple.com/go/applebot)"
17.166.22.100 - - [02/Sep/2026:03:00:22 +0000] "GET / HTTP/1.1" 200 70482 "-" "Mozilla/5.0 (Macintosh; Intel Mac OS X 10_15_7) AppleWebKit/605.1.15 (KHTML, like Gecko) Version/17.4 Safari/605.1.15 (Applebot/0.1; +http://www.apple.com/go/applebot)"
17.166.24.103 - - [02/Sep/2026:03:01:33 +0000] "GET /wp-content/plugins/revslider/public/css/sr7.css?ver=6.7.39 HTTP/1.1" 200 1581 "https://uslconsultation.com/" "Mozilla/5.0 (Macintosh; Intel Mac OS X 10_15_7) AppleWebKit/605.1.15 (KHTML, like Gecko) Version/17.4 Safari/605.1.15 (Applebot/0.1; +http://www.apple.com/go/applebot)"
17.166.24.103 - - [02/Sep/2026:03:01:34 +0000] "GET /wp-content/plugins/alpus-aprs/plugin-framework/assets/css/framework.min.css?ver=1.2.0 HTTP/1.1" 200 671 "https://uslconsultation.com/" "Mozilla/5.0 (Macintosh; Intel Mac OS X 10_15_7) AppleWebKit/605.1.15 (KHTML, like Gecko) Version/17.4 Safari/605.1.15 (Applebot/0.1; +http://www.apple.com/go/applebot)"
17.166.24.103 - - [02/Sep/2026:03:01:35 +0000] "GET /wp-content/plugins/contact-form-7/includes/css/styles.css?ver=6.1.7 HTTP/1.1" 200 1050 "https://uslconsultation.com/" "Mozilla/5.0 (Macintosh; Intel Mac OS X 10_15_7) AppleWebKit/605.1.15 (KHTML, like Gecko) Version/17.4 Safari/605.1.15 (Applebot/0.1; +http://www.apple.com/go/applebot)"
17.166.24.103 - - [02/Sep/2026:03:01:36 +0000] "GET /wp-content/plugins/alpus-aprs/plugin-framework/assets/css/base.min.css?ver=1.2.0 HTTP/1.1" 200 4336 "https://uslconsultation.com/" "Mozilla/5.0 (Macintosh; Intel Mac OS X 10_15_7) AppleWebKit/605.1.15 (KHTML, like Gecko) Version/17.4 Safari/605.1.15 (Applebot/0.1; +http://www.apple.com/go/applebot)"
17.166.24.103 - - [02/Sep/2026:03:01:37 +0000] "GET /wp-content/plugins/cookieadmin/assets/css/consent.css?ver=1.1.4 HTTP/1.1" 200 2667 "https://uslconsultation.com/" "Mozilla/5.0 (Macintosh; Intel Mac OS X 10_15_7) AppleWebKit/605.1.15 (KHTML, like Gecko) Version/17.4 Safari/605.1.15 (Applebot/0.1; +http://www.apple.com/go/applebot)"
17.166.24.103 - - [02/Sep/2026:03:01:38 +0000] "GET /wp-content/plugins/translatepress-multilingual/assets/css/trp-language-switcher-v2.css?ver=3.3.4 HTTP/1.1" 200 2315 "https://uslconsultation.com/" "Mozilla/5.0 (Macintosh; Intel Mac OS X 10_15_7) AppleWebKit/605.1.15 (KHTML, like Gecko) Version/17.4 Safari/605.1.15 (Applebot/0.1; +http://www.apple.com/go/applebot)"
17.166.24.103 - - [02/Sep/2026:03:01:39 +0000] "GET /wp-content/themes/porto/inc/lib/woocommerce-shipping-progress-bar/shipping-progress-bar.css?ver=7.7.2 HTTP/1.1" 200 525 "https://uslconsultation.com/" "Mozilla/5.0 (Macintosh; Intel Mac OS X 10_15_7) AppleWebKit/605.1.15 (KHTML, like Gecko) Version/17.4 Safari/605.1.15 (Applebot/0.1; +http://www.apple.com/go/applebot)"
17.166.24.103 - - [02/Sep/2026:03:01:40 +0000] "GET /wp-content/uploads/elementor/css/custom-frontend.min.css?ver=1788318013 HTTP/1.1" 200 7463 "https://uslconsultation.com/" "Mozilla/5.0 (Macintosh; Intel Mac OS X 10_15_7) AppleWebKit/605.1.15 (KHTML, like Gecko) Version/17.4 Safari/605.1.15 (Applebot/0.1; +http://www.apple.com/go/applebot)"
17.166.24.103 - - [02/Sep/2026:03:01:41 +0000] "GET /wp-content/uploads/elementor/css/post-4908.css?ver=1788318015 HTTP/1.1" 200 491 "https://uslconsultation.com/" "Mozilla/5.0 (Macintosh; Intel Mac OS X 10_15_7) AppleWebKit/605.1.15 (KHTML, like Gecko) Version/17.4 Safari/605.1.15 (Applebot/0.1; +http://www.apple.com/go/applebot)"
17.166.24.218 - - [02/Sep/2026:03:01:43 +0000] "GET /wp-content/themes/porto/css/part/fadeInUp.css?ver=7.7.2 HTTP/1.1" 200 132 "https://uslconsultation.com/" "Mozilla/5.0 (Macintosh; Intel Mac OS X 10_15_7) AppleWebKit/605.1.15 (KHTML, like Gecko) Version/17.4 Safari/605.1.15 (Applebot/0.1; +http://www.apple.com/go/applebot)"
17.166.24.218 - - [02/Sep/2026:03:01:44 +0000] "GET /wp-content/plugins/elementor/assets/css/widget-heading.min.css?ver=4.2.4 HTTP/1.1" 200 171 "https://uslconsultation.com/" "Mozilla/5.0 (Macintosh; Intel Mac OS X 10_15_7) AppleWebKit/605.1.15 (KHTML, like Gecko) Version/17.4 Safari/605.1.15 (Applebot/0.1; +http://www.apple.com/go/applebot)"
17.166.24.103 - - [02/Sep/2026:03:01:45 +0000] "GET /wp-content/plugins/elementor/assets/lib/animations/styles/fadeIn.min.css?ver=4.2.4 HTTP/1.1" 200 77 "https://uslconsultation.com/" "Mozilla/5.0 (Macintosh; Intel Mac OS X 10_15_7) AppleWebKit/605.1.15 (KHTML, like Gecko) Version/17.4 Safari/605.1.15 (Applebot/0.1; +http://www.apple.com/go/applebot)"
17.166.24.103 - - [02/Sep/2026:03:01:46 +0000] "GET /wp-content/plugins/elementor/assets/css/widget-image.min.css?ver=4.2.4 HTTP/1.1" 200 214 "https://uslconsultation.com/" "Mozilla/5.0 (Macintosh; Intel Mac OS X 10_15_7) AppleWebKit/605.1.15 (KHTML, like Gecko) Version/17.4 Safari/605.1.15 (Applebot/0.1; +http://www.apple.com/go/applebot)"
17.166.24.103 - - [02/Sep/2026:03:01:47 +0000] "GET /wp-content/plugins/elementor/assets/css/conditionals/shapes.min.css?ver=4.2.4 HTTP/1.1" 200 300 "https://uslconsultation.com/" "Mozilla/5.0 (Macintosh; Intel Mac OS X 10_15_7) AppleWebKit/605.1.15 (KHTML, like Gecko) Version/17.4 Safari/605.1.15 (Applebot/0.1; +http://www.apple.com/go/applebot)"
17.166.24.103 - - [02/Sep/2026:03:01:48 +0000] "GET /wp-content/uploads/elementor/css/custom-widget-progress.min.css?ver=1788318013 HTTP/1.1" 200 416 "https://uslconsultation.com/" "Mozilla/5.0 (Macintosh; Intel Mac OS X 10_15_7) AppleWebKit/605.1.15 (KHTML, like Gecko) Version/17.4 Safari/605.1.15 (Applebot/0.1; +http://www.apple.com/go/applebot)"
17.166.24.218 - - [02/Sep/2026:03:01:49 +0000] "GET /wp-content/plugins/elementor/assets/css/widget-divider.min.css?ver=4.2.4 HTTP/1.1" 200 764 "https://uslconsultation.com/" "Mozilla/5.0 (Macintosh; Intel Mac OS X 10_15_7) AppleWebKit/605.1.15 (KHTML, like Gecko) Version/17.4 Safari/605.1.15 (Applebot/0.1; +http://www.apple.com/go/applebot)"
17.166.24.103 - - [02/Sep/2026:03:01:50 +0000] "GET /wp-content/plugins/elementor/assets/css/widget-testimonial.min.css?ver=4.2.4 HTTP/1.1" 200 360 "https://uslconsultation.com/" "Mozilla/5.0 (Macintosh; Intel Mac OS X 10_15_7) AppleWebKit/605.1.15 (KHTML, like Gecko) Version/17.4 Safari/605.1.15 (Applebot/0.1; +http://www.apple.com/go/applebot)"
17.166.24.103 - - [02/Sep/2026:03:01:51 +0000] "GET /wp-content/plugins/alpus-aprs/assets/css/alpus-aprs-frontend.min.css?ver=2.2.0 HTTP/1.1" 200 1226 "https://uslconsultation.com/" "Mozilla/5.0 (Macintosh; Intel Mac OS X 10_15_7) AppleWebKit/605.1.15 (KHTML, like Gecko) Version/17.4 Safari/605.1.15 (Applebot/0.1; +http://www.apple.com/go/applebot)"
17.166.24.218 - - [02/Sep/2026:03:01:52 +0000] "GET /wp-content/uploads/porto_styles/theme_css_vars.css?ver=7.7.2 HTTP/1.1" 200 1627 "https://uslconsultation.com/" "Mozilla/5.0 (Macintosh; Intel Mac OS X 10_15_7) AppleWebKit/605.1.15 (KHTML, like Gecko) Version/17.4 Safari/605.1.15 (Applebot/0.1; +http://www.apple.com/go/applebot)"
17.166.24.103 - - [02/Sep/2026:03:01:53 +0000] "GET /wp-content/uploads/porto_styles/bootstrap.css?ver=7.7.2 HTTP/1.1" 200 25393 "https://uslconsultation.com/" "Mozilla/5.0 (Macintosh; Intel Mac OS X 10_15_7) AppleWebKit/605.1.15 (KHTML, like Gecko) Version/17.4 Safari/605.1.15 (Applebot/0.1; +http://www.apple.com/go/applebot)"
17.166.24.103 - - [02/Sep/2026:03:01:55 +0000] "GET /wp-content/themes/porto/css/plugins.css?ver=7.7.2 HTTP/1.1" 200 33153 "https://uslconsultation.com/" "Mozilla/5.0 (Macintosh; Intel Mac OS X 10_15_7) AppleWebKit/605.1.15 (KHTML, like Gecko) Version/17.4 Safari/605.1.15 (Applebot/0.1; +http://www.apple.com/go/applebot)"
17.166.24.218 - - [02/Sep/2026:03:01:56 +0000] "GET /wp-content/themes/porto/css/theme.css?ver=7.7.2 HTTP/1.1" 200 38390 "https://uslconsultation.com/" "Mozilla/5.0 (Macintosh; Intel Mac OS X 10_15_7) AppleWebKit/605.1.15 (KHTML, like Gecko) Version/17.4 Safari/605.1.15 (Applebot/0.1; +http://www.apple.com/go/applebot)"
17.166.24.103 - - [02/Sep/2026:03:01:57 +0000] "GET /wp-content/themes/porto/css/part/header-shop.css?ver=7.7.2 HTTP/1.1" 200 2513 "https://uslconsultation.com/" "Mozilla/5.0 (Macintosh; Intel Mac OS X 10_15_7) AppleWebKit/605.1.15 (KHTML, like Gecko) Version/17.4 Safari/605.1.15 (Applebot/0.1; +http://www.apple.com/go/applebot)"
17.166.24.103 - - [02/Sep/2026:03:01:58 +0000] "GET /wp-content/themes/porto/css/part/nav-panel.css?ver=7.7.2 HTTP/1.1" 200 787 "https://uslconsultation.com/" "Mozilla/5.0 (Macintosh; Intel Mac OS X 10_15_7) AppleWebKit/605.1.15 (KHTML, like Gecko) Version/17.4 Safari/605.1.15 (Applebot/0.1; +http://www.apple.com/go/applebot)"
17.166.24.218 - - [02/Sep/2026:03:01:59 +0000] "GET /wp-content/themes/porto/css/part/revslider.css?ver=7.7.2 HTTP/1.1" 200 947 "https://uslconsultation.com/" "Mozilla/5.0 (Macintosh; Intel Mac OS X 10_15_7) AppleWebKit/605.1.15 (KHTML, like Gecko) Version/17.4 Safari/605.1.15 (Applebot/0.1; +http://www.apple.com/go/applebot)"
17.166.24.218 - - [02/Sep/2026:03:02:00 +0000] "GET /wp-content/themes/porto/css/theme_portfolio.css?ver=7.7.2 HTTP/1.1" 200 2826 "https://uslconsultation.com/" "Mozilla/5.0 (Macintosh; Intel Mac OS X 10_15_7) AppleWebKit/605.1.15 (KHTML, like Gecko) Version/17.4 Safari/605.1.15 (Applebot/0.1; +http://www.apple.com/go/applebot)"
17.166.24.103 - - [02/Sep/2026:03:02:01 +0000] "GET /wp-content/themes/porto/css/theme_member.css?ver=7.7.2 HTTP/1.1" 200 1256 "https://uslconsultation.com/" "Mozilla/5.0 (Macintosh; Intel Mac OS X 10_15_7) AppleWebKit/605.1.15 (KHTML, like Gecko) Version/17.4 Safari/605.1.15 (Applebot/0.1; +http://www.apple.com/go/applebot)"
17.166.24.103 - - [02/Sep/2026:03:02:02 +0000] "GET /wp-content/themes/porto/css/theme_event.css?ver=7.7.2 HTTP/1.1" 200 333 "https://uslconsultation.com/" "Mozilla/5.0 (Macintosh; Intel Mac OS X 10_15_7) AppleWebKit/605.1.15 (KHTML, like Gecko) Version/17.4 Safari/605.1.15 (Applebot/0.1; +http://www.apple.com/go/applebot)"
17.166.24.103 - - [02/Sep/2026:03:02:03 +0000] "GET /wp-content/uploads/porto_styles/shortcodes.css?ver=7.7.2 HTTP/1.1" 200 27166 "https://uslconsultation.com/" "Mozilla/5.0 (Macintosh; Intel Mac OS X 10_15_7) AppleWebKit/605.1.15 (KHTML, like Gecko) Version/17.4 Safari/605.1.15 (Applebot/0.1; +http://www.apple.com/go/applebot)"
17.166.24.218 - - [02/Sep/2026:03:02:04 +0000] "GET /wp-content/themes/porto/css/theme_shop.css?ver=7.7.2 HTTP/1.1" 200 14002 "https://uslconsultation.com/" "Mozilla/5.0 (Macintosh; Intel Mac OS X 10_15_7) AppleWebKit/605.1.15 (KHTML, like Gecko) Version/17.4 Safari/605.1.15 (Applebot/0.1; +http://www.apple.com/go/applebot)"
17.166.24.103 - - [02/Sep/2026:03:02:06 +0000] "GET /wp-content/themes/porto/css/theme_elementor.css?ver=7.7.2 HTTP/1.1" 200 1855 "https://uslconsultation.com/" "Mozilla/5.0 (Macintosh; Intel Mac OS X 10_15_7) AppleWebKit/605.1.15 (KHTML, like Gecko) Version/17.4 Safari/605.1.15 (Applebot/0.1; +http://www.apple.com/go/applebot)"
17.166.24.103 - - [02/Sep/2026:03:02:07 +0000] "GET /wp-content/uploads/porto_styles/dynamic_style.css?ver=7.7.2 HTTP/1.1" 200 7266 "https://uslconsultation.com/" "Mozilla/5.0 (Macintosh; Intel Mac OS X 10_15_7) AppleWebKit/605.1.15 (KHTML, like Gecko) Version/17.4 Safari/605.1.15 (Applebot/0.1; +http://www.apple.com/go/applebot)"
17.166.24.103 - - [02/Sep/2026:03:02:08 +0000] "GET /wp-content/plugins/porto-functionality/builders/assets/type-builder.css?ver=3.7.2 HTTP/1.1" 200 2484 "https://uslconsultation.com/" "Mozilla/5.0 (Macintosh; Intel Mac OS X 10_15_7) AppleWebKit/605.1.15 (KHTML, like Gecko) Version/17.4 Safari/605.1.15 (Applebot/0.1; +http://www.apple.com/go/applebot)"
17.166.24.103 - - [02/Sep/2026:03:02:09 +0000] "GET /wp-content/themes/porto/css/theme/shop/login-style/account-login.css?ver=7.7.2 HTTP/1.1" 200 1026 "https://uslconsultation.com/" "Mozilla/5.0 (Macintosh; Intel Mac OS X 10_15_7) AppleWebKit/605.1.15 (KHTML, like Gecko) Version/17.4 Safari/605.1.15 (Applebot/0.1; +http://www.apple.com/go/applebot)"
17.166.24.103 - - [02/Sep/2026:03:02:10 +0000] "GET /wp-content/themes/porto/css/theme/shop/other/woopage.css?ver=7.7.2 HTTP/1.1" 200 4798 "https://uslconsultation.com/" "Mozilla/5.0 (Macintosh; Intel Mac OS X 10_15_7) AppleWebKit/605.1.15 (KHTML, like Gecko) Version/17.4 Safari/605.1.15 (Applebot/0.1; +http://www.apple.com/go/applebot)"
17.166.24.218 - - [02/Sep/2026:03:02:11 +0000] "GET /wp-content/themes/porto/css/theme/blog/type/modern.css?ver=7.7.2 HTTP/1.1" 200 1047 "https://uslconsultation.com/" "Mozilla/5.0 (Macintosh; Intel Mac OS X 10_15_7) AppleWebKit/605.1.15 (KHTML, like Gecko) Version/17.4 Safari/605.1.15 (Applebot/0.1; +http://www.apple.com/go/applebot)"
17.166.24.103 - - [02/Sep/2026:03:02:12 +0000] "GET /wp-content/themes/porto/css/theme/blog/single-post/modern.css?ver=7.7.2 HTTP/1.1" 200 599 "https://uslconsultation.com/" "Mozilla/5.0 (Macintosh; Intel Mac OS X 10_15_7) AppleWebKit/605.1.15 (KHTML, like Gecko) Version/17.4 Safari/605.1.15 (Applebot/0.1; +http://www.apple.com/go/applebot)"
17.166.24.103 - - [02/Sep/2026:03:02:13 +0000] "GET /wp-content/uploads/elementor/css/post-9.css?ver=1788318017 HTTP/1.1" 200 6157 "https://uslconsultation.com/" "Mozilla/5.0 (Macintosh; Intel Mac OS X 10_15_7) AppleWebKit/605.1.15 (KHTML, like Gecko) Version/17.4 Safari/605.1.15 (Applebot/0.1; +http://www.apple.com/go/applebot)"
17.166.24.103 - - [02/Sep/2026:03:02:14 +0000] "GET /wp-content/plugins/elementor/assets/lib/animations/styles/e-animation-grow.min.css?ver=4.2.4 HTTP/1.1" 200 198 "https://uslconsultation.com/" "Mozilla/5.0 (Macintosh; Intel Mac OS X 10_15_7) AppleWebKit/605.1.15 (KHTML, like Gecko) Version/17.4 Safari/605.1.15 (Applebot/0.1; +http://www.apple.com/go/applebot)"
17.166.24.103 - - [02/Sep/2026:03:02:15 +0000] "GET /wp-content/plugins/elementor/assets/css/widget-social-icons.min.css?ver=4.2.4 HTTP/1.1" 200 1155 "https://uslconsultation.com/" "Mozilla/5.0 (Macintosh; Intel Mac OS X 10_15_7) AppleWebKit/605.1.15 (KHTML, like Gecko) Version/17.4 Safari/605.1.15 (Applebot/0.1; +http://www.apple.com/go/applebot)"
17.166.24.218 - - [02/Sep/2026:03:02:16 +0000] "GET /wp-content/uploads/elementor/css/custom-apple-webkit.min.css?ver=1788318013 HTTP/1.1" 200 567 "https://uslconsultation.com/" "Mozilla/5.0 (Macintosh; Intel Mac OS X 10_15_7) AppleWebKit/605.1.15 (KHTML, like Gecko) Version/17.4 Safari/605.1.15 (Applebot/0.1; +http://www.apple.com/go/applebot)"
17.166.24.103 - - [02/Sep/2026:03:02:17 +0000] "GET /wp-content/themes/porto/style.css?ver=7.7.2 HTTP/1.1" 200 613 "https://uslconsultation.com/" "Mozilla/5.0 (Macintosh; Intel Mac OS X 10_15_7) AppleWebKit/605.1.15 (KHTML, like Gecko) Version/17.4 Safari/605.1.15 (Applebot/0.1; +http://www.apple.com/go/applebot)"
17.166.24.218 - - [02/Sep/2026:03:02:18 +0000] "GET /wp-content/themes/porto-child/style.css?ver=7.1 HTTP/1.1" 200 472 "https://uslconsultation.com/" "Mozilla/5.0 (Macintosh; Intel Mac OS X 10_15_7) AppleWebKit/605.1.15 (KHTML, like Gecko) Version/17.4 Safari/605.1.15 (Applebot/0.1; +http://www.apple.com/go/applebot)"
17.166.24.103 - - [02/Sep/2026:03:02:20 +0000] "GET /wp-includes/js/jquery/jquery.min.js?ver=3.7.1 HTTP/1.1" 200 30654 "https://uslconsultation.com/" "Mozilla/5.0 (Macintosh; Intel Mac OS X 10_15_7) AppleWebKit/605.1.15 (KHTML, like Gecko) Version/17.4 Safari/605.1.15 (Applebot/0.1; +http://www.apple.com/go/applebot)"
17.166.24.103 - - [02/Sep/2026:03:02:21 +0000] "GET /wp-includes/js/jquery/jquery-migrate.min.js?ver=3.4.1 HTTP/1.1" 200 4894 "https://uslconsultation.com/" "Mozilla/5.0 (Macintosh; Intel Mac OS X 10_15_7) AppleWebKit/605.1.15 (KHTML, like Gecko) Version/17.4 Safari/605.1.15 (Applebot/0.1; +http://www.apple.com/go/applebot)"
17.166.24.103 - - [02/Sep/2026:03:02:22 +0000] "GET /wp-content/plugins/woocommerce/assets/js/jquery-blockui/jquery.blockUI.min.js?ver=2.7.0-wc.11.0.1 HTTP/1.1" 200 3559 "https://uslconsultation.com/" "Mozilla/5.0 (Macintosh; Intel Mac OS X 10_15_7) AppleWebKit/605.1.15 (KHTML, like Gecko) Version/17.4 Safari/605.1.15 (Applebot/0.1; +http://www.apple.com/go/applebot)"
17.166.24.103 - - [02/Sep/2026:03:02:23 +0000] "GET /wp-content/plugins/woocommerce/assets/js/frontend/add-to-cart.min.js?ver=11.0.1 HTTP/1.1" 200 1456 "https://uslconsultation.com/" "Mozilla/5.0 (Macintosh; Intel Mac OS X 10_15_7) AppleWebKit/605.1.15 (KHTML, like Gecko) Version/17.4 Safari/605.1.15 (Applebot/0.1; +http://www.apple.com/go/applebot)"
17.166.24.103 - - [02/Sep/2026:03:02:24 +0000] "GET /wp-content/plugins/woocommerce/assets/js/js-cookie/js.cookie.min.js?ver=2.1.4-wc.11.0.1 HTTP/1.1" 200 845 "https://uslconsultation.com/" "Mozilla/5.0 (Macintosh; Intel Mac OS X 10_15_7) AppleWebKit/605.1.15 (KHTML, like Gecko) Version/17.4 Safari/605.1.15 (Applebot/0.1; +http://www.apple.com/go/applebot)"
17.166.24.218 - - [02/Sep/2026:03:02:25 +0000] "GET /wp-content/plugins/woocommerce/assets/js/frontend/woocommerce.min.js?ver=11.0.1 HTTP/1.1" 200 1600 "https://uslconsultation.com/" "Mozilla/5.0 (Macintosh; Intel Mac OS X 10_15_7) AppleWebKit/605.1.15 (KHTML, like Gecko) Version/17.4 Safari/605.1.15 (Applebot/0.1; +http://www.apple.com/go/applebot)"
17.166.24.103 - - [02/Sep/2026:03:02:26 +0000] "GET /wp-content/plugins/translatepress-multilingual/assets/js/trp-frontend-compatibility.js?ver=3.3.4 HTTP/1.1" 200 396 "https://uslconsultation.com/" "Mozilla/5.0 (Macintosh; Intel Mac OS X 10_15_7) AppleWebKit/605.1.15 (KHTML, like Gecko) Version/17.4 Safari/605.1.15 (Applebot/0.1; +http://www.apple.com/go/applebot)"
17.166.24.103 - - [02/Sep/2026:03:02:27 +0000] "GET /wp-content/plugins/translatepress-multilingual/assets/js/trp-frontend-language-switcher.js?ver=3.3.4 HTTP/1.1" 200 4194 "https://uslconsultation.com/" "Mozilla/5.0 (Macintosh; Intel Mac OS X 10_15_7) AppleWebKit/605.1.15 (KHTML, like Gecko) Version/17.4 Safari/605.1.15 (Applebot/0.1; +http://www.apple.com/go/applebot)"
17.166.24.103 - - [02/Sep/2026:03:02:28 +0000] "GET /wp-content/plugins/woocommerce/assets/js/frontend/cart-fragments.min.js?ver=11.0.1 HTTP/1.1" 200 1060 "https://uslconsultation.com/" "Mozilla/5.0 (Macintosh; Intel Mac OS X 10_15_7) AppleWebKit/605.1.15 (KHTML, like Gecko) Version/17.4 Safari/605.1.15 (Applebot/0.1; +http://www.apple.com/go/applebot)"
17.166.24.218 - - [02/Sep/2026:03:02:29 +0000] "GET /wp-content/plugins/woocommerce/assets/client/blocks/wc-blocks.css?ver=wc-11.0.1 HTTP/1.1" 200 2676 "https://uslconsultation.com/" "Mozilla/5.0 (Macintosh; Intel Mac OS X 10_15_7) AppleWebKit/605.1.15 (KHTML, like Gecko) Version/17.4 Safari/605.1.15 (Applebot/0.1; +http://www.apple.com/go/applebot)"
17.166.24.103 - - [02/Sep/2026:03:02:30 +0000] "GET /wp-content/uploads/elementor/css/post-5.css?ver=1788318018 HTTP/1.1" 200 1038 "https://uslconsultation.com/" "Mozilla/5.0 (Macintosh; Intel Mac OS X 10_15_7) AppleWebKit/605.1.15 (KHTML, like Gecko) Version/17.4 Safari/605.1.15 (Applebot/0.1; +http://www.apple.com/go/applebot)"
17.166.24.218 - - [02/Sep/2026:03:02:31 +0000] "GET /wp-content/uploads/elementor/css/post-335.css?ver=1788318021 HTTP/1.1" 200 1267 "https://uslconsultation.com/" "Mozilla/5.0 (Macintosh; Intel Mac OS X 10_15_7) AppleWebKit/605.1.15 (KHTML, like Gecko) Version/17.4 Safari/605.1.15 (Applebot/0.1; +http://www.apple.com/go/applebot)"
17.166.24.218 - - [02/Sep/2026:03:02:33 +0000] "GET /wp-includes/js/dist/hooks.min.js?ver=f0f188028580e8dc1255 HTTP/1.1" 200 1872 "https://uslconsultation.com/" "Mozilla/5.0 (Macintosh; Intel Mac OS X 10_15_7) AppleWebKit/605.1.15 (KHTML, like Gecko) Version/17.4 Safari/605.1.15 (Applebot/0.1; +http://www.apple.com/go/applebot)"
17.166.24.103 - - [02/Sep/2026:03:02:34 +0000] "GET /wp-includes/js/dist/i18n.min.js?ver=1dfe7db3940c23ea9216 HTTP/1.1" 200 2506 "https://uslconsultation.com/" "Mozilla/5.0 (Macintosh; Intel Mac OS X 10_15_7) AppleWebKit/605.1.15 (KHTML, like Gecko) Version/17.4 Safari/605.1.15 (Applebot/0.1; +http://www.apple.com/go/applebot)"
17.166.24.218 - - [02/Sep/2026:03:02:35 +0000] "GET /wp-content/plugins/contact-form-7/includes/swv/js/index.js?ver=6.1.7 HTTP/1.1" 200 3530 "https://uslconsultation.com/" "Mozilla/5.0 (Macintosh; Intel Mac OS X 10_15_7) AppleWebKit/605.1.15 (KHTML, like Gecko) Version/17.4 Safari/605.1.15 (Applebot/0.1; +http://www.apple.com/go/applebot)"
17.166.24.218 - - [02/Sep/2026:03:02:36 +0000] "GET /wp-content/plugins/contact-form-7/includes/js/index.js?ver=6.1.7 HTTP/1.1" 200 4290 "https://uslconsultation.com/" "Mozilla/5.0 (Macintosh; Intel Mac OS X 10_15_7) AppleWebKit/605.1.15 (KHTML, like Gecko) Version/17.4 Safari/605.1.15 (Applebot/0.1; +http://www.apple.com/go/applebot)"
17.166.24.218 - - [02/Sep/2026:03:02:37 +0000] "GET /wp-content/plugins/alpus-aprs/plugin-framework/assets/js/framework.min.js?ver=1.2.0 HTTP/1.1" 200 1291 "https://uslconsultation.com/" "Mozilla/5.0 (Macintosh; Intel Mac OS X 10_15_7) AppleWebKit/605.1.15 (KHTML, like Gecko) Version/17.4 Safari/605.1.15 (Applebot/0.1; +http://www.apple.com/go/applebot)"
17.166.24.103 - - [02/Sep/2026:03:02:38 +0000] "GET /wp-content/plugins/cookieadmin/assets/js/consent.js?ver=1.1.4 HTTP/1.1" 200 4791 "https://uslconsultation.com/" "Mozilla/5.0 (Macintosh; Intel Mac OS X 10_15_7) AppleWebKit/605.1.15 (KHTML, like Gecko) Version/17.4 Safari/605.1.15 (Applebot/0.1; +http://www.apple.com/go/applebot)"
17.166.24.103 - - [02/Sep/2026:03:02:39 +0000] "GET /wp-content/themes/porto/inc/lib/live-search/live-search.min.js?ver=7.7.2 HTTP/1.1" 200 4961 "https://uslconsultation.com/" "Mozilla/5.0 (Macintosh; Intel Mac OS X 10_15_7) AppleWebKit/605.1.15 (KHTML, like Gecko) Version/17.4 Safari/605.1.15 (Applebot/0.1; +http://www.apple.com/go/applebot)"
17.166.24.103 - - [02/Sep/2026:03:02:40 +0000] "GET /wp-content/plugins/woocommerce/assets/js/sourcebuster/sourcebuster.min.js?ver=11.0.1 HTTP/1.1" 200 4830 "https://uslconsultation.com/" "Mozilla/5.0 (Macintosh; Intel Mac OS X 10_15_7) AppleWebKit/605.1.15 (KHTML, like Gecko) Version/17.4 Safari/605.1.15 (Applebot/0.1; +http://www.apple.com/go/applebot)"
17.166.24.103 - - [02/Sep/2026:03:02:41 +0000] "GET /wp-content/plugins/woocommerce/assets/js/frontend/order-attribution.min.js?ver=11.0.1 HTTP/1.1" 200 1162 "https://uslconsultation.com/" "Mozilla/5.0 (Macintosh; Intel Mac OS X 10_15_7) AppleWebKit/605.1.15 (KHTML, like Gecko) Version/17.4 Safari/605.1.15 (Applebot/0.1; +http://www.apple.com/go/applebot)"
17.166.24.218 - - [02/Sep/2026:03:02:42 +0000] "GET /wp-content/plugins/cookieadmin-pro/assets/js/consent.js?ver=1.1.4 HTTP/1.1" 200 624 "https://uslconsultation.com/" "Mozilla/5.0 (Macintosh; Intel Mac OS X 10_15_7) AppleWebKit/605.1.15 (KHTML, like Gecko) Version/17.4 Safari/605.1.15 (Applebot/0.1; +http://www.apple.com/go/applebot)"
17.166.24.218 - - [02/Sep/2026:03:02:43 +0000] "GET /wp-content/plugins/elementor/assets/js/webpack.runtime.min.js?ver=4.2.4 HTTP/1.1" 200 2551 "https://uslconsultation.com/" "Mozilla/5.0 (Macintosh; Intel Mac OS X 10_15_7) AppleWebKit/605.1.15 (KHTML, like Gecko) Version/17.4 Safari/605.1.15 (Applebot/0.1; +http://www.apple.com/go/applebot)"
17.166.24.103 - - [02/Sep/2026:03:02:44 +0000] "GET /wp-content/plugins/elementor/assets/js/frontend-modules.min.js?ver=4.2.4 HTTP/1.1" 200 16189 "https://uslconsultation.com/" "Mozilla/5.0 (Macintosh; Intel Mac OS X 10_15_7) AppleWebKit/605.1.15 (KHTML, like Gecko) Version/17.4 Safari/605.1.15 (Applebot/0.1; +http://www.apple.com/go/applebot)"
17.166.24.218 - - [02/Sep/2026:03:02:45 +0000] "GET /wp-includes/js/jquery/ui/core.min.js?ver=1.14.2 HTTP/1.1" 200 6553 "https://uslconsultation.com/" "Mozilla/5.0 (Macintosh; Intel Mac OS X 10_15_7) AppleWebKit/605.1.15 (KHTML, like Gecko) Version/17.4 Safari/605.1.15 (Applebot/0.1; +http://www.apple.com/go/applebot)"
17.166.24.103 - - [02/Sep/2026:03:02:46 +0000] "GET /wp-content/plugins/elementor/assets/js/frontend.min.js?ver=4.2.4 HTTP/1.1" 200 10504 "https://uslconsultation.com/" "Mozilla/5.0 (Macintosh; Intel Mac OS X 10_15_7) AppleWebKit/605.1.15 (KHTML, like Gecko) Version/17.4 Safari/605.1.15 (Applebot/0.1; +http://www.apple.com/go/applebot)"
17.166.24.103 - - [02/Sep/2026:03:02:47 +0000] "GET /wp-content/plugins/alpus-aprs/assets/js/alpus-aprs-frontend.min.js?ver=2.2.0 HTTP/1.1" 200 647 "https://uslconsultation.com/" "Mozilla/5.0 (Macintosh; Intel Mac OS X 10_15_7) AppleWebKit/605.1.15 (KHTML, like Gecko) Version/17.4 Safari/605.1.15 (Applebot/0.1; +http://www.apple.com/go/applebot)"
17.166.24.103 - - [02/Sep/2026:03:02:49 +0000] "GET /wp-content/themes/porto/js/bootstrap.js?ver=5.0.1 HTTP/1.1" 200 40539 "https://uslconsultation.com/" "Mozilla/5.0 (Macintosh; Intel Mac OS X 10_15_7) AppleWebKit/605.1.15 (KHTML, like Gecko) Version/17.4 Safari/605.1.15 (Applebot/0.1; +http://www.apple.com/go/applebot)"
17.166.24.103 - - [02/Sep/2026:03:02:50 +0000] "GET /wp-content/plugins/woocommerce/assets/js/jquery-cookie/jquery.cookie.min.js?ver=1.4.1-wc.11.0.1 HTTP/1.1" 200 781 "https://uslconsultation.com/" "Mozilla/5.0 (Macintosh; Intel Mac OS X 10_15_7) AppleWebKit/605.1.15 (KHTML, like Gecko) Version/17.4 Safari/605.1.15 (Applebot/0.1; +http://www.apple.com/go/applebot)"
17.166.24.218 - - [02/Sep/2026:03:02:51 +0000] "GET /wp-content/themes/porto/js/libs/owl.carousel.min.js?ver=2.3.4 HTTP/1.1" 200 11445 "https://uslconsultation.com/" "Mozilla/5.0 (Macintosh; Intel Mac OS X 10_15_7) AppleWebKit/605.1.15 (KHTML, like Gecko) Version/17.4 Safari/605.1.15 (Applebot/0.1; +http://www.apple.com/go/applebot)"
17.166.24.218 - - [02/Sep/2026:03:02:52 +0000] "GET /wp-includes/js/imagesloaded.min.js?ver=5.0.0 HTTP/1.1" 200 1824 "https://uslconsultation.com/" "Mozilla/5.0 (Macintosh; Intel Mac OS X 10_15_7) AppleWebKit/605.1.15 (KHTML, like Gecko) Version/17.4 Safari/605.1.15 (Applebot/0.1; +http://www.apple.com/go/applebot)"
17.166.24.103 - - [02/Sep/2026:03:02:53 +0000] "GET /wp-content/themes/porto/js/theme.js?ver=7.7.2 HTTP/1.1" 200 27928 "https://uslconsultation.com/" "Mozilla/5.0 (Macintosh; Intel Mac OS X 10_15_7) AppleWebKit/605.1.15 (KHTML, like Gecko) Version/17.4 Safari/605.1.15 (Applebot/0.1; +http://www.apple.com/go/applebot)"
17.166.24.103 - - [02/Sep/2026:03:02:54 +0000] "GET /wp-content/themes/porto/js/libs/smoothscroll.min.js?ver=7.7.2 HTTP/1.1" 200 3193 "https://uslconsultation.com/" "Mozilla/5.0 (Macintosh; Intel Mac OS X 10_15_7) AppleWebKit/605.1.15 (KHTML, like Gecko) Version/17.4 Safari/605.1.15 (Applebot/0.1; +http://www.apple.com/go/applebot)"
