129.146.122.95 - - [02/Sep/2026:08:05:11 +0000] "GET /?p=5081 HTTP/1.1" 499 0 "-" "Mozilla/5.0 (X11; Linux aarch64) AppleWebKit/537.36 (KHTML, like Gecko) Chrome/139.0.0.0 Safari/537.36"
72.167.149.90 - - [02/Sep/2026:08:05:12 +0000] "POST /wp-cron.php?doing_wp_cron=1788336311.5973300933837890625000 HTTP/1.1" 499 0 "-" "WordPress/7.1; https://uslconsultation.com"
35.171.150.215 - - [02/Sep/2026:08:08:42 +0000] "GET / HTTP/1.1" 499 0 "-" "Mozilla/5.0 (Macintosh; Intel Mac OS X 10_15_7) AppleWebKit/537.36 (KHTML, like Gecko) Chrome/108.0.0.0 Safari/537.36"
72.167.149.90 - - [02/Sep/2026:08:08:45 +0000] "POST /wp-cron.php?doing_wp_cron=1788336523.9905378818511962890625 HTTP/1.1" 499 0 "-" "WordPress/7.1; https://uslconsultation.com"
161.153.67.96 - - [02/Sep/2026:08:20:55 +0000] "GET /ar/service/strategic-planning HTTP/1.1" 499 0 "-" "Mozilla/5.0 (X11; Linux aarch64) AppleWebKit/537.36 (KHTML, like Gecko) Chrome/139.0.0.0 Safari/537.36"
72.167.149.90 - - [02/Sep/2026:08:20:56 +0000] "POST /wp-cron.php?doing_wp_cron=1788337255.4243071079254150390625 HTTP/1.1" 499 0 "-" "WordPress/7.1; https://uslconsultation.com/ar"
161.153.67.96 - - [02/Sep/2026:08:20:58 +0000] "GET /ar/service/strategic-planning HTTP/1.1" 301 5 "-" "Mozilla/5.0 (X11; Linux aarch64) AppleWebKit/537.36 (KHTML, like Gecko) Chrome/139.0.0.0 Safari/537.36"
72.167.149.90 - - [02/Sep/2026:08:21:01 +0000] "GET /wp-content/uploads/2021/02/services-2.jpg HTTP/1.1" 200 30833 "-" "-"
161.153.67.96 - - [02/Sep/2026:08:21:02 +0000] "GET /ar/service/strategic-planning/ HTTP/1.1" 499 0 "https://uslconsultation.com/ar/service/strategic-planning" "Mozilla/5.0 (X11; Linux aarch64) AppleWebKit/537.36 (KHTML, like Gecko) Chrome/139.0.0.0 Safari/537.36"
72.167.149.90 - - [02/Sep/2026:08:26:22 +0000] "GET /wp-content/uploads/2025/12/Franchise-a-Restaurant-Brand-A-Step-by-Step-Practical-Guide-scaled-e1766361718588.jpg HTTP/1.1" 200 251648 "-" "-"
72.167.149.90 - - [02/Sep/2026:08:26:24 +0000] "POST /wp-cron.php?doing_wp_cron=1788337583.3768849372863769531250 HTTP/1.1" 499 0 "-" "WordPress/7.1; https://uslconsultation.com"
164.92.116.119 - - [02/Sep/2026:08:26:24 +0000] "GET /2025/12/22/how-to-franchise-a-restaurant-brand-a-step-by-step-practical-guide/ HTTP/1.1" 200 56904 "https://www.google.com/search?q=uslconsultation" "Mozilla/5.0 (Macintosh; Intel Mac OS X 10_15_7) AppleWebKit/537.36 (KHTML, like Gecko) Chrome/146.0.0.0 Safari/537.36"
129.146.24.53 - - [02/Sep/2026:08:26:29 +0000] "GET /ar/wp-json/oembed/1.0/embed?url=https%3A%2F%2Fuslconsultation.com%2Far%2Fservice%2Fdigital-marketing-social-media%2F HTTP/1.1" 200 1249 "-" "Mozilla/5.0 (X11; Linux aarch64) AppleWebKit/537.36 (KHTML, like Gecko) Chrome/139.0.0.0 Safari/537.36"
141.148.197.49 - - [02/Sep/2026:08:35:48 +0000] "GET /wp-json/ HTTP/1.1" 200 81383 "-" "Python/3.10 aiohttp/3.13.5"
72.167.149.90 - - [02/Sep/2026:08:35:48 +0000] "POST /wp-cron.php?doing_wp_cron=1788338147.6670660972595214843750 HTTP/1.1" 499 0 "-" "WordPress/7.1; https://uslconsultation.com"
141.148.197.49 - - [02/Sep/2026:08:35:50 +0000] "GET / HTTP/1.1" 200 68954 "-" "Python/3.10 aiohttp/3.13.5"
161.153.99.20 - - [02/Sep/2026:08:42:04 +0000] "GET /wp-json/oembed/1.0/embed?url=https%3A%2F%2Fuslconsultation.com%2Fservice%2Fgovernance-compliance-and-risk-management%2F HTTP/1.1" 499 0 "-" "Mozilla/5.0 (X11; Linux aarch64) AppleWebKit/537.36 (KHTML, like Gecko) Chrome/139.0.0.0 Safari/537.36"
72.167.149.90 - - [02/Sep/2026:08:42:05 +0000] "POST /wp-cron.php?doing_wp_cron=1788338524.1987059116363525390625 HTTP/1.1" 499 0 "-" "WordPress/7.1; https://uslconsultation.com"
72.167.149.90 - - [02/Sep/2026:08:45:07 +0000] "POST /wp-cron.php?doing_wp_cron=1788338706.4947149753570556640625 HTTP/1.1" 499 0 "-" "WordPress/7.1; https://uslconsultation.com"
85.208.96.202 - - [02/Sep/2026:08:45:07 +0000] "GET /robots.txt HTTP/1.1" 200 124 "-" "Mozilla/5.0 (compatible; SemrushBot/7~bl; +http://www.semrush.com/bot.html)"
185.191.171.13 - - [02/Sep/2026:08:45:10 +0000] "GET /2022/09/ HTTP/1.1" 404 50934 "-" "Mozilla/5.0 (compatible; SemrushBot/7~bl; +http://www.semrush.com/bot.html)"
161.153.99.20 - - [02/Sep/2026:08:45:23 +0000] "GET /wp-json/oembed/1.0/embed?url=https%3A%2F%2Fuslconsultation.com%2Fservice%2Fgovernance-compliance-and-risk-management%2F HTTP/1.1" 200 1193 "-" "Mozilla/5.0 (X11; Linux aarch64) AppleWebKit/537.36 (KHTML, like Gecko) Chrome/139.0.0.0 Safari/537.36"
72.167.149.90 - - [02/Sep/2026:08:56:07 +0000] "GET /wp-content/uploads/2025/12/KPIs-scaled-e1766361387995.jpg HTTP/1.1" 200 132397 "-" "-"
72.167.149.90 - - [02/Sep/2026:08:56:08 +0000] "POST /wp-cron.php?doing_wp_cron=1788339367.8765439987182617187500 HTTP/1.1" 499 0 "-" "WordPress/7.1; https://uslconsultation.com"
223.184.234.161 - - [02/Sep/2026:08:56:08 +0000] "GET /2025/12/21/building-kpis-that-actually-improve-performance/ HTTP/1.1" 200 56703 "-" "Mozilla/5.0 (Macintosh; Intel Mac OS X 13_3_1) AppleWebKit/537.36 (KHTML, like Gecko) Chrome/131.0.6778.139 Safari/537.36"
72.167.149.90 - - [02/Sep/2026:08:57:32 +0000] "POST /wp-cron.php?doing_wp_cron=1788339451.6049420833587646484375 HTTP/1.1" 499 0 "-" "WordPress/7.1; https://uslconsultation.com"
129.146.24.141 - - [02/Sep/2026:08:57:32 +0000] "GET /wp-json/oembed/1.0/embed?url=https%3A%2F%2Fuslconsultation.com%2F2025%2F12%2F21%2Fchoosing-the-right-market-entry-model-branch-franchise-or-license%2F HTTP/1.1" 200 1243 "-" "Mozilla/5.0 (X11; Linux aarch64) AppleWebKit/537.36 (KHTML, like Gecko) Chrome/139.0.0.0 Safari/537.36"
72.167.149.90 - - [02/Sep/2026:08:59:57 +0000] "POST /wp-cron.php?doing_wp_cron=1788339596.7583160400390625000000 HTTP/1.1" 499 0 "-" "WordPress/7.1; https://uslconsultation.com"
129.146.24.141 - - [02/Sep/2026:08:59:57 +0000] "GET /wp-json/oembed/1.0/embed?url=https%3A%2F%2Fuslconsultation.com%2F2025%2F12%2F21%2Fchoosing-the-right-market-entry-model-branch-franchise-or-license%2F HTTP/1.1" 200 1244 "-" "Mozilla/5.0 (X11; Linux aarch64) AppleWebKit/537.36 (KHTML, like Gecko) Chrome/139.0.0.0 Safari/537.36"
72.167.149.90 - - [02/Sep/2026:09:02:19 +0000] "POST /wp-cron.php?doing_wp_cron=1788339738.2593679428100585937500 HTTP/1.1" 499 0 "-" "WordPress/7.1; https://uslconsultation.com"
110.249.202.27 - - [02/Sep/2026:09:02:19 +0000] "GET /robots.txt HTTP/1.1" 200 124 "-" "Mozilla/5.0 (Linux; Android 5.0) AppleWebKit/537.36 (KHTML, like Gecko) Mobile Safari/537.36 (compatible; Bytespider; https://zhanzhang.toutiao.com/)"
72.167.149.90 - - [02/Sep/2026:09:02:20 +0000] "GET /wp-content/uploads/2025/12/business-people-meeting-business-team-ma--scaled-e1766359954146.jpg HTTP/1.1" 200 253003 "-" "-"
57.141.14.15 - - [02/Sep/2026:09:02:22 +0000] "GET /franchise-shop/ HTTP/1.1" 200 51570 "-" "Mozilla/5.0 (Windows NT 10.0; Win64; x64) AppleWebKit/537.36 (KHTML, like Gecko) Chrome/145.0.0.0 Safari/537.36 (compatible; meta-externalagent/1.1 (+https://developers.facebook.com/docs/sharing/webmasters/crawler))"
43.157.172.39 - - [02/Sep/2026:09:07:08 +0000] "GET / HTTP/1.1" 200 69133 "http://uslconsultation.com" "Mozilla/5.0 (iPhone; CPU iPhone OS 13_2_3 like Mac OS X) AppleWebKit/605.1.15 (KHTML, like Gecko) Version/13.0.3 Mobile/15E148 Safari/604.1"
129.146.121.48 - - [02/Sep/2026:09:07:09 +0000] "GET /?p=291 HTTP/1.1" 301 5 "-" "Mozilla/5.0 (X11; Linux aarch64) AppleWebKit/537.36 (KHTML, like Gecko) Chrome/139.0.0.0 Safari/537.36"
72.167.149.90 - - [02/Sep/2026:09:07:11 +0000] "GET /wp-content/uploads/2021/02/samer.png HTTP/1.1" 200 339425 "-" "-"
129.146.121.48 - - [02/Sep/2026:09:07:12 +0000] "GET /member/samer-alyasin/ HTTP/1.1" 200 54548 "https://uslconsultation.com/?p=291" "Mozilla/5.0 (X11; Linux aarch64) AppleWebKit/537.36 (KHTML, like Gecko) Chrome/139.0.0.0 Safari/537.36"
72.167.149.90 - - [02/Sep/2026:09:08:29 +0000] "POST /wp-cron.php?doing_wp_cron=1788340108.8037419319152832031250 HTTP/1.1" 499 0 "-" "WordPress/7.1; https://uslconsultation.com/ar"
185.191.171.1 - - [02/Sep/2026:09:08:29 +0000] "GET /ar/services/ HTTP/1.1" 200 80243 "-" "Mozilla/5.0 (compatible; SemrushBot/7~bl; +http://www.semrush.com/bot.html)"
72.167.149.90 - - [02/Sep/2026:09:26:43 +0000] "POST /wp-cron.php?doing_wp_cron=1788341202.1535799503326416015625 HTTP/1.1" 499 0 "-" "WordPress/7.1; https://uslconsultation.com"
216.73.217.142 - - [02/Sep/2026:09:26:43 +0000] "GET /robots.txt HTTP/1.1" 200 124 "-" "Mozilla/5.0 AppleWebKit/537.36 (KHTML, like Gecko; compatible; ClaudeBot/1.0; +claudebot@anthropic.com)"
216.73.217.142 - - [02/Sep/2026:09:26:44 +0000] "GET /sitemaps.xml HTTP/1.1" 200 282 "-" "Mozilla/5.0 AppleWebKit/537.36 (KHTML, like Gecko; compatible; ClaudeBot/1.0; +claudebot@anthropic.com)"
51.81.163.26 - - [02/Sep/2026:09:31:26 +0000] "GET /tooltips/ HTTP/1.1" 404 32367 "-" "Mozilla/5.0 (compatible; AhrefsBot/7.0; +http://ahrefs.com/robot/)"
72.167.149.90 - - [02/Sep/2026:09:31:27 +0000] "POST /wp-cron.php?doing_wp_cron=1788341486.2147819995880126953125 HTTP/1.1" 499 0 "-" "WordPress/7.1; https://uslconsultation.com"
72.167.149.90 - - [02/Sep/2026:09:34:06 +0000] "GET /wp-content/uploads/2025/12/the-franchise-decision-scaled-e1766360688802.jpg HTTP/1.1" 200 146678 "-" "-"
57.141.14.6 - - [02/Sep/2026:09:34:07 +0000] "GET /2025/12/21/choosing-the-right-market-entry-model-branch-franchise-or-license/ HTTP/1.1" 200 32320 "-" "Mozilla/5.0 (Macintosh; Intel Mac OS X 10_15_7) AppleWebKit/537.36 (KHTML, like Gecko) Chrome/145.0.0.0 Safari/537.36 (compatible; meta-externalagent/1.1 (+https://developers.facebook.com/docs/sharing/webmasters/crawler))"
72.167.149.90 - - [02/Sep/2026:09:34:08 +0000] "POST /wp-cron.php?doing_wp_cron=1788341647.3480129241943359375000 HTTP/1.1" 499 0 "-" "WordPress/7.1; https://uslconsultation.com"
72.167.149.90 - - [02/Sep/2026:09:34:43 +0000] "GET /wp-content/uploads/2021/02/Omar-new-photo-3-e1766587268315.jpg HTTP/1.1" 200 37571 "-" "-"
209.38.137.21 - - [02/Sep/2026:09:34:43 +0000] "GET /member/oliver-kayal/ HTTP/1.1" 200 54521 "https://www.google.com/search?q=uslconsultation" "Mozilla/5.0 (Macintosh; Intel Mac OS X 10_15_7) AppleWebKit/537.36 (KHTML, like Gecko) Chrome/134.0.0.0 Safari/537.36"
72.167.149.90 - - [02/Sep/2026:09:42:41 +0000] "POST /wp-cron.php?doing_wp_cron=1788342160.9668340682983398437500 HTTP/1.1" 499 0 "-" "WordPress/7.1; https://uslconsultation.com"
199.45.155.23 - - [02/Sep/2026:09:42:42 +0000] "GET / HTTP/1.1" 301 5 "-" "Mozilla/5.0 (compatible; CensysInspect/1.1; +https://about.censys.io/)"
199.45.155.23 - - [02/Sep/2026:09:42:50 +0000] "GET / HTTP/1.1" 200 68951 "-" "Mozilla/5.0 (compatible; CensysInspect/1.1; +https://about.censys.io/)"
199.45.155.23 - - [02/Sep/2026:09:42:57 +0000] "GET /wp-content/uploads/2025/11/USL-NEW-May-2023-Gray.png HTTP/1.1" 200 18612 "-" "Mozilla/5.0 (compatible; CensysInspect/1.1; +https://about.censys.io/)"
43.157.95.131 - - [02/Sep/2026:09:52:17 +0000] "GET / HTTP/1.1" 200 69137 "http://www.uslconsultation.com" "Mozilla/5.0 (iPhone; CPU iPhone OS 13_2_3 like Mac OS X) AppleWebKit/605.1.15 (KHTML, like Gecko) Version/13.0.3 Mobile/15E148 Safari/604.1"
72.167.149.90 - - [02/Sep/2026:09:54:24 +0000] "POST /wp-cron.php?doing_wp_cron=1788342863.3221769332885742187500 HTTP/1.1" 499 0 "-" "WordPress/7.1; https://uslconsultation.com"
57.141.14.63 - - [02/Sep/2026:09:54:24 +0000] "GET /page-sitemap1.xml HTTP/1.1" 200 544 "-" "Mozilla/5.0 (Windows NT 10.0; Win64; x64) AppleWebKit/537.36 (KHTML, like Gecko) Chrome/145.0.0.0 Safari/537.36 (compatible; meta-externalagent/1.1 (+https://developers.facebook.com/docs/sharing/webmasters/crawler))"
72.167.149.90 - - [02/Sep/2026:09:57:23 +0000] "POST /wp-cron.php?doing_wp_cron=1788343042.0602080821990966796875 HTTP/1.1" 499 0 "-" "WordPress/7.1; https://uslconsultation.com"
51.81.164.153 - - [02/Sep/2026:09:57:23 +0000] "GET / HTTP/1.1" 200 68954 "-" "Mozilla/5.0 (compatible; AhrefsBot/7.0; +http://ahrefs.com/robot/)"
51.81.170.14 - - [02/Sep/2026:10:00:06 +0000] "GET /wp-content/uploads/elementor/css/post-9.css?ver=1788318017 HTTP/1.1" 200 6157 "-" "Mozilla/5.0 (compatible; AhrefsBot/7.0; +http://ahrefs.com/robot/)"
51.81.164.198 - - [02/Sep/2026:10:00:07 +0000] "GET /wp-content/uploads/elementor/css/custom-widget-progress.min.css?ver=1788318013 HTTP/1.1" 200 416 "-" "Mozilla/5.0 (compatible; AhrefsBot/7.0; +http://ahrefs.com/robot/)"
51.81.165.212 - - [02/Sep/2026:10:00:08 +0000] "GET /wp-content/plugins/elementor/assets/css/widget-testimonial.min.css?ver=4.2.4 HTTP/1.1" 200 360 "-" "Mozilla/5.0 (compatible; AhrefsBot/7.0; +http://ahrefs.com/robot/)"
72.167.149.90 - - [02/Sep/2026:10:05:14 +0000] "POST /wp-cron.php?doing_wp_cron=1788343513.0511219501495361328125 HTTP/1.1" 499 0 "-" "WordPress/7.1; https://uslconsultation.com/ar"
132.226.110.139 - - [02/Sep/2026:10:05:14 +0000] "GET /ar/member/yahya HTTP/1.1" 301 5 "-" "Mozilla/5.0 (X11; Linux aarch64) AppleWebKit/537.36 (KHTML, like Gecko) Chrome/139.0.0.0 Safari/537.36"
72.167.149.90 - - [02/Sep/2026:10:07:18 +0000] "POST /wp-cron.php?doing_wp_cron=1788343637.5416879653930664062500 HTTP/1.1" 499 0 "-" "WordPress/7.1; https://uslconsultation.com"
99.252.32.199 - - [02/Sep/2026:10:07:18 +0000] "GET /category/financial-consultation/ HTTP/1.1" 200 53887 "-" "Mozilla/5.0 (Macintosh; Intel Mac OS X 12_2_1) AppleWebKit/537.36 (KHTML, like Gecko) Chrome/126.0.6478.55 Safari/537.36"
72.167.149.90 - - [02/Sep/2026:10:08:35 +0000] "POST /wp-cron.php?doing_wp_cron=1788343714.0310940742492675781250 HTTP/1.1" 499 0 "-" "WordPress/7.1; https://uslconsultation.com"
66.249.64.161 - - [02/Sep/2026:10:08:35 +0000] "GET /robots.txt HTTP/1.1" 200 124 "-" "Mozilla/5.0 (compatible; Googlebot/2.1; +http://www.google.com/bot.html)"
66.249.64.174 - - [02/Sep/2026:10:08:38 +0000] "GET / HTTP/1.1" 200 68951 "-" "Mozilla/5.0 (compatible; Googlebot/2.1; +http://www.google.com/bot.html)"
72.167.149.90 - - [02/Sep/2026:10:09:44 +0000] "POST /wp-cron.php?doing_wp_cron=1788343783.5371980667114257812500 HTTP/1.1" 499 0 "-" "WordPress/7.1; https://uslconsultation.com/ar"
132.226.110.139 - - [02/Sep/2026:10:09:44 +0000] "GET /ar/member/yahya HTTP/1.1" 301 5 "-" "Mozilla/5.0 (X11; Linux aarch64) AppleWebKit/537.36 (KHTML, like Gecko) Chrome/139.0.0.0 Safari/537.36"
72.167.149.90 - - [02/Sep/2026:10:12:05 +0000] "POST /wp-cron.php?doing_wp_cron=1788343924.3504619598388671875000 HTTP/1.1" 499 0 "-" "WordPress/7.1; https://uslconsultation.com"
85.208.96.193 - - [02/Sep/2026:10:12:05 +0000] "GET /robots.txt HTTP/1.1" 200 124 "-" "Mozilla/5.0 (compatible; SemrushBot/7~bl; +http://www.semrush.com/bot.html)"
85.208.96.195 - - [02/Sep/2026:10:12:09 +0000] "GET /category/franchise-licensing/ HTTP/1.1" 200 54916 "-" "Mozilla/5.0 (compatible; SemrushBot/7~bl; +http://www.semrush.com/bot.html)"
129.146.119.181 - - [02/Sep/2026:10:12:33 +0000] "GET /?p=287 HTTP/1.1" 301 5 "-" "Mozilla/5.0 (X11; Linux aarch64) AppleWebKit/537.36 (KHTML, like Gecko) Chrome/139.0.0.0 Safari/537.36"
72.167.149.90 - - [02/Sep/2026:10:12:36 +0000] "GET /wp-content/uploads/2021/02/Basel.png HTTP/1.1" 200 1292739 "-" "-"
129.146.119.181 - - [02/Sep/2026:10:12:37 +0000] "GET /member/liam-yasin/ HTTP/1.1" 200 54433 "https://uslconsultation.com/?p=287" "Mozilla/5.0 (X11; Linux aarch64) AppleWebKit/537.36 (KHTML, like Gecko) Chrome/139.0.0.0 Safari/537.36"
132.226.110.139 - - [02/Sep/2026:10:14:55 +0000] "GET /ar/member/yahya/ HTTP/1.1" 499 0 "https://uslconsultation.com/ar/member/yahya" "Mozilla/5.0 (X11; Linux aarch64) AppleWebKit/537.36 (KHTML, like Gecko) Chrome/139.0.0.0 Safari/537.36"
72.167.149.90 - - [02/Sep/2026:10:15:01 +0000] "GET /wp-content/uploads/2021/02/Yahya-Alhassan.png HTTP/1.1" 200 522967 "-" "-"
152.70.130.41 - - [02/Sep/2026:10:16:02 +0000] "GET /ar/wp-json/oembed/1.0/embed?url=https%3A%2F%2Fuslconsultation.com%2Far%2Fcontact-us%2F HTTP/1.1" 499 0 "-" "Mozilla/5.0 (X11; Linux aarch64) AppleWebKit/537.36 (KHTML, like Gecko) Chrome/139.0.0.0 Safari/537.36"
152.70.130.41 - - [02/Sep/2026:10:16:07 +0000] "GET /ar/wp-json/oembed/1.0/embed?url=https%3A%2F%2Fuslconsultation.com%2Far%2Fcontact-us%2F HTTP/1.1" 499 0 "-" "Mozilla/5.0 (X11; Linux aarch64) AppleWebKit/537.36 (KHTML, like Gecko) Chrome/139.0.0.0 Safari/537.36"
72.167.149.90 - - [02/Sep/2026:10:16:12 +0000] "POST /wp-cron.php?doing_wp_cron=1788344171.8499660491943359375000 HTTP/1.1" 499 0 "-" "WordPress/7.1; https://uslconsultation.com/ar"
72.167.149.90 - - [02/Sep/2026:10:17:29 +0000] "POST /wp-cron.php?doing_wp_cron=1788344248.9256820678710937500000 HTTP/1.1" 499 0 "-" "WordPress/7.1; https://uslconsultation.com"
57.141.14.91 - - [02/Sep/2026:10:17:30 +0000] "GET /category/invest-in-syria/ HTTP/1.1" 200 53946 "-" "Mozilla/5.0 (Windows NT 10.0; Win64; x64) AppleWebKit/537.36 (KHTML, like Gecko) Chrome/145.0.0.0 Safari/537.36 (compatible; meta-externalagent/1.1 (+https://developers.facebook.com/docs/sharing/webmasters/crawler))"
51.81.164.153 - - [02/Sep/2026:10:27:35 +0000] "GET /counters/ HTTP/1.1" 404 32367 "-" "Mozilla/5.0 (compatible; AhrefsBot/7.0; +http://ahrefs.com/robot/)"
72.167.149.90 - - [02/Sep/2026:10:27:36 +0000] "POST /wp-cron.php?doing_wp_cron=1788344855.1551330089569091796875 HTTP/1.1" 499 0 "-" "WordPress/7.1; https://uslconsultation.com"
72.167.149.90 - - [02/Sep/2026:10:32:24 +0000] "POST /wp-cron.php?doing_wp_cron=1788345143.5681679248809814453125 HTTP/1.1" 499 0 "-" "WordPress/7.1; https://uslconsultation.com"
36.85.216.104 - - [02/Sep/2026:10:32:24 +0000] "POST /xmlrpc.php HTTP/1.1" 200 415 "-" "Mozilla/5.0 (Linux; Android 10; x64) AppleWebKit/537.36 (KHTML, like Gecko) Opera/72.0.0.0 Safari/537.36"
72.167.149.90 - - [02/Sep/2026:10:35:37 +0000] "POST /wp-cron.php?doing_wp_cron=1788345336.1337139606475830078125 HTTP/1.1" 499 0 "-" "WordPress/7.1; https://uslconsultation.com"
36.85.216.104 - - [02/Sep/2026:10:35:37 +0000] "GET /wp-json/wp/v2/users HTTP/1.1" 200 1678 "-" "Mozilla/4.0 (compatible; Win32; WinHttp.WinHttpRequest.5)"
72.167.149.90 - - [02/Sep/2026:10:36:28 +0000] "POST /wp-cron.php?doing_wp_cron=1788345387.1771380901336669921875 HTTP/1.1" 499 0 "-" "WordPress/7.1; https://uslconsultation.com"
36.85.216.104 - - [02/Sep/2026:10:36:28 +0000] "POST /xmlrpc.php HTTP/1.1" 200 415 "-" "Mozilla/5.0 (Linux; Android 10; arm64) AppleWebKit/537.36 (KHTML, like Gecko) Opera/60.0.0.0 Safari/537.36"
36.85.216.104 - - [02/Sep/2026:10:36:55 +0000] "POST /xmlrpc.php HTTP/1.1" 200 415 "-" "Mozilla/5.0 (Windows NT 6.2; x64) AppleWebKit/537.36 (KHTML, like Gecko) Edge/97.0.0.0 Safari/537.36"
72.167.149.90 - - [02/Sep/2026:10:37:25 +0000] "POST /wp-cron.php?doing_wp_cron=1788345444.7771799564361572265625 HTTP/1.1" 499 0 "-" "WordPress/7.1; https://uslconsultation.com"
36.85.216.104 - - [02/Sep/2026:10:37:25 +0000] "POST /xmlrpc.php HTTP/1.1" 200 415 "-" "Mozilla/5.0 (X11; Ubuntu; Linux x86_64; arm64) AppleWebKit/537.36 (KHTML, like Gecko) Edge/92.0.0.0 Safari/537.36"
36.85.216.104 - - [02/Sep/2026:10:37:55 +0000] "POST /xmlrpc.php HTTP/1.1" 200 415 "-" "Mozilla/5.0 (Windows NT 10.0; x86) AppleWebKit/537.36 (KHTML, like Gecko) Opera/65.0.0.0 Safari/537.36"
72.167.149.90 - - [02/Sep/2026:10:38:21 +0000] "POST /wp-cron.php?doing_wp_cron=1788345500.0986440181732177734375 HTTP/1.1" 499 0 "-" "WordPress/7.1; https://uslconsultation.com"
36.85.216.104 - - [02/Sep/2026:10:38:21 +0000] "POST /xmlrpc.php HTTP/1.1" 200 415 "-" "Mozilla/5.0 (Windows NT 6.2; x64) AppleWebKit/537.36 (KHTML, like Gecko) Safari/13.0.0.0 Safari/537.36"
36.85.216.104 - - [02/Sep/2026:10:38:46 +0000] "POST /xmlrpc.php HTTP/1.1" 200 415 "-" "Mozilla/5.0 (Windows NT 6.2; arm64) AppleWebKit/537.36 (KHTML, like Gecko) Edge/92.0.0.0 Safari/537.36"
72.167.149.90 - - [02/Sep/2026:10:39:17 +0000] "POST /wp-cron.php?doing_wp_cron=1788345556.2128300666809082031250 HTTP/1.1" 499 0 "-" "WordPress/7.1; https://uslconsultation.com"
36.85.216.104 - - [02/Sep/2026:10:39:17 +0000] "POST /xmlrpc.php HTTP/1.1" 200 415 "-" "Mozilla/5.0 (Windows NT 6.2; arm64) AppleWebKit/537.36 (KHTML, like Gecko) Opera/79.0.0.0 Safari/537.36"
36.85.216.104 - - [02/Sep/2026:10:39:44 +0000] "POST /xmlrpc.php HTTP/1.1" 200 415 "-" "Mozilla/5.0 (Windows NT 6.3; x86) AppleWebKit/537.36 (KHTML, like Gecko) Firefox/75.0.0.0 Safari/537.36"
72.167.149.90 - - [02/Sep/2026:10:40:10 +0000] "POST /wp-cron.php?doing_wp_cron=1788345609.0483078956604003906250 HTTP/1.1" 499 0 "-" "WordPress/7.1; https://uslconsultation.com"
36.85.216.104 - - [02/Sep/2026:10:40:10 +0000] "POST /xmlrpc.php HTTP/1.1" 200 415 "-" "Mozilla/5.0 (Linux; Android 10; x86) AppleWebKit/537.36 (KHTML, like Gecko) Firefox/94.0.0.0 Safari/537.36"
36.85.216.104 - - [02/Sep/2026:10:40:36 +0000] "POST /xmlrpc.php HTTP/1.1" 200 415 "-" "Mozilla/5.0 (Windows NT 6.3; x86) AppleWebKit/537.36 (KHTML, like Gecko) Edge/97.0.0.0 Safari/537.36"
72.167.149.90 - - [02/Sep/2026:10:41:03 +0000] "POST /wp-cron.php?doing_wp_cron=1788345662.4565000534057617187500 HTTP/1.1" 499 0 "-" "WordPress/7.1; https://uslconsultation.com"
36.85.216.104 - - [02/Sep/2026:10:41:03 +0000] "POST /xmlrpc.php HTTP/1.1" 200 415 "-" "Mozilla/5.0 (Windows NT 6.3; x86) AppleWebKit/537.36 (KHTML, like Gecko) Safari/13.0.0.0 Safari/537.36"
36.85.216.104 - - [02/Sep/2026:10:41:25 +0000] "POST /xmlrpc.php HTTP/1.1" 200 415 "-" "Mozilla/5.0 (Windows NT 6.3; arm64) AppleWebKit/537.36 (KHTML, like Gecko) Safari/13.0.0.0 Safari/537.36"
36.85.216.104 - - [02/Sep/2026:10:41:57 +0000] "POST /xmlrpc.php HTTP/1.1" 200 415 "-" "Mozilla/5.0 (Macintosh; Intel Mac OS X 10_15_7; x64) AppleWebKit/537.36 (KHTML, like Gecko) Firefox/76.0.0.0 Safari/537.36"
72.167.149.90 - - [02/Sep/2026:10:42:25 +0000] "POST /wp-cron.php?doing_wp_cron=1788345744.7234549522399902343750 HTTP/1.1" 499 0 "-" "WordPress/7.1; https://uslconsultation.com"
36.85.216.104 - - [02/Sep/2026:10:42:25 +0000] "POST /xmlrpc.php HTTP/1.1" 200 415 "-" "Mozilla/5.0 (X11; Ubuntu; Linux x86_64; x86) AppleWebKit/537.36 (KHTML, like Gecko) Firefox/96.0.0.0 Safari/537.36"
36.85.216.104 - - [02/Sep/2026:10:42:50 +0000] "POST /xmlrpc.php HTTP/1.1" 200 415 "-" "Mozilla/5.0 (X11; Ubuntu; Linux x86_64; x64) AppleWebKit/537.36 (KHTML, like Gecko) Edge/92.0.0.0 Safari/537.36"
72.167.149.90 - - [02/Sep/2026:10:43:17 +0000] "POST /wp-cron.php?doing_wp_cron=1788345796.5341820716857910156250 HTTP/1.1" 499 0 "-" "WordPress/7.1; https://uslconsultation.com"
36.85.216.104 - - [02/Sep/2026:10:43:17 +0000] "POST /xmlrpc.php HTTP/1.1" 200 415 "-" "Mozilla/5.0 (Windows NT 6.3; x64) AppleWebKit/537.36 (KHTML, like Gecko) Opera/69.0.0.0 Safari/537.36"
36.85.216.104 - - [02/Sep/2026:10:43:44 +0000] "POST /xmlrpc.php HTTP/1.1" 200 415 "-" "Mozilla/5.0 (Windows NT 10.0; x86) AppleWebKit/537.36 (KHTML, like Gecko) Edge/81.0.0.0 Safari/537.36"
72.167.149.90 - - [02/Sep/2026:10:44:08 +0000] "POST /wp-cron.php?doing_wp_cron=1788345847.3622870445251464843750 HTTP/1.1" 499 0 "-" "WordPress/7.1; https://uslconsultation.com"
36.85.216.104 - - [02/Sep/2026:10:44:08 +0000] "POST /xmlrpc.php HTTP/1.1" 200 415 "-" "Mozilla/5.0 (Macintosh; Intel Mac OS X 10_15_7; x86) AppleWebKit/537.36 (KHTML, like Gecko) Edge/97.0.0.0 Safari/537.36"
36.85.216.104 - - [02/Sep/2026:10:44:35 +0000] "POST /xmlrpc.php HTTP/1.1" 200 415 "-" "Mozilla/5.0 (Windows NT 10.0; x86) AppleWebKit/537.36 (KHTML, like Gecko) Opera/69.0.0.0 Safari/537.36"
36.85.216.104 - - [02/Sep/2026:10:44:58 +0000] "POST /xmlrpc.php HTTP/1.1" 200 415 "-" "Mozilla/5.0 (X11; Ubuntu; Linux x86_64; x64) AppleWebKit/537.36 (KHTML, like Gecko) Chrome/91.0.0.0 Safari/537.36"
72.167.149.90 - - [02/Sep/2026:10:45:23 +0000] "POST /wp-cron.php?doing_wp_cron=1788345922.2495439052581787109375 HTTP/1.1" 499 0 "-" "WordPress/7.1; https://uslconsultation.com"
36.85.216.104 - - [02/Sep/2026:10:45:23 +0000] "POST /xmlrpc.php HTTP/1.1" 200 415 "-" "Mozilla/5.0 (X11; Ubuntu; Linux x86_64; x86) AppleWebKit/537.36 (KHTML, like Gecko) Safari/13.0.0.0 Safari/537.36"
36.85.216.104 - - [02/Sep/2026:10:45:50 +0000] "POST /xmlrpc.php HTTP/1.1" 200 415 "-" "Mozilla/5.0 (Windows NT 10.0; arm64) AppleWebKit/537.36 (KHTML, like Gecko) Edge/90.0.0.0 Safari/537.36"
72.167.149.90 - - [02/Sep/2026:10:46:15 +0000] "POST /wp-cron.php?doing_wp_cron=1788345974.6907479763031005859375 HTTP/1.1" 499 0 "-" "WordPress/7.1; https://uslconsultation.com"
36.85.216.104 - - [02/Sep/2026:10:46:15 +0000] "POST /xmlrpc.php HTTP/1.1" 200 415 "-" "Mozilla/5.0 (Windows NT 6.2; x86) AppleWebKit/537.36 (KHTML, like Gecko) Safari/12.0.0.0 Safari/537.36"
36.85.216.104 - - [02/Sep/2026:10:46:39 +0000] "POST /xmlrpc.php HTTP/1.1" 200 415 "-" "Mozilla/5.0 (X11; Ubuntu; Linux x86_64; x86) AppleWebKit/537.36 (KHTML, like Gecko) Safari/14.0.0.0 Safari/537.36"
72.167.149.90 - - [02/Sep/2026:10:47:05 +0000] "POST /wp-cron.php?doing_wp_cron=1788346024.1726000308990478515625 HTTP/1.1" 499 0 "-" "WordPress/7.1; https://uslconsultation.com"
36.85.216.104 - - [02/Sep/2026:10:47:05 +0000] "POST /xmlrpc.php HTTP/1.1" 200 415 "-" "Mozilla/5.0 (X11; Ubuntu; Linux x86_64; arm64) AppleWebKit/537.36 (KHTML, like Gecko) Firefox/73.0.0.0 Safari/537.36"
72.167.149.90 - - [02/Sep/2026:10:47:31 +0000] "POST /wp-cron.php?doing_wp_cron=1788346050.0543570518493652343750 HTTP/1.1" 499 0 "-" "WordPress/7.1; https://uslconsultation.com"
36.85.216.104 - - [02/Sep/2026:10:47:31 +0000] "POST /xmlrpc.php HTTP/1.1" 200 415 "-" "Mozilla/5.0 (X11; Ubuntu; Linux x86_64; arm64) AppleWebKit/537.36 (KHTML, like Gecko) Chrome/96.0.0.0 Safari/537.36"
36.85.216.104 - - [02/Sep/2026:10:47:57 +0000] "POST /xmlrpc.php HTTP/1.1" 200 415 "-" "Mozilla/5.0 (Windows NT 10.0; arm64) AppleWebKit/537.36 (KHTML, like Gecko) Chrome/90.0.0.0 Safari/537.36"
72.167.149.90 - - [02/Sep/2026:10:48:20 +0000] "POST /wp-cron.php?doing_wp_cron=1788346099.7178249359130859375000 HTTP/1.1" 499 0 "-" "WordPress/7.1; https://uslconsultation.com"
36.85.216.104 - - [02/Sep/2026:10:48:20 +0000] "POST /xmlrpc.php HTTP/1.1" 200 415 "-" "Mozilla/5.0 (Windows NT 6.2; x86) AppleWebKit/537.36 (KHTML, like Gecko) Safari/12.0.0.0 Safari/537.36"
36.85.216.104 - - [02/Sep/2026:10:48:42 +0000] "POST /xmlrpc.php HTTP/1.1" 200 415 "-" "Mozilla/5.0 (Windows NT 10.0; x64) AppleWebKit/537.36 (KHTML, like Gecko) Firefox/74.0.0.0 Safari/537.36"
72.167.149.90 - - [02/Sep/2026:10:49:09 +0000] "POST /wp-cron.php?doing_wp_cron=1788346148.2326390743255615234375 HTTP/1.1" 499 0 "-" "WordPress/7.1; https://uslconsultation.com"
36.85.216.104 - - [02/Sep/2026:10:49:09 +0000] "POST /xmlrpc.php HTTP/1.1" 200 415 "-" "Mozilla/5.0 (Windows NT 6.2; arm64) AppleWebKit/537.36 (KHTML, like Gecko) Firefox/88.0.0.0 Safari/537.36"
36.85.216.104 - - [02/Sep/2026:10:49:35 +0000] "POST /xmlrpc.php HTTP/1.1" 200 415 "-" "Mozilla/5.0 (Windows NT 6.3; x64) AppleWebKit/537.36 (KHTML, like Gecko) Edge/93.0.0.0 Safari/537.36"
72.167.149.90 - - [02/Sep/2026:10:50:04 +0000] "POST /wp-cron.php?doing_wp_cron=1788346203.0763630867004394531250 HTTP/1.1" 499 0 "-" "WordPress/7.1; https://uslconsultation.com"
36.85.216.104 - - [02/Sep/2026:10:50:04 +0000] "POST /xmlrpc.php HTTP/1.1" 200 415 "-" "Mozilla/5.0 (Macintosh; Intel Mac OS X 10_15_7; x86) AppleWebKit/537.36 (KHTML, like Gecko) Opera/77.0.0.0 Safari/537.36"
36.85.216.104 - - [02/Sep/2026:10:50:31 +0000] "POST /xmlrpc.php HTTP/1.1" 200 415 "-" "Mozilla/5.0 (Linux; Android 10; x64) AppleWebKit/537.36 (KHTML, like Gecko) Edge/94.0.0.0 Safari/537.36"
36.85.216.104 - - [02/Sep/2026:10:50:55 +0000] "POST /xmlrpc.php HTTP/1.1" 200 415 "-" "Mozilla/5.0 (Windows NT 10.0; arm64) AppleWebKit/537.36 (KHTML, like Gecko) Chrome/93.0.0.0 Safari/537.36"
72.167.149.90 - - [02/Sep/2026:10:51:20 +0000] "POST /wp-cron.php?doing_wp_cron=1788346279.5138640403747558593750 HTTP/1.1" 499 0 "-" "WordPress/7.1; https://uslconsultation.com"
36.85.216.104 - - [02/Sep/2026:10:51:20 +0000] "POST /xmlrpc.php HTTP/1.1" 200 415 "-" "Mozilla/5.0 (Windows NT 6.3; x86) AppleWebKit/537.36 (KHTML, like Gecko) Edge/82.0.0.0 Safari/537.36"
36.85.216.104 - - [02/Sep/2026:10:51:47 +0000] "POST /xmlrpc.php HTTP/1.1" 200 415 "-" "Mozilla/5.0 (X11; Ubuntu; Linux x86_64; x86) AppleWebKit/537.36 (KHTML, like Gecko) Chrome/109.0.0.0 Safari/537.36"
72.167.149.90 - - [02/Sep/2026:10:52:15 +0000] "POST /wp-cron.php?doing_wp_cron=1788346334.7578620910644531250000 HTTP/1.1" 499 0 "-" "WordPress/7.1; https://uslconsultation.com"
36.85.216.104 - - [02/Sep/2026:10:52:15 +0000] "POST /xmlrpc.php HTTP/1.1" 200 415 "-" "Mozilla/5.0 (Linux; Android 10; arm64) AppleWebKit/537.36 (KHTML, like Gecko) Firefox/94.0.0.0 Safari/537.36"
36.85.216.104 - - [02/Sep/2026:10:52:38 +0000] "POST /xmlrpc.php HTTP/1.1" 200 415 "-" "Mozilla/5.0 (Windows NT 10.0; x64) AppleWebKit/537.36 (KHTML, like Gecko) Edge/100.0.0.0 Safari/537.36"
72.167.149.90 - - [02/Sep/2026:10:53:03 +0000] "POST /wp-cron.php?doing_wp_cron=1788346382.0845038890838623046875 HTTP/1.1" 499 0 "-" "WordPress/7.1; https://uslconsultation.com"
36.85.216.104 - - [02/Sep/2026:10:53:03 +0000] "POST /xmlrpc.php HTTP/1.1" 200 415 "-" "Mozilla/5.0 (Windows NT 10.0; x64) AppleWebKit/537.36 (KHTML, like Gecko) Firefox/91.0.0.0 Safari/537.36"
36.85.216.104 - - [02/Sep/2026:10:53:27 +0000] "POST /xmlrpc.php HTTP/1.1" 200 415 "-" "Mozilla/5.0 (Macintosh; Intel Mac OS X 10_15_7; x64) AppleWebKit/537.36 (KHTML, like Gecko) Chrome/106.0.0.0 Safari/537.36"
36.85.216.104 - - [02/Sep/2026:10:53:53 +0000] "POST /xmlrpc.php HTTP/1.1" 200 415 "-" "Mozilla/5.0 (Macintosh; Intel Mac OS X 10_15_7; x86) AppleWebKit/537.36 (KHTML, like Gecko) Edge/93.0.0.0 Safari/537.36"
72.167.149.90 - - [02/Sep/2026:10:54:20 +0000] "POST /wp-cron.php?doing_wp_cron=1788346459.3455400466918945312500 HTTP/1.1" 499 0 "-" "WordPress/7.1; https://uslconsultation.com"
36.85.216.104 - - [02/Sep/2026:10:54:20 +0000] "POST /xmlrpc.php HTTP/1.1" 200 415 "-" "Mozilla/5.0 (Macintosh; Intel Mac OS X 10_15_7; x86) AppleWebKit/537.36 (KHTML, like Gecko) Safari/14.0.0.0 Safari/537.36"
36.85.216.104 - - [02/Sep/2026:10:54:43 +0000] "POST /xmlrpc.php HTTP/1.1" 200 415 "-" "Mozilla/5.0 (Windows NT 6.2; arm64) AppleWebKit/537.36 (KHTML, like Gecko) Opera/65.0.0.0 Safari/537.36"
72.167.149.90 - - [02/Sep/2026:10:55:15 +0000] "POST /wp-cron.php?doing_wp_cron=1788346514.7940089702606201171875 HTTP/1.1" 499 0 "-" "WordPress/7.1; https://uslconsultation.com"
36.85.216.104 - - [02/Sep/2026:10:55:15 +0000] "POST /xmlrpc.php HTTP/1.1" 200 415 "-" "Mozilla/5.0 (Windows NT 10.0; arm64) AppleWebKit/537.36 (KHTML, like Gecko) Chrome/109.0.0.0 Safari/537.36"
36.85.216.104 - - [02/Sep/2026:10:55:46 +0000] "POST /xmlrpc.php HTTP/1.1" 200 415 "-" "Mozilla/5.0 (Windows NT 6.2; x86) AppleWebKit/537.36 (KHTML, like Gecko) Firefox/100.0.0.0 Safari/537.36"
72.167.149.90 - - [02/Sep/2026:10:56:04 +0000] "POST /wp-cron.php?doing_wp_cron=1788346563.3489220142364501953125 HTTP/1.1" 499 0 "-" "WordPress/7.1; https://uslconsultation.com"
78.188.68.135 - - [02/Sep/2026:10:56:04 +0000] "GET /wp-login.php HTTP/1.1" 200 4200 "-" "Mozilla/5.0 (Windows NT 10.0; Win64; x64) AppleWebKit/537.36 (KHTML, like Gecko) Chrome/151.0.0.0 Safari/537.36"
78.188.68.135 - - [02/Sep/2026:10:56:06 +0000] "POST /wp-login.php HTTP/1.1" 200 4304 "https://mail.uslconsultation.com/wp-login.php" "Mozilla/5.0 (Windows NT 10.0; Win64; x64) AppleWebKit/537.36 (KHTML, like Gecko) Chrome/151.0.0.0 Safari/537.36"
36.85.216.104 - - [02/Sep/2026:10:56:22 +0000] "POST /xmlrpc.php HTTP/1.1" 200 415 "-" "Mozilla/5.0 (Windows NT 6.3; arm64) AppleWebKit/537.36 (KHTML, like Gecko) Firefox/77.0.0.0 Safari/537.36"
36.85.216.104 - - [02/Sep/2026:10:56:58 +0000] "POST /xmlrpc.php HTTP/1.1" 200 415 "-" "Mozilla/5.0 (Windows NT 6.3; arm64) AppleWebKit/537.36 (KHTML, like Gecko) Safari/10.0.0.0 Safari/537.36"
72.167.149.90 - - [02/Sep/2026:10:57:31 +0000] "POST /wp-cron.php?doing_wp_cron=1788346650.5024340152740478515625 HTTP/1.1" 499 0 "-" "WordPress/7.1; https://uslconsultation.com"
36.85.216.104 - - [02/Sep/2026:10:57:31 +0000] "POST /xmlrpc.php HTTP/1.1" 200 415 "-" "Mozilla/5.0 (Windows NT 6.3; arm64) AppleWebKit/537.36 (KHTML, like Gecko) Firefox/93.0.0.0 Safari/537.36"
72.167.149.90 - - [02/Sep/2026:10:58:06 +0000] "POST /wp-cron.php?doing_wp_cron=1788346685.8337190151214599609375 HTTP/1.1" 499 0 "-" "WordPress/7.1; https://uslconsultation.com"
36.85.216.104 - - [02/Sep/2026:10:58:06 +0000] "POST /xmlrpc.php HTTP/1.1" 200 415 "-" "Mozilla/5.0 (Windows NT 10.0; arm64) AppleWebKit/537.36 (KHTML, like Gecko) Firefox/73.0.0.0 Safari/537.36"
36.85.216.104 - - [02/Sep/2026:10:58:37 +0000] "POST /xmlrpc.php HTTP/1.1" 200 415 "-" "Mozilla/5.0 (Macintosh; Intel Mac OS X 10_15_7; x86) AppleWebKit/537.36 (KHTML, like Gecko) Edge/100.0.0.0 Safari/537.36"
72.167.149.90 - - [02/Sep/2026:10:59:07 +0000] "POST /wp-cron.php?doing_wp_cron=1788346746.8419699668884277343750 HTTP/1.1" 499 0 "-" "WordPress/7.1; https://uslconsultation.com"
36.85.216.104 - - [02/Sep/2026:10:59:07 +0000] "POST /xmlrpc.php HTTP/1.1" 200 415 "-" "Mozilla/5.0 (Linux; Android 10; x86) AppleWebKit/537.36 (KHTML, like Gecko) Safari/14.0.0.0 Safari/537.36"
36.85.216.104 - - [02/Sep/2026:10:59:40 +0000] "POST /xmlrpc.php HTTP/1.1" 200 415 "-" "Mozilla/5.0 (Windows NT 6.2; x64) AppleWebKit/537.36 (KHTML, like Gecko) Safari/12.0.0.0 Safari/537.36"
36.85.216.104 - - [02/Sep/2026:11:00:22 +0000] "POST /xmlrpc.php HTTP/1.1" 499 0 "-" "Mozilla/5.0 (Windows NT 6.2; x86) AppleWebKit/537.36 (KHTML, like Gecko) Safari/15.0.0.0 Safari/537.36"
72.167.149.90 - - [02/Sep/2026:11:00:24 +0000] "POST /wp-cron.php?doing_wp_cron=1788346823.1915099620819091796875 HTTP/1.1" 499 0 "-" "WordPress/7.1; https://uslconsultation.com"
36.85.216.104 - - [02/Sep/2026:11:01:02 +0000] "POST /xmlrpc.php HTTP/1.1" 499 0 "-" "Mozilla/5.0 (Windows NT 6.3; x64) AppleWebKit/537.36 (KHTML, like Gecko) Chrome/93.0.0.0 Safari/537.36"
72.167.149.90 - - [02/Sep/2026:11:01:04 +0000] "POST /wp-cron.php?doing_wp_cron=1788346863.7743830680847167968750 HTTP/1.1" 499 0 "-" "WordPress/7.1; https://uslconsultation.com"
36.85.216.104 - - [02/Sep/2026:11:01:33 +0000] "POST /xmlrpc.php HTTP/1.1" 200 415 "-" "Mozilla/5.0 (X11; Ubuntu; Linux x86_64; arm64) AppleWebKit/537.36 (KHTML, like Gecko) Chrome/101.0.0.0 Safari/537.36"
36.85.216.104 - - [02/Sep/2026:11:01:59 +0000] "POST /xmlrpc.php HTTP/1.1" 200 415 "-" "Mozilla/5.0 (Macintosh; Intel Mac OS X 10_15_7; x64) AppleWebKit/537.36 (KHTML, like Gecko) Firefox/88.0.0.0 Safari/537.36"
72.167.149.90 - - [02/Sep/2026:11:02:25 +0000] "POST /wp-cron.php?doing_wp_cron=1788346944.0115499496459960937500 HTTP/1.1" 499 0 "-" "WordPress/7.1; https://uslconsultation.com"
36.85.216.104 - - [02/Sep/2026:11:02:25 +0000] "POST /xmlrpc.php HTTP/1.1" 200 415 "-" "Mozilla/5.0 (Windows NT 6.3; arm64) AppleWebKit/537.36 (KHTML, like Gecko) Firefox/98.0.0.0 Safari/537.36"
36.85.216.104 - - [02/Sep/2026:11:02:47 +0000] "POST /xmlrpc.php HTTP/1.1" 200 415 "-" "Mozilla/5.0 (X11; Ubuntu; Linux x86_64; x64) AppleWebKit/537.36 (KHTML, like Gecko) Opera/67.0.0.0 Safari/537.36"
72.167.149.90 - - [02/Sep/2026:11:03:12 +0000] "POST /wp-cron.php?doing_wp_cron=1788346991.6664030551910400390625 HTTP/1.1" 499 0 "-" "WordPress/7.1; https://uslconsultation.com"
36.85.216.104 - - [02/Sep/2026:11:03:12 +0000] "POST /xmlrpc.php HTTP/1.1" 200 415 "-" "Mozilla/5.0 (Windows NT 6.3; x64) AppleWebKit/537.36 (KHTML, like Gecko) Chrome/110.0.0.0 Safari/537.36"
36.85.216.104 - - [02/Sep/2026:11:03:37 +0000] "POST /xmlrpc.php HTTP/1.1" 200 415 "-" "Mozilla/5.0 (X11; Ubuntu; Linux x86_64; x64) AppleWebKit/537.36 (KHTML, like Gecko) Safari/14.0.0.0 Safari/537.36"
72.167.149.90 - - [02/Sep/2026:11:04:10 +0000] "POST /wp-cron.php?doing_wp_cron=1788347049.2155129909515380859375 HTTP/1.1" 499 0 "-" "WordPress/7.1; https://uslconsultation.com"
36.85.216.104 - - [02/Sep/2026:11:04:10 +0000] "POST /xmlrpc.php HTTP/1.1" 200 415 "-" "Mozilla/5.0 (Windows NT 6.3; arm64) AppleWebKit/537.36 (KHTML, like Gecko) Chrome/87.0.0.0 Safari/537.36"
36.85.216.104 - - [02/Sep/2026:11:04:46 +0000] "POST /xmlrpc.php HTTP/1.1" 499 0 "-" "Mozilla/5.0 (Macintosh; Intel Mac OS X 10_15_7; x64) AppleWebKit/537.36 (KHTML, like Gecko) Opera/63.0.0.0 Safari/537.36"
72.167.149.90 - - [02/Sep/2026:11:05:22 +0000] "POST /wp-cron.php?doing_wp_cron=1788347120.9432880878448486328125 HTTP/1.1" 499 0 "-" "WordPress/7.1; https://uslconsultation.com"
36.85.216.104 - - [02/Sep/2026:11:05:22 +0000] "POST /xmlrpc.php HTTP/1.1" 200 415 "-" "Mozilla/5.0 (Windows NT 6.3; arm64) AppleWebKit/537.36 (KHTML, like Gecko) Opera/78.0.0.0 Safari/537.36"
36.85.216.104 - - [02/Sep/2026:11:05:58 +0000] "POST /xmlrpc.php HTTP/1.1" 499 0 "-" "Mozilla/5.0 (Windows NT 6.2; x86) AppleWebKit/537.36 (KHTML, like Gecko) Firefox/71.0.0.0 Safari/537.36"
36.85.216.104 - - [02/Sep/2026:11:06:34 +0000] "POST /xmlrpc.php HTTP/1.1" 499 0 "-" "Mozilla/5.0 (Linux; Android 10; x64) AppleWebKit/537.36 (KHTML, like Gecko) Firefox/96.0.0.0 Safari/537.36"
72.167.149.90 - - [02/Sep/2026:11:06:35 +0000] "POST /wp-cron.php?doing_wp_cron=1788347194.1559879779815673828125 HTTP/1.1" 499 0 "-" "WordPress/7.1; https://uslconsultation.com"
72.167.149.90 - - [02/Sep/2026:11:07:03 +0000] "POST /wp-cron.php?doing_wp_cron=1788347222.4778969287872314453125 HTTP/1.1" 499 0 "-" "WordPress/7.1; https://uslconsultation.com"
82.156.88.97 - - [02/Sep/2026:11:07:03 +0000] "GET / HTTP/1.1" 200 69137 "http://www.uslconsultation.com" "Mozilla/5.0 (iPhone; CPU iPhone OS 13_2_3 like Mac OS X) AppleWebKit/605.1.15 (KHTML, like Gecko) Version/13.0.3 Mobile/15E148 Safari/604.1"
36.85.216.104 - - [02/Sep/2026:11:07:10 +0000] "POST /xmlrpc.php HTTP/1.1" 499 0 "-" "Mozilla/5.0 (Macintosh; Intel Mac OS X 10_15_7; x86) AppleWebKit/537.36 (KHTML, like Gecko) Opera/70.0.0.0 Safari/537.36"
72.167.149.90 - - [02/Sep/2026:11:07:45 +0000] "POST /wp-cron.php?doing_wp_cron=1788347264.7769451141357421875000 HTTP/1.1" 499 0 "-" "WordPress/7.1; https://uslconsultation.com"
36.85.216.104 - - [02/Sep/2026:11:07:45 +0000] "POST /xmlrpc.php HTTP/1.1" 200 415 "-" "Mozilla/5.0 (Windows NT 6.2; arm64) AppleWebKit/537.36 (KHTML, like Gecko) Safari/14.0.0.0 Safari/537.36"
36.85.216.104 - - [02/Sep/2026:11:08:26 +0000] "POST /xmlrpc.php HTTP/1.1" 499 0 "-" "Mozilla/5.0 (Linux; Android 10; x64) AppleWebKit/537.36 (KHTML, like Gecko) Safari/15.0.0.0 Safari/537.36"
72.167.149.90 - - [02/Sep/2026:11:08:26 +0000] "POST /wp-cron.php?doing_wp_cron=1788347305.9003450870513916015625 HTTP/1.1" 499 0 "-" "WordPress/7.1; https://uslconsultation.com"
72.167.149.90 - - [02/Sep/2026:11:09:02 +0000] "POST /wp-cron.php?doing_wp_cron=1788347341.8788800239562988281250 HTTP/1.1" 499 0 "-" "WordPress/7.1; https://uslconsultation.com"
36.85.216.104 - - [02/Sep/2026:11:09:03 +0000] "POST /xmlrpc.php HTTP/1.1" 200 415 "-" "Mozilla/5.0 (Windows NT 10.0; x86) AppleWebKit/537.36 (KHTML, like Gecko) Chrome/100.0.0.0 Safari/537.36"
37.139.53.80 - - [02/Sep/2026:11:09:13 +0000] "GET /contact-us/ HTTP/1.0" 200 204846 "https://uslconsultation.com/contact-us/" "Mozilla/5.0 (Windows NT 10.0; Win64; x64) AppleWebKit/537.36 (KHTML, like Gecko) Chrome/130.0.0.0 Safari/537.36"
37.139.53.80 - - [02/Sep/2026:11:09:20 +0000] "POST /contact-us/ HTTP/1.0" 200 204936 "https://uslconsultation.com/contact-us/" "Mozilla/5.0 (Windows NT 10.0; Win64; x64) AppleWebKit/537.36 (KHTML, like Gecko) Chrome/130.0.0.0 Safari/537.36"
36.85.216.104 - - [02/Sep/2026:11:09:42 +0000] "POST /xmlrpc.php HTTP/1.1" 200 415 "-" "Mozilla/5.0 (Windows NT 6.3; x64) AppleWebKit/537.36 (KHTML, like Gecko) Opera/61.0.0.0 Safari/537.36"
36.85.216.104 - - [02/Sep/2026:11:10:18 +0000] "POST /xmlrpc.php HTTP/1.1" 499 0 "-" "Mozilla/5.0 (X11; Ubuntu; Linux x86_64; arm64) AppleWebKit/537.36 (KHTML, like Gecko) Firefox/98.0.0.0 Safari/537.36"
72.167.149.90 - - [02/Sep/2026:11:10:19 +0000] "POST /wp-cron.php?doing_wp_cron=1788347418.5814568996429443359375 HTTP/1.1" 499 0 "-" "WordPress/7.1; https://uslconsultation.com"
36.85.216.104 - - [02/Sep/2026:11:10:49 +0000] "POST /xmlrpc.php HTTP/1.1" 200 415 "-" "Mozilla/5.0 (Linux; Android 10; arm64) AppleWebKit/537.36 (KHTML, like Gecko) Safari/10.0.0.0 Safari/537.36"
72.167.149.90 - - [02/Sep/2026:11:11:20 +0000] "POST /wp-cron.php?doing_wp_cron=1788347479.4957420825958251953125 HTTP/1.1" 499 0 "-" "WordPress/7.1; https://uslconsultation.com"
36.85.216.104 - - [02/Sep/2026:11:11:20 +0000] "POST /xmlrpc.php HTTP/1.1" 200 415 "-" "Mozilla/5.0 (X11; Ubuntu; Linux x86_64; x86) AppleWebKit/537.36 (KHTML, like Gecko) Chrome/85.0.0.0 Safari/537.36"
146.190.152.17 - - [02/Sep/2026:11:11:35 +0000] "GET / HTTP/1.1" 301 5 "-" "Mozilla/5.0 (X11; Linux x86_64) AppleWebKit/537.36 (KHTML, like Gecko) Chrome/142.0.0.0 Safari/537.36"
146.190.152.17 - - [02/Sep/2026:11:11:37 +0000] "GET /favicon.ico HTTP/1.1" 302 5 "https://mail.uslconsultation.com/" "Mozilla/5.0 (X11; Linux x86_64) AppleWebKit/537.36 (KHTML, like Gecko) Chrome/142.0.0.0 Safari/537.36"
36.85.216.104 - - [02/Sep/2026:11:11:47 +0000] "POST /xmlrpc.php HTTP/1.1" 200 415 "-" "Mozilla/5.0 (Linux; Android 10; x86) AppleWebKit/537.36 (KHTML, like Gecko) Safari/12.0.0.0 Safari/537.36"
72.167.149.90 - - [02/Sep/2026:11:12:10 +0000] "POST /wp-cron.php?doing_wp_cron=1788347529.8608241081237792968750 HTTP/1.1" 499 0 "-" "WordPress/7.1; https://uslconsultation.com"
36.85.216.104 - - [02/Sep/2026:11:12:10 +0000] "POST /xmlrpc.php HTTP/1.1" 200 415 "-" "Mozilla/5.0 (Linux; Android 10; x64) AppleWebKit/537.36 (KHTML, like Gecko) Chrome/88.0.0.0 Safari/537.36"
36.85.216.104 - - [02/Sep/2026:11:12:37 +0000] "POST /xmlrpc.php HTTP/1.1" 200 415 "-" "Mozilla/5.0 (X11; Ubuntu; Linux x86_64; x86) AppleWebKit/537.36 (KHTML, like Gecko) Safari/13.0.0.0 Safari/537.36"
72.167.149.90 - - [02/Sep/2026:11:13:03 +0000] "POST /wp-cron.php?doing_wp_cron=1788347582.1933360099792480468750 HTTP/1.1" 499 0 "-" "WordPress/7.1; https://uslconsultation.com"
36.85.216.104 - - [02/Sep/2026:11:13:03 +0000] "POST /xmlrpc.php HTTP/1.1" 200 415 "-" "Mozilla/5.0 (Windows NT 6.2; x86) AppleWebKit/537.36 (KHTML, like Gecko) Firefox/70.0.0.0 Safari/537.36"
141.148.128.37 - - [02/Sep/2026:11:13:22 +0000] "GET /ar/wp-json/oembed/1.0/embed?url=https%3A%2F%2Fuslconsultation.com%2Far%2F2025%2F12%2F22%2Fhow-to-franchise-a-restaurant-brand-a-step-by-step-practical-guide%2F HTTP/1.1" 200 1344 "-" "Mozilla/5.0 (X11; Linux aarch64) AppleWebKit/537.36 (KHTML, like Gecko) Chrome/139.0.0.0 Safari/537.36"
36.85.216.104 - - [02/Sep/2026:11:13:25 +0000] "POST /xmlrpc.php HTTP/1.1" 200 415 "-" "Mozilla/5.0 (X11; Ubuntu; Linux x86_64; x64) AppleWebKit/537.36 (KHTML, like Gecko) Safari/12.0.0.0 Safari/537.36"
36.85.216.104 - - [02/Sep/2026:11:13:46 +0000] "POST /xmlrpc.php HTTP/1.1" 200 415 "-" "Mozilla/5.0 (X11; Ubuntu; Linux x86_64; x64) AppleWebKit/537.36 (KHTML, like Gecko) Firefox/87.0.0.0 Safari/537.36"
72.167.149.90 - - [02/Sep/2026:11:14:14 +0000] "POST /wp-cron.php?doing_wp_cron=1788347653.3071279525756835937500 HTTP/1.1" 499 0 "-" "WordPress/7.1; https://uslconsultation.com"
36.85.216.104 - - [02/Sep/2026:11:14:14 +0000] "POST /xmlrpc.php HTTP/1.1" 200 415 "-" "Mozilla/5.0 (Windows NT 6.3; x86) AppleWebKit/537.36 (KHTML, like Gecko) Chrome/109.0.0.0 Safari/537.36"
36.85.216.104 - - [02/Sep/2026:11:14:38 +0000] "POST /xmlrpc.php HTTP/1.1" 200 415 "-" "Mozilla/5.0 (X11; Ubuntu; Linux x86_64; x86) AppleWebKit/537.36 (KHTML, like Gecko) Edge/81.0.0.0 Safari/537.36"
36.85.216.104 - - [02/Sep/2026:11:14:57 +0000] "POST /xmlrpc.php HTTP/1.1" 200 415 "-" "Mozilla/5.0 (Windows NT 10.0; arm64) AppleWebKit/537.36 (KHTML, like Gecko) Chrome/83.0.0.0 Safari/537.36"
72.167.149.90 - - [02/Sep/2026:11:15:22 +0000] "POST /wp-cron.php?doing_wp_cron=1788347721.4611780643463134765625 HTTP/1.1" 499 0 "-" "WordPress/7.1; https://uslconsultation.com"
36.85.216.104 - - [02/Sep/2026:11:15:22 +0000] "POST /xmlrpc.php HTTP/1.1" 200 415 "-" "Mozilla/5.0 (Windows NT 6.3; x64) AppleWebKit/537.36 (KHTML, like Gecko) Opera/76.0.0.0 Safari/537.36"
36.85.216.104 - - [02/Sep/2026:11:15:44 +0000] "POST /xmlrpc.php HTTP/1.1" 200 415 "-" "Mozilla/5.0 (Windows NT 6.3; arm64) AppleWebKit/537.36 (KHTML, like Gecko) Safari/14.0.0.0 Safari/537.36"
72.167.149.90 - - [02/Sep/2026:11:16:08 +0000] "POST /wp-cron.php?doing_wp_cron=1788347767.6572449207305908203125 HTTP/1.1" 499 0 "-" "WordPress/7.1; https://uslconsultation.com"
36.85.216.104 - - [02/Sep/2026:11:16:08 +0000] "POST /xmlrpc.php HTTP/1.1" 200 415 "-" "Mozilla/5.0 (Linux; Android 10; x64) AppleWebKit/537.36 (KHTML, like Gecko) Edge/84.0.0.0 Safari/537.36"
216.73.217.0 - - [02/Sep/2026:11:16:20 +0000] "GET /robots.txt HTTP/1.1" 200 124 "-" "Mozilla/5.0 AppleWebKit/537.36 (KHTML, like Gecko; compatible; ClaudeBot/1.0; +claudebot@anthropic.com)"
216.73.217.0 - - [02/Sep/2026:11:16:22 +0000] "GET /sitemaps.xml HTTP/1.1" 200 283 "-" "Mozilla/5.0 AppleWebKit/537.36 (KHTML, like Gecko; compatible; ClaudeBot/1.0; +claudebot@anthropic.com)"
36.85.216.104 - - [02/Sep/2026:11:16:30 +0000] "POST /xmlrpc.php HTTP/1.1" 200 415 "-" "Mozilla/5.0 (Linux; Android 10; x64) AppleWebKit/537.36 (KHTML, like Gecko) Firefox/94.0.0.0 Safari/537.36"
36.85.216.104 - - [02/Sep/2026:11:16:50 +0000] "POST /xmlrpc.php HTTP/1.1" 200 415 "-" "Mozilla/5.0 (Linux; Android 10; x86) AppleWebKit/537.36 (KHTML, like Gecko) Firefox/85.0.0.0 Safari/537.36"
72.167.149.90 - - [02/Sep/2026:11:17:11 +0000] "POST /wp-cron.php?doing_wp_cron=1788347830.5147180557250976562500 HTTP/1.1" 499 0 "-" "WordPress/7.1; https://uslconsultation.com"
36.85.216.104 - - [02/Sep/2026:11:17:11 +0000] "POST /xmlrpc.php HTTP/1.1" 200 415 "-" "Mozilla/5.0 (Linux; Android 10; x64) AppleWebKit/537.36 (KHTML, like Gecko) Chrome/80.0.0.0 Safari/537.36"
36.85.216.104 - - [02/Sep/2026:11:17:35 +0000] "POST /xmlrpc.php HTTP/1.1" 200 415 "-" "Mozilla/5.0 (Windows NT 6.2; x64) AppleWebKit/537.36 (KHTML, like Gecko) Firefox/70.0.0.0 Safari/537.36"
36.85.216.104 - - [02/Sep/2026:11:17:56 +0000] "POST /xmlrpc.php HTTP/1.1" 200 415 "-" "Mozilla/5.0 (Macintosh; Intel Mac OS X 10_15_7; x86) AppleWebKit/537.36 (KHTML, like Gecko) Chrome/102.0.0.0 Safari/537.36"
72.167.149.90 - - [02/Sep/2026:11:18:18 +0000] "POST /wp-cron.php?doing_wp_cron=1788347897.0127770900726318359375 HTTP/1.1" 499 0 "-" "WordPress/7.1; https://uslconsultation.com"
36.85.216.104 - - [02/Sep/2026:11:18:18 +0000] "POST /xmlrpc.php HTTP/1.1" 200 415 "-" "Mozilla/5.0 (Windows NT 10.0; x86) AppleWebKit/537.36 (KHTML, like Gecko) Safari/12.0.0.0 Safari/537.36"
36.85.216.104 - - [02/Sep/2026:11:18:40 +0000] "POST /xmlrpc.php HTTP/1.1" 200 415 "-" "Mozilla/5.0 (Windows NT 10.0; x64) AppleWebKit/537.36 (KHTML, like Gecko) Firefox/70.0.0.0 Safari/537.36"
36.85.216.104 - - [02/Sep/2026:11:18:57 +0000] "POST /xmlrpc.php HTTP/1.1" 200 415 "-" "Mozilla/5.0 (Macintosh; Intel Mac OS X 10_15_7; arm64) AppleWebKit/537.36 (KHTML, like Gecko) Chrome/81.0.0.0 Safari/537.36"
72.167.149.90 - - [02/Sep/2026:11:19:15 +0000] "POST /wp-cron.php?doing_wp_cron=1788347954.4599978923797607421875 HTTP/1.1" 499 0 "-" "WordPress/7.1; https://uslconsultation.com"
36.85.216.104 - - [02/Sep/2026:11:19:15 +0000] "POST /xmlrpc.php HTTP/1.1" 200 415 "-" "Mozilla/5.0 (X11; Ubuntu; Linux x86_64; x86) AppleWebKit/537.36 (KHTML, like Gecko) Safari/12.0.0.0 Safari/537.36"
36.85.216.104 - - [02/Sep/2026:11:19:34 +0000] "POST /xmlrpc.php HTTP/1.1" 200 415 "-" "Mozilla/5.0 (X11; Ubuntu; Linux x86_64; x86) AppleWebKit/537.36 (KHTML, like Gecko) Chrome/103.0.0.0 Safari/537.36"
36.85.216.104 - - [02/Sep/2026:11:19:55 +0000] "POST /xmlrpc.php HTTP/1.1" 200 415 "-" "Mozilla/5.0 (Linux; Android 10; x86) AppleWebKit/537.36 (KHTML, like Gecko) Opera/72.0.0.0 Safari/537.36"
36.85.216.104 - - [02/Sep/2026:11:20:14 +0000] "POST /xmlrpc.php HTTP/1.1" 499 0 "-" "Mozilla/5.0 (Linux; Android 10; arm64) AppleWebKit/537.36 (KHTML, like Gecko) Edge/96.0.0.0 Safari/537.36"
72.167.149.90 - - [02/Sep/2026:11:20:16 +0000] "POST /wp-cron.php?doing_wp_cron=1788348015.0195200443267822265625 HTTP/1.1" 499 0 "-" "WordPress/7.1; https://uslconsultation.com"
36.85.216.104 - - [02/Sep/2026:11:20:35 +0000] "POST /xmlrpc.php HTTP/1.1" 200 415 "-" "Mozilla/5.0 (Macintosh; Intel Mac OS X 10_15_7; x86) AppleWebKit/537.36 (KHTML, like Gecko) Safari/12.0.0.0 Safari/537.36"
36.85.216.104 - - [02/Sep/2026:11:20:58 +0000] "POST /xmlrpc.php HTTP/1.1" 200 415 "-" "Mozilla/5.0 (Windows NT 6.3; x64) AppleWebKit/537.36 (KHTML, like Gecko) Safari/12.0.0.0 Safari/537.36"
72.167.149.90 - - [02/Sep/2026:11:21:20 +0000] "POST /wp-cron.php?doing_wp_cron=1788348079.6867680549621582031250 HTTP/1.1" 499 0 "-" "WordPress/7.1; https://uslconsultation.com"
36.85.216.104 - - [02/Sep/2026:11:21:20 +0000] "POST /xmlrpc.php HTTP/1.1" 200 415 "-" "Mozilla/5.0 (Windows NT 6.2; x64) AppleWebKit/537.36 (KHTML, like Gecko) Safari/14.0.0.0 Safari/537.36"
36.85.216.104 - - [02/Sep/2026:11:21:40 +0000] "POST /xmlrpc.php HTTP/1.1" 200 415 "-" "Mozilla/5.0 (Linux; Android 10; x86) AppleWebKit/537.36 (KHTML, like Gecko) Safari/14.0.0.0 Safari/537.36"
36.85.216.104 - - [02/Sep/2026:11:22:00 +0000] "POST /xmlrpc.php HTTP/1.1" 200 415 "-" "Mozilla/5.0 (Windows NT 6.2; arm64) AppleWebKit/537.36 (KHTML, like Gecko) Edge/80.0.0.0 Safari/537.36"
72.167.149.90 - - [02/Sep/2026:11:22:16 +0000] "POST /wp-cron.php?doing_wp_cron=1788348135.6657381057739257812500 HTTP/1.1" 499 0 "-" "WordPress/7.1; https://uslconsultation.com"
36.85.216.104 - - [02/Sep/2026:11:22:16 +0000] "POST /xmlrpc.php HTTP/1.1" 200 415 "-" "Mozilla/5.0 (Windows NT 10.0; arm64) AppleWebKit/537.36 (KHTML, like Gecko) Safari/12.0.0.0 Safari/537.36"
36.85.216.104 - - [02/Sep/2026:11:22:36 +0000] "POST /xmlrpc.php HTTP/1.1" 200 415 "-" "Mozilla/5.0 (Linux; Android 10; x86) AppleWebKit/537.36 (KHTML, like Gecko) Opera/71.0.0.0 Safari/537.36"
36.85.216.104 - - [02/Sep/2026:11:22:54 +0000] "POST /xmlrpc.php HTTP/1.1" 200 415 "-" "Mozilla/5.0 (Windows NT 10.0; x86) AppleWebKit/537.36 (KHTML, like Gecko) Opera/61.0.0.0 Safari/537.36"
72.167.149.90 - - [02/Sep/2026:11:23:16 +0000] "POST /wp-cron.php?doing_wp_cron=1788348195.3407740592956542968750 HTTP/1.1" 499 0 "-" "WordPress/7.1; https://uslconsultation.com"
