92.98.20.19 - - [01/Sep/2026:13:14:47 +0000] "GET /ar/2025/12/21/from-idea-to-execution-turning-business-plans-into-profitable-reality/tel:1234567890/tel:8001234567/tel:8001234567/tel:8001234567/tel:1234567890/tel:8001234567 HTTP/1.1" 404 71574 "-" "Mozilla/5.0 (Macintosh; Intel Mac OS X 10_15_7) AppleWebKit/537.36 (KHTML, like Gecko) Chrome/136.0.0.0 Safari/537.36"
85.154.5.16 - - [01/Sep/2026:13:14:52 +0000] "GET /ar/2025/12/21/from-idea-to-execution-turning-business-plans-into-profitable-reality/tel:1234567890/tel:8001234567/tel:8001234567/tel:8001234567/tel:1234567890/tel:8001234567/tel:1234567890/tel:1234567890 HTTP/1.1" 404 71583 "-" "Mozilla/5.0 (Macintosh; Intel Mac OS X 10_15_7) AppleWebKit/537.36 (KHTML, like Gecko) Chrome/136.0.0.0 Safari/537.36"
72.167.149.90 - - [01/Sep/2026:13:14:53 +0000] "POST /wp-cron.php?doing_wp_cron=1788268492.0607988834381103515625 HTTP/1.1" 499 0 "-" "WordPress/7.1; https://uslconsultation.com/ar"
14.1.78.28 - - [01/Sep/2026:13:14:53 +0000] "GET /ar/2025/12/21/from-idea-to-execution-turning-business-plans-into-profitable-reality/tel:1234567890/tel:8001234567/tel:8001234567/tel:8001234567/tel:8001234567/tel:8001234567 HTTP/1.1" 404 71570 "-" "Mozilla/5.0 (Macintosh; Intel Mac OS X 10_15_7) AppleWebKit/537.36 (KHTML, like Gecko) Chrome/146.0.0.0 Safari/537.36"
161.153.71.226 - - [01/Sep/2026:13:16:40 +0000] "GET /ar/service/production-and-manufacturing HTTP/1.1" 499 0 "-" "Mozilla/5.0 (X11; Linux aarch64) AppleWebKit/537.36 (KHTML, like Gecko) Chrome/139.0.0.0 Safari/537.36"
72.167.149.90 - - [01/Sep/2026:13:16:43 +0000] "POST /wp-cron.php?doing_wp_cron=1788268602.7586901187896728515625 HTTP/1.1" 499 0 "-" "WordPress/7.1; https://uslconsultation.com/ar"
161.153.71.226 - - [01/Sep/2026:13:18:50 +0000] "GET /ar/service/production-and-manufacturing HTTP/1.1" 499 0 "-" "Mozilla/5.0 (X11; Linux aarch64) AppleWebKit/537.36 (KHTML, like Gecko) Chrome/139.0.0.0 Safari/537.36"
72.167.149.90 - - [01/Sep/2026:13:18:50 +0000] "POST /wp-cron.php?doing_wp_cron=1788268729.7593879699707031250000 HTTP/1.1" 499 0 "-" "WordPress/7.1; https://uslconsultation.com/ar"
72.167.149.90 - - [01/Sep/2026:13:22:16 +0000] "POST /wp-cron.php?doing_wp_cron=1788268935.8977320194244384765625 HTTP/1.1" 499 0 "-" "WordPress/7.1; https://uslconsultation.com"
57.141.14.102 - - [01/Sep/2026:13:22:16 +0000] "GET /about-us/ HTTP/1.1" 200 56199 "-" "Mozilla/5.0 (Windows NT 10.0; Win64; x64) AppleWebKit/537.36 (KHTML, like Gecko) Chrome/145.0.0.0 Safari/537.36 (compatible; meta-externalagent/1.1 (+https://developers.facebook.com/docs/sharing/webmasters/crawler))"
72.167.149.90 - - [01/Sep/2026:13:25:40 +0000] "POST /wp-cron.php?doing_wp_cron=1788269138.9697740077972412109375 HTTP/1.1" 499 0 "-" "WordPress/7.1; https://uslconsultation.com"
216.73.216.218 - - [01/Sep/2026:13:25:40 +0000] "GET /robots.txt HTTP/1.1" 200 124 "-" "Mozilla/5.0 AppleWebKit/537.36 (KHTML, like Gecko; compatible; ClaudeBot/1.0; +claudebot@anthropic.com)"
216.73.216.218 - - [01/Sep/2026:13:25:42 +0000] "GET /sitemaps.xml HTTP/1.1" 200 283 "-" "Mozilla/5.0 AppleWebKit/537.36 (KHTML, like Gecko; compatible; ClaudeBot/1.0; +claudebot@anthropic.com)"
72.167.149.90 - - [01/Sep/2026:13:27:08 +0000] "POST /wp-cron.php?doing_wp_cron=1788269227.5328121185302734375000 HTTP/1.1" 499 0 "-" "WordPress/7.1; https://uslconsultation.com"
62.60.130.198 - - [01/Sep/2026:13:27:08 +0000] "GET /wp-admin/network/ HTTP/1.1" 302 5 "binance.com" "Mozilla/5.0 (Windows NT 10.0; Win64; x64) AppleWebKit/537.36 (KHTML, like Gecko) Chrome/90.0.4430.85 Safari/537.36"
62.60.130.198 - - [01/Sep/2026:13:27:11 +0000] "GET /wp-login.php?redirect_to=https%3A%2F%2Fuslconsultation.com%2Fwp-admin%2Fnetwork%2F&reauth=1 HTTP/1.1" 200 4245 "binance.com" "Mozilla/5.0 (Windows NT 10.0; Win64; x64) AppleWebKit/537.36 (KHTML, like Gecko) Chrome/90.0.4430.85 Safari/537.36"
62.60.130.198 - - [01/Sep/2026:13:27:22 +0000] "GET /wp-admin/user/ HTTP/1.1" 302 5 "binance.com" "Mozilla/5.0 (Windows NT 10.0; Win64; x64) AppleWebKit/537.36 (KHTML, like Gecko) Chrome/90.0.4430.85 Safari/537.36"
62.60.130.198 - - [01/Sep/2026:13:27:24 +0000] "GET /wp-login.php?redirect_to=https%3A%2F%2Fuslconsultation.com%2Fwp-admin%2Fuser%2F&reauth=1 HTTP/1.1" 200 4242 "binance.com" "Mozilla/5.0 (Windows NT 10.0; Win64; x64) AppleWebKit/537.36 (KHTML, like Gecko) Chrome/90.0.4430.85 Safari/537.36"
72.167.149.90 - - [01/Sep/2026:13:32:08 +0000] "POST /wp-cron.php?doing_wp_cron=1788269527.0353529453277587890625 HTTP/1.1" 499 0 "-" "WordPress/7.1; https://uslconsultation.com"
43.173.182.235 - - [01/Sep/2026:13:32:08 +0000] "GET /product-category/video-films HTTP/1.1" 404 53423 "-" "Mozilla/5.0 (Windows NT 10.0; Win64; x64) AppleWebKit/537.36 (KHTML, like Gecko) Chrome/104.0.5112.81 Safari/537.36"
43.173.176.163 - - [01/Sep/2026:13:32:09 +0000] "GET /wp-content/uploads/elementor/css/post-4908.css?ver=1788269525 HTTP/1.1" 200 491 "https://uslconsultation.com/product-category/video-films" "Mozilla/5.0 (Windows NT 10.0; Win64; x64) AppleWebKit/537.36 (KHTML, like Gecko) Chrome/104.0.5112.81 Safari/537.36"
43.173.178.159 - - [01/Sep/2026:13:32:09 +0000] "GET /wp-content/uploads/elementor/css/custom-frontend.min.css?ver=1788269524 HTTP/1.1" 200 7463 "https://uslconsultation.com/product-category/video-films" "Mozilla/5.0 (Windows NT 10.0; Win64; x64) AppleWebKit/537.36 (KHTML, like Gecko) Chrome/104.0.5112.81 Safari/537.36"
43.173.182.61 - - [01/Sep/2026:13:32:09 +0000] "GET /wp-content/uploads/elementor/css/custom-apple-webkit.min.css?ver=1788269524 HTTP/1.1" 200 567 "https://uslconsultation.com/product-category/video-films" "Mozilla/5.0 (Windows NT 10.0; Win64; x64) AppleWebKit/537.36 (KHTML, like Gecko) Chrome/104.0.5112.81 Safari/537.36"
43.172.194.69 - - [01/Sep/2026:13:32:09 +0000] "GET /wp-content/uploads/elementor/css/post-393.css?ver=1788269526 HTTP/1.1" 200 320 "https://uslconsultation.com/product-category/video-films" "Mozilla/5.0 (Windows NT 10.0; Win64; x64) AppleWebKit/537.36 (KHTML, like Gecko) Chrome/104.0.5112.81 Safari/537.36"
43.173.176.189 - - [01/Sep/2026:13:32:09 +0000] "GET /wp-content/uploads/elementor/css/post-5.css?ver=1788269525 HTTP/1.1" 200 1038 "https://uslconsultation.com/product-category/video-films" "Mozilla/5.0 (Windows NT 10.0; Win64; x64) AppleWebKit/537.36 (KHTML, like Gecko) Chrome/104.0.5112.81 Safari/537.36"
43.172.194.124 - - [01/Sep/2026:13:32:09 +0000] "GET /wp-content/uploads/elementor/css/post-335.css?ver=1788269526 HTTP/1.1" 200 1267 "https://uslconsultation.com/product-category/video-films" "Mozilla/5.0 (Windows NT 10.0; Win64; x64) AppleWebKit/537.36 (KHTML, like Gecko) Chrome/104.0.5112.81 Safari/537.36"
43.172.196.193 - - [01/Sep/2026:13:32:14 +0000] "POST /?wc-ajax=get_refreshed_fragments HTTP/1.1" 200 589 "https://uslconsultation.com/product-category/video-films" "Mozilla/5.0 (Windows NT 10.0; Win64; x64) AppleWebKit/537.36 (KHTML, like Gecko) Chrome/104.0.5112.81 Safari/537.36"
137.131.14.23 - - [01/Sep/2026:13:32:41 +0000] "GET /ar?p=3913 HTTP/1.1" 301 5 "-" "Mozilla/5.0 (X11; Linux aarch64) AppleWebKit/537.36 (KHTML, like Gecko) Chrome/139.0.0.0 Safari/537.36"
137.131.14.23 - - [01/Sep/2026:13:35:05 +0000] "GET /ar/service/licensing-franchising/ HTTP/1.1" 499 0 "https://uslconsultation.com/ar?p=3913" "Mozilla/5.0 (X11; Linux aarch64) AppleWebKit/537.36 (KHTML, like Gecko) Chrome/139.0.0.0 Safari/537.36"
72.167.149.90 - - [01/Sep/2026:13:35:09 +0000] "GET /wp-content/uploads/2021/02/services-6.jpg HTTP/1.1" 200 12635 "-" "-"
72.167.149.90 - - [01/Sep/2026:13:37:19 +0000] "GET /wp-content/uploads/2021/02/services-6.jpg HTTP/1.1" 200 12635 "-" "-"
137.131.14.23 - - [01/Sep/2026:13:37:19 +0000] "GET /ar/service/licensing-franchising/ HTTP/1.1" 499 0 "https://uslconsultation.com/ar?p=3913" "Mozilla/5.0 (X11; Linux aarch64) AppleWebKit/537.36 (KHTML, like Gecko) Chrome/139.0.0.0 Safari/537.36"
43.131.26.226 - - [01/Sep/2026:13:38:11 +0000] "GET / HTTP/1.1" 200 69116 "http://www.uslconsultation.com" "Mozilla/5.0 (iPhone; CPU iPhone OS 13_2_3 like Mac OS X) AppleWebKit/605.1.15 (KHTML, like Gecko) Version/13.0.3 Mobile/15E148 Safari/604.1"
62.60.130.198 - - [01/Sep/2026:13:38:42 +0000] "GET /wp-admin/network/ HTTP/1.1" 302 5 "binance.com" "Mozilla/5.0 (Windows NT 10.0; Win64; x64) AppleWebKit/537.36 (KHTML, like Gecko) Chrome/90.0.4430.85 Safari/537.36"
62.60.130.198 - - [01/Sep/2026:13:38:44 +0000] "GET /wp-login.php?redirect_to=https%3A%2F%2Fuslconsultation.com%2Fwp-admin%2Fnetwork%2F&reauth=1 HTTP/1.1" 200 4245 "binance.com" "Mozilla/5.0 (Windows NT 10.0; Win64; x64) AppleWebKit/537.36 (KHTML, like Gecko) Chrome/90.0.4430.85 Safari/537.36"
62.60.130.198 - - [01/Sep/2026:13:38:56 +0000] "GET /wp-admin/user/ HTTP/1.1" 302 5 "binance.com" "Mozilla/5.0 (Windows NT 10.0; Win64; x64) AppleWebKit/537.36 (KHTML, like Gecko) Chrome/90.0.4430.85 Safari/537.36"
62.60.130.198 - - [01/Sep/2026:13:38:59 +0000] "GET /wp-login.php?redirect_to=https%3A%2F%2Fuslconsultation.com%2Fwp-admin%2Fuser%2F&reauth=1 HTTP/1.1" 200 4242 "binance.com" "Mozilla/5.0 (Windows NT 10.0; Win64; x64) AppleWebKit/537.36 (KHTML, like Gecko) Chrome/90.0.4430.85 Safari/537.36"
72.167.149.90 - - [01/Sep/2026:13:48:12 +0000] "POST /wp-cron.php?doing_wp_cron=1788270491.4044730663299560546875 HTTP/1.1" 499 0 "-" "WordPress/7.1; https://uslconsultation.com"
195.2.79.165 - - [01/Sep/2026:13:48:13 +0000] "GET /2025/11/05/hello-world/ HTTP/1.0" 404 184529 "https://uslconsultation.com/2025/11/05/hello-world/#comment-168" "Mozilla/5.0 (Windows NT 10.0; Win64; x64) AppleWebKit/537.36 (KHTML, like Gecko) Chrome/131.0.0.0 Safari/537.36"
195.2.79.165 - - [01/Sep/2026:13:48:21 +0000] "GET /blog/ HTTP/1.0" 200 203550 "https://uslconsultation.com/blog/" "Mozilla/5.0 (Windows NT 10.0; Win64; x64) AppleWebKit/537.36 (KHTML, like Gecko) Chrome/131.0.0.0 Safari/537.36"
195.2.79.165 - - [01/Sep/2026:13:48:28 +0000] "GET /contact-us/ HTTP/1.0" 200 204851 "https://uslconsultation.com/contact-us/" "Mozilla/5.0 (Windows NT 10.0; Win64; x64) AppleWebKit/537.36 (KHTML, like Gecko) Chrome/131.0.0.0 Safari/537.36"
195.2.79.165 - - [01/Sep/2026:13:48:35 +0000] "POST /contact-us/ HTTP/1.0" 200 204941 "https://uslconsultation.com/contact-us/" "Mozilla/5.0 (Windows NT 10.0; Win64; x64) AppleWebKit/537.36 (KHTML, like Gecko) Chrome/131.0.0.0 Safari/537.36"
124.220.42.101 - - [01/Sep/2026:14:04:46 +0000] "GET / HTTP/1.1" 200 69134 "http://www.uslconsultation.com" "Mozilla/5.0 (iPhone; CPU iPhone OS 13_2_3 like Mac OS X) AppleWebKit/605.1.15 (KHTML, like Gecko) Version/13.0.3 Mobile/15E148 Safari/604.1"
72.167.149.90 - - [01/Sep/2026:14:07:22 +0000] "POST /wp-cron.php?doing_wp_cron=1788271641.5001571178436279296875 HTTP/1.1" 499 0 "-" "WordPress/7.1; https://uslconsultation.com"
178.20.43.173 - - [01/Sep/2026:14:07:22 +0000] "GET /2025/11/05/hello-world/ HTTP/1.0" 404 184529 "https://uslconsultation.com/2025/11/05/hello-world/#comment-168" "Mozilla/5.0 (Windows NT 10.0; Win64; x64) AppleWebKit/537.36 (KHTML, like Gecko) Chrome/131.0.0.0 Safari/537.36 Avast/131.0.0.0"
178.20.43.173 - - [01/Sep/2026:14:07:26 +0000] "GET /blog/ HTTP/1.0" 200 203550 "https://uslconsultation.com/blog/" "Mozilla/5.0 (Windows NT 10.0; Win64; x64) AppleWebKit/537.36 (KHTML, like Gecko) Chrome/131.0.0.0 Safari/537.36 Avast/131.0.0.0"
72.167.149.90 - - [01/Sep/2026:14:07:31 +0000] "POST /wp-cron.php?doing_wp_cron=1788271650.4717860221862792968750 HTTP/1.1" 499 0 "-" "WordPress/7.1; https://uslconsultation.com"
178.20.43.173 - - [01/Sep/2026:14:07:31 +0000] "GET /contact-us/ HTTP/1.0" 200 204851 "https://uslconsultation.com/contact-us/" "Mozilla/5.0 (Windows NT 10.0; Win64; x64) AppleWebKit/537.36 (KHTML, like Gecko) Chrome/131.0.0.0 Safari/537.36 Avast/131.0.0.0"
178.20.43.173 - - [01/Sep/2026:14:07:36 +0000] "POST /contact-us/ HTTP/1.0" 200 204941 "https://uslconsultation.com/contact-us/" "Mozilla/5.0 (Windows NT 10.0; Win64; x64) AppleWebKit/537.36 (KHTML, like Gecko) Chrome/131.0.0.0 Safari/537.36 Avast/131.0.0.0"
161.153.16.36 - - [01/Sep/2026:14:19:32 +0000] "GET /wp-json/oembed/1.0/embed?url=https%3A%2F%2Fuslconsultation.com%2Fcontact-us%2F HTTP/1.1" 499 0 "-" "Mozilla/5.0 (X11; Linux aarch64) AppleWebKit/537.36 (KHTML, like Gecko) Chrome/139.0.0.0 Safari/537.36"
72.167.149.90 - - [01/Sep/2026:14:19:33 +0000] "POST /wp-cron.php?doing_wp_cron=1788272372.5649139881134033203125 HTTP/1.1" 499 0 "-" "WordPress/7.1; https://uslconsultation.com"
72.167.149.90 - - [01/Sep/2026:14:38:26 +0000] "POST /wp-cron.php?doing_wp_cron=1788273505.7559440135955810546875 HTTP/1.1" 499 0 "-" "WordPress/7.1; https://uslconsultation.com"
193.242.184.224 - - [01/Sep/2026:14:38:26 +0000] "GET / HTTP/1.1" 200 68950 "-" "Mozilla/5.0 (Windows NT 10.0; Win64; x64) AppleWebKit/537.36 (KHTML, like Gecko) Chrome/124.0.0.0 Safari/537.36"
193.242.184.224 - - [01/Sep/2026:14:38:35 +0000] "GET /wp-content/plugins/wp-google-map-gold/readme.txt HTTP/1.1" 404 50964 "-" "Mozilla/5.0 (Windows NT 10.0; Win64; x64) AppleWebKit/537.36 (KHTML, like Gecko) Chrome/124.0.0.0 Safari/537.36"
193.242.184.224 - - [01/Sep/2026:14:38:41 +0000] "GET /wp-content/plugins/wp-google-map-plugin/readme.txt HTTP/1.1" 404 50964 "-" "Mozilla/5.0 (Windows NT 10.0; Win64; x64) AppleWebKit/537.36 (KHTML, like Gecko) Chrome/124.0.0.0 Safari/537.36"
193.242.184.224 - - [01/Sep/2026:14:38:48 +0000] "GET /wp-content/plugins/wp-google-map/readme.txt HTTP/1.1" 404 50959 "-" "Mozilla/5.0 (Windows NT 10.0; Win64; x64) AppleWebKit/537.36 (KHTML, like Gecko) Chrome/124.0.0.0 Safari/537.36"
193.242.184.224 - - [01/Sep/2026:14:38:52 +0000] "GET /wp-content/plugins/wp-maps-pro/readme.txt HTTP/1.1" 404 50956 "-" "Mozilla/5.0 (Windows NT 10.0; Win64; x64) AppleWebKit/537.36 (KHTML, like Gecko) Chrome/124.0.0.0 Safari/537.36"
193.242.184.224 - - [01/Sep/2026:14:38:57 +0000] "GET / HTTP/1.1" 200 68950 "-" "Mozilla/5.0 (Windows NT 10.0; Win64; x64) AppleWebKit/537.36 (KHTML, like Gecko) Chrome/124.0.0.0 Safari/537.36"
72.167.149.90 - - [01/Sep/2026:14:39:02 +0000] "POST /wp-cron.php?doing_wp_cron=1788273541.4408910274505615234375 HTTP/1.1" 499 0 "-" "WordPress/7.1; https://uslconsultation.com"
193.242.184.224 - - [01/Sep/2026:14:39:02 +0000] "GET / HTTP/1.1" 200 68949 "-" "Mozilla/5.0 (Windows NT 10.0; Win64; x64) AppleWebKit/537.36 (KHTML, like Gecko) Chrome/124.0.0.0 Safari/537.36"
5.38.0.121 - - [01/Sep/2026:15:14:33 +0000] "GET /ar/2025/12/21/from-idea-to-execution-turning-business-plans-into-profitable-reality/tel:1234567890/tel:8001234567/tel:8001234567/tel:8001234567/tel:1234567890/tel:8001234567/tel:1234567890/tel:8001234567 HTTP/1.1" 499 0 "-" "Mozilla/5.0 (Macintosh; Intel Mac OS X 10_15_7) AppleWebKit/537.36 (KHTML, like Gecko) Chrome/142.0.0.0 Safari/537.36"
176.205.37.55 - - [01/Sep/2026:15:14:36 +0000] "GET /ar/service/consulting-services-in-networking-and-cybersecurity/tel:8001234567/tel:1234567890/tel:8001234567/tel:1234567890/tel:1234567890/tel:8001234567 HTTP/1.1" 499 0 "-" "Mozilla/5.0 (Macintosh; Intel Mac OS X 10_15_7) AppleWebKit/537.36 (KHTML, like Gecko) Chrome/146.0.0.0 Safari/537.36"
72.167.149.90 - - [01/Sep/2026:15:14:48 +0000] "POST /wp-cron.php?doing_wp_cron=1788275687.3562729358673095703125 HTTP/1.1" 499 0 "-" "WordPress/7.1; https://uslconsultation.com/ar"
116.89.35.247 - - [01/Sep/2026:15:14:48 +0000] "GET /ar/2025/12/21/from-idea-to-execution-turning-business-plans-into-profitable-reality/tel:1234567890/tel:8001234567/tel:8001234567/tel:8001234567/tel:1234567890/tel:8001234567/tel:1234567890/tel:8001234567 HTTP/1.1" 404 71580 "-" "Mozilla/5.0 (Macintosh; Intel Mac OS X 10_15_7) AppleWebKit/537.36 (KHTML, like Gecko) Chrome/136.0.0.0 Safari/537.36"
72.167.149.90 - - [01/Sep/2026:15:14:54 +0000] "POST /wp-cron.php?doing_wp_cron=1788275693.3431859016418457031250 HTTP/1.1" 499 0 "-" "WordPress/7.1; https://uslconsultation.com/ar"
31.31.30.13 - - [01/Sep/2026:15:14:54 +0000] "GET /ar/service/consulting-services-in-networking-and-cybersecurity/tel:8001234567/tel:1234567890/tel:8001234567/tel:1234567890/tel:1234567890/tel:8001234567 HTTP/1.1" 404 71539 "-" "Mozilla/5.0 (Macintosh; Intel Mac OS X 10_15_7) AppleWebKit/537.36 (KHTML, like Gecko) Chrome/131.0.0.0 Safari/537.36"
141.148.136.36 - - [01/Sep/2026:15:23:42 +0000] "GET /ar/wp-json/wp/v2/member/291 HTTP/1.1" 499 0 "-" "Mozilla/5.0 (X11; Linux aarch64) AppleWebKit/537.36 (KHTML, like Gecko) Chrome/139.0.0.0 Safari/537.36"
72.167.149.90 - - [01/Sep/2026:15:23:44 +0000] "POST /wp-cron.php?doing_wp_cron=1788276223.6269950866699218750000 HTTP/1.1" 499 0 "-" "WordPress/7.1; https://uslconsultation.com/ar"
141.148.136.36 - - [01/Sep/2026:15:25:58 +0000] "GET /ar/wp-json/wp/v2/member/291 HTTP/1.1" 499 0 "-" "Mozilla/5.0 (X11; Linux aarch64) AppleWebKit/537.36 (KHTML, like Gecko) Chrome/139.0.0.0 Safari/537.36"
72.167.149.90 - - [01/Sep/2026:15:26:02 +0000] "POST /wp-cron.php?doing_wp_cron=1788276361.2885270118713378906250 HTTP/1.1" 499 0 "-" "WordPress/7.1; https://uslconsultation.com/ar"
72.167.149.90 - - [01/Sep/2026:15:31:48 +0000] "POST /wp-cron.php?doing_wp_cron=1788276707.8660531044006347656250 HTTP/1.1" 499 0 "-" "WordPress/7.1; https://uslconsultation.com"
216.73.216.45 - - [01/Sep/2026:15:31:48 +0000] "GET /robots.txt HTTP/1.1" 200 124 "-" "Mozilla/5.0 AppleWebKit/537.36 (KHTML, like Gecko; compatible; ClaudeBot/1.0; +claudebot@anthropic.com)"
216.73.216.45 - - [01/Sep/2026:15:31:52 +0000] "GET /sitemaps.xml HTTP/1.1" 200 285 "-" "Mozilla/5.0 AppleWebKit/537.36 (KHTML, like Gecko; compatible; ClaudeBot/1.0; +claudebot@anthropic.com)"
72.167.149.90 - - [01/Sep/2026:15:38:41 +0000] "POST /wp-cron.php?doing_wp_cron=1788277120.8994960784912109375000 HTTP/1.1" 499 0 "-" "WordPress/7.1; https://uslconsultation.com"
89.124.96.216 - - [01/Sep/2026:15:38:41 +0000] "GET /contact-us/ HTTP/1.0" 200 204851 "https://uslconsultation.com/contact-us/" "Mozilla/5.0 (Windows NT 10.0; Win64; x64) AppleWebKit/537.36 (KHTML, like Gecko) Chrome/130.0.0.0 Safari/537.36"
89.124.96.216 - - [01/Sep/2026:15:38:46 +0000] "POST /contact-us/ HTTP/1.0" 200 204941 "https://uslconsultation.com/contact-us/" "Mozilla/5.0 (Windows NT 10.0; Win64; x64) AppleWebKit/537.36 (KHTML, like Gecko) Chrome/130.0.0.0 Safari/537.36"
195.2.84.198 - - [01/Sep/2026:15:57:29 +0000] "GET /blog/ HTTP/1.0" 200 203550 "https://uslconsultation.com/blog/" "Mozilla/5.0 (Windows NT 10.0; Win64; x64) AppleWebKit/537.36 (KHTML, like Gecko) Chrome/130.0.0.0 Safari/537.36"
195.2.84.198 - - [01/Sep/2026:15:57:33 +0000] "GET /contact-us/ HTTP/1.0" 200 204851 "https://uslconsultation.com/contact-us/" "Mozilla/5.0 (Windows NT 10.0; Win64; x64) AppleWebKit/537.36 (KHTML, like Gecko) Chrome/130.0.0.0 Safari/537.36"
195.2.84.198 - - [01/Sep/2026:15:57:37 +0000] "POST /contact-us/ HTTP/1.0" 200 204941 "https://uslconsultation.com/contact-us/" "Mozilla/5.0 (Windows NT 10.0; Win64; x64) AppleWebKit/537.36 (KHTML, like Gecko) Chrome/130.0.0.0 Safari/537.36"
72.167.149.90 - - [01/Sep/2026:15:58:53 +0000] "POST /wp-cron.php?doing_wp_cron=1788278332.8305571079254150390625 HTTP/1.1" 499 0 "-" "WordPress/7.1; https://uslconsultation.com"
54.217.12.22 - - [01/Sep/2026:15:58:53 +0000] "GET /robots.txt HTTP/1.1" 200 124 "-" "Pandalytics/2.0 (+https://domainsbot.com/network-crawler-pandalytics-kdc68dhsbd/)"
54.217.12.22 - - [01/Sep/2026:15:58:56 +0000] "GET / HTTP/1.1" 200 68953 "-" "Pandalytics/2.0 (+https://domainsbot.com/network-crawler-pandalytics-kdc68dhsbd/)"
72.167.149.90 - - [01/Sep/2026:15:59:32 +0000] "POST /wp-cron.php?doing_wp_cron=1788278371.2171618938446044921875 HTTP/1.1" 499 0 "-" "WordPress/7.1; https://uslconsultation.com"
85.208.96.195 - - [01/Sep/2026:15:59:32 +0000] "GET /robots.txt HTTP/1.1" 200 124 "-" "Mozilla/5.0 (compatible; SemrushBot/7~bl; +http://www.semrush.com/bot.html)"
72.167.149.90 - - [01/Sep/2026:15:59:35 +0000] "GET /wp-content/uploads/2025/11/Networking-and-cybersecurity-scaled-e1766398835906.jpg HTTP/1.1" 200 123626 "-" "-"
85.208.96.212 - - [01/Sep/2026:15:59:36 +0000] "GET /ar/service/consulting-services-in-networking-and-cybersecurity/ HTTP/1.1" 200 77704 "-" "Mozilla/5.0 (compatible; SemrushBot/7~bl; +http://www.semrush.com/bot.html)"
72.167.149.90 - - [01/Sep/2026:16:03:47 +0000] "POST /wp-cron.php?doing_wp_cron=1788278626.3247120380401611328125 HTTP/1.1" 499 0 "-" "WordPress/7.1; https://uslconsultation.com"
157.15.187.3 - - [01/Sep/2026:16:03:47 +0000] "GET / HTTP/1.1" 200 68952 "-" "Mozilla/5.0 (Macintosh; Intel Mac OS X 10_15_7) AppleWebKit/537.36 (KHTML, like Gecko) Chrome/136.0.0.0 Safari/537.36"
103.156.189.78 - - [01/Sep/2026:16:04:14 +0000] "GET / HTTP/1.1" 499 0 "-" "Mozilla/5.0 (Macintosh; Intel Mac OS X 10_15_7) AppleWebKit/537.36 (KHTML, like Gecko) Chrome/136.0.0.0 Safari/537.36"
72.167.149.90 - - [01/Sep/2026:16:33:29 +0000] "POST /wp-cron.php?doing_wp_cron=1788280408.9149169921875000000000 HTTP/1.1" 499 0 "-" "WordPress/7.1; https://uslconsultation.com"
161.153.30.1 - - [01/Sep/2026:17:03:01 +0000] "GET /ar?p=5082 HTTP/1.1" 499 0 "-" "Mozilla/5.0 (X11; Linux aarch64) AppleWebKit/537.36 (KHTML, like Gecko) Chrome/139.0.0.0 Safari/537.36"
72.167.149.90 - - [01/Sep/2026:17:03:13 +0000] "POST /wp-cron.php?doing_wp_cron=1788282192.5965490341186523437500 HTTP/1.1" 499 0 "-" "WordPress/7.1; https://uslconsultation.com/ar"
161.153.30.1 - - [01/Sep/2026:17:05:19 +0000] "GET /ar?p=5082 HTTP/1.1" 499 0 "-" "Mozilla/5.0 (X11; Linux aarch64) AppleWebKit/537.36 (KHTML, like Gecko) Chrome/139.0.0.0 Safari/537.36"
72.167.149.90 - - [01/Sep/2026:17:05:22 +0000] "POST /wp-cron.php?doing_wp_cron=1788282321.2209379673004150390625 HTTP/1.1" 499 0 "-" "WordPress/7.1; https://uslconsultation.com/ar"
72.167.149.90 - - [01/Sep/2026:17:13:18 +0000] "POST /wp-cron.php?doing_wp_cron=1788282797.0607330799102783203125 HTTP/1.1" 499 0 "-" "WordPress/7.1; https://uslconsultation.com"
34.81.94.220 - - [01/Sep/2026:17:13:18 +0000] "GET / HTTP/1.1" 301 5 "-" "Mozilla/5.0 (X11; Linux x86_64) AppleWebKit/537.36 (KHTML, like Gecko) Chrome/124.0 Safari/537.36"
34.81.94.220 - - [01/Sep/2026:17:13:25 +0000] "GET / HTTP/1.1" 200 319749 "https://mail.uslconsultation.com/" "Mozilla/5.0 (X11; Linux x86_64) AppleWebKit/537.36 (KHTML, like Gecko) Chrome/124.0 Safari/537.36"
129.146.202.25 - - [01/Sep/2026:17:14:56 +0000] "GET /ar/wp-json/oembed/1.0/embed?url=https%3A%2F%2Fuslconsultation.com%2Far%2Fmember%2Fyahya%2F HTTP/1.1" 499 0 "-" "Mozilla/5.0 (X11; Linux aarch64) AppleWebKit/537.36 (KHTML, like Gecko) Chrome/139.0.0.0 Safari/537.36"
72.167.149.90 - - [01/Sep/2026:17:15:03 +0000] "POST /wp-cron.php?doing_wp_cron=1788282902.0619599819183349609375 HTTP/1.1" 499 0 "-" "WordPress/7.1; https://uslconsultation.com/ar"
129.146.202.25 - - [01/Sep/2026:17:17:12 +0000] "GET /ar/wp-json/oembed/1.0/embed?url=https%3A%2F%2Fuslconsultation.com%2Far%2Fmember%2Fyahya%2F HTTP/1.1" 499 0 "-" "Mozilla/5.0 (X11; Linux aarch64) AppleWebKit/537.36 (KHTML, like Gecko) Chrome/139.0.0.0 Safari/537.36"
72.167.149.90 - - [01/Sep/2026:17:17:18 +0000] "POST /wp-cron.php?doing_wp_cron=1788283037.3823781013488769531250 HTTP/1.1" 499 0 "-" "WordPress/7.1; https://uslconsultation.com/ar"
43.133.91.48 - - [01/Sep/2026:17:20:39 +0000] "GET / HTTP/1.1" 200 69136 "http://uslconsultation.com" "Mozilla/5.0 (iPhone; CPU iPhone OS 13_2_3 like Mac OS X) AppleWebKit/605.1.15 (KHTML, like Gecko) Version/13.0.3 Mobile/15E148 Safari/604.1"
34.81.94.220 - - [01/Sep/2026:17:21:31 +0000] "GET /wp-content/plugins/revslider/public/js/libs/tptools.js?ver=6.7.39 HTTP/1.1" 200 209124 "-" "Mozilla/5.0 (X11; Linux x86_64) AppleWebKit/537.36 (KHTML, like Gecko) Chrome/124.0 Safari/537.36"
34.81.94.220 - - [01/Sep/2026:17:21:31 +0000] "GET /wp-includes/js/jquery/jquery-migrate.min.js?ver=3.4.1 HTTP/1.1" 200 13577 "-" "Mozilla/5.0 (X11; Linux x86_64) AppleWebKit/537.36 (KHTML, like Gecko) Chrome/124.0 Safari/537.36"
34.81.94.220 - - [01/Sep/2026:17:21:31 +0000] "GET /wp-content/plugins/woocommerce/assets/js/jquery-blockui/jquery.blockUI.min.js?ver=2.7.0-wc.11.0.1 HTTP/1.1" 200 9636 "-" "Mozilla/5.0 (X11; Linux x86_64) AppleWebKit/537.36 (KHTML, like Gecko) Chrome/124.0 Safari/537.36"
34.81.94.220 - - [01/Sep/2026:17:21:31 +0000] "GET /wp-content/plugins/woocommerce/assets/js/frontend/add-to-cart.min.js?ver=11.0.1 HTTP/1.1" 200 4350 "-" "Mozilla/5.0 (X11; Linux x86_64) AppleWebKit/537.36 (KHTML, like Gecko) Chrome/124.0 Safari/537.36"
34.81.94.220 - - [01/Sep/2026:17:21:31 +0000] "GET /wp-content/plugins/revslider/public/js/sr7.js?ver=6.7.39 HTTP/1.1" 200 342796 "-" "Mozilla/5.0 (X11; Linux x86_64) AppleWebKit/537.36 (KHTML, like Gecko) Chrome/124.0 Safari/537.36"
34.81.94.220 - - [01/Sep/2026:17:21:31 +0000] "GET /wp-content/plugins/woocommerce/assets/js/js-cookie/js.cookie.min.js?ver=2.1.4-wc.11.0.1 HTTP/1.1" 200 1720 "-" "Mozilla/5.0 (X11; Linux x86_64) AppleWebKit/537.36 (KHTML, like Gecko) Chrome/124.0 Safari/537.36"
34.81.94.220 - - [01/Sep/2026:17:21:31 +0000] "GET /wp-content/plugins/woocommerce/assets/js/frontend/woocommerce.min.js?ver=11.0.1 HTTP/1.1" 200 4270 "-" "Mozilla/5.0 (X11; Linux x86_64) AppleWebKit/537.36 (KHTML, like Gecko) Chrome/124.0 Safari/537.36"
34.81.94.220 - - [01/Sep/2026:17:21:31 +0000] "GET /wp-content/plugins/translatepress-multilingual/assets/js/trp-frontend-compatibility.js?ver=3.3.4 HTTP/1.1" 200 834 "-" "Mozilla/5.0 (X11; Linux x86_64) AppleWebKit/537.36 (KHTML, like Gecko) Chrome/124.0 Safari/537.36"
34.81.94.220 - - [01/Sep/2026:17:21:31 +0000] "GET /wp-includes/js/dist/hooks.min.js?ver=f0f188028580e8dc1255 HTTP/1.1" 200 5107 "-" "Mozilla/5.0 (X11; Linux x86_64) AppleWebKit/537.36 (KHTML, like Gecko) Chrome/124.0 Safari/537.36"
34.81.94.220 - - [01/Sep/2026:17:21:31 +0000] "GET /wp-content/plugins/woocommerce/assets/js/frontend/cart-fragments.min.js?ver=11.0.1 HTTP/1.1" 200 2939 "-" "Mozilla/5.0 (X11; Linux x86_64) AppleWebKit/537.36 (KHTML, like Gecko) Chrome/124.0 Safari/537.36"
34.81.94.220 - - [01/Sep/2026:17:21:31 +0000] "GET /wp-content/plugins/translatepress-multilingual/assets/js/trp-frontend-language-switcher.js?ver=3.3.4 HTTP/1.1" 200 16102 "-" "Mozilla/5.0 (X11; Linux x86_64) AppleWebKit/537.36 (KHTML, like Gecko) Chrome/124.0 Safari/537.36"
34.81.94.220 - - [01/Sep/2026:17:21:31 +0000] "GET /wp-includes/js/jquery/jquery.min.js?ver=3.7.1 HTTP/1.1" 200 87553 "-" "Mozilla/5.0 (X11; Linux x86_64) AppleWebKit/537.36 (KHTML, like Gecko) Chrome/124.0 Safari/537.36"
34.81.94.220 - - [01/Sep/2026:17:21:31 +0000] "GET /wp-includes/js/dist/i18n.min.js?ver=1dfe7db3940c23ea9216 HTTP/1.1" 200 5791 "-" "Mozilla/5.0 (X11; Linux x86_64) AppleWebKit/537.36 (KHTML, like Gecko) Chrome/124.0 Safari/537.36"
34.81.94.220 - - [01/Sep/2026:17:21:31 +0000] "GET /wp-content/plugins/contact-form-7/includes/swv/js/index.js?ver=6.1.7 HTTP/1.1" 200 12512 "-" "Mozilla/5.0 (X11; Linux x86_64) AppleWebKit/537.36 (KHTML, like Gecko) Chrome/124.0 Safari/537.36"
34.81.94.220 - - [01/Sep/2026:17:21:32 +0000] "GET /wp-content/plugins/contact-form-7/includes/js/index.js?ver=6.1.7 HTTP/1.1" 200 13452 "-" "Mozilla/5.0 (X11; Linux x86_64) AppleWebKit/537.36 (KHTML, like Gecko) Chrome/124.0 Safari/537.36"
34.81.94.220 - - [01/Sep/2026:17:21:32 +0000] "GET /wp-content/plugins/alpus-aprs/plugin-framework/assets/js/framework.min.js?ver=1.2.0 HTTP/1.1" 200 3513 "-" "Mozilla/5.0 (X11; Linux x86_64) AppleWebKit/537.36 (KHTML, like Gecko) Chrome/124.0 Safari/537.36"
34.81.94.220 - - [01/Sep/2026:17:21:32 +0000] "GET /wp-content/plugins/cookieadmin/assets/js/consent.js?ver=1.1.4 HTTP/1.1" 200 18556 "-" "Mozilla/5.0 (X11; Linux x86_64) AppleWebKit/537.36 (KHTML, like Gecko) Chrome/124.0 Safari/537.36"
34.81.94.220 - - [01/Sep/2026:17:21:32 +0000] "GET /wp-content/plugins/woocommerce/assets/js/sourcebuster/sourcebuster.min.js?ver=11.0.1 HTTP/1.1" 200 15315 "-" "Mozilla/5.0 (X11; Linux x86_64) AppleWebKit/537.36 (KHTML, like Gecko) Chrome/124.0 Safari/537.36"
34.81.94.220 - - [01/Sep/2026:17:21:32 +0000] "GET /wp-content/themes/porto/inc/lib/live-search/live-search.min.js?ver=7.7.2 HTTP/1.1" 200 15325 "-" "Mozilla/5.0 (X11; Linux x86_64) AppleWebKit/537.36 (KHTML, like Gecko) Chrome/124.0 Safari/537.36"
34.81.94.220 - - [01/Sep/2026:17:21:32 +0000] "GET /wp-content/plugins/woocommerce/assets/js/frontend/order-attribution.min.js?ver=11.0.1 HTTP/1.1" 200 2439 "-" "Mozilla/5.0 (X11; Linux x86_64) AppleWebKit/537.36 (KHTML, like Gecko) Chrome/124.0 Safari/537.36"
34.81.94.220 - - [01/Sep/2026:17:21:32 +0000] "GET /wp-content/plugins/cookieadmin-pro/assets/js/consent.js?ver=1.1.4 HTTP/1.1" 200 1236 "-" "Mozilla/5.0 (X11; Linux x86_64) AppleWebKit/537.36 (KHTML, like Gecko) Chrome/124.0 Safari/537.36"
34.81.94.220 - - [01/Sep/2026:17:21:32 +0000] "GET /wp-content/plugins/elementor/assets/js/webpack.runtime.min.js?ver=4.2.4 HTTP/1.1" 200 5819 "-" "Mozilla/5.0 (X11; Linux x86_64) AppleWebKit/537.36 (KHTML, like Gecko) Chrome/124.0 Safari/537.36"
34.81.94.220 - - [01/Sep/2026:17:21:32 +0000] "GET /wp-includes/js/jquery/ui/core.min.js?ver=1.14.2 HTTP/1.1" 200 18674 "-" "Mozilla/5.0 (X11; Linux x86_64) AppleWebKit/537.36 (KHTML, like Gecko) Chrome/124.0 Safari/537.36"
34.81.94.220 - - [01/Sep/2026:17:21:32 +0000] "GET /wp-content/plugins/elementor/assets/js/frontend.min.js?ver=4.2.4 HTTP/1.1" 200 32098 "-" "Mozilla/5.0 (X11; Linux x86_64) AppleWebKit/537.36 (KHTML, like Gecko) Chrome/124.0 Safari/537.36"
34.81.94.220 - - [01/Sep/2026:17:21:32 +0000] "GET /wp-content/plugins/alpus-aprs/assets/js/alpus-aprs-frontend.min.js?ver=2.2.0 HTTP/1.1" 200 1362 "-" "Mozilla/5.0 (X11; Linux x86_64) AppleWebKit/537.36 (KHTML, like Gecko) Chrome/124.0 Safari/537.36"
34.81.94.220 - - [01/Sep/2026:17:21:32 +0000] "GET /wp-content/plugins/elementor/assets/js/frontend-modules.min.js?ver=4.2.4 HTTP/1.1" 200 50602 "-" "Mozilla/5.0 (X11; Linux x86_64) AppleWebKit/537.36 (KHTML, like Gecko) Chrome/124.0 Safari/537.36"
34.81.94.220 - - [01/Sep/2026:17:21:32 +0000] "GET /wp-content/plugins/woocommerce/assets/js/jquery-cookie/jquery.cookie.min.js?ver=1.4.1-wc.11.0.1 HTTP/1.1" 200 1414 "-" "Mozilla/5.0 (X11; Linux x86_64) AppleWebKit/537.36 (KHTML, like Gecko) Chrome/124.0 Safari/537.36"
34.81.94.220 - - [01/Sep/2026:17:21:33 +0000] "GET /wp-content/themes/porto/js/libs/owl.carousel.min.js?ver=2.3.4 HTTP/1.1" 200 44304 "-" "Mozilla/5.0 (X11; Linux x86_64) AppleWebKit/537.36 (KHTML, like Gecko) Chrome/124.0 Safari/537.36"
34.81.94.220 - - [01/Sep/2026:17:21:33 +0000] "GET /wp-includes/js/imagesloaded.min.js?ver=5.0.0 HTTP/1.1" 200 5520 "-" "Mozilla/5.0 (X11; Linux x86_64) AppleWebKit/537.36 (KHTML, like Gecko) Chrome/124.0 Safari/537.36"
34.81.94.220 - - [01/Sep/2026:17:21:33 +0000] "GET /wp-content/themes/porto/js/libs/jquery.magnific-popup.min.js?ver=1.1.0 HTTP/1.1" 200 20245 "-" "Mozilla/5.0 (X11; Linux x86_64) AppleWebKit/537.36 (KHTML, like Gecko) Chrome/124.0 Safari/537.36"
34.81.94.220 - - [01/Sep/2026:17:21:33 +0000] "GET /wp-content/themes/porto/js/bootstrap.js?ver=5.0.1 HTTP/1.1" 200 196657 "-" "Mozilla/5.0 (X11; Linux x86_64) AppleWebKit/537.36 (KHTML, like Gecko) Chrome/124.0 Safari/537.36"
34.81.94.220 - - [01/Sep/2026:17:21:33 +0000] "GET /wp-content/themes/porto/js/post-ajax-modal.min.js?ver=7.7.2 HTTP/1.1" 200 4380 "-" "Mozilla/5.0 (X11; Linux x86_64) AppleWebKit/537.36 (KHTML, like Gecko) Chrome/124.0 Safari/537.36"
34.81.94.220 - - [01/Sep/2026:17:21:33 +0000] "GET /wp-content/themes/porto/js/theme.js?ver=7.7.2 HTTP/1.1" 200 125408 "-" "Mozilla/5.0 (X11; Linux x86_64) AppleWebKit/537.36 (KHTML, like Gecko) Chrome/124.0 Safari/537.36"
34.81.94.220 - - [01/Sep/2026:17:21:33 +0000] "GET /wp-content/themes/porto/js/member-async.min.js?ver=7.7.2 HTTP/1.1" 200 2444 "-" "Mozilla/5.0 (X11; Linux x86_64) AppleWebKit/537.36 (KHTML, like Gecko) Chrome/124.0 Safari/537.36"
34.81.94.220 - - [01/Sep/2026:17:21:33 +0000] "GET /wp-content/themes/porto/js/theme-async.js?ver=7.7.2 HTTP/1.1" 200 76111 "-" "Mozilla/5.0 (X11; Linux x86_64) AppleWebKit/537.36 (KHTML, like Gecko) Chrome/124.0 Safari/537.36"
34.81.94.220 - - [01/Sep/2026:17:21:33 +0000] "GET /wp-content/themes/porto/js/libs/smoothscroll.min.js?ver=7.7.2 HTTP/1.1" 200 7368 "-" "Mozilla/5.0 (X11; Linux x86_64) AppleWebKit/537.36 (KHTML, like Gecko) Chrome/124.0 Safari/537.36"
34.81.94.220 - - [01/Sep/2026:17:21:33 +0000] "GET /wp-content/themes/porto/js/portfolio-async.min.js?ver=7.7.2 HTTP/1.1" 200 3829 "-" "Mozilla/5.0 (X11; Linux x86_64) AppleWebKit/537.36 (KHTML, like Gecko) Chrome/124.0 Safari/537.36"
34.81.94.220 - - [01/Sep/2026:17:21:34 +0000] "GET /wp-content/themes/porto/js/woocommerce-theme.js?ver=7.7.2 HTTP/1.1" 200 109386 "-" "Mozilla/5.0 (X11; Linux x86_64) AppleWebKit/537.36 (KHTML, like Gecko) Chrome/124.0 Safari/537.36"
34.81.94.220 - - [01/Sep/2026:17:21:34 +0000] "GET /wp-content/plugins/porto-functionality/shortcodes/assets/js/porto-cursor-effect.min.js?ver=3.7.2 HTTP/1.1" 200 5441 "-" "Mozilla/5.0 (X11; Linux x86_64) AppleWebKit/537.36 (KHTML, like Gecko) Chrome/124.0 Safari/537.36"
34.81.94.220 - - [01/Sep/2026:17:21:35 +0000] "GET /wp-content/plugins/porto-functionality/shortcodes/assets/js/float-element.min.js?ver=3.7.2 HTTP/1.1" 200 2907 "-" "Mozilla/5.0 (X11; Linux x86_64) AppleWebKit/537.36 (KHTML, like Gecko) Chrome/124.0 Safari/537.36"
34.81.94.220 - - [01/Sep/2026:17:21:35 +0000] "GET /wp-content/themes/porto/js/libs/skrollr.min.js?ver=0.6.30 HTTP/1.1" 200 12616 "-" "Mozilla/5.0 (X11; Linux x86_64) AppleWebKit/537.36 (KHTML, like Gecko) Chrome/124.0 Safari/537.36"
34.81.94.220 - - [01/Sep/2026:17:21:35 +0000] "GET /wp-content/themes/porto/js/bg-parallax.js?ver=7.7.2 HTTP/1.1" 200 6654 "-" "Mozilla/5.0 (X11; Linux x86_64) AppleWebKit/537.36 (KHTML, like Gecko) Chrome/124.0 Safari/537.36"
34.81.94.220 - - [01/Sep/2026:17:21:35 +0000] "GET /wp-content/plugins/elementor-pro/assets/js/frontend.min.js?ver=4.2.2 HTTP/1.1" 200 23939 "-" "Mozilla/5.0 (X11; Linux x86_64) AppleWebKit/537.36 (KHTML, like Gecko) Chrome/124.0 Safari/537.36"
34.81.94.220 - - [01/Sep/2026:17:21:35 +0000] "GET /wp-content/plugins/porto-functionality/shortcodes/assets/js/map-loader.min.js?ver=3.7.2 HTTP/1.1" 200 1276 "-" "Mozilla/5.0 (X11; Linux x86_64) AppleWebKit/537.36 (KHTML, like Gecko) Chrome/124.0 Safari/537.36"
34.81.94.220 - - [01/Sep/2026:17:21:35 +0000] "GET /wp-content/plugins/elementor-pro/assets/js/webpack-pro.runtime.min.js?ver=4.2.2 HTTP/1.1" 200 6242 "-" "Mozilla/5.0 (X11; Linux x86_64) AppleWebKit/537.36 (KHTML, like Gecko) Chrome/124.0 Safari/537.36"
34.81.94.220 - - [01/Sep/2026:17:21:35 +0000] "GET /wp-content/plugins/elementor-pro/assets/js/elements-handlers.min.js?ver=4.2.2 HTTP/1.1" 200 43922 "-" "Mozilla/5.0 (X11; Linux x86_64) AppleWebKit/537.36 (KHTML, like Gecko) Chrome/124.0 Safari/537.36"
72.167.149.90 - - [01/Sep/2026:17:21:41 +0000] "POST /wp-cron.php?doing_wp_cron=1788283300.1578660011291503906250 HTTP/1.1" 499 0 "-" "WordPress/7.1; https://uslconsultation.com"
34.81.94.220 - - [01/Sep/2026:17:21:41 +0000] "GET /wp-content/themes/porto/js/theme-async.js.map HTTP/1.1" 404 184641 "-" "Mozilla/5.0 (X11; Linux x86_64) AppleWebKit/537.36 (KHTML, like Gecko) Chrome/124.0 Safari/537.36"
34.81.94.220 - - [01/Sep/2026:17:21:41 +0000] "GET /wp-content/plugins/woocommerce/assets/js/js-cookie/js.cookie.min.js.map HTTP/1.1" 404 184745 "-" "Mozilla/5.0 (X11; Linux x86_64) AppleWebKit/537.36 (KHTML, like Gecko) Chrome/124.0 Safari/537.36"
34.81.94.220 - - [01/Sep/2026:17:21:42 +0000] "GET /wp-content/plugins/woocommerce/assets/js/frontend/woocommerce.min.js.map HTTP/1.1" 404 184749 "-" "Mozilla/5.0 (X11; Linux x86_64) AppleWebKit/537.36 (KHTML, like Gecko) Chrome/124.0 Safari/537.36"
34.81.94.220 - - [01/Sep/2026:17:21:43 +0000] "GET /wp-content/plugins/woocommerce/assets/js/frontend/add-to-cart.min.js.map HTTP/1.1" 404 184749 "-" "Mozilla/5.0 (X11; Linux x86_64) AppleWebKit/537.36 (KHTML, like Gecko) Chrome/124.0 Safari/537.36"
34.81.94.220 - - [01/Sep/2026:17:21:43 +0000] "GET /wp-includes/js/dist/hooks.min.js.map HTTP/1.1" 404 184605 "-" "Mozilla/5.0 (X11; Linux x86_64) AppleWebKit/537.36 (KHTML, like Gecko) Chrome/124.0 Safari/537.36"
34.81.94.220 - - [01/Sep/2026:17:21:43 +0000] "GET /wp-content/plugins/woocommerce/assets/js/jquery-blockui/jquery.blockUI.min.js.map HTTP/1.1" 499 0 "-" "Mozilla/5.0 (X11; Linux x86_64) AppleWebKit/537.36 (KHTML, like Gecko) Chrome/124.0 Safari/537.36"
34.81.94.220 - - [01/Sep/2026:17:21:43 +0000] "GET /wp-content/plugins/revslider/public/js/libs/tptools.js.map HTTP/1.1" 499 0 "-" "Mozilla/5.0 (X11; Linux x86_64) AppleWebKit/537.36 (KHTML, like Gecko) Chrome/124.0 Safari/537.36"
34.81.94.220 - - [01/Sep/2026:17:21:43 +0000] "GET /wp-includes/js/jquery/jquery-migrate.min.js.map HTTP/1.1" 404 184649 "-" "Mozilla/5.0 (X11; Linux x86_64) AppleWebKit/537.36 (KHTML, like Gecko) Chrome/124.0 Safari/537.36"
34.81.94.220 - - [01/Sep/2026:17:21:43 +0000] "GET /wp-content/plugins/translatepress-multilingual/assets/js/trp-frontend-compatibility.js.map HTTP/1.1" 499 0 "-" "Mozilla/5.0 (X11; Linux x86_64) AppleWebKit/537.36 (KHTML, like Gecko) Chrome/124.0 Safari/537.36"
34.81.94.220 - - [01/Sep/2026:17:21:43 +0000] "GET /wp-content/plugins/woocommerce/assets/js/frontend/cart-fragments.min.js.map HTTP/1.1" 499 0 "-" "Mozilla/5.0 (X11; Linux x86_64) AppleWebKit/537.36 (KHTML, like Gecko) Chrome/124.0 Safari/537.36"
34.81.94.220 - - [01/Sep/2026:17:21:43 +0000] "GET /wp-includes/js/jquery/jquery.min.js.map HTTP/1.1" 499 0 "-" "Mozilla/5.0 (X11; Linux x86_64) AppleWebKit/537.36 (KHTML, like Gecko) Chrome/124.0 Safari/537.36"
34.81.94.220 - - [01/Sep/2026:17:21:43 +0000] "GET /wp-includes/js/dist/i18n.min.js.map HTTP/1.1" 499 0 "-" "Mozilla/5.0 (X11; Linux x86_64) AppleWebKit/537.36 (KHTML, like Gecko) Chrome/124.0 Safari/537.36"
34.81.94.220 - - [01/Sep/2026:17:21:43 +0000] "GET /wp-content/plugins/revslider/public/js/sr7.js.map HTTP/1.1" 499 0 "-" "Mozilla/5.0 (X11; Linux x86_64) AppleWebKit/537.36 (KHTML, like Gecko) Chrome/124.0 Safari/537.36"
34.81.94.220 - - [01/Sep/2026:17:21:43 +0000] "GET /wp-content/plugins/translatepress-multilingual/assets/js/trp-frontend-language-switcher.js.map HTTP/1.1" 499 0 "-" "Mozilla/5.0 (X11; Linux x86_64) AppleWebKit/537.36 (KHTML, like Gecko) Chrome/124.0 Safari/537.36"
34.81.94.220 - - [01/Sep/2026:17:21:44 +0000] "GET /wp-content/plugins/contact-form-7/includes/swv/js/index.js.map HTTP/1.1" 499 0 "-" "Mozilla/5.0 (X11; Linux x86_64) AppleWebKit/537.36 (KHTML, like Gecko) Chrome/124.0 Safari/537.36"
34.81.94.220 - - [01/Sep/2026:17:21:44 +0000] "GET /wp-content/plugins/contact-form-7/includes/js/index.js.map HTTP/1.1" 499 0 "-" "Mozilla/5.0 (X11; Linux x86_64) AppleWebKit/537.36 (KHTML, like Gecko) Chrome/124.0 Safari/537.36"
34.81.94.220 - - [01/Sep/2026:17:21:44 +0000] "GET /wp-content/plugins/alpus-aprs/plugin-framework/assets/js/framework.min.js.map HTTP/1.1" 499 0 "-" "Mozilla/5.0 (X11; Linux x86_64) AppleWebKit/537.36 (KHTML, like Gecko) Chrome/124.0 Safari/537.36"
34.81.94.220 - - [01/Sep/2026:17:21:44 +0000] "GET /wp-content/plugins/woocommerce/assets/js/frontend/order-attribution.min.js.map HTTP/1.1" 499 0 "-" "Mozilla/5.0 (X11; Linux x86_64) AppleWebKit/537.36 (KHTML, like Gecko) Chrome/124.0 Safari/537.36"
34.81.94.220 - - [01/Sep/2026:17:21:44 +0000] "GET /wp-content/plugins/woocommerce/assets/js/sourcebuster/sourcebuster.min.js.map HTTP/1.1" 499 0 "-" "Mozilla/5.0 (X11; Linux x86_64) AppleWebKit/537.36 (KHTML, like Gecko) Chrome/124.0 Safari/537.36"
34.81.94.220 - - [01/Sep/2026:17:21:44 +0000] "GET /wp-content/plugins/cookieadmin/assets/js/consent.js.map HTTP/1.1" 499 0 "-" "Mozilla/5.0 (X11; Linux x86_64) AppleWebKit/537.36 (KHTML, like Gecko) Chrome/124.0 Safari/537.36"
34.81.94.220 - - [01/Sep/2026:17:21:44 +0000] "GET /wp-content/themes/porto/inc/lib/live-search/live-search.min.js.map HTTP/1.1" 499 0 "-" "Mozilla/5.0 (X11; Linux x86_64) AppleWebKit/537.36 (KHTML, like Gecko) Chrome/124.0 Safari/537.36"
34.81.94.220 - - [01/Sep/2026:17:21:44 +0000] "GET /wp-content/plugins/cookieadmin-pro/assets/js/consent.js.map HTTP/1.1" 499 0 "-" "Mozilla/5.0 (X11; Linux x86_64) AppleWebKit/537.36 (KHTML, like Gecko) Chrome/124.0 Safari/537.36"
34.81.94.220 - - [01/Sep/2026:17:21:44 +0000] "GET /wp-content/plugins/elementor/assets/js/webpack.runtime.min.js.map HTTP/1.1" 499 0 "-" "Mozilla/5.0 (X11; Linux x86_64) AppleWebKit/537.36 (KHTML, like Gecko) Chrome/124.0 Safari/537.36"
34.81.94.220 - - [01/Sep/2026:17:21:44 +0000] "GET /wp-content/plugins/alpus-aprs/assets/js/alpus-aprs-frontend.min.js.map HTTP/1.1" 499 0 "-" "Mozilla/5.0 (X11; Linux x86_64) AppleWebKit/537.36 (KHTML, like Gecko) Chrome/124.0 Safari/537.36"
34.81.94.220 - - [01/Sep/2026:17:21:44 +0000] "GET /wp-includes/js/jquery/ui/core.min.js.map HTTP/1.1" 499 0 "-" "Mozilla/5.0 (X11; Linux x86_64) AppleWebKit/537.36 (KHTML, like Gecko) Chrome/124.0 Safari/537.36"
34.81.94.220 - - [01/Sep/2026:17:21:44 +0000] "GET /wp-content/plugins/elementor/assets/js/frontend.min.js.map HTTP/1.1" 499 0 "-" "Mozilla/5.0 (X11; Linux x86_64) AppleWebKit/537.36 (KHTML, like Gecko) Chrome/124.0 Safari/537.36"
34.81.94.220 - - [01/Sep/2026:17:21:45 +0000] "GET /wp-content/plugins/elementor/assets/js/frontend-modules.min.js.map HTTP/1.1" 499 0 "-" "Mozilla/5.0 (X11; Linux x86_64) AppleWebKit/537.36 (KHTML, like Gecko) Chrome/124.0 Safari/537.36"
34.81.94.220 - - [01/Sep/2026:17:21:45 +0000] "GET /wp-content/plugins/woocommerce/assets/js/jquery-cookie/jquery.cookie.min.js.map HTTP/1.1" 499 0 "-" "Mozilla/5.0 (X11; Linux x86_64) AppleWebKit/537.36 (KHTML, like Gecko) Chrome/124.0 Safari/537.36"
34.81.94.220 - - [01/Sep/2026:17:21:45 +0000] "GET /wp-includes/js/imagesloaded.min.js.map HTTP/1.1" 404 65159 "-" "Mozilla/5.0 (X11; Linux x86_64) AppleWebKit/537.36 (KHTML, like Gecko) Chrome/124.0 Safari/537.36"
34.81.94.220 - - [01/Sep/2026:17:21:45 +0000] "GET /wp-content/themes/porto/js/libs/owl.carousel.min.js.map HTTP/1.1" 499 0 "-" "Mozilla/5.0 (X11; Linux x86_64) AppleWebKit/537.36 (KHTML, like Gecko) Chrome/124.0 Safari/537.36"
34.81.94.220 - - [01/Sep/2026:17:21:45 +0000] "GET /wp-content/themes/porto/js/post-ajax-modal.min.js.map HTTP/1.1" 499 0 "-" "Mozilla/5.0 (X11; Linux x86_64) AppleWebKit/537.36 (KHTML, like Gecko) Chrome/124.0 Safari/537.36"
34.81.94.220 - - [01/Sep/2026:17:21:45 +0000] "GET /wp-content/themes/porto/js/libs/jquery.magnific-popup.min.js.map HTTP/1.1" 499 0 "-" "Mozilla/5.0 (X11; Linux x86_64) AppleWebKit/537.36 (KHTML, like Gecko) Chrome/124.0 Safari/537.36"
34.81.94.220 - - [01/Sep/2026:17:21:45 +0000] "GET /wp-content/themes/porto/js/bootstrap.js.map HTTP/1.1" 499 0 "-" "Mozilla/5.0 (X11; Linux x86_64) AppleWebKit/537.36 (KHTML, like Gecko) Chrome/124.0 Safari/537.36"
34.81.94.220 - - [01/Sep/2026:17:21:45 +0000] "GET /wp-content/themes/porto/js/member-async.min.js.map HTTP/1.1" 499 0 "-" "Mozilla/5.0 (X11; Linux x86_64) AppleWebKit/537.36 (KHTML, like Gecko) Chrome/124.0 Safari/537.36"
34.81.94.220 - - [01/Sep/2026:17:21:45 +0000] "GET /wp-content/themes/porto/js/theme.js.map HTTP/1.1" 499 0 "-" "Mozilla/5.0 (X11; Linux x86_64) AppleWebKit/537.36 (KHTML, like Gecko) Chrome/124.0 Safari/537.36"
34.81.94.220 - - [01/Sep/2026:17:21:45 +0000] "GET /wp-content/themes/porto/js/libs/smoothscroll.min.js.map HTTP/1.1" 499 0 "-" "Mozilla/5.0 (X11; Linux x86_64) AppleWebKit/537.36 (KHTML, like Gecko) Chrome/124.0 Safari/537.36"
34.81.94.220 - - [01/Sep/2026:17:21:46 +0000] "GET /wp-content/themes/porto/js/portfolio-async.min.js.map HTTP/1.1" 499 0 "-" "Mozilla/5.0 (X11; Linux x86_64) AppleWebKit/537.36 (KHTML, like Gecko) Chrome/124.0 Safari/537.36"
34.81.94.220 - - [01/Sep/2026:17:21:46 +0000] "GET /wp-content/themes/porto/js/woocommerce-theme.js.map HTTP/1.1" 499 0 "-" "Mozilla/5.0 (X11; Linux x86_64) AppleWebKit/537.36 (KHTML, like Gecko) Chrome/124.0 Safari/537.36"
34.81.94.220 - - [01/Sep/2026:17:21:46 +0000] "GET /wp-content/plugins/porto-functionality/shortcodes/assets/js/porto-cursor-effect.min.js.map HTTP/1.1" 499 0 "-" "Mozilla/5.0 (X11; Linux x86_64) AppleWebKit/537.36 (KHTML, like Gecko) Chrome/124.0 Safari/537.36"
34.81.94.220 - - [01/Sep/2026:17:21:47 +0000] "GET /wp-content/themes/porto/js/libs/skrollr.min.js.map HTTP/1.1" 404 184661 "-" "Mozilla/5.0 (X11; Linux x86_64) AppleWebKit/537.36 (KHTML, like Gecko) Chrome/124.0 Safari/537.36"
34.81.94.220 - - [01/Sep/2026:17:21:47 +0000] "GET /wp-content/plugins/porto-functionality/shortcodes/assets/js/float-element.min.js.map HTTP/1.1" 499 0 "-" "Mozilla/5.0 (X11; Linux x86_64) AppleWebKit/537.36 (KHTML, like Gecko) Chrome/124.0 Safari/537.36"
34.81.94.220 - - [01/Sep/2026:17:21:47 +0000] "GET /wp-content/themes/porto/js/bg-parallax.js.map HTTP/1.1" 499 0 "-" "Mozilla/5.0 (X11; Linux x86_64) AppleWebKit/537.36 (KHTML, like Gecko) Chrome/124.0 Safari/537.36"
34.81.94.220 - - [01/Sep/2026:17:21:47 +0000] "GET /wp-content/plugins/porto-functionality/shortcodes/assets/js/map-loader.min.js.map HTTP/1.1" 499 0 "-" "Mozilla/5.0 (X11; Linux x86_64) AppleWebKit/537.36 (KHTML, like Gecko) Chrome/124.0 Safari/537.36"
34.81.94.220 - - [01/Sep/2026:17:21:47 +0000] "GET /wp-content/plugins/elementor-pro/assets/js/webpack-pro.runtime.min.js.map HTTP/1.1" 499 0 "-" "Mozilla/5.0 (X11; Linux x86_64) AppleWebKit/537.36 (KHTML, like Gecko) Chrome/124.0 Safari/537.36"
34.81.94.220 - - [01/Sep/2026:17:21:47 +0000] "GET /wp-content/plugins/elementor-pro/assets/js/frontend.min.js.map HTTP/1.1" 499 0 "-" "Mozilla/5.0 (X11; Linux x86_64) AppleWebKit/537.36 (KHTML, like Gecko) Chrome/124.0 Safari/537.36"
34.81.94.220 - - [01/Sep/2026:17:21:48 +0000] "GET /wp-content/plugins/elementor-pro/assets/js/elements-handlers.min.js.map HTTP/1.1" 499 0 "-" "Mozilla/5.0 (X11; Linux x86_64) AppleWebKit/537.36 (KHTML, like Gecko) Chrome/124.0 Safari/537.36"
57.141.14.90 - - [01/Sep/2026:17:22:34 +0000] "GET /category/restaurant-business/ HTTP/1.1" 200 54902 "-" "Mozilla/5.0 (X11; Linux x86_64) AppleWebKit/537.36 (KHTML, like Gecko) Chrome/145.0.0.0 Safari/537.36 (compatible; meta-externalagent/1.1 (+https://developers.facebook.com/docs/sharing/webmasters/crawler))"
72.167.149.90 - - [01/Sep/2026:17:24:00 +0000] "POST /wp-cron.php?doing_wp_cron=1788283439.4888908863067626953125 HTTP/1.1" 499 0 "-" "WordPress/7.1; https://uslconsultation.com/ar"
47.11.0.65 - - [01/Sep/2026:17:24:00 +0000] "GET /ar/author/beso4u/ HTTP/1.1" 200 76192 "-" "Mozilla/5.0 (Macintosh; Intel Mac OS X 11.2; rv:129.0) Gecko/20100101 Firefox/129.0"
72.167.149.90 - - [01/Sep/2026:17:25:36 +0000] "POST /wp-cron.php?doing_wp_cron=1788283535.5458068847656250000000 HTTP/1.1" 499 0 "-" "WordPress/7.1; https://uslconsultation.com"
43.135.130.202 - - [01/Sep/2026:17:25:36 +0000] "GET /author/beso4u/ HTTP/1.1" 200 55491 "-" "Mozilla/5.0 (iPhone; CPU iPhone OS 13_2_3 like Mac OS X) AppleWebKit/605.1.15 (KHTML, like Gecko) Version/13.0.3 Mobile/15E148 Safari/604.1"
34.81.94.220 - - [01/Sep/2026:17:26:03 +0000] "GET /js/libs/jquery.elevatezoom.min.js HTTP/1.1" 404 184593 "-" "Mozilla/5.0 (X11; Linux x86_64) AppleWebKit/537.36 (KHTML, like Gecko) Chrome/124.0 Safari/537.36"
72.167.149.90 - - [01/Sep/2026:17:26:04 +0000] "POST /wp-cron.php?doing_wp_cron=1788283563.3774170875549316406250 HTTP/1.1" 499 0 "-" "WordPress/7.1; https://uslconsultation.com"
34.81.94.220 - - [01/Sep/2026:17:26:04 +0000] "GET /js/libs/jquery.matchHeight.min.js HTTP/1.1" 404 184593 "-" "Mozilla/5.0 (X11; Linux x86_64) AppleWebKit/537.36 (KHTML, like Gecko) Chrome/124.0 Safari/537.36"
34.81.94.220 - - [01/Sep/2026:17:26:04 +0000] "GET /js/libs/jquery.fancybox.min.js HTTP/1.1" 404 184581 "-" "Mozilla/5.0 (X11; Linux x86_64) AppleWebKit/537.36 (KHTML, like Gecko) Chrome/124.0 Safari/537.36"
72.167.149.90 - - [01/Sep/2026:17:27:17 +0000] "POST /wp-cron.php?doing_wp_cron=1788283636.2495250701904296875000 HTTP/1.1" 499 0 "-" "WordPress/7.1; https://uslconsultation.com"
52.167.144.161 - - [01/Sep/2026:17:27:17 +0000] "GET /sitemaps.xml HTTP/1.1" 200 284 "-" "Mozilla/5.0 AppleWebKit/537.36 (KHTML, like Gecko; compatible; bingbot/2.0; +http://www.bing.com/bingbot.htm) Chrome/116.0.1938.76 Safari/537.36"
192.71.89.129 - - [01/Sep/2026:17:32:21 +0000] "GET / HTTP/1.1" 200 69136 "http://uslconsultation.com/" "Mozilla/5.0 (Android 14; Mobile; rv:123.0) Gecko/123.0 Firefox/123"
72.167.149.90 - - [01/Sep/2026:17:32:27 +0000] "GET /wp-content/uploads/2025/12/Franchise-a-Restaurant-Brand-A-Step-by-Step-Practical-Guide-scaled-e1766361718588.jpg HTTP/1.1" 200 251648 "-" "-"
151.248.6.165 - - [01/Sep/2026:17:32:28 +0000] "GET /2025/12/22/how-to-franchise-a-restaurant-brand-a-step-by-step-practical-guide/ HTTP/1.1" 200 57499 "-" "Mozilla/5.0 (Android 14; Mobile; rv:123.0) Gecko/123.0 Firefox/123"
72.167.149.90 - - [01/Sep/2026:17:32:33 +0000] "GET /wp-content/uploads/2025/12/Investors-and-Partners-scaled-e1766360878565.jpg HTTP/1.1" 200 161703 "-" "-"
193.181.255.240 - - [01/Sep/2026:17:32:34 +0000] "GET /2025/12/21/operational-due-diligence-what-investors-and-partners-really-look-for/ HTTP/1.1" 200 56960 "-" "Mozilla/5.0 (Android 14; Mobile; rv:123.0) Gecko/123.0 Firefox/123"
72.167.149.90 - - [01/Sep/2026:17:32:40 +0000] "GET /wp-content/uploads/2025/12/Investors-and-Partners-scaled-e1766360878565.jpg HTTP/1.1" 200 161703 "-" "-"
185.139.172.212 - - [01/Sep/2026:17:32:42 +0000] "GET /ar/2025/12/21/operational-due-diligence-what-investors-and-partners-really-look-for/ HTTP/1.1" 200 77791 "-" "Mozilla/5.0 (Android 14; Mobile; rv:123.0) Gecko/123.0 Firefox/123"
72.167.149.90 - - [01/Sep/2026:17:35:20 +0000] "POST /wp-cron.php?doing_wp_cron=1788284119.8373301029205322265625 HTTP/1.1" 499 0 "-" "WordPress/7.1; https://uslconsultation.com"
216.73.217.142 - - [01/Sep/2026:17:35:20 +0000] "GET /robots.txt HTTP/1.1" 200 124 "-" "Mozilla/5.0 AppleWebKit/537.36 (KHTML, like Gecko; compatible; ClaudeBot/1.0; +claudebot@anthropic.com)"
216.73.217.142 - - [01/Sep/2026:17:35:24 +0000] "GET /sitemaps.xml HTTP/1.1" 200 284 "-" "Mozilla/5.0 AppleWebKit/537.36 (KHTML, like Gecko; compatible; ClaudeBot/1.0; +claudebot@anthropic.com)"
