102.100.8.247 - - [01/Sep/2026:08:34:31 +0000] "GET /wp-json/wp/v2/posts?per_page=1&orderby=date&order=asc&status=publish&_fields=id%2Ctitle%2Clink%2Cstatus%2Cdate HTTP/1.1" 200 217 "-" "Mozilla/5.0 (iPhone; CPU iPhone OS 18_7 like Mac OS X) AppleWebKit/605.1.15 (KHTML, like Gecko) Mobile/15E148 UCBrowser/15.0.0.0"
102.100.8.247 - - [01/Sep/2026:08:34:37 +0000] "GET /2025/12/21/common-mistakes-companies-make-before-scaling-internationally/? HTTP/1.1" 499 0 "-" "Mozilla/5.0 (iPhone; CPU iPhone OS 18_7 like Mac OS X) AppleWebKit/605.1.15 (KHTML, like Gecko) Mobile/15E148 UCBrowser/15.0.0.0"
72.167.149.90 - - [01/Sep/2026:08:34:37 +0000] "GET /wp-content/uploads/2025/12/frustrated-business-people-and-laptop-with-stress-scaled-e1766360245100.jpg HTTP/1.1" 200 119657 "-" "-"
72.167.149.90 - - [01/Sep/2026:08:34:42 +0000] "GET /wp-content/uploads/2025/12/frustrated-business-people-and-laptop-with-stress-scaled-e1766360245100.jpg HTTP/1.1" 200 119657 "-" "-"
102.100.8.247 - - [01/Sep/2026:08:34:42 +0000] "GET /2025/12/21/common-mistakes-companies-make-before-scaling-internationally/? HTTP/1.1" 499 0 "-" "Mozilla/5.0 (iPhone; CPU iPhone OS 18_7 like Mac OS X) AppleWebKit/605.1.15 (KHTML, like Gecko) Mobile/15E148 UCBrowser/15.0.0.0"
146.56.199.139 - - [01/Sep/2026:08:38:54 +0000] "GET / HTTP/1.1" 200 69127 "http://uslconsultation.com" "Mozilla/5.0 (iPhone; CPU iPhone OS 13_2_3 like Mac OS X) AppleWebKit/605.1.15 (KHTML, like Gecko) Version/13.0.3 Mobile/15E148 Safari/604.1"
43.157.188.74 - - [01/Sep/2026:08:46:29 +0000] "GET / HTTP/1.1" 200 69126 "http://uslconsultation.com" "Mozilla/5.0 (iPhone; CPU iPhone OS 13_2_3 like Mac OS X) AppleWebKit/605.1.15 (KHTML, like Gecko) Version/13.0.3 Mobile/15E148 Safari/604.1"
72.167.149.90 - - [01/Sep/2026:08:57:39 +0000] "POST /wp-cron.php?doing_wp_cron=1788253058.1359100341796875000000 HTTP/1.1" 499 0 "-" "WordPress/7.1; https://uslconsultation.com"
86.54.25.131 - - [01/Sep/2026:08:57:39 +0000] "GET /wp-content/plugins/forminator/readme.txt HTTP/1.1" 404 50955 "-" "Mozilla/5.0 (Windows NT 10.0; Win64; x64) AppleWebKit/537.36 (KHTML, like Gecko) Chrome/120.0.0.0 Safari/537.36"
72.167.149.90 - - [01/Sep/2026:09:06:19 +0000] "POST /wp-cron.php?doing_wp_cron=1788253578.8320479393005371093750 HTTP/1.1" 499 0 "-" "WordPress/7.1; https://uslconsultation.com"
95.217.64.102 - - [01/Sep/2026:09:06:19 +0000] "GET /contact-us/ HTTP/1.0" 200 204851 "https://uslconsultation.com/contact-us/" "Mozilla/5.0 (Windows NT 10.0; Win64; x64) AppleWebKit/537.36 (KHTML, like Gecko) Chrome/130.0.0.0 Safari/537.36 CCleaner/130.0.0.0"
95.217.64.102 - - [01/Sep/2026:09:06:24 +0000] "POST /contact-us/ HTTP/1.0" 200 204941 "https://uslconsultation.com/contact-us/" "Mozilla/5.0 (Windows NT 10.0; Win64; x64) AppleWebKit/537.36 (KHTML, like Gecko) Chrome/130.0.0.0 Safari/537.36 CCleaner/130.0.0.0"
95.217.64.102 - - [01/Sep/2026:09:06:30 +0000] "GET /contact-us/ HTTP/1.0" 200 204851 "https://uslconsultation.com/contact-us/" "Mozilla/5.0 (Windows NT 10.0; Win64; x64) AppleWebKit/537.36 (KHTML, like Gecko) Chrome/130.0.0.0 Safari/537.36 CCleaner/130.0.0.0"
95.217.64.102 - - [01/Sep/2026:09:06:38 +0000] "GET /blog/ HTTP/1.0" 200 203550 "https://uslconsultation.com/blog/" "Mozilla/5.0 (Windows NT 10.0; Win64; x64) AppleWebKit/537.36 (KHTML, like Gecko) Chrome/130.0.0.0 Safari/537.36 CCleaner/130.0.0.0"
95.217.64.102 - - [01/Sep/2026:09:06:44 +0000] "GET /author/beso4u/ HTTP/1.0" 200 203647 "https://uslconsultation.com/author/beso4u/" "Mozilla/5.0 (Windows NT 10.0; Win64; x64) AppleWebKit/537.36 (KHTML, like Gecko) Chrome/130.0.0.0 Safari/537.36 CCleaner/130.0.0.0"
72.167.149.90 - - [01/Sep/2026:09:12:37 +0000] "POST /wp-cron.php?doing_wp_cron=1788253956.4959158897399902343750 HTTP/1.1" 499 0 "-" "WordPress/7.1; https://uslconsultation.com"
216.73.216.218 - - [01/Sep/2026:09:12:37 +0000] "GET /robots.txt HTTP/1.1" 200 124 "-" "Mozilla/5.0 AppleWebKit/537.36 (KHTML, like Gecko; compatible; ClaudeBot/1.0; +claudebot@anthropic.com)"
216.73.216.218 - - [01/Sep/2026:09:12:40 +0000] "GET /sitemaps.xml HTTP/1.1" 200 284 "-" "Mozilla/5.0 AppleWebKit/537.36 (KHTML, like Gecko; compatible; ClaudeBot/1.0; +claudebot@anthropic.com)"
43.134.78.217 - - [01/Sep/2026:09:29:21 +0000] "GET / HTTP/1.1" 200 69124 "http://www.uslconsultation.com" "Mozilla/5.0 (iPhone; CPU iPhone OS 13_2_3 like Mac OS X) AppleWebKit/605.1.15 (KHTML, like Gecko) Version/13.0.3 Mobile/15E148 Safari/604.1"
72.167.149.90 - - [01/Sep/2026:09:31:11 +0000] "POST /wp-cron.php?doing_wp_cron=1788255070.2154290676116943359375 HTTP/1.1" 499 0 "-" "WordPress/7.1; https://uslconsultation.com"
43.173.132.94 - - [01/Sep/2026:09:31:11 +0000] "GET /robots.txt HTTP/1.1" 200 124 "-" "Mozilla/5.0 (Macintosh; Intel Mac OS X 10_15_7) AppleWebKit/537.36 (KHTML, like Gecko) Chrome/129.0.0.0 Safari/537.36"
72.167.149.90 - - [01/Sep/2026:09:32:17 +0000] "POST /wp-cron.php?doing_wp_cron=1788255136.1192181110382080078125 HTTP/1.1" 499 0 "-" "WordPress/7.1; https://uslconsultation.com"
43.172.196.191 - - [01/Sep/2026:09:32:17 +0000] "GET /blog-standard HTTP/1.1" 404 50938 "-" "Mozilla/5.0 (Windows NT 10.0; Win64; x64) AppleWebKit/537.36 (KHTML, like Gecko) Chrome/131.0.0.0 Safari/537.36"
43.173.173.116 - - [01/Sep/2026:09:32:18 +0000] "GET /wp-includes/css/dist/block-library/style.min.css?ver=7.1 HTTP/1.1" 200 19656 "https://uslconsultation.com/blog-standard" "Mozilla/5.0 (Windows NT 10.0; Win64; x64) AppleWebKit/537.36 (KHTML, like Gecko) Chrome/131.0.0.0 Safari/537.36"
43.172.198.143 - - [01/Sep/2026:09:32:18 +0000] "GET /wp-content/uploads/elementor/css/custom-frontend.min.css?ver=1788231138 HTTP/1.1" 200 7463 "https://uslconsultation.com/blog-standard" "Mozilla/5.0 (Windows NT 10.0; Win64; x64) AppleWebKit/537.36 (KHTML, like Gecko) Chrome/131.0.0.0 Safari/537.36"
43.172.197.83 - - [01/Sep/2026:09:32:18 +0000] "GET /wp-content/plugins/contact-form-7/includes/css/styles.css?ver=6.1.7 HTTP/1.1" 200 1050 "https://uslconsultation.com/blog-standard" "Mozilla/5.0 (Windows NT 10.0; Win64; x64) AppleWebKit/537.36 (KHTML, like Gecko) Chrome/131.0.0.0 Safari/537.36"
43.173.173.19 - - [01/Sep/2026:09:32:18 +0000] "GET /wp-content/plugins/elementor/assets/css/widget-social-icons.min.css?ver=4.2.4 HTTP/1.1" 200 1155 "https://uslconsultation.com/blog-standard" "Mozilla/5.0 (Windows NT 10.0; Win64; x64) AppleWebKit/537.36 (KHTML, like Gecko) Chrome/131.0.0.0 Safari/537.36"
43.173.173.19 - - [01/Sep/2026:09:32:18 +0000] "GET /wp-content/plugins/elementor/assets/css/conditionals/shapes.min.css?ver=4.2.4 HTTP/1.1" 200 300 "https://uslconsultation.com/blog-standard" "Mozilla/5.0 (Windows NT 10.0; Win64; x64) AppleWebKit/537.36 (KHTML, like Gecko) Chrome/131.0.0.0 Safari/537.36"
43.173.173.150 - - [01/Sep/2026:09:32:18 +0000] "GET /wp-content/plugins/elementor/assets/lib/animations/styles/fadeIn.min.css?ver=4.2.4 HTTP/1.1" 200 77 "https://uslconsultation.com/blog-standard" "Mozilla/5.0 (Windows NT 10.0; Win64; x64) AppleWebKit/537.36 (KHTML, like Gecko) Chrome/131.0.0.0 Safari/537.36"
43.173.179.156 - - [01/Sep/2026:09:32:18 +0000] "GET /wp-includes/js/jquery/jquery-migrate.min.js?ver=3.4.1 HTTP/1.1" 200 4894 "https://uslconsultation.com/blog-standard" "Mozilla/5.0 (Windows NT 10.0; Win64; x64) AppleWebKit/537.36 (KHTML, like Gecko) Chrome/131.0.0.0 Safari/537.36"
43.173.178.123 - - [01/Sep/2026:09:32:18 +0000] "GET /wp-content/plugins/translatepress-multilingual/assets/css/trp-language-switcher-v2.css?ver=3.3.4 HTTP/1.1" 200 2315 "https://uslconsultation.com/blog-standard" "Mozilla/5.0 (Windows NT 10.0; Win64; x64) AppleWebKit/537.36 (KHTML, like Gecko) Chrome/131.0.0.0 Safari/537.36"
43.173.175.157 - - [01/Sep/2026:09:32:18 +0000] "GET /wp-content/themes/porto-child/style.css?ver=7.1 HTTP/1.1" 200 472 "https://uslconsultation.com/blog-standard" "Mozilla/5.0 (Windows NT 10.0; Win64; x64) AppleWebKit/537.36 (KHTML, like Gecko) Chrome/131.0.0.0 Safari/537.36"
43.173.180.59 - - [01/Sep/2026:09:32:18 +0000] "GET /wp-content/plugins/elementor/assets/css/widget-image.min.css?ver=4.2.4 HTTP/1.1" 200 214 "https://uslconsultation.com/blog-standard" "Mozilla/5.0 (Windows NT 10.0; Win64; x64) AppleWebKit/537.36 (KHTML, like Gecko) Chrome/131.0.0.0 Safari/537.36"
43.173.180.129 - - [01/Sep/2026:09:32:18 +0000] "GET /wp-content/uploads/elementor/css/custom-apple-webkit.min.css?ver=1788231138 HTTP/1.1" 200 567 "https://uslconsultation.com/blog-standard" "Mozilla/5.0 (Windows NT 10.0; Win64; x64) AppleWebKit/537.36 (KHTML, like Gecko) Chrome/131.0.0.0 Safari/537.36"
43.172.197.44 - - [01/Sep/2026:09:32:18 +0000] "GET /wp-content/plugins/elementor/assets/css/widget-heading.min.css?ver=4.2.4 HTTP/1.1" 200 171 "https://uslconsultation.com/blog-standard" "Mozilla/5.0 (Windows NT 10.0; Win64; x64) AppleWebKit/537.36 (KHTML, like Gecko) Chrome/131.0.0.0 Safari/537.36"
43.173.179.38 - - [01/Sep/2026:09:32:18 +0000] "GET /wp-content/plugins/elementor/assets/css/widget-divider.min.css?ver=4.2.4 HTTP/1.1" 200 764 "https://uslconsultation.com/blog-standard" "Mozilla/5.0 (Windows NT 10.0; Win64; x64) AppleWebKit/537.36 (KHTML, like Gecko) Chrome/131.0.0.0 Safari/537.36"
43.173.179.232 - - [01/Sep/2026:09:32:18 +0000] "GET /wp-content/plugins/elementor/assets/lib/animations/styles/e-animation-grow.min.css?ver=4.2.4 HTTP/1.1" 200 198 "https://uslconsultation.com/blog-standard" "Mozilla/5.0 (Windows NT 10.0; Win64; x64) AppleWebKit/537.36 (KHTML, like Gecko) Chrome/131.0.0.0 Safari/537.36"
43.172.197.225 - - [01/Sep/2026:09:32:18 +0000] "GET /wp-content/plugins/translatepress-multilingual/assets/js/trp-frontend-compatibility.js?ver=3.3.4 HTTP/1.1" 200 396 "https://uslconsultation.com/blog-standard" "Mozilla/5.0 (Windows NT 10.0; Win64; x64) AppleWebKit/537.36 (KHTML, like Gecko) Chrome/131.0.0.0 Safari/537.36"
43.172.197.85 - - [01/Sep/2026:09:32:18 +0000] "GET /wp-includes/js/jquery/jquery.min.js?ver=3.7.1 HTTP/1.1" 200 30654 "https://uslconsultation.com/blog-standard" "Mozilla/5.0 (Windows NT 10.0; Win64; x64) AppleWebKit/537.36 (KHTML, like Gecko) Chrome/131.0.0.0 Safari/537.36"
43.173.173.10 - - [01/Sep/2026:09:32:18 +0000] "GET /wp-content/plugins/woocommerce/assets/client/blocks/wc-blocks.css?ver=wc-11.0.1 HTTP/1.1" 200 2676 "https://uslconsultation.com/blog-standard" "Mozilla/5.0 (Windows NT 10.0; Win64; x64) AppleWebKit/537.36 (KHTML, like Gecko) Chrome/131.0.0.0 Safari/537.36"
43.173.182.136 - - [01/Sep/2026:09:32:18 +0000] "GET /wp-content/themes/porto/css/part/page-not-found.css?ver=7.7.2 HTTP/1.1" 200 176 "https://uslconsultation.com/blog-standard" "Mozilla/5.0 (Windows NT 10.0; Win64; x64) AppleWebKit/537.36 (KHTML, like Gecko) Chrome/131.0.0.0 Safari/537.36"
43.172.198.152 - - [01/Sep/2026:09:32:18 +0000] "GET /wp-content/plugins/translatepress-multilingual/assets/js/trp-frontend-language-switcher.js?ver=3.3.4 HTTP/1.1" 200 4194 "https://uslconsultation.com/blog-standard" "Mozilla/5.0 (Windows NT 10.0; Win64; x64) AppleWebKit/537.36 (KHTML, like Gecko) Chrome/131.0.0.0 Safari/537.36"
43.173.176.123 - - [01/Sep/2026:09:32:18 +0000] "GET /wp-content/uploads/elementor/css/post-4908.css?ver=1788231140 HTTP/1.1" 200 491 "https://uslconsultation.com/blog-standard" "Mozilla/5.0 (Windows NT 10.0; Win64; x64) AppleWebKit/537.36 (KHTML, like Gecko) Chrome/131.0.0.0 Safari/537.36"
43.172.198.152 - - [01/Sep/2026:09:32:18 +0000] "GET /wp-content/themes/porto/js/woocommerce-theme.js?ver=7.7.2 HTTP/1.1" 200 22308 "https://uslconsultation.com/blog-standard" "Mozilla/5.0 (Windows NT 10.0; Win64; x64) AppleWebKit/537.36 (KHTML, like Gecko) Chrome/131.0.0.0 Safari/537.36"
43.173.175.57 - - [01/Sep/2026:09:32:18 +0000] "GET /wp-includes/js/dist/i18n.min.js?ver=1dfe7db3940c23ea9216 HTTP/1.1" 200 2506 "https://uslconsultation.com/blog-standard" "Mozilla/5.0 (Windows NT 10.0; Win64; x64) AppleWebKit/537.36 (KHTML, like Gecko) Chrome/131.0.0.0 Safari/537.36"
43.173.180.220 - - [01/Sep/2026:09:32:18 +0000] "GET /wp-content/plugins/porto-functionality/shortcodes/assets/js/porto-cursor-effect.min.js?ver=3.7.2 HTTP/1.1" 200 1733 "https://uslconsultation.com/blog-standard" "Mozilla/5.0 (Windows NT 10.0; Win64; x64) AppleWebKit/537.36 (KHTML, like Gecko) Chrome/131.0.0.0 Safari/537.36"
43.173.180.107 - - [01/Sep/2026:09:32:18 +0000] "GET /wp-content/plugins/alpus-aprs/plugin-framework/assets/js/framework.min.js?ver=1.2.0 HTTP/1.1" 200 1291 "https://uslconsultation.com/blog-standard" "Mozilla/5.0 (Windows NT 10.0; Win64; x64) AppleWebKit/537.36 (KHTML, like Gecko) Chrome/131.0.0.0 Safari/537.36"
43.173.177.9 - - [01/Sep/2026:09:32:18 +0000] "GET /wp-content/plugins/cookieadmin/assets/js/consent.js?ver=1.1.4 HTTP/1.1" 200 4791 "https://uslconsultation.com/blog-standard" "Mozilla/5.0 (Windows NT 10.0; Win64; x64) AppleWebKit/537.36 (KHTML, like Gecko) Chrome/131.0.0.0 Safari/537.36"
43.173.176.207 - - [01/Sep/2026:09:32:18 +0000] "GET /wp-content/plugins/woocommerce/assets/js/sourcebuster/sourcebuster.min.js?ver=11.0.1 HTTP/1.1" 200 4830 "https://uslconsultation.com/blog-standard" "Mozilla/5.0 (Windows NT 10.0; Win64; x64) AppleWebKit/537.36 (KHTML, like Gecko) Chrome/131.0.0.0 Safari/537.36"
43.173.177.243 - - [01/Sep/2026:09:32:18 +0000] "GET /wp-content/plugins/alpus-aprs/assets/js/alpus-aprs-frontend.min.js?ver=2.2.0 HTTP/1.1" 200 647 "https://uslconsultation.com/blog-standard" "Mozilla/5.0 (Windows NT 10.0; Win64; x64) AppleWebKit/537.36 (KHTML, like Gecko) Chrome/131.0.0.0 Safari/537.36"
43.173.180.83 - - [01/Sep/2026:09:32:18 +0000] "GET /wp-content/plugins/elementor-pro/assets/js/elements-handlers.min.js?ver=4.2.2 HTTP/1.1" 200 10661 "https://uslconsultation.com/blog-standard" "Mozilla/5.0 (Windows NT 10.0; Win64; x64) AppleWebKit/537.36 (KHTML, like Gecko) Chrome/131.0.0.0 Safari/537.36"
43.172.198.81 - - [01/Sep/2026:09:32:18 +0000] "GET /wp-content/themes/porto/js/libs/smoothscroll.min.js?ver=7.7.2 HTTP/1.1" 200 3193 "https://uslconsultation.com/blog-standard" "Mozilla/5.0 (Windows NT 10.0; Win64; x64) AppleWebKit/537.36 (KHTML, like Gecko) Chrome/131.0.0.0 Safari/537.36"
43.173.178.253 - - [01/Sep/2026:09:32:18 +0000] "GET /wp-content/themes/porto/inc/lib/live-search/live-search.min.js?ver=7.7.2 HTTP/1.1" 200 4961 "https://uslconsultation.com/blog-standard" "Mozilla/5.0 (Windows NT 10.0; Win64; x64) AppleWebKit/537.36 (KHTML, like Gecko) Chrome/131.0.0.0 Safari/537.36"
43.173.180.78 - - [01/Sep/2026:09:32:18 +0000] "GET /wp-content/themes/porto/js/bootstrap.js?ver=5.0.1 HTTP/1.1" 200 40539 "https://uslconsultation.com/blog-standard" "Mozilla/5.0 (Windows NT 10.0; Win64; x64) AppleWebKit/537.36 (KHTML, like Gecko) Chrome/131.0.0.0 Safari/537.36"
43.172.195.139 - - [01/Sep/2026:09:32:18 +0000] "GET /wp-content/plugins/woocommerce/assets/js/frontend/order-attribution.min.js?ver=11.0.1 HTTP/1.1" 200 1162 "https://uslconsultation.com/blog-standard" "Mozilla/5.0 (Windows NT 10.0; Win64; x64) AppleWebKit/537.36 (KHTML, like Gecko) Chrome/131.0.0.0 Safari/537.36"
43.173.181.216 - - [01/Sep/2026:09:32:19 +0000] "GET /wp-content/plugins/elementor-pro/assets/js/frontend.min.js?ver=4.2.2 HTTP/1.1" 200 6481 "https://uslconsultation.com/blog-standard" "Mozilla/5.0 (Windows NT 10.0; Win64; x64) AppleWebKit/537.36 (KHTML, like Gecko) Chrome/131.0.0.0 Safari/537.36"
43.173.176.35 - - [01/Sep/2026:09:32:19 +0000] "GET /wp-content/plugins/woocommerce/assets/js/jquery-blockui/jquery.blockUI.min.js?ver=2.7.0-wc.11.0.1 HTTP/1.1" 200 3559 "https://uslconsultation.com/blog-standard" "Mozilla/5.0 (Windows NT 10.0; Win64; x64) AppleWebKit/537.36 (KHTML, like Gecko) Chrome/131.0.0.0 Safari/537.36"
43.172.195.66 - - [01/Sep/2026:09:32:19 +0000] "GET /wp-content/plugins/contact-form-7/includes/js/index.js?ver=6.1.7 HTTP/1.1" 200 4290 "https://uslconsultation.com/blog-standard" "Mozilla/5.0 (Windows NT 10.0; Win64; x64) AppleWebKit/537.36 (KHTML, like Gecko) Chrome/131.0.0.0 Safari/537.36"
43.172.197.183 - - [01/Sep/2026:09:32:19 +0000] "GET /wp-content/plugins/cookieadmin-pro/assets/js/consent.js?ver=1.1.4 HTTP/1.1" 200 624 "https://uslconsultation.com/blog-standard" "Mozilla/5.0 (Windows NT 10.0; Win64; x64) AppleWebKit/537.36 (KHTML, like Gecko) Chrome/131.0.0.0 Safari/537.36"
43.172.198.45 - - [01/Sep/2026:09:32:19 +0000] "GET /wp-content/themes/porto/js/theme.js?ver=7.7.2 HTTP/1.1" 200 27928 "https://uslconsultation.com/blog-standard" "Mozilla/5.0 (Windows NT 10.0; Win64; x64) AppleWebKit/537.36 (KHTML, like Gecko) Chrome/131.0.0.0 Safari/537.36"
43.172.196.18 - - [01/Sep/2026:09:32:19 +0000] "GET /wp-includes/js/jquery/ui/core.min.js?ver=1.14.2 HTTP/1.1" 200 6553 "https://uslconsultation.com/blog-standard" "Mozilla/5.0 (Windows NT 10.0; Win64; x64) AppleWebKit/537.36 (KHTML, like Gecko) Chrome/131.0.0.0 Safari/537.36"
43.173.174.49 - - [01/Sep/2026:09:32:19 +0000] "GET /wp-content/plugins/elementor-pro/assets/js/webpack-pro.runtime.min.js?ver=4.2.2 HTTP/1.1" 200 2844 "https://uslconsultation.com/blog-standard" "Mozilla/5.0 (Windows NT 10.0; Win64; x64) AppleWebKit/537.36 (KHTML, like Gecko) Chrome/131.0.0.0 Safari/537.36"
43.173.181.189 - - [01/Sep/2026:09:32:19 +0000] "GET /wp-content/plugins/porto-functionality/shortcodes/assets/js/map-loader.min.js?ver=3.7.2 HTTP/1.1" 200 548 "https://uslconsultation.com/blog-standard" "Mozilla/5.0 (Windows NT 10.0; Win64; x64) AppleWebKit/537.36 (KHTML, like Gecko) Chrome/131.0.0.0 Safari/537.36"
43.173.182.208 - - [01/Sep/2026:09:32:19 +0000] "GET /wp-content/plugins/elementor/assets/js/webpack.runtime.min.js?ver=4.2.4 HTTP/1.1" 200 2551 "https://uslconsultation.com/blog-standard" "Mozilla/5.0 (Windows NT 10.0; Win64; x64) AppleWebKit/537.36 (KHTML, like Gecko) Chrome/131.0.0.0 Safari/537.36"
43.173.173.83 - - [01/Sep/2026:09:32:19 +0000] "GET /wp-content/plugins/elementor/assets/js/frontend.min.js?ver=4.2.4 HTTP/1.1" 200 10504 "https://uslconsultation.com/blog-standard" "Mozilla/5.0 (Windows NT 10.0; Win64; x64) AppleWebKit/537.36 (KHTML, like Gecko) Chrome/131.0.0.0 Safari/537.36"
43.173.176.230 - - [01/Sep/2026:09:32:19 +0000] "GET /wp-content/plugins/woocommerce/assets/js/frontend/add-to-cart.min.js?ver=11.0.1 HTTP/1.1" 200 1456 "https://uslconsultation.com/blog-standard" "Mozilla/5.0 (Windows NT 10.0; Win64; x64) AppleWebKit/537.36 (KHTML, like Gecko) Chrome/131.0.0.0 Safari/537.36"
43.173.179.77 - - [01/Sep/2026:09:32:19 +0000] "GET /wp-content/themes/porto/js/libs/owl.carousel.min.js?ver=2.3.4 HTTP/1.1" 200 11445 "https://uslconsultation.com/blog-standard" "Mozilla/5.0 (Windows NT 10.0; Win64; x64) AppleWebKit/537.36 (KHTML, like Gecko) Chrome/131.0.0.0 Safari/537.36"
43.172.194.135 - - [01/Sep/2026:09:32:19 +0000] "GET /wp-content/plugins/elementor/assets/js/frontend-modules.min.js?ver=4.2.4 HTTP/1.1" 200 16189 "https://uslconsultation.com/blog-standard" "Mozilla/5.0 (Windows NT 10.0; Win64; x64) AppleWebKit/537.36 (KHTML, like Gecko) Chrome/131.0.0.0 Safari/537.36"
43.173.176.114 - - [01/Sep/2026:09:32:19 +0000] "GET /wp-content/plugins/revslider/public/js/sr7.js?ver=6.7.39 HTTP/1.1" 200 97081 "https://uslconsultation.com/blog-standard" "Mozilla/5.0 (Windows NT 10.0; Win64; x64) AppleWebKit/537.36 (KHTML, like Gecko) Chrome/131.0.0.0 Safari/537.36"
43.173.181.108 - - [01/Sep/2026:09:32:19 +0000] "GET /wp-includes/js/dist/hooks.min.js?ver=f0f188028580e8dc1255 HTTP/1.1" 200 1872 "https://uslconsultation.com/blog-standard" "Mozilla/5.0 (Windows NT 10.0; Win64; x64) AppleWebKit/537.36 (KHTML, like Gecko) Chrome/131.0.0.0 Safari/537.36"
43.173.178.210 - - [01/Sep/2026:09:32:19 +0000] "GET /wp-content/plugins/woocommerce/assets/js/js-cookie/js.cookie.min.js?ver=2.1.4-wc.11.0.1 HTTP/1.1" 200 845 "https://uslconsultation.com/blog-standard" "Mozilla/5.0 (Windows NT 10.0; Win64; x64) AppleWebKit/537.36 (KHTML, like Gecko) Chrome/131.0.0.0 Safari/537.36"
43.173.182.81 - - [01/Sep/2026:09:32:19 +0000] "GET /wp-content/plugins/revslider/public/js/libs/tptools.js?ver=6.7.39 HTTP/1.1" 200 75409 "https://uslconsultation.com/blog-standard" "Mozilla/5.0 (Windows NT 10.0; Win64; x64) AppleWebKit/537.36 (KHTML, like Gecko) Chrome/131.0.0.0 Safari/537.36"
43.173.174.166 - - [01/Sep/2026:09:32:19 +0000] "GET /wp-content/plugins/contact-form-7/includes/swv/js/index.js?ver=6.1.7 HTTP/1.1" 200 3530 "https://uslconsultation.com/blog-standard" "Mozilla/5.0 (Windows NT 10.0; Win64; x64) AppleWebKit/537.36 (KHTML, like Gecko) Chrome/131.0.0.0 Safari/537.36"
43.173.178.123 - - [01/Sep/2026:09:32:19 +0000] "GET /wp-content/plugins/woocommerce/assets/js/frontend/woocommerce.min.js?ver=11.0.1 HTTP/1.1" 200 1600 "https://uslconsultation.com/blog-standard" "Mozilla/5.0 (Windows NT 10.0; Win64; x64) AppleWebKit/537.36 (KHTML, like Gecko) Chrome/131.0.0.0 Safari/537.36"
43.172.197.104 - - [01/Sep/2026:09:32:19 +0000] "GET /wp-content/themes/porto/js/post-ajax-modal.min.js?ver=7.7.2 HTTP/1.1" 200 1597 "https://uslconsultation.com/blog-standard" "Mozilla/5.0 (Windows NT 10.0; Win64; x64) AppleWebKit/537.36 (KHTML, like Gecko) Chrome/131.0.0.0 Safari/537.36"
43.172.195.101 - - [01/Sep/2026:09:32:19 +0000] "GET /wp-content/themes/porto/js/member-async.min.js?ver=7.7.2 HTTP/1.1" 200 1057 "https://uslconsultation.com/blog-standard" "Mozilla/5.0 (Windows NT 10.0; Win64; x64) AppleWebKit/537.36 (KHTML, like Gecko) Chrome/131.0.0.0 Safari/537.36"
43.173.181.165 - - [01/Sep/2026:09:32:19 +0000] "GET /wp-content/plugins/woocommerce/assets/js/jquery-cookie/jquery.cookie.min.js?ver=1.4.1-wc.11.0.1 HTTP/1.1" 200 781 "https://uslconsultation.com/blog-standard" "Mozilla/5.0 (Windows NT 10.0; Win64; x64) AppleWebKit/537.36 (KHTML, like Gecko) Chrome/131.0.0.0 Safari/537.36"
43.172.194.79 - - [01/Sep/2026:09:32:19 +0000] "GET /wp-content/plugins/woocommerce/assets/js/frontend/cart-fragments.min.js?ver=11.0.1 HTTP/1.1" 200 1060 "https://uslconsultation.com/blog-standard" "Mozilla/5.0 (Windows NT 10.0; Win64; x64) AppleWebKit/537.36 (KHTML, like Gecko) Chrome/131.0.0.0 Safari/537.36"
43.172.198.200 - - [01/Sep/2026:09:32:19 +0000] "GET /wp-content/themes/porto/js/theme-async.js?ver=7.7.2 HTTP/1.1" 200 15921 "https://uslconsultation.com/blog-standard" "Mozilla/5.0 (Windows NT 10.0; Win64; x64) AppleWebKit/537.36 (KHTML, like Gecko) Chrome/131.0.0.0 Safari/537.36"
43.173.175.155 - - [01/Sep/2026:09:32:19 +0000] "GET /wp-content/themes/porto/js/portfolio-async.min.js?ver=7.7.2 HTTP/1.1" 200 1335 "https://uslconsultation.com/blog-standard" "Mozilla/5.0 (Windows NT 10.0; Win64; x64) AppleWebKit/537.36 (KHTML, like Gecko) Chrome/131.0.0.0 Safari/537.36"
43.173.182.83 - - [01/Sep/2026:09:32:19 +0000] "GET /wp-content/themes/porto/js/libs/jquery.magnific-popup.min.js?ver=1.1.0 HTTP/1.1" 200 7382 "https://uslconsultation.com/blog-standard" "Mozilla/5.0 (Windows NT 10.0; Win64; x64) AppleWebKit/537.36 (KHTML, like Gecko) Chrome/131.0.0.0 Safari/537.36"
43.173.175.35 - - [01/Sep/2026:09:32:19 +0000] "GET /wp-content/themes/porto/js/libs/webfont.js HTTP/1.1" 200 5452 "https://uslconsultation.com/blog-standard" "Mozilla/5.0 (Windows NT 10.0; Win64; x64) AppleWebKit/537.36 (KHTML, like Gecko) Chrome/131.0.0.0 Safari/537.36"
43.172.196.169 - - [01/Sep/2026:09:32:19 +0000] "GET /wp-includes/js/imagesloaded.min.js?ver=5.0.0 HTTP/1.1" 200 1824 "https://uslconsultation.com/blog-standard" "Mozilla/5.0 (Windows NT 10.0; Win64; x64) AppleWebKit/537.36 (KHTML, like Gecko) Chrome/131.0.0.0 Safari/537.36"
43.173.173.11 - - [01/Sep/2026:09:32:21 +0000] "GET /wp-content/plugins/elementor/assets/js/shared-frontend-handlers.03caa53373b56d3bab67.bundle.min.js HTTP/1.1" 200 2672 "https://uslconsultation.com/blog-standard" "Mozilla/5.0 (Windows NT 10.0; Win64; x64) AppleWebKit/537.36 (KHTML, like Gecko) Chrome/131.0.0.0 Safari/537.36"
43.173.181.189 - - [01/Sep/2026:09:32:21 +0000] "GET /wp-content/plugins/elementor/assets/js/section-frontend-handlers.d85ab872da118940910d.bundle.min.js HTTP/1.1" 200 281 "https://uslconsultation.com/blog-standard" "Mozilla/5.0 (Windows NT 10.0; Win64; x64) AppleWebKit/537.36 (KHTML, like Gecko) Chrome/131.0.0.0 Safari/537.36"
43.173.176.46 - - [01/Sep/2026:09:32:22 +0000] "GET /wp-includes/js/wp-emoji-release.min.js?ver=7.1 HTTP/1.1" 200 5498 "https://uslconsultation.com/blog-standard" "Mozilla/5.0 (Windows NT 10.0; Win64; x64) AppleWebKit/537.36 (KHTML, like Gecko) Chrome/131.0.0.0 Safari/537.36"
43.173.174.214 - - [01/Sep/2026:09:32:24 +0000] "POST /?wc-ajax=get_refreshed_fragments HTTP/1.1" 200 589 "https://uslconsultation.com/blog-standard" "Mozilla/5.0 (Windows NT 10.0; Win64; x64) AppleWebKit/537.36 (KHTML, like Gecko) Chrome/131.0.0.0 Safari/537.36"
144.24.14.47 - - [01/Sep/2026:09:36:36 +0000] "GET /member/yahya HTTP/1.1" 499 0 "-" "Mozilla/5.0 (X11; Linux aarch64) AppleWebKit/537.36 (KHTML, like Gecko) Chrome/139.0.0.0 Safari/537.36"
72.167.149.90 - - [01/Sep/2026:09:36:37 +0000] "POST /wp-cron.php?doing_wp_cron=1788255396.2018818855285644531250 HTTP/1.1" 499 0 "-" "WordPress/7.1; https://uslconsultation.com"
72.167.149.90 - - [01/Sep/2026:09:38:44 +0000] "POST /wp-cron.php?doing_wp_cron=1788255523.7474279403686523437500 HTTP/1.1" 499 0 "-" "WordPress/7.1; https://uslconsultation.com"
144.24.14.47 - - [01/Sep/2026:09:38:44 +0000] "GET /member/yahya HTTP/1.1" 301 5 "-" "Mozilla/5.0 (X11; Linux aarch64) AppleWebKit/537.36 (KHTML, like Gecko) Chrome/139.0.0.0 Safari/537.36"
72.167.149.90 - - [01/Sep/2026:09:57:38 +0000] "POST /wp-cron.php?doing_wp_cron=1788256656.9924249649047851562500 HTTP/1.1" 499 0 "-" "WordPress/7.1; https://uslconsultation.com"
27.71.77.226 - - [01/Sep/2026:09:57:38 +0000] "GET /wp-json/wp/v2/users HTTP/1.1" 200 1678 "-" "Mozilla/4.0 (compatible; Win32; WinHttp.WinHttpRequest.5)"
27.71.77.226 - - [01/Sep/2026:09:58:24 +0000] "POST /xmlrpc.php HTTP/1.1" 499 0 "-" "Mozilla/5.0 (Macintosh; Intel Mac OS X 10_15_7; arm64) AppleWebKit/537.36 (KHTML, like Gecko) Edge/83.0.0.0 Safari/537.36"
72.167.149.90 - - [01/Sep/2026:09:58:24 +0000] "POST /wp-cron.php?doing_wp_cron=1788256703.8105831146240234375000 HTTP/1.1" 499 0 "-" "WordPress/7.1; https://uslconsultation.com"
72.167.149.90 - - [01/Sep/2026:09:59:03 +0000] "POST /wp-cron.php?doing_wp_cron=1788256742.8424088954925537109375 HTTP/1.1" 499 0 "-" "WordPress/7.1; https://uslconsultation.com"
27.71.77.226 - - [01/Sep/2026:09:59:04 +0000] "POST /xmlrpc.php HTTP/1.1" 200 415 "-" "Mozilla/5.0 (Windows NT 10.0; arm64) AppleWebKit/537.36 (KHTML, like Gecko) Chrome/110.0.0.0 Safari/537.36"
27.71.77.226 - - [01/Sep/2026:09:59:40 +0000] "POST /xmlrpc.php HTTP/1.1" 200 415 "-" "Mozilla/5.0 (Macintosh; Intel Mac OS X 10_15_7; arm64) AppleWebKit/537.36 (KHTML, like Gecko) Opera/74.0.0.0 Safari/537.36"
72.167.149.90 - - [01/Sep/2026:10:00:16 +0000] "POST /wp-cron.php?doing_wp_cron=1788256815.0241320133209228515625 HTTP/1.1" 499 0 "-" "WordPress/7.1; https://uslconsultation.com"
27.71.77.226 - - [01/Sep/2026:10:00:16 +0000] "POST /xmlrpc.php HTTP/1.1" 200 415 "-" "Mozilla/5.0 (Macintosh; Intel Mac OS X 10_15_7; x86) AppleWebKit/537.36 (KHTML, like Gecko) Firefox/73.0.0.0 Safari/537.36"
27.71.77.226 - - [01/Sep/2026:10:00:48 +0000] "POST /xmlrpc.php HTTP/1.1" 200 415 "-" "Mozilla/5.0 (Windows NT 6.3; arm64) AppleWebKit/537.36 (KHTML, like Gecko) Safari/10.0.0.0 Safari/537.36"
72.167.149.90 - - [01/Sep/2026:10:01:22 +0000] "POST /wp-cron.php?doing_wp_cron=1788256881.7829470634460449218750 HTTP/1.1" 499 0 "-" "WordPress/7.1; https://uslconsultation.com"
27.71.77.226 - - [01/Sep/2026:10:01:22 +0000] "POST /xmlrpc.php HTTP/1.1" 200 415 "-" "Mozilla/5.0 (Macintosh; Intel Mac OS X 10_15_7; x86) AppleWebKit/537.36 (KHTML, like Gecko) Firefox/99.0.0.0 Safari/537.36"
27.71.77.226 - - [01/Sep/2026:10:01:55 +0000] "POST /xmlrpc.php HTTP/1.1" 200 415 "-" "Mozilla/5.0 (Windows NT 10.0; arm64) AppleWebKit/537.36 (KHTML, like Gecko) Opera/62.0.0.0 Safari/537.36"
27.71.77.226 - - [01/Sep/2026:10:02:28 +0000] "POST /xmlrpc.php HTTP/1.1" 499 0 "-" "Mozilla/5.0 (X11; Ubuntu; Linux x86_64; arm64) AppleWebKit/537.36 (KHTML, like Gecko) Chrome/108.0.0.0 Safari/537.36"
72.167.149.90 - - [01/Sep/2026:10:02:29 +0000] "POST /wp-cron.php?doing_wp_cron=1788256948.5559298992156982421875 HTTP/1.1" 499 0 "-" "WordPress/7.1; https://uslconsultation.com"
27.71.77.226 - - [01/Sep/2026:10:03:04 +0000] "POST /xmlrpc.php HTTP/1.1" 499 0 "-" "Mozilla/5.0 (Macintosh; Intel Mac OS X 10_15_7; x86) AppleWebKit/537.36 (KHTML, like Gecko) Safari/12.0.0.0 Safari/537.36"
72.167.149.90 - - [01/Sep/2026:10:03:06 +0000] "POST /wp-cron.php?doing_wp_cron=1788256985.9395899772644042968750 HTTP/1.1" 499 0 "-" "WordPress/7.1; https://uslconsultation.com"
27.71.77.226 - - [01/Sep/2026:10:03:42 +0000] "POST /xmlrpc.php HTTP/1.1" 200 415 "-" "Mozilla/5.0 (Windows NT 6.3; arm64) AppleWebKit/537.36 (KHTML, like Gecko) Opera/68.0.0.0 Safari/537.36"
27.71.77.226 - - [01/Sep/2026:10:04:20 +0000] "POST /xmlrpc.php HTTP/1.1" 499 0 "-" "Mozilla/5.0 (Macintosh; Intel Mac OS X 10_15_7; x64) AppleWebKit/537.36 (KHTML, like Gecko) Edge/80.0.0.0 Safari/537.36"
72.167.149.90 - - [01/Sep/2026:10:04:21 +0000] "POST /wp-cron.php?doing_wp_cron=1788257060.5388760566711425781250 HTTP/1.1" 499 0 "-" "WordPress/7.1; https://uslconsultation.com"
27.71.77.226 - - [01/Sep/2026:10:05:04 +0000] "POST /xmlrpc.php HTTP/1.1" 499 0 "-" "Mozilla/5.0 (Linux; Android 10; x64) AppleWebKit/537.36 (KHTML, like Gecko) Edge/92.0.0.0 Safari/537.36"
72.167.149.90 - - [01/Sep/2026:10:05:05 +0000] "POST /wp-cron.php?doing_wp_cron=1788257104.4395210742950439453125 HTTP/1.1" 499 0 "-" "WordPress/7.1; https://uslconsultation.com"
27.71.77.226 - - [01/Sep/2026:10:05:45 +0000] "POST /xmlrpc.php HTTP/1.1" 200 415 "-" "Mozilla/5.0 (Macintosh; Intel Mac OS X 10_15_7; x64) AppleWebKit/537.36 (KHTML, like Gecko) Safari/15.0.0.0 Safari/537.36"
27.71.77.226 - - [01/Sep/2026:10:06:20 +0000] "POST /xmlrpc.php HTTP/1.1" 499 0 "-" "Mozilla/5.0 (Linux; Android 10; x86) AppleWebKit/537.36 (KHTML, like Gecko) Safari/15.0.0.0 Safari/537.36"
72.167.149.90 - - [01/Sep/2026:10:06:20 +0000] "POST /wp-cron.php?doing_wp_cron=1788257179.1963291168212890625000 HTTP/1.1" 499 0 "-" "WordPress/7.1; https://uslconsultation.com"
27.71.77.226 - - [01/Sep/2026:10:06:55 +0000] "POST /xmlrpc.php HTTP/1.1" 200 415 "-" "Mozilla/5.0 (Windows NT 6.2; x86) AppleWebKit/537.36 (KHTML, like Gecko) Safari/13.0.0.0 Safari/537.36"
72.167.149.90 - - [01/Sep/2026:10:07:35 +0000] "POST /wp-cron.php?doing_wp_cron=1788257254.7354750633239746093750 HTTP/1.1" 499 0 "-" "WordPress/7.1; https://uslconsultation.com"
27.71.77.226 - - [01/Sep/2026:10:07:35 +0000] "POST /xmlrpc.php HTTP/1.1" 200 415 "-" "Mozilla/5.0 (Windows NT 10.0; x86) AppleWebKit/537.36 (KHTML, like Gecko) Safari/10.0.0.0 Safari/537.36"
72.167.149.90 - - [01/Sep/2026:10:08:14 +0000] "POST /wp-cron.php?doing_wp_cron=1788257293.4846830368041992187500 HTTP/1.1" 499 0 "-" "WordPress/7.1; https://uslconsultation.com"
27.71.77.226 - - [01/Sep/2026:10:08:14 +0000] "POST /xmlrpc.php HTTP/1.1" 200 415 "-" "Mozilla/5.0 (Macintosh; Intel Mac OS X 10_15_7; x64) AppleWebKit/537.36 (KHTML, like Gecko) Safari/13.0.0.0 Safari/537.36"
27.71.77.226 - - [01/Sep/2026:10:08:53 +0000] "POST /xmlrpc.php HTTP/1.1" 200 415 "-" "Mozilla/5.0 (Windows NT 6.2; arm64) AppleWebKit/537.36 (KHTML, like Gecko) Chrome/83.0.0.0 Safari/537.36"
27.71.77.226 - - [01/Sep/2026:10:09:28 +0000] "POST /xmlrpc.php HTTP/1.1" 499 0 "-" "Mozilla/5.0 (Macintosh; Intel Mac OS X 10_15_7; x64) AppleWebKit/537.36 (KHTML, like Gecko) Safari/12.0.0.0 Safari/537.36"
72.167.149.90 - - [01/Sep/2026:10:09:31 +0000] "POST /wp-cron.php?doing_wp_cron=1788257370.0117390155792236328125 HTTP/1.1" 499 0 "-" "WordPress/7.1; https://uslconsultation.com"
72.167.149.90 - - [01/Sep/2026:10:10:07 +0000] "POST /wp-cron.php?doing_wp_cron=1788257406.8402070999145507812500 HTTP/1.1" 499 0 "-" "WordPress/7.1; https://uslconsultation.com"
27.71.77.226 - - [01/Sep/2026:10:10:08 +0000] "POST /xmlrpc.php HTTP/1.1" 200 415 "-" "Mozilla/5.0 (Macintosh; Intel Mac OS X 10_15_7; x86) AppleWebKit/537.36 (KHTML, like Gecko) Chrome/112.0.0.0 Safari/537.36"
27.71.77.226 - - [01/Sep/2026:10:10:52 +0000] "POST /xmlrpc.php HTTP/1.1" 200 415 "-" "Mozilla/5.0 (Windows NT 10.0; x86) AppleWebKit/537.36 (KHTML, like Gecko) Opera/69.0.0.0 Safari/537.36"
72.167.149.90 - - [01/Sep/2026:10:11:25 +0000] "POST /wp-cron.php?doing_wp_cron=1788257484.3172900676727294921875 HTTP/1.1" 499 0 "-" "WordPress/7.1; https://uslconsultation.com"
27.71.77.226 - - [01/Sep/2026:10:11:25 +0000] "POST /xmlrpc.php HTTP/1.1" 200 415 "-" "Mozilla/5.0 (Windows NT 6.2; x86) AppleWebKit/537.36 (KHTML, like Gecko) Edge/83.0.0.0 Safari/537.36"
27.71.77.226 - - [01/Sep/2026:10:11:57 +0000] "POST /xmlrpc.php HTTP/1.1" 200 415 "-" "Mozilla/5.0 (Macintosh; Intel Mac OS X 10_15_7; x86) AppleWebKit/537.36 (KHTML, like Gecko) Opera/64.0.0.0 Safari/537.36"
72.167.149.90 - - [01/Sep/2026:10:12:29 +0000] "POST /wp-cron.php?doing_wp_cron=1788257548.9667420387268066406250 HTTP/1.1" 499 0 "-" "WordPress/7.1; https://uslconsultation.com"
27.71.77.226 - - [01/Sep/2026:10:12:30 +0000] "POST /xmlrpc.php HTTP/1.1" 200 415 "-" "Mozilla/5.0 (Windows NT 6.3; x64) AppleWebKit/537.36 (KHTML, like Gecko) Firefox/92.0.0.0 Safari/537.36"
72.167.149.90 - - [01/Sep/2026:10:13:02 +0000] "POST /wp-cron.php?doing_wp_cron=1788257581.4857680797576904296875 HTTP/1.1" 499 0 "-" "WordPress/7.1; https://uslconsultation.com"
27.71.77.226 - - [01/Sep/2026:10:13:02 +0000] "POST /xmlrpc.php HTTP/1.1" 200 415 "-" "Mozilla/5.0 (Linux; Android 10; x86) AppleWebKit/537.36 (KHTML, like Gecko) Firefox/78.0.0.0 Safari/537.36"
27.71.77.226 - - [01/Sep/2026:10:13:32 +0000] "POST /xmlrpc.php HTTP/1.1" 200 415 "-" "Mozilla/5.0 (Windows NT 6.2; arm64) AppleWebKit/537.36 (KHTML, like Gecko) Firefox/89.0.0.0 Safari/537.36"
27.71.77.226 - - [01/Sep/2026:10:14:04 +0000] "POST /xmlrpc.php HTTP/1.1" 499 0 "-" "Mozilla/5.0 (Windows NT 6.3; x86) AppleWebKit/537.36 (KHTML, like Gecko) Chrome/92.0.0.0 Safari/537.36"
72.167.149.90 - - [01/Sep/2026:10:14:06 +0000] "POST /wp-cron.php?doing_wp_cron=1788257645.6130449771881103515625 HTTP/1.1" 499 0 "-" "WordPress/7.1; https://uslconsultation.com"
27.71.77.226 - - [01/Sep/2026:10:14:33 +0000] "POST /xmlrpc.php HTTP/1.1" 200 415 "-" "Mozilla/5.0 (Linux; Android 10; arm64) AppleWebKit/537.36 (KHTML, like Gecko) Firefox/79.0.0.0 Safari/537.36"
27.71.77.226 - - [01/Sep/2026:10:15:08 +0000] "POST /xmlrpc.php HTTP/1.1" 499 0 "-" "Mozilla/5.0 (Windows NT 6.2; x86) AppleWebKit/537.36 (KHTML, like Gecko) Safari/12.0.0.0 Safari/537.36"
72.167.149.90 - - [01/Sep/2026:10:15:09 +0000] "POST /wp-cron.php?doing_wp_cron=1788257708.2808260917663574218750 HTTP/1.1" 499 0 "-" "WordPress/7.1; https://uslconsultation.com"
27.71.77.226 - - [01/Sep/2026:10:15:40 +0000] "POST /xmlrpc.php HTTP/1.1" 499 0 "-" "Mozilla/5.0 (Windows NT 6.3; x64) AppleWebKit/537.36 (KHTML, like Gecko) Chrome/98.0.0.0 Safari/537.36"
72.167.149.90 - - [01/Sep/2026:10:16:16 +0000] "POST /wp-cron.php?doing_wp_cron=1788257775.8704879283905029296875 HTTP/1.1" 499 0 "-" "WordPress/7.1; https://uslconsultation.com"
27.71.77.226 - - [01/Sep/2026:10:16:16 +0000] "POST /xmlrpc.php HTTP/1.1" 200 415 "-" "Mozilla/5.0 (Windows NT 6.2; x64) AppleWebKit/537.36 (KHTML, like Gecko) Firefox/89.0.0.0 Safari/537.36"
27.71.77.226 - - [01/Sep/2026:10:16:47 +0000] "POST /xmlrpc.php HTTP/1.1" 200 415 "-" "Mozilla/5.0 (Linux; Android 10; x64) AppleWebKit/537.36 (KHTML, like Gecko) Safari/13.0.0.0 Safari/537.36"
72.167.149.90 - - [01/Sep/2026:10:17:21 +0000] "POST /wp-cron.php?doing_wp_cron=1788257840.5557379722595214843750 HTTP/1.1" 499 0 "-" "WordPress/7.1; https://uslconsultation.com"
27.71.77.226 - - [01/Sep/2026:10:17:21 +0000] "POST /xmlrpc.php HTTP/1.1" 200 415 "-" "Mozilla/5.0 (Macintosh; Intel Mac OS X 10_15_7; arm64) AppleWebKit/537.36 (KHTML, like Gecko) Edge/98.0.0.0 Safari/537.36"
27.71.77.226 - - [01/Sep/2026:10:17:54 +0000] "POST /xmlrpc.php HTTP/1.1" 200 415 "-" "Mozilla/5.0 (Macintosh; Intel Mac OS X 10_15_7; arm64) AppleWebKit/537.36 (KHTML, like Gecko) Chrome/90.0.0.0 Safari/537.36"
72.167.149.90 - - [01/Sep/2026:10:18:25 +0000] "POST /wp-cron.php?doing_wp_cron=1788257904.3172509670257568359375 HTTP/1.1" 499 0 "-" "WordPress/7.1; https://uslconsultation.com"
27.71.77.226 - - [01/Sep/2026:10:18:25 +0000] "POST /xmlrpc.php HTTP/1.1" 200 415 "-" "Mozilla/5.0 (Linux; Android 10; x86) AppleWebKit/537.36 (KHTML, like Gecko) Safari/15.0.0.0 Safari/537.36"
27.71.77.226 - - [01/Sep/2026:10:19:00 +0000] "POST /xmlrpc.php HTTP/1.1" 200 415 "-" "Mozilla/5.0 (Linux; Android 10; x64) AppleWebKit/537.36 (KHTML, like Gecko) Opera/72.0.0.0 Safari/537.36"
72.167.149.90 - - [01/Sep/2026:10:19:30 +0000] "POST /wp-cron.php?doing_wp_cron=1788257968.9971330165863037109375 HTTP/1.1" 499 0 "-" "WordPress/7.1; https://uslconsultation.com"
27.71.77.226 - - [01/Sep/2026:10:19:30 +0000] "POST /xmlrpc.php HTTP/1.1" 200 415 "-" "Mozilla/5.0 (Windows NT 6.3; x64) AppleWebKit/537.36 (KHTML, like Gecko) Edge/86.0.0.0 Safari/537.36"
27.71.77.226 - - [01/Sep/2026:10:19:59 +0000] "POST /xmlrpc.php HTTP/1.1" 200 415 "-" "Mozilla/5.0 (Macintosh; Intel Mac OS X 10_15_7; arm64) AppleWebKit/537.36 (KHTML, like Gecko) Safari/11.0.0.0 Safari/537.36"
72.167.149.90 - - [01/Sep/2026:10:20:30 +0000] "POST /wp-cron.php?doing_wp_cron=1788258029.0279400348663330078125 HTTP/1.1" 499 0 "-" "WordPress/7.1; https://uslconsultation.com"
27.71.77.226 - - [01/Sep/2026:10:20:30 +0000] "POST /xmlrpc.php HTTP/1.1" 200 415 "-" "Mozilla/5.0 (X11; Ubuntu; Linux x86_64; x86) AppleWebKit/537.36 (KHTML, like Gecko) Safari/14.0.0.0 Safari/537.36"
27.71.77.226 - - [01/Sep/2026:10:21:04 +0000] "POST /xmlrpc.php HTTP/1.1" 499 0 "-" "Mozilla/5.0 (X11; Ubuntu; Linux x86_64; arm64) AppleWebKit/537.36 (KHTML, like Gecko) Safari/11.0.0.0 Safari/537.36"
72.167.149.90 - - [01/Sep/2026:10:21:04 +0000] "POST /wp-cron.php?doing_wp_cron=1788258063.5538430213928222656250 HTTP/1.1" 499 0 "-" "WordPress/7.1; https://uslconsultation.com"
72.167.149.90 - - [01/Sep/2026:10:21:11 +0000] "POST /wp-cron.php?doing_wp_cron=1788258069.9969120025634765625000 HTTP/1.1" 499 0 "-" "WordPress/7.1; https://uslconsultation.com"
37.139.53.80 - - [01/Sep/2026:10:21:11 +0000] "GET /contact-us/ HTTP/1.0" 200 204851 "https://uslconsultation.com/contact-us/" "Mozilla/5.0 (Windows NT 10.0; Win64; x64) AppleWebKit/537.36 (KHTML, like Gecko) Chrome/131.0.0.0 Safari/537.36"
37.139.53.80 - - [01/Sep/2026:10:21:22 +0000] "POST /contact-us/ HTTP/1.0" 200 204941 "https://uslconsultation.com/contact-us/" "Mozilla/5.0 (Windows NT 10.0; Win64; x64) AppleWebKit/537.36 (KHTML, like Gecko) Chrome/131.0.0.0 Safari/537.36"
27.71.77.226 - - [01/Sep/2026:10:21:32 +0000] "POST /xmlrpc.php HTTP/1.1" 200 415 "-" "Mozilla/5.0 (Linux; Android 10; x64) AppleWebKit/537.36 (KHTML, like Gecko) Edge/94.0.0.0 Safari/537.36"
27.71.77.226 - - [01/Sep/2026:10:22:01 +0000] "POST /xmlrpc.php HTTP/1.1" 200 415 "-" "Mozilla/5.0 (Linux; Android 10; x86) AppleWebKit/537.36 (KHTML, like Gecko) Opera/68.0.0.0 Safari/537.36"
27.71.77.226 - - [01/Sep/2026:10:22:28 +0000] "POST /xmlrpc.php HTTP/1.1" 499 0 "-" "Mozilla/5.0 (Windows NT 6.3; x86) AppleWebKit/537.36 (KHTML, like Gecko) Safari/13.0.0.0 Safari/537.36"
72.167.149.90 - - [01/Sep/2026:10:22:29 +0000] "POST /wp-cron.php?doing_wp_cron=1788258148.3024039268493652343750 HTTP/1.1" 499 0 "-" "WordPress/7.1; https://uslconsultation.com"
27.71.77.226 - - [01/Sep/2026:10:22:56 +0000] "POST /xmlrpc.php HTTP/1.1" 499 0 "-" "Mozilla/5.0 (X11; Ubuntu; Linux x86_64; arm64) AppleWebKit/537.36 (KHTML, like Gecko) Firefox/86.0.0.0 Safari/537.36"
27.71.77.226 - - [01/Sep/2026:10:23:24 +0000] "POST /xmlrpc.php HTTP/1.1" 499 0 "-" "Mozilla/5.0 (Windows NT 6.3; arm64) AppleWebKit/537.36 (KHTML, like Gecko) Edge/99.0.0.0 Safari/537.36"
72.167.149.90 - - [01/Sep/2026:10:23:25 +0000] "POST /wp-cron.php?doing_wp_cron=1788258204.0818710327148437500000 HTTP/1.1" 499 0 "-" "WordPress/7.1; https://uslconsultation.com"
27.71.77.226 - - [01/Sep/2026:10:23:51 +0000] "POST /xmlrpc.php HTTP/1.1" 200 415 "-" "Mozilla/5.0 (Linux; Android 10; x86) AppleWebKit/537.36 (KHTML, like Gecko) Chrome/111.0.0.0 Safari/537.36"
72.167.149.90 - - [01/Sep/2026:10:24:19 +0000] "POST /wp-cron.php?doing_wp_cron=1788258258.3899130821228027343750 HTTP/1.1" 499 0 "-" "WordPress/7.1; https://uslconsultation.com"
27.71.77.226 - - [01/Sep/2026:10:24:19 +0000] "POST /xmlrpc.php HTTP/1.1" 200 415 "-" "Mozilla/5.0 (X11; Ubuntu; Linux x86_64; arm64) AppleWebKit/537.36 (KHTML, like Gecko) Firefox/77.0.0.0 Safari/537.36"
27.71.77.226 - - [01/Sep/2026:10:24:48 +0000] "POST /xmlrpc.php HTTP/1.1" 200 415 "-" "Mozilla/5.0 (Windows NT 6.3; arm64) AppleWebKit/537.36 (KHTML, like Gecko) Safari/10.0.0.0 Safari/537.36"
72.167.149.90 - - [01/Sep/2026:10:25:18 +0000] "POST /wp-cron.php?doing_wp_cron=1788258317.7200670242309570312500 HTTP/1.1" 499 0 "-" "WordPress/7.1; https://uslconsultation.com"
27.71.77.226 - - [01/Sep/2026:10:25:18 +0000] "POST /xmlrpc.php HTTP/1.1" 200 415 "-" "Mozilla/5.0 (Windows NT 6.3; x64) AppleWebKit/537.36 (KHTML, like Gecko) Safari/11.0.0.0 Safari/537.36"
27.71.77.226 - - [01/Sep/2026:10:25:48 +0000] "POST /xmlrpc.php HTTP/1.1" 200 415 "-" "Mozilla/5.0 (X11; Ubuntu; Linux x86_64; arm64) AppleWebKit/537.36 (KHTML, like Gecko) Safari/13.0.0.0 Safari/537.36"
72.167.149.90 - - [01/Sep/2026:10:26:18 +0000] "POST /wp-cron.php?doing_wp_cron=1788258376.9948968887329101562500 HTTP/1.1" 499 0 "-" "WordPress/7.1; https://uslconsultation.com"
27.71.77.226 - - [01/Sep/2026:10:26:18 +0000] "POST /xmlrpc.php HTTP/1.1" 200 415 "-" "Mozilla/5.0 (Windows NT 6.3; x64) AppleWebKit/537.36 (KHTML, like Gecko) Edge/84.0.0.0 Safari/537.36"
27.71.77.226 - - [01/Sep/2026:10:26:50 +0000] "POST /xmlrpc.php HTTP/1.1" 200 415 "-" "Mozilla/5.0 (Linux; Android 10; x64) AppleWebKit/537.36 (KHTML, like Gecko) Edge/94.0.0.0 Safari/537.36"
72.167.149.90 - - [01/Sep/2026:10:27:22 +0000] "POST /wp-cron.php?doing_wp_cron=1788258441.6772119998931884765625 HTTP/1.1" 499 0 "-" "WordPress/7.1; https://uslconsultation.com"
27.71.77.226 - - [01/Sep/2026:10:27:22 +0000] "POST /xmlrpc.php HTTP/1.1" 200 415 "-" "Mozilla/5.0 (Macintosh; Intel Mac OS X 10_15_7; x64) AppleWebKit/537.36 (KHTML, like Gecko) Safari/13.0.0.0 Safari/537.36"
27.71.77.226 - - [01/Sep/2026:10:27:52 +0000] "POST /xmlrpc.php HTTP/1.1" 200 415 "-" "Mozilla/5.0 (Linux; Android 10; x64) AppleWebKit/537.36 (KHTML, like Gecko) Safari/13.0.0.0 Safari/537.36"
72.167.149.90 - - [01/Sep/2026:10:28:20 +0000] "POST /wp-cron.php?doing_wp_cron=1788258499.1956861019134521484375 HTTP/1.1" 499 0 "-" "WordPress/7.1; https://uslconsultation.com"
27.71.77.226 - - [01/Sep/2026:10:28:20 +0000] "POST /xmlrpc.php HTTP/1.1" 499 0 "-" "Mozilla/5.0 (Linux; Android 10; x86) AppleWebKit/537.36 (KHTML, like Gecko) Safari/14.0.0.0 Safari/537.36"
27.71.77.226 - - [01/Sep/2026:10:28:48 +0000] "POST /xmlrpc.php HTTP/1.1" 200 415 "-" "Mozilla/5.0 (X11; Ubuntu; Linux x86_64; x64) AppleWebKit/537.36 (KHTML, like Gecko) Edge/81.0.0.0 Safari/537.36"
27.71.77.226 - - [01/Sep/2026:10:29:16 +0000] "POST /xmlrpc.php HTTP/1.1" 499 0 "-" "Mozilla/5.0 (Windows NT 6.3; x64) AppleWebKit/537.36 (KHTML, like Gecko) Chrome/114.0.0.0 Safari/537.36"
72.167.149.90 - - [01/Sep/2026:10:29:17 +0000] "POST /wp-cron.php?doing_wp_cron=1788258556.9408440589904785156250 HTTP/1.1" 499 0 "-" "WordPress/7.1; https://uslconsultation.com"
27.71.77.226 - - [01/Sep/2026:10:29:49 +0000] "POST /xmlrpc.php HTTP/1.1" 200 415 "-" "Mozilla/5.0 (Linux; Android 10; x86) AppleWebKit/537.36 (KHTML, like Gecko) Opera/63.0.0.0 Safari/537.36"
72.167.149.90 - - [01/Sep/2026:10:30:26 +0000] "POST /wp-cron.php?doing_wp_cron=1788258625.4488129615783691406250 HTTP/1.1" 499 0 "-" "WordPress/7.1; https://uslconsultation.com"
27.71.77.226 - - [01/Sep/2026:10:30:26 +0000] "POST /xmlrpc.php HTTP/1.1" 200 415 "-" "Mozilla/5.0 (Windows NT 6.2; x64) AppleWebKit/537.36 (KHTML, like Gecko) Safari/12.0.0.0 Safari/537.36"
27.71.77.226 - - [01/Sep/2026:10:30:59 +0000] "POST /xmlrpc.php HTTP/1.1" 200 415 "-" "Mozilla/5.0 (Windows NT 6.2; x86) AppleWebKit/537.36 (KHTML, like Gecko) Chrome/104.0.0.0 Safari/537.36"
72.167.149.90 - - [01/Sep/2026:10:31:19 +0000] "POST /wp-cron.php?doing_wp_cron=1788258678.7739999294281005859375 HTTP/1.1" 499 0 "-" "WordPress/7.1; https://uslconsultation.com"
95.181.237.50 - - [01/Sep/2026:10:31:20 +0000] "GET /robots.txt HTTP/1.1" 301 5 "-" "panscient.com"
95.181.237.50 - - [01/Sep/2026:10:31:24 +0000] "GET /robots.txt HTTP/1.1" 200 129 "-" "panscient.com"
27.71.77.226 - - [01/Sep/2026:10:31:26 +0000] "POST /xmlrpc.php HTTP/1.1" 200 415 "-" "Mozilla/5.0 (X11; Ubuntu; Linux x86_64; x64) AppleWebKit/537.36 (KHTML, like Gecko) Firefox/83.0.0.0 Safari/537.36"
95.181.237.50 - - [01/Sep/2026:10:31:29 +0000] "GET / HTTP/1.1" 301 5 "-" "panscient.com"
95.181.237.50 - - [01/Sep/2026:10:31:38 +0000] "GET / HTTP/1.1" 200 68942 "-" "panscient.com"
95.181.237.50 - - [01/Sep/2026:10:31:52 +0000] "GET /robots.txt HTTP/1.1" 200 129 "-" "panscient.com"
27.71.77.226 - - [01/Sep/2026:10:31:57 +0000] "POST /xmlrpc.php HTTP/1.1" 200 415 "-" "Mozilla/5.0 (Windows NT 10.0; arm64) AppleWebKit/537.36 (KHTML, like Gecko) Opera/61.0.0.0 Safari/537.36"
95.181.237.50 - - [01/Sep/2026:10:31:57 +0000] "GET /ar/cases/ HTTP/1.1" 200 79546 "-" "panscient.com"
95.181.237.50 - - [01/Sep/2026:10:32:00 +0000] "GET /2025/11/05/hello-world/?replytocom=1 HTTP/1.1" 404 50970 "-" "panscient.com"
95.181.237.50 - - [01/Sep/2026:10:32:05 +0000] "GET /team-member/ HTTP/1.1" 404 32367 "-" "panscient.com"
72.167.149.90 - - [01/Sep/2026:10:32:05 +0000] "POST /wp-cron.php?doing_wp_cron=1788258724.9815299510955810546875 HTTP/1.1" 499 0 "-" "WordPress/7.1; https://uslconsultation.com"
95.181.237.50 - - [01/Sep/2026:10:32:08 +0000] "GET /bussiness/live-stream-from-awwwards-showcasing-trends/?replytocom=2 HTTP/1.1" 404 51009 "-" "panscient.com"
95.181.237.50 - - [01/Sep/2026:10:32:11 +0000] "GET /services/page/2/ HTTP/1.1" 404 50939 "-" "panscient.com"
95.181.237.50 - - [01/Sep/2026:10:32:15 +0000] "GET /category/videos/animals/ HTTP/1.1" 404 50945 "-" "panscient.com"
95.181.237.50 - - [01/Sep/2026:10:32:18 +0000] "GET /bussiness/future-where-technology-creates-good-jobs/ HTTP/1.1" 404 50989 "-" "panscient.com"
95.181.237.50 - - [01/Sep/2026:10:32:22 +0000] "GET /bussiness/a-day-in-the-life-of-entrepreneur-ceo/ HTTP/1.1" 404 50983 "-" "panscient.com"
27.71.77.226 - - [01/Sep/2026:10:32:24 +0000] "POST /xmlrpc.php HTTP/1.1" 200 415 "-" "Mozilla/5.0 (Macintosh; Intel Mac OS X 10_15_7; arm64) AppleWebKit/537.36 (KHTML, like Gecko) Opera/68.0.0.0 Safari/537.36"
95.181.237.50 - - [01/Sep/2026:10:32:24 +0000] "GET /tag/parks/ HTTP/1.1" 404 50934 "-" "panscient.com"
95.181.237.50 - - [01/Sep/2026:10:32:28 +0000] "GET /category/sports/ HTTP/1.1" 404 50935 "-" "panscient.com"
95.181.237.50 - - [01/Sep/2026:10:32:30 +0000] "GET /contact/ HTTP/1.1" 301 5 "-" "panscient.com"
95.181.237.50 - - [01/Sep/2026:10:32:34 +0000] "GET /contact-us/ HTTP/1.1" 200 54027 "-" "panscient.com"
95.181.237.50 - - [01/Sep/2026:10:32:39 +0000] "GET /ar/team/ HTTP/1.1" 200 80020 "-" "panscient.com"
95.181.237.50 - - [01/Sep/2026:10:32:44 +0000] "GET /service/financial-consulting-services/ HTTP/1.1" 404 50952 "-" "panscient.com"
72.167.149.90 - - [01/Sep/2026:10:32:49 +0000] "GET /wp-content/uploads/2025/12/businessmen-shaking-hands-on-modern-city-scaled-e1766360439535.jpg HTTP/1.1" 200 125276 "-" "-"
95.181.237.50 - - [01/Sep/2026:10:32:50 +0000] "GET /2025/12/21/from-idea-to-execution-turning-business-plans-into-profitable-reality/ HTTP/1.1" 200 57153 "-" "panscient.com"
27.71.77.226 - - [01/Sep/2026:10:32:56 +0000] "POST /xmlrpc.php HTTP/1.1" 200 415 "-" "Mozilla/5.0 (Macintosh; Intel Mac OS X 10_15_7; x64) AppleWebKit/537.36 (KHTML, like Gecko) Safari/13.0.0.0 Safari/537.36"
95.181.237.50 - - [01/Sep/2026:10:32:57 +0000] "GET /tag/lifestyle/ HTTP/1.1" 404 50937 "-" "panscient.com"
95.181.237.50 - - [01/Sep/2026:10:33:01 +0000] "GET /music/what-you-do-today-improve-your-tomorrows/ HTTP/1.1" 404 32367 "-" "panscient.com"
72.167.149.90 - - [01/Sep/2026:10:33:02 +0000] "POST /wp-cron.php?doing_wp_cron=1788258781.2757089138031005859375 HTTP/1.1" 499 0 "-" "WordPress/7.1; https://uslconsultation.com"
95.181.237.50 - - [01/Sep/2026:10:33:05 +0000] "GET /tag/adventure/ HTTP/1.1" 404 50939 "-" "panscient.com"
95.181.237.50 - - [01/Sep/2026:10:33:09 +0000] "GET /team/ HTTP/1.1" 200 59620 "-" "panscient.com"
95.181.237.50 - - [01/Sep/2026:10:33:13 +0000] "GET /bussiness/a-day-in-the-life-of-entrepreneur-ceo/?replytocom=4 HTTP/1.1" 404 51002 "-" "panscient.com"
95.181.237.50 - - [01/Sep/2026:10:33:20 +0000] "GET /bussiness/a-day-in-the-life-of-entrepreneur-ceo/?replytocom=3 HTTP/1.1" 404 51002 "-" "panscient.com"
27.71.77.226 - - [01/Sep/2026:10:33:24 +0000] "POST /xmlrpc.php HTTP/1.1" 200 415 "-" "Mozilla/5.0 (Macintosh; Intel Mac OS X 10_15_7; arm64) AppleWebKit/537.36 (KHTML, like Gecko) Opera/66.0.0.0 Safari/537.36"
95.181.237.50 - - [01/Sep/2026:10:33:26 +0000] "GET /bussiness/a-day-in-the-life-of-entrepreneur-ceo/?replytocom=5 HTTP/1.1" 404 51002 "-" "panscient.com"
95.181.237.50 - - [01/Sep/2026:10:33:35 +0000] "GET /ar/contact-us/ HTTP/1.1" 200 74681 "-" "panscient.com"
95.181.237.50 - - [01/Sep/2026:10:33:40 +0000] "GET /bussiness/live-stream-from-awwwards-showcasing-trends/ HTTP/1.1" 404 50989 "-" "panscient.com"
95.181.237.50 - - [01/Sep/2026:10:33:45 +0000] "GET /service/marketing-and-sales-consulting-services/ HTTP/1.1" 404 50962 "-" "panscient.com"
72.167.149.90 - - [01/Sep/2026:10:33:49 +0000] "GET /wp-content/uploads/2025/12/Investors-and-Partners-scaled-e1766360878565.jpg HTTP/1.1" 200 161703 "-" "-"
95.181.237.50 - - [01/Sep/2026:10:33:50 +0000] "GET /2025/12/21/operational-due-diligence-what-investors-and-partners-really-look-for/ HTTP/1.1" 200 56959 "-" "panscient.com"
95.181.237.50 - - [01/Sep/2026:10:33:56 +0000] "GET /case/digital-campaigns/ HTTP/1.1" 404 50944 "-" "panscient.com"
