27.71.77.226 - - [01/Sep/2026:10:33:58 +0000] "POST /xmlrpc.php HTTP/1.1" 200 415 "-" "Mozilla/5.0 (Windows NT 6.3; x86) AppleWebKit/537.36 (KHTML, like Gecko) Safari/15.0.0.0 Safari/537.36"
95.181.237.50 - - [01/Sep/2026:10:34:00 +0000] "GET /case/substantial-business/ HTTP/1.1" 404 50951 "-" "panscient.com"
95.181.237.50 - - [01/Sep/2026:10:34:07 +0000] "GET /careers/ HTTP/1.1" 404 32367 "-" "panscient.com"
72.167.149.90 - - [01/Sep/2026:10:34:07 +0000] "POST /wp-cron.php?doing_wp_cron=1788258846.3182690143585205078125 HTTP/1.1" 499 0 "-" "WordPress/7.1; https://uslconsultation.com"
95.181.237.50 - - [01/Sep/2026:10:34:12 +0000] "GET /shop-2/ HTTP/1.1" 404 50929 "-" "panscient.com"
95.181.237.50 - - [01/Sep/2026:10:34:17 +0000] "GET /service/human-resources-consulting-training-and-development/ HTTP/1.1" 404 50993 "-" "panscient.com"
95.181.237.50 - - [01/Sep/2026:10:34:23 +0000] "GET /appointment/ HTTP/1.1" 404 50933 "-" "panscient.com"
27.71.77.226 - - [01/Sep/2026:10:34:29 +0000] "POST /xmlrpc.php HTTP/1.1" 200 415 "-" "Mozilla/5.0 (Linux; Android 10; x64) AppleWebKit/537.36 (KHTML, like Gecko) Edge/92.0.0.0 Safari/537.36"
95.181.237.50 - - [01/Sep/2026:10:34:31 +0000] "GET /2025/11/05/hello-world/ HTTP/1.1" 404 50950 "-" "panscient.com"
95.181.237.50 - - [01/Sep/2026:10:34:37 +0000] "GET /2020/12/ HTTP/1.1" 404 50930 "-" "panscient.com"
95.181.237.50 - - [01/Sep/2026:10:34:45 +0000] "GET /testimonials/ HTTP/1.1" 404 50933 "-" "panscient.com"
95.181.237.50 - - [01/Sep/2026:10:34:51 +0000] "GET /category/finance/page/2/ HTTP/1.1" 404 50947 "-" "panscient.com"
72.167.149.90 - - [01/Sep/2026:10:34:57 +0000] "GET /wp-content/uploads/2025/11/Networking-and-cybersecurity-scaled-e1766398835906.jpg HTTP/1.1" 200 123626 "-" "-"
95.181.237.50 - - [01/Sep/2026:10:34:58 +0000] "GET /service/consulting-services-in-networking-and-cybersecurity/ HTTP/1.1" 200 56994 "-" "panscient.com"
27.71.77.226 - - [01/Sep/2026:10:35:00 +0000] "POST /xmlrpc.php HTTP/1.1" 499 0 "-" "Mozilla/5.0 (Macintosh; Intel Mac OS X 10_15_7; arm64) AppleWebKit/537.36 (KHTML, like Gecko) Edge/86.0.0.0 Safari/537.36"
72.167.149.90 - - [01/Sep/2026:10:35:10 +0000] "POST /wp-cron.php?doing_wp_cron=1788258909.0761280059814453125000 HTTP/1.1" 499 0 "-" "WordPress/7.1; https://uslconsultation.com"
95.181.237.50 - - [01/Sep/2026:10:35:10 +0000] "GET /case/top-consultation/ HTTP/1.1" 404 50937 "-" "panscient.com"
72.167.149.90 - - [01/Sep/2026:10:35:15 +0000] "GET /wp-content/uploads/2021/02/services-3.jpg HTTP/1.1" 200 37838 "-" "-"
95.181.237.50 - - [01/Sep/2026:10:35:16 +0000] "GET /service/operations-manuals-sops/ HTTP/1.1" 200 55661 "-" "panscient.com"
95.181.237.50 - - [01/Sep/2026:10:35:25 +0000] "GET /author/admin/ HTTP/1.1" 404 50935 "-" "panscient.com"
72.167.149.90 - - [01/Sep/2026:10:35:31 +0000] "GET /wp-content/uploads/2025/12/Franchise-a-Restaurant-Brand-A-Step-by-Step-Practical-Guide-scaled-e1766361718588.jpg HTTP/1.1" 200 251648 "-" "-"
95.181.237.50 - - [01/Sep/2026:10:35:34 +0000] "GET /ar/2025/12/22/how-to-franchise-a-restaurant-brand-a-step-by-step-practical-guide/ HTTP/1.1" 200 77672 "-" "panscient.com"
27.71.77.226 - - [01/Sep/2026:10:35:35 +0000] "POST /xmlrpc.php HTTP/1.1" 200 415 "-" "Mozilla/5.0 (Windows NT 10.0; x64) AppleWebKit/537.36 (KHTML, like Gecko) Chrome/85.0.0.0 Safari/537.36"
95.181.237.50 - - [01/Sep/2026:10:35:40 +0000] "GET /contact-us/ HTTP/1.1" 200 54027 "-" "panscient.com"
95.181.237.50 - - [01/Sep/2026:10:35:49 +0000] "GET /company-overview/ HTTP/1.1" 404 50938 "-" "panscient.com"
95.181.237.50 - - [01/Sep/2026:10:35:59 +0000] "GET /2021/02/15/lorem-ipsum-dolor-sit-a-met-consectetur-2/ HTTP/1.1" 404 50987 "-" "panscient.com"
27.71.77.226 - - [01/Sep/2026:10:36:08 +0000] "POST /xmlrpc.php HTTP/1.1" 499 0 "-" "Mozilla/5.0 (X11; Ubuntu; Linux x86_64; arm64) AppleWebKit/537.36 (KHTML, like Gecko) Edge/91.0.0.0 Safari/537.36"
95.181.237.50 - - [01/Sep/2026:10:36:08 +0000] "GET /services/ HTTP/1.1" 200 59841 "-" "panscient.com"
72.167.149.90 - - [01/Sep/2026:10:36:09 +0000] "POST /wp-cron.php?doing_wp_cron=1788258968.2438659667968750000000 HTTP/1.1" 499 0 "-" "WordPress/7.1; https://uslconsultation.com"
95.181.237.50 - - [01/Sep/2026:10:36:14 +0000] "GET /service/consulting-services-for-governance-compliance-and-risk-management/ HTTP/1.1" 301 5 "-" "panscient.com"
72.167.149.90 - - [01/Sep/2026:10:36:21 +0000] "GET /wp-content/uploads/2025/11/governance-compliance-and-risk-management-scaled-e1766401328194.jpg HTTP/1.1" 200 115711 "-" "-"
95.181.237.50 - - [01/Sep/2026:10:36:22 +0000] "GET /service/governance-compliance-and-risk-management/ HTTP/1.1" 200 55030 "-" "panscient.com"
72.167.149.90 - - [01/Sep/2026:10:36:27 +0000] "GET /wp-content/uploads/2025/12/Franchise-a-Restaurant-Brand-A-Step-by-Step-Practical-Guide-scaled-e1766361718588.jpg HTTP/1.1" 200 251648 "-" "-"
95.181.237.50 - - [01/Sep/2026:10:36:28 +0000] "GET /2025/12/22/how-to-franchise-a-restaurant-brand-a-step-by-step-practical-guide/ HTTP/1.1" 200 56900 "-" "panscient.com"
95.181.237.50 - - [01/Sep/2026:10:36:37 +0000] "GET /ar/about-us/ HTTP/1.1" 200 76637 "-" "panscient.com"
95.181.237.50 - - [01/Sep/2026:10:36:44 +0000] "GET /category/life-style/ HTTP/1.1" 404 50939 "-" "panscient.com"
27.71.77.226 - - [01/Sep/2026:10:36:45 +0000] "POST /xmlrpc.php HTTP/1.1" 200 415 "-" "Mozilla/5.0 (Windows NT 10.0; x64) AppleWebKit/537.36 (KHTML, like Gecko) Chrome/103.0.0.0 Safari/537.36"
95.181.237.50 - - [01/Sep/2026:10:36:51 +0000] "GET /case/business-planning/ HTTP/1.1" 404 50944 "-" "panscient.com"
95.181.237.50 - - [01/Sep/2026:10:36:59 +0000] "GET /2021/02/15/lorem-ipsum-dolor-sit-a-met-consectetur/ HTTP/1.1" 404 50984 "-" "panscient.com"
95.181.237.50 - - [01/Sep/2026:10:37:08 +0000] "GET /2021/02/15/lorem-ipsum-dolor-sit-a-met-consectetur-3/ HTTP/1.1" 404 32367 "-" "panscient.com"
72.167.149.90 - - [01/Sep/2026:10:37:09 +0000] "POST /wp-cron.php?doing_wp_cron=1788259028.0851769447326660156250 HTTP/1.1" 499 0 "-" "WordPress/7.1; https://uslconsultation.com"
95.181.237.50 - - [01/Sep/2026:10:37:14 +0000] "GET /service/preparing-economic-feasibility-studies/ HTTP/1.1" 404 50976 "-" "panscient.com"
27.71.77.226 - - [01/Sep/2026:10:37:20 +0000] "POST /xmlrpc.php HTTP/1.1" 499 0 "-" "Mozilla/5.0 (Windows NT 10.0; x86) AppleWebKit/537.36 (KHTML, like Gecko) Safari/14.0.0.0 Safari/537.36"
95.181.237.50 - - [01/Sep/2026:10:37:23 +0000] "GET /2021/02/15/lorem-ipsum-dolor-sit-a-met-consectetur/?replytocom=3 HTTP/1.1" 404 51004 "-" "panscient.com"
95.181.237.50 - - [01/Sep/2026:10:37:31 +0000] "GET /service/supply-chain-and-logistics-consulting-services/ HTTP/1.1" 301 5 "-" "panscient.com"
72.167.149.90 - - [01/Sep/2026:10:37:40 +0000] "GET /wp-content/uploads/2025/11/Supply-chain-and-logistics-scaled-e1766401500298.jpg HTTP/1.1" 200 68166 "-" "-"
95.181.237.50 - - [01/Sep/2026:10:37:42 +0000] "GET /service/supply-chain-and-logistics/ HTTP/1.1" 200 32320 "-" "panscient.com"
27.71.77.226 - - [01/Sep/2026:10:37:50 +0000] "POST /xmlrpc.php HTTP/1.1" 200 415 "-" "Mozilla/5.0 (Windows NT 6.3; arm64) AppleWebKit/537.36 (KHTML, like Gecko) Edge/98.0.0.0 Safari/537.36"
95.181.237.50 - - [01/Sep/2026:10:37:52 +0000] "GET /category-portfolio/strategy/ HTTP/1.1" 404 50945 "-" "panscient.com"
95.181.237.50 - - [01/Sep/2026:10:37:59 +0000] "GET /author/beso4u/ HTTP/1.1" 200 55499 "-" "panscient.com"
95.181.237.50 - - [01/Sep/2026:10:38:05 +0000] "GET /service/business-and-project-development-consulting/ HTTP/1.1" 404 32367 "-" "panscient.com"
72.167.149.90 - - [01/Sep/2026:10:38:06 +0000] "POST /wp-cron.php?doing_wp_cron=1788259085.3494720458984375000000 HTTP/1.1" 499 0 "-" "WordPress/7.1; https://uslconsultation.com"
95.181.237.50 - - [01/Sep/2026:10:38:11 +0000] "GET /cases/ HTTP/1.1" 200 59347 "-" "panscient.com"
72.167.149.90 - - [01/Sep/2026:10:38:18 +0000] "GET /wp-content/uploads/2025/12/KPIs-scaled-e1766361387995.jpg HTTP/1.1" 200 132397 "-" "-"
95.181.237.50 - - [01/Sep/2026:10:38:19 +0000] "GET /2025/12/21/building-kpis-that-actually-improve-performance/ HTTP/1.1" 200 56699 "-" "panscient.com"
27.71.77.226 - - [01/Sep/2026:10:38:20 +0000] "POST /xmlrpc.php HTTP/1.1" 200 415 "-" "Mozilla/5.0 (Windows NT 10.0; x86) AppleWebKit/537.36 (KHTML, like Gecko) Firefox/98.0.0.0 Safari/537.36"
72.167.149.90 - - [01/Sep/2026:10:38:25 +0000] "GET /wp-content/uploads/2025/12/businessmen-shaking-hands-on-modern-city-scaled-e1766360439535.jpg HTTP/1.1" 200 125276 "-" "-"
95.181.237.50 - - [01/Sep/2026:10:38:28 +0000] "GET /ar/2025/12/21/from-idea-to-execution-turning-business-plans-into-profitable-reality/ HTTP/1.1" 200 77829 "-" "panscient.com"
95.181.237.50 - - [01/Sep/2026:10:38:35 +0000] "GET /category/finance/ HTTP/1.1" 404 50938 "-" "panscient.com"
95.181.237.50 - - [01/Sep/2026:10:38:42 +0000] "GET /2021/02/15/lorem-ipsum-dolor-sit-a-met-consectetur-3/?replytocom=5 HTTP/1.1" 404 51007 "-" "panscient.com"
27.71.77.226 - - [01/Sep/2026:10:38:46 +0000] "POST /xmlrpc.php HTTP/1.1" 200 415 "-" "Mozilla/5.0 (Windows NT 6.3; x64) AppleWebKit/537.36 (KHTML, like Gecko) Firefox/85.0.0.0 Safari/537.36"
72.167.149.90 - - [01/Sep/2026:10:38:49 +0000] "GET /wp-content/uploads/2025/12/Investors-and-Partners-scaled-e1766360878565.jpg HTTP/1.1" 200 161703 "-" "-"
95.181.237.50 - - [01/Sep/2026:10:38:51 +0000] "GET /ar/2025/12/21/operational-due-diligence-what-investors-and-partners-really-look-for/ HTTP/1.1" 200 77785 "-" "panscient.com"
95.181.237.50 - - [01/Sep/2026:10:38:58 +0000] "GET / HTTP/1.1" 200 68943 "-" "panscient.com"
72.167.149.90 - - [01/Sep/2026:10:39:05 +0000] "POST /wp-cron.php?doing_wp_cron=1788259144.2708609104156494140625 HTTP/1.1" 499 0 "-" "WordPress/7.1; https://uslconsultation.com"
95.181.237.50 - - [01/Sep/2026:10:39:05 +0000] "GET /2021/02/15/lorem-ipsum-dolor-sit-a-met-consectetur-3/?replytocom=6 HTTP/1.1" 404 51007 "-" "panscient.com"
72.167.149.90 - - [01/Sep/2026:10:39:10 +0000] "GET /wp-content/uploads/2025/11/ISO-Cert-scaled-e1766401463486.jpg HTTP/1.1" 200 64260 "-" "-"
95.181.237.50 - - [01/Sep/2026:10:39:12 +0000] "GET /ar/service/preparing-companies-to-obtain-iso-certifications/ HTTP/1.1" 200 75689 "-" "panscient.com"
27.71.77.226 - - [01/Sep/2026:10:39:13 +0000] "POST /xmlrpc.php HTTP/1.1" 200 415 "-" "Mozilla/5.0 (Macintosh; Intel Mac OS X 10_15_7; x64) AppleWebKit/537.36 (KHTML, like Gecko) Safari/14.0.0.0 Safari/537.36"
95.181.237.50 - - [01/Sep/2026:10:39:20 +0000] "GET /author/beso4u/page/2/ HTTP/1.1" 200 55573 "-" "panscient.com"
95.181.237.50 - - [01/Sep/2026:10:39:24 +0000] "GET /service/brand-and-franchise-consulting-services/ HTTP/1.1" 301 5 "-" "panscient.com"
72.167.149.90 - - [01/Sep/2026:10:39:29 +0000] "GET /wp-content/uploads/2025/11/Brand-and-franchise-consulting-services-scaled-e1766398516651.jpg HTTP/1.1" 200 99487 "-" "-"
95.181.237.50 - - [01/Sep/2026:10:39:30 +0000] "GET /service/branding-rebranding/ HTTP/1.1" 200 32320 "-" "panscient.com"
95.181.237.50 - - [01/Sep/2026:10:39:34 +0000] "GET /service/consulting-services-for-preparing-companies-to-obtain-iso-certifications/ HTTP/1.1" 301 5 "-" "panscient.com"
27.71.77.226 - - [01/Sep/2026:10:39:40 +0000] "POST /xmlrpc.php HTTP/1.1" 200 415 "-" "Mozilla/5.0 (Windows NT 10.0; arm64) AppleWebKit/537.36 (KHTML, like Gecko) Edge/90.0.0.0 Safari/537.36"
72.167.149.90 - - [01/Sep/2026:10:39:41 +0000] "GET /wp-content/uploads/2025/11/ISO-Cert-scaled-e1766401463486.jpg HTTP/1.1" 200 64260 "-" "-"
95.181.237.50 - - [01/Sep/2026:10:39:42 +0000] "GET /service/preparing-companies-to-obtain-iso-certifications/ HTTP/1.1" 200 32320 "-" "panscient.com"
95.181.237.50 - - [01/Sep/2026:10:39:47 +0000] "GET /category/uncategorized/ HTTP/1.1" 200 53868 "-" "panscient.com"
95.181.237.50 - - [01/Sep/2026:10:39:51 +0000] "GET /service/production-and-manufacturing-consulting/ HTTP/1.1" 301 5 "-" "panscient.com"
72.167.149.90 - - [01/Sep/2026:10:39:56 +0000] "GET /wp-content/uploads/2025/11/Production-and-manufacturing-scaled-e1766401168798.jpg HTTP/1.1" 200 123891 "-" "-"
95.181.237.50 - - [01/Sep/2026:10:39:57 +0000] "GET /service/production-and-manufacturing/ HTTP/1.1" 200 54973 "-" "panscient.com"
72.167.149.90 - - [01/Sep/2026:10:40:03 +0000] "GET /wp-content/uploads/2021/02/services-3.jpg HTTP/1.1" 200 37838 "-" "-"
72.167.149.90 - - [01/Sep/2026:10:40:05 +0000] "POST /wp-cron.php?doing_wp_cron=1788259204.7347478866577148437500 HTTP/1.1" 499 0 "-" "WordPress/7.1; https://uslconsultation.com/ar"
95.181.237.50 - - [01/Sep/2026:10:40:05 +0000] "GET /ar/service/operations-manuals-sops/ HTTP/1.1" 200 76206 "-" "panscient.com"
27.71.77.226 - - [01/Sep/2026:10:40:08 +0000] "POST /xmlrpc.php HTTP/1.1" 499 0 "-" "Mozilla/5.0 (Windows NT 6.3; arm64) AppleWebKit/537.36 (KHTML, like Gecko) Firefox/72.0.0.0 Safari/537.36"
95.181.237.50 - - [01/Sep/2026:10:40:11 +0000] "GET /blog-standard/page/2/ HTTP/1.1" 404 50946 "-" "panscient.com"
95.181.237.50 - - [01/Sep/2026:10:40:21 +0000] "GET /uncategorized/hello-world/?replytocom=1 HTTP/1.1" 404 50969 "-" "panscient.com"
95.181.237.50 - - [01/Sep/2026:10:40:28 +0000] "GET /about/ HTTP/1.1" 301 5 "-" "panscient.com"
27.71.77.226 - - [01/Sep/2026:10:40:36 +0000] "POST /xmlrpc.php HTTP/1.1" 200 415 "-" "Mozilla/5.0 (Macintosh; Intel Mac OS X 10_15_7; x86) AppleWebKit/537.36 (KHTML, like Gecko) Firefox/98.0.0.0 Safari/537.36"
95.181.237.50 - - [01/Sep/2026:10:40:37 +0000] "GET /about-us/ HTTP/1.1" 200 56196 "-" "panscient.com"
95.181.237.50 - - [01/Sep/2026:10:40:43 +0000] "GET /category/technology/ HTTP/1.1" 404 50943 "-" "panscient.com"
95.181.237.50 - - [01/Sep/2026:10:40:49 +0000] "GET /case/marketing-advice/ HTTP/1.1" 404 50942 "-" "panscient.com"
95.181.237.50 - - [01/Sep/2026:10:40:56 +0000] "GET /life-style/attract-and-retain-quality-high-paying-customers/ HTTP/1.1" 404 50998 "-" "panscient.com"
72.167.149.90 - - [01/Sep/2026:10:41:02 +0000] "POST /wp-cron.php?doing_wp_cron=1788259261.1935598850250244140625 HTTP/1.1" 499 0 "-" "WordPress/7.1; https://uslconsultation.com"
27.71.77.226 - - [01/Sep/2026:10:41:02 +0000] "POST /xmlrpc.php HTTP/1.1" 200 415 "-" "Mozilla/5.0 (Windows NT 10.0; x64) AppleWebKit/537.36 (KHTML, like Gecko) Safari/10.0.0.0 Safari/537.36"
95.181.237.50 - - [01/Sep/2026:10:41:02 +0000] "GET /about-us/ HTTP/1.1" 200 56196 "-" "panscient.com"
95.181.237.50 - - [01/Sep/2026:10:41:09 +0000] "GET /service/ HTTP/1.1" 301 5 "-" "panscient.com"
95.181.237.50 - - [01/Sep/2026:10:41:14 +0000] "GET /services/ HTTP/1.1" 200 59832 "-" "panscient.com"
72.167.149.90 - - [01/Sep/2026:10:41:18 +0000] "GET /wp-content/uploads/2025/11/ISO-Cert-scaled-e1766401463486.jpg HTTP/1.1" 200 64260 "-" "-"
95.181.237.50 - - [01/Sep/2026:10:41:20 +0000] "GET /service/preparing-companies-to-obtain-iso-certifications/ HTTP/1.1" 200 55053 "-" "panscient.com"
95.181.237.50 - - [01/Sep/2026:10:41:25 +0000] "GET / HTTP/1.1" 301 5 "-" "panscient.com"
27.71.77.226 - - [01/Sep/2026:10:41:32 +0000] "POST /xmlrpc.php HTTP/1.1" 499 0 "-" "Mozilla/5.0 (X11; Ubuntu; Linux x86_64; arm64) AppleWebKit/537.36 (KHTML, like Gecko) Opera/61.0.0.0 Safari/537.36"
95.181.237.50 - - [01/Sep/2026:10:41:33 +0000] "GET / HTTP/1.1" 200 48714 "-" "panscient.com"
95.181.237.50 - - [01/Sep/2026:10:41:38 +0000] "GET /about/ HTTP/1.1" 301 5 "-" "panscient.com"
95.181.237.50 - - [01/Sep/2026:10:41:43 +0000] "GET /about-us/ HTTP/1.1" 200 56196 "-" "panscient.com"
95.181.237.50 - - [01/Sep/2026:10:41:49 +0000] "GET /category/videos/ HTTP/1.1" 404 50937 "-" "panscient.com"
95.181.237.50 - - [01/Sep/2026:10:41:52 +0000] "GET /team-member/ HTTP/1.1" 404 50932 "-" "panscient.com"
95.181.237.50 - - [01/Sep/2026:10:41:55 +0000] "GET /contact/ HTTP/1.1" 301 5 "-" "panscient.com"
27.71.77.226 - - [01/Sep/2026:10:41:58 +0000] "POST /xmlrpc.php HTTP/1.1" 200 415 "-" "Mozilla/5.0 (Linux; Android 10; x64) AppleWebKit/537.36 (KHTML, like Gecko) Opera/67.0.0.0 Safari/537.36"
95.181.237.50 - - [01/Sep/2026:10:41:59 +0000] "GET /contact-us/ HTTP/1.1" 200 54027 "-" "panscient.com"
72.167.149.90 - - [01/Sep/2026:10:42:03 +0000] "POST /wp-cron.php?doing_wp_cron=1788259322.9514830112457275390625 HTTP/1.1" 499 0 "-" "WordPress/7.1; https://uslconsultation.com"
95.181.237.50 - - [01/Sep/2026:10:42:04 +0000] "GET /service/ HTTP/1.1" 301 5 "-" "panscient.com"
95.181.237.50 - - [01/Sep/2026:10:42:10 +0000] "GET /services/ HTTP/1.1" 200 59832 "-" "panscient.com"
72.167.149.90 - - [01/Sep/2026:10:42:14 +0000] "GET /wp-content/uploads/2021/02/samer.png HTTP/1.1" 200 339425 "-" "-"
95.181.237.50 - - [01/Sep/2026:10:42:15 +0000] "GET /member/samer-alyasin/ HTTP/1.1" 200 54545 "-" "panscient.com"
27.71.77.226 - - [01/Sep/2026:10:42:21 +0000] "POST /xmlrpc.php HTTP/1.1" 200 415 "-" "Mozilla/5.0 (Windows NT 6.3; x64) AppleWebKit/537.36 (KHTML, like Gecko) Safari/14.0.0.0 Safari/537.36"
72.167.149.90 - - [01/Sep/2026:10:42:21 +0000] "GET /wp-content/uploads/2021/02/Basel.png HTTP/1.1" 200 1292739 "-" "-"
95.181.237.50 - - [01/Sep/2026:10:42:22 +0000] "GET /member/liam-yasin/ HTTP/1.1" 200 54428 "-" "panscient.com"
72.167.149.90 - - [01/Sep/2026:10:42:28 +0000] "GET /wp-content/uploads/2021/02/Yahya-Alhassan.png HTTP/1.1" 200 522967 "-" "-"
95.181.237.50 - - [01/Sep/2026:10:42:29 +0000] "GET /member/yahya/ HTTP/1.1" 200 54391 "-" "panscient.com"
95.181.237.50 - - [01/Sep/2026:10:42:30 +0000] "GET /wp-content/plugins/translatepress-multilingual/assets/js/trp-frontend-language-switcher.js?ver=3.3.4 HTTP/1.1" 200 4194 "-" "panscient.com"
72.167.149.90 - - [01/Sep/2026:10:42:35 +0000] "GET /wp-content/uploads/2025/11/Supply-chain-and-logistics-scaled-e1766401500298.jpg HTTP/1.1" 200 68166 "-" "-"
95.181.237.50 - - [01/Sep/2026:10:42:36 +0000] "GET /service/supply-chain-and-logistics/ HTTP/1.1" 200 55049 "-" "panscient.com"
72.167.149.90 - - [01/Sep/2026:10:42:41 +0000] "GET /wp-content/uploads/2021/02/Manal-Kalfa.png HTTP/1.1" 200 508131 "-" "-"
95.181.237.50 - - [01/Sep/2026:10:42:42 +0000] "GET /member/monica-doe/ HTTP/1.1" 200 54431 "-" "panscient.com"
72.167.149.90 - - [01/Sep/2026:10:42:48 +0000] "GET /wp-content/uploads/2021/02/Omar-new-photo-3-e1766587268315.jpg HTTP/1.1" 200 37571 "-" "-"
27.71.77.226 - - [01/Sep/2026:10:42:48 +0000] "POST /xmlrpc.php HTTP/1.1" 200 415 "-" "Mozilla/5.0 (Macintosh; Intel Mac OS X 10_15_7; x64) AppleWebKit/537.36 (KHTML, like Gecko) Opera/70.0.0.0 Safari/537.36"
95.181.237.50 - - [01/Sep/2026:10:42:49 +0000] "GET /member/oliver-kayal/ HTTP/1.1" 200 54510 "-" "panscient.com"
72.167.149.90 - - [01/Sep/2026:10:42:54 +0000] "GET /wp-content/uploads/2025/11/governance-compliance-and-risk-management-scaled-e1766401328194.jpg HTTP/1.1" 200 115711 "-" "-"
95.181.237.50 - - [01/Sep/2026:10:42:55 +0000] "GET /service/governance-compliance-and-risk-management/ HTTP/1.1" 200 55030 "-" "panscient.com"
95.181.237.50 - - [01/Sep/2026:10:42:55 +0000] "GET /wp-content/themes/porto/js/sidebar-menu.min.js?ver=7.7.2 HTTP/1.1" 200 2533 "-" "panscient.com"
72.167.149.90 - - [01/Sep/2026:10:43:03 +0000] "POST /wp-cron.php?doing_wp_cron=1788259382.0699260234832763671875 HTTP/1.1" 499 0 "-" "WordPress/7.1; https://uslconsultation.com"
95.181.237.50 - - [01/Sep/2026:10:43:03 +0000] "GET /author/beso4u/page/3/ HTTP/1.1" 200 55429 "-" "panscient.com"
95.181.237.50 - - [01/Sep/2026:10:43:10 +0000] "GET /ar/author/beso4u/page/3/ HTTP/1.1" 200 76099 "-" "panscient.com"
27.71.77.226 - - [01/Sep/2026:10:43:13 +0000] "POST /xmlrpc.php HTTP/1.1" 200 415 "-" "Mozilla/5.0 (X11; Ubuntu; Linux x86_64; x64) AppleWebKit/537.36 (KHTML, like Gecko) Safari/15.0.0.0 Safari/537.36"
95.181.237.50 - - [01/Sep/2026:10:43:17 +0000] "GET /author/beso4u/page/3/ HTTP/1.1" 200 55429 "-" "panscient.com"
95.181.237.50 - - [01/Sep/2026:10:43:27 +0000] "GET /ar/author/beso4u/page/2/ HTTP/1.1" 200 76296 "-" "panscient.com"
72.167.149.90 - - [01/Sep/2026:10:43:33 +0000] "GET /wp-content/uploads/2025/12/frustrated-business-people-and-laptop-with-stress-scaled-e1766360245100.jpg HTTP/1.1" 200 119657 "-" "-"
95.181.237.50 - - [01/Sep/2026:10:43:34 +0000] "GET /2025/12/21/common-mistakes-companies-make-before-scaling-internationally/ HTTP/1.1" 200 57113 "-" "panscient.com"
72.167.149.90 - - [01/Sep/2026:10:43:38 +0000] "GET /wp-content/uploads/2025/12/frustrated-business-people-and-laptop-with-stress-scaled-e1766360245100.jpg HTTP/1.1" 200 119657 "-" "-"
27.71.77.226 - - [01/Sep/2026:10:43:39 +0000] "POST /xmlrpc.php HTTP/1.1" 200 415 "-" "Mozilla/5.0 (Windows NT 10.0; x64) AppleWebKit/537.36 (KHTML, like Gecko) Opera/68.0.0.0 Safari/537.36"
95.181.237.50 - - [01/Sep/2026:10:43:40 +0000] "GET /ar/2025/12/21/common-mistakes-companies-make-before-scaling-internationally/ HTTP/1.1" 200 77873 "-" "panscient.com"
72.167.149.90 - - [01/Sep/2026:10:43:45 +0000] "GET /wp-content/uploads/2025/12/frustrated-business-people-and-laptop-with-stress-scaled-e1766360245100.jpg HTTP/1.1" 200 119657 "-" "-"
95.181.237.50 - - [01/Sep/2026:10:43:46 +0000] "GET /2025/12/21/common-mistakes-companies-make-before-scaling-internationally/ HTTP/1.1" 200 57113 "-" "panscient.com"
72.167.149.90 - - [01/Sep/2026:10:43:51 +0000] "GET /wp-content/uploads/2025/12/the-franchise-decision-scaled-e1766360688802.jpg HTTP/1.1" 200 146678 "-" "-"
95.181.237.50 - - [01/Sep/2026:10:43:53 +0000] "GET /2025/12/21/choosing-the-right-market-entry-model-branch-franchise-or-license/ HTTP/1.1" 200 56940 "-" "panscient.com"
95.181.237.50 - - [01/Sep/2026:10:43:59 +0000] "GET /member_cat/sports/ HTTP/1.1" 200 57488 "-" "panscient.com"
72.167.149.90 - - [01/Sep/2026:10:44:03 +0000] "POST /wp-cron.php?doing_wp_cron=1788259442.4413180351257324218750 HTTP/1.1" 499 0 "-" "WordPress/7.1; https://uslconsultation.com"
27.71.77.226 - - [01/Sep/2026:10:44:03 +0000] "POST /xmlrpc.php HTTP/1.1" 200 415 "-" "Mozilla/5.0 (X11; Ubuntu; Linux x86_64; arm64) AppleWebKit/537.36 (KHTML, like Gecko) Opera/76.0.0.0 Safari/537.36"
72.167.149.90 - - [01/Sep/2026:10:44:04 +0000] "GET /wp-content/uploads/2021/02/services-2.jpg HTTP/1.1" 200 30833 "-" "-"
95.181.237.50 - - [01/Sep/2026:10:44:05 +0000] "GET /service/strategic-planning/ HTTP/1.1" 200 55603 "-" "panscient.com"
72.167.149.90 - - [01/Sep/2026:10:44:11 +0000] "GET /wp-content/uploads/2025/11/governance-compliance-and-risk-management-scaled-e1766401328194.jpg HTTP/1.1" 200 115711 "-" "-"
95.181.237.50 - - [01/Sep/2026:10:44:12 +0000] "GET /ar/service/governance-compliance-and-risk-management/ HTTP/1.1" 200 75680 "-" "panscient.com"
72.167.149.90 - - [01/Sep/2026:10:44:17 +0000] "GET /wp-content/uploads/2025/11/governance-compliance-and-risk-management-scaled-e1766401328194.jpg HTTP/1.1" 200 115711 "-" "-"
95.181.237.50 - - [01/Sep/2026:10:44:18 +0000] "GET /service/governance-compliance-and-risk-management/ HTTP/1.1" 200 55030 "-" "panscient.com"
95.181.237.50 - - [01/Sep/2026:10:44:25 +0000] "GET /blog/ HTTP/1.1" 200 55423 "-" "panscient.com"
95.181.237.50 - - [01/Sep/2026:10:44:26 +0000] "GET /wp-content/plugins/woocommerce/assets/js/frontend/add-to-cart.min.js?ver=11.0.1 HTTP/1.1" 200 1456 "-" "panscient.com"
27.71.77.226 - - [01/Sep/2026:10:44:31 +0000] "POST /xmlrpc.php HTTP/1.1" 200 415 "-" "Mozilla/5.0 (Windows NT 6.3; x64) AppleWebKit/537.36 (KHTML, like Gecko) Opera/75.0.0.0 Safari/537.36"
95.181.237.50 - - [01/Sep/2026:10:44:35 +0000] "GET /blog/page/2/ HTTP/1.1" 200 55482 "-" "panscient.com"
95.181.237.50 - - [01/Sep/2026:10:44:41 +0000] "GET /blog/page/3/ HTTP/1.1" 200 55363 "-" "panscient.com"
95.181.237.50 - - [01/Sep/2026:10:44:46 +0000] "GET /ar/ HTTP/1.1" 200 91029 "-" "panscient.com"
72.167.149.90 - - [01/Sep/2026:10:44:51 +0000] "GET /wp-content/uploads/2025/11/governance-compliance-and-risk-management-scaled-e1766401328194.jpg HTTP/1.1" 200 115711 "-" "-"
95.181.237.50 - - [01/Sep/2026:10:44:52 +0000] "GET /ar/service/governance-compliance-and-risk-management/ HTTP/1.1" 200 75672 "-" "panscient.com"
72.167.149.90 - - [01/Sep/2026:10:44:55 +0000] "GET /wp-content/uploads/2021/02/Omar-new-photo-3-e1766587268315.jpg HTTP/1.1" 200 37571 "-" "-"
27.71.77.226 - - [01/Sep/2026:10:44:55 +0000] "POST /xmlrpc.php HTTP/1.1" 200 415 "-" "Mozilla/5.0 (Windows NT 6.2; arm64) AppleWebKit/537.36 (KHTML, like Gecko) Safari/10.0.0.0 Safari/537.36"
95.181.237.50 - - [01/Sep/2026:10:44:56 +0000] "GET /ar/member/oliver-kayal/ HTTP/1.1" 200 75087 "-" "panscient.com"
95.181.237.50 - - [01/Sep/2026:10:45:00 +0000] "GET /ar/services/ HTTP/1.1" 200 80243 "-" "panscient.com"
72.167.149.90 - - [01/Sep/2026:10:45:08 +0000] "GET /wp-content/uploads/2021/02/services-1.jpg HTTP/1.1" 200 23673 "-" "-"
72.167.149.90 - - [01/Sep/2026:10:45:11 +0000] "POST /wp-cron.php?doing_wp_cron=1788259510.0884370803833007812500 HTTP/1.1" 499 0 "-" "WordPress/7.1; https://uslconsultation.com/ar"
95.181.237.50 - - [01/Sep/2026:10:45:11 +0000] "GET /ar/service/sales-marketing/ HTTP/1.1" 200 76159 "-" "panscient.com"
72.167.149.90 - - [01/Sep/2026:10:45:17 +0000] "GET /wp-content/uploads/2021/02/services-1.jpg HTTP/1.1" 200 23673 "-" "-"
95.181.237.50 - - [01/Sep/2026:10:45:19 +0000] "GET /service/sales-marketing/ HTTP/1.1" 200 55589 "-" "panscient.com"
27.71.77.226 - - [01/Sep/2026:10:45:20 +0000] "POST /xmlrpc.php HTTP/1.1" 499 0 "-" "Mozilla/5.0 (Windows NT 10.0; arm64) AppleWebKit/537.36 (KHTML, like Gecko) Chrome/112.0.0.0 Safari/537.36"
72.167.149.90 - - [01/Sep/2026:10:45:28 +0000] "GET /wp-content/uploads/2021/02/Manal-Kalfa.png HTTP/1.1" 200 508131 "-" "-"
95.181.237.50 - - [01/Sep/2026:10:45:31 +0000] "GET /ar/member/monica-doe/ HTTP/1.1" 200 75051 "-" "panscient.com"
72.167.149.90 - - [01/Sep/2026:10:45:35 +0000] "GET /wp-content/uploads/2021/02/Manal-Kalfa.png HTTP/1.1" 200 508131 "-" "-"
95.181.237.50 - - [01/Sep/2026:10:45:36 +0000] "GET /member/monica-doe/ HTTP/1.1" 200 54431 "-" "panscient.com"
72.167.149.90 - - [01/Sep/2026:10:45:42 +0000] "GET /wp-content/uploads/2021/02/Yahya-Alhassan.png HTTP/1.1" 200 522967 "-" "-"
27.71.77.226 - - [01/Sep/2026:10:45:44 +0000] "POST /xmlrpc.php HTTP/1.1" 499 0 "-" "Mozilla/5.0 (Windows NT 6.2; x64) AppleWebKit/537.36 (KHTML, like Gecko) Opera/68.0.0.0 Safari/537.36"
95.181.237.50 - - [01/Sep/2026:10:45:45 +0000] "GET /ar/member/yahya/ HTTP/1.1" 200 75015 "-" "panscient.com"
72.167.149.90 - - [01/Sep/2026:10:45:50 +0000] "GET /wp-content/uploads/2021/02/Basel.png HTTP/1.1" 200 1292739 "-" "-"
95.181.237.50 - - [01/Sep/2026:10:45:52 +0000] "GET /ar/member/liam-yasin/ HTTP/1.1" 200 75075 "-" "panscient.com"
72.167.149.90 - - [01/Sep/2026:10:45:57 +0000] "GET /wp-content/uploads/2021/02/samer.png HTTP/1.1" 200 339425 "-" "-"
95.181.237.50 - - [01/Sep/2026:10:45:58 +0000] "GET /ar/member/samer-alyasin/ HTTP/1.1" 200 75133 "-" "panscient.com"
27.71.77.226 - - [01/Sep/2026:10:46:08 +0000] "POST /xmlrpc.php HTTP/1.1" 499 0 "-" "Mozilla/5.0 (Windows NT 10.0; arm64) AppleWebKit/537.36 (KHTML, like Gecko) Chrome/103.0.0.0 Safari/537.36"
72.167.149.90 - - [01/Sep/2026:10:46:09 +0000] "POST /wp-cron.php?doing_wp_cron=1788259568.3680410385131835937500 HTTP/1.1" 499 0 "-" "WordPress/7.1; https://uslconsultation.com/ar"
95.181.237.50 - - [01/Sep/2026:10:46:09 +0000] "GET /ar/author/beso4u/ HTTP/1.1" 200 76191 "-" "panscient.com"
95.181.237.50 - - [01/Sep/2026:10:46:14 +0000] "GET /category/franchise-licensing/ HTTP/1.1" 200 54920 "-" "panscient.com"
95.181.237.50 - - [01/Sep/2026:10:46:19 +0000] "GET /category/restaurant-business/ HTTP/1.1" 200 54902 "-" "panscient.com"
95.181.237.50 - - [01/Sep/2026:10:46:20 +0000] "GET /wp-content/themes/porto/inc/lib/live-search/live-search.min.js?ver=7.7.2 HTTP/1.1" 200 4961 "-" "panscient.com"
95.181.237.50 - - [01/Sep/2026:10:46:26 +0000] "GET /ar/category/business-consulting/ HTTP/1.1" 200 76198 "-" "panscient.com"
27.71.77.226 - - [01/Sep/2026:10:46:31 +0000] "POST /xmlrpc.php HTTP/1.1" 200 415 "-" "Mozilla/5.0 (Windows NT 6.2; x86) AppleWebKit/537.36 (KHTML, like Gecko) Chrome/86.0.0.0 Safari/537.36"
95.181.237.50 - - [01/Sep/2026:10:46:32 +0000] "GET /category/business-consulting/ HTTP/1.1" 200 55489 "-" "panscient.com"
95.181.237.50 - - [01/Sep/2026:10:46:40 +0000] "GET /category/business-consulting/page/2/ HTTP/1.1" 200 55637 "-" "panscient.com"
95.181.237.50 - - [01/Sep/2026:10:46:45 +0000] "GET /category/business-consulting/page/3/ HTTP/1.1" 200 55193 "-" "panscient.com"
95.181.237.50 - - [01/Sep/2026:10:46:45 +0000] "GET /wp-includes/js/jquery/ui/core.min.js?ver=1.14.2 HTTP/1.1" 200 6553 "-" "panscient.com"
72.167.149.90 - - [01/Sep/2026:10:46:50 +0000] "GET /wp-content/uploads/2021/02/services-4.jpg HTTP/1.1" 200 35338 "-" "-"
95.181.237.50 - - [01/Sep/2026:10:46:51 +0000] "GET /service/feasibility-studes-financial-planning/ HTTP/1.1" 200 55663 "-" "panscient.com"
27.71.77.226 - - [01/Sep/2026:10:46:55 +0000] "POST /xmlrpc.php HTTP/1.1" 200 415 "-" "Mozilla/5.0 (Windows NT 6.2; arm64) AppleWebKit/537.36 (KHTML, like Gecko) Edge/91.0.0.0 Safari/537.36"
72.167.149.90 - - [01/Sep/2026:10:46:55 +0000] "GET /wp-content/uploads/2025/11/Production-and-manufacturing-scaled-e1766401168798.jpg HTTP/1.1" 200 123891 "-" "-"
95.181.237.50 - - [01/Sep/2026:10:46:56 +0000] "GET /service/production-and-manufacturing/ HTTP/1.1" 200 54975 "-" "panscient.com"
72.167.149.90 - - [01/Sep/2026:10:47:00 +0000] "GET /wp-content/uploads/2025/12/the-franchise-decision-scaled-e1766360688802.jpg HTTP/1.1" 200 146678 "-" "-"
72.167.149.90 - - [01/Sep/2026:10:47:03 +0000] "POST /wp-cron.php?doing_wp_cron=1788259622.7327730655670166015625 HTTP/1.1" 499 0 "-" "WordPress/7.1; https://uslconsultation.com/ar"
95.181.237.50 - - [01/Sep/2026:10:47:04 +0000] "GET /ar/2025/12/21/choosing-the-right-market-entry-model-branch-franchise-or-license/ HTTP/1.1" 200 77699 "-" "panscient.com"
72.167.149.90 - - [01/Sep/2026:10:47:10 +0000] "GET /wp-content/uploads/2025/12/the-franchise-decision-scaled-e1766360688802.jpg HTTP/1.1" 200 146678 "-" "-"
95.181.237.50 - - [01/Sep/2026:10:47:12 +0000] "GET /2025/12/21/choosing-the-right-market-entry-model-branch-franchise-or-license/ HTTP/1.1" 200 56932 "-" "panscient.com"
95.181.237.50 - - [01/Sep/2026:10:47:12 +0000] "GET /wp-content/themes/porto/js/theme-async.js?ver=7.7.2 HTTP/1.1" 200 15921 "-" "panscient.com"
95.181.237.50 - - [01/Sep/2026:10:47:13 +0000] "GET /wp-content/themes/porto/js/libs/isotope.pkgd.min.js?ver=3.0.6 HTTP/1.1" 200 9989 "-" "panscient.com"
95.181.237.50 - - [01/Sep/2026:10:47:14 +0000] "GET /wp-content/themes/porto/js/libs/skrollr.min.js?ver=0.6.30 HTTP/1.1" 200 5619 "-" "panscient.com"
95.181.237.50 - - [01/Sep/2026:10:47:15 +0000] "GET /wp-content/themes/porto/js/woocommerce-theme.js?ver=7.7.2 HTTP/1.1" 200 22308 "-" "panscient.com"
95.181.237.50 - - [01/Sep/2026:10:47:17 +0000] "GET /wp-content/themes/porto/js/bg-parallax.js?ver=7.7.2 HTTP/1.1" 200 1862 "-" "panscient.com"
27.71.77.226 - - [01/Sep/2026:10:47:17 +0000] "POST /xmlrpc.php HTTP/1.1" 200 415 "-" "Mozilla/5.0 (Windows NT 6.2; x64) AppleWebKit/537.36 (KHTML, like Gecko) Opera/65.0.0.0 Safari/537.36"
95.181.237.50 - - [01/Sep/2026:10:47:18 +0000] "GET /wp-content/themes/porto/js/libs/owl.carousel.min.js?ver=2.3.4 HTTP/1.1" 200 11445 "-" "panscient.com"
95.181.237.50 - - [01/Sep/2026:10:47:19 +0000] "GET /wp-content/themes/porto/js/bootstrap.js?ver=5.0.1 HTTP/1.1" 200 40539 "-" "panscient.com"
72.167.149.90 - - [01/Sep/2026:10:47:26 +0000] "GET /wp-content/uploads/2025/12/Measurable-Growth-scaled-e1766361107230.jpg HTTP/1.1" 200 79111 "-" "-"
72.167.149.90 - - [01/Sep/2026:10:47:29 +0000] "POST /wp-cron.php?doing_wp_cron=1788259648.5487370491027832031250 HTTP/1.1" 499 0 "-" "WordPress/7.1; https://uslconsultation.com/ar"
95.181.237.50 - - [01/Sep/2026:10:47:29 +0000] "GET /ar/2025/12/21/how-consulting-firms-drive-measurable-growth-for-smes/ HTTP/1.1" 200 77580 "-" "panscient.com"
72.167.149.90 - - [01/Sep/2026:10:47:35 +0000] "GET /wp-content/uploads/2025/12/Measurable-Growth-scaled-e1766361107230.jpg HTTP/1.1" 200 79111 "-" "-"
95.181.237.50 - - [01/Sep/2026:10:47:36 +0000] "GET /2025/12/21/how-consulting-firms-drive-measurable-growth-for-smes/ HTTP/1.1" 200 56869 "-" "panscient.com"
72.167.149.90 - - [01/Sep/2026:10:47:42 +0000] "GET /wp-content/uploads/2025/12/business-people-meeting-business-team-ma--scaled-e1766359954146.jpg HTTP/1.1" 200 253003 "-" "-"
27.71.77.226 - - [01/Sep/2026:10:47:42 +0000] "POST /xmlrpc.php HTTP/1.1" 200 415 "-" "Mozilla/5.0 (Linux; Android 10; arm64) AppleWebKit/537.36 (KHTML, like Gecko) Chrome/112.0.0.0 Safari/537.36"
95.181.237.50 - - [01/Sep/2026:10:47:44 +0000] "GET /ar/2025/12/21/how-to-structure-a-business-expansion-strategy-in-emerging-markets-2/ HTTP/1.1" 200 78373 "-" "panscient.com"
72.167.149.90 - - [01/Sep/2026:10:47:49 +0000] "GET /wp-content/uploads/2025/12/business-people-meeting-business-team-ma--scaled-e1766359954146.jpg HTTP/1.1" 200 253003 "-" "-"
95.181.237.50 - - [01/Sep/2026:10:47:51 +0000] "GET /2025/12/21/how-to-structure-a-business-expansion-strategy-in-emerging-markets-2/ HTTP/1.1" 200 57542 "-" "panscient.com"
95.181.237.50 - - [01/Sep/2026:10:47:55 +0000] "GET /ar/blog/page/3/ HTTP/1.1" 200 76042 "-" "panscient.com"
95.181.237.50 - - [01/Sep/2026:10:47:59 +0000] "GET /blog/page/3/ HTTP/1.1" 200 55363 "-" "panscient.com"
95.181.237.50 - - [01/Sep/2026:10:48:00 +0000] "GET /wp-content/themes/porto/js/libs/smoothscroll.min.js?ver=7.7.2 HTTP/1.1" 200 3193 "-" "panscient.com"
95.181.237.50 - - [01/Sep/2026:10:48:01 +0000] "GET /wp-content/themes/porto/js/theme.js?ver=7.7.2 HTTP/1.1" 200 27928 "-" "panscient.com"
95.181.237.50 - - [01/Sep/2026:10:48:02 +0000] "GET /wp-content/themes/porto/js/member-async.min.js?ver=7.7.2 HTTP/1.1" 200 1057 "-" "panscient.com"
95.181.237.50 - - [01/Sep/2026:10:48:03 +0000] "GET /wp-content/themes/porto/js/post-ajax-modal.min.js?ver=7.7.2 HTTP/1.1" 200 1597 "-" "panscient.com"
27.71.77.226 - - [01/Sep/2026:10:48:04 +0000] "POST /xmlrpc.php HTTP/1.1" 499 0 "-" "Mozilla/5.0 (Macintosh; Intel Mac OS X 10_15_7; x86) AppleWebKit/537.36 (KHTML, like Gecko) Safari/15.0.0.0 Safari/537.36"
72.167.149.90 - - [01/Sep/2026:10:48:05 +0000] "POST /wp-cron.php?doing_wp_cron=1788259684.4809799194335937500000 HTTP/1.1" 499 0 "-" "WordPress/7.1; https://uslconsultation.com"
72.167.149.90 - - [01/Sep/2026:10:48:09 +0000] "GET /wp-content/uploads/2021/02/services-5.jpg HTTP/1.1" 200 16234 "-" "-"
95.181.237.50 - - [01/Sep/2026:10:48:11 +0000] "GET /ar/service/digital-marketing-social-media/ HTTP/1.1" 200 76193 "-" "panscient.com"
72.167.149.90 - - [01/Sep/2026:10:48:16 +0000] "GET /wp-content/uploads/2021/02/services-5.jpg HTTP/1.1" 200 16234 "-" "-"
95.181.237.50 - - [01/Sep/2026:10:48:17 +0000] "GET /service/digital-marketing-social-media/ HTTP/1.1" 200 55622 "-" "panscient.com"
72.167.149.90 - - [01/Sep/2026:10:48:20 +0000] "GET /wp-content/uploads/2025/11/Brand-and-franchise-consulting-services-scaled-e1766398516651.jpg HTTP/1.1" 200 99487 "-" "-"
95.181.237.50 - - [01/Sep/2026:10:48:21 +0000] "GET /service/branding-rebranding/ HTTP/1.1" 200 57046 "-" "panscient.com"
72.167.149.90 - - [01/Sep/2026:10:48:25 +0000] "GET /wp-content/uploads/2021/02/services-2.jpg HTTP/1.1" 200 30833 "-" "-"
95.181.237.50 - - [01/Sep/2026:10:48:27 +0000] "GET /ar/service/strategic-planning/ HTTP/1.1" 200 76170 "-" "panscient.com"
27.71.77.226 - - [01/Sep/2026:10:48:27 +0000] "POST /xmlrpc.php HTTP/1.1" 200 415 "-" "Mozilla/5.0 (Windows NT 10.0; x86) AppleWebKit/537.36 (KHTML, like Gecko) Edge/85.0.0.0 Safari/537.36"
72.167.149.90 - - [01/Sep/2026:10:48:32 +0000] "GET /wp-content/uploads/2021/02/services-2.jpg HTTP/1.1" 200 30833 "-" "-"
95.181.237.50 - - [01/Sep/2026:10:48:33 +0000] "GET /service/strategic-planning/ HTTP/1.1" 200 55603 "-" "panscient.com"
95.181.237.50 - - [01/Sep/2026:10:48:38 +0000] "GET /ar/category/restaurant-business/ HTTP/1.1" 200 75588 "-" "panscient.com"
95.181.237.50 - - [01/Sep/2026:10:48:43 +0000] "GET /category/restaurant-business/ HTTP/1.1" 200 54902 "-" "panscient.com"
95.181.237.50 - - [01/Sep/2026:10:48:43 +0000] "GET /wp-content/plugins/revslider/public/js/libs/tptools.js?ver=6.7.39 HTTP/1.1" 200 75409 "-" "panscient.com"
95.181.237.50 - - [01/Sep/2026:10:48:45 +0000] "GET /wp-content/plugins/revslider/public/js/sr7.js?ver=6.7.39 HTTP/1.1" 200 97081 "-" "panscient.com"
27.71.77.226 - - [01/Sep/2026:10:48:50 +0000] "POST /xmlrpc.php HTTP/1.1" 200 415 "-" "Mozilla/5.0 (X11; Ubuntu; Linux x86_64; x64) AppleWebKit/537.36 (KHTML, like Gecko) Opera/71.0.0.0 Safari/537.36"
72.167.149.90 - - [01/Sep/2026:10:48:50 +0000] "GET /wp-content/uploads/2021/02/services-4.jpg HTTP/1.1" 200 35338 "-" "-"
95.181.237.50 - - [01/Sep/2026:10:48:51 +0000] "GET /ar/service/feasibility-studes-financial-planning/ HTTP/1.1" 200 76219 "-" "panscient.com"
72.167.149.90 - - [01/Sep/2026:10:48:55 +0000] "GET /wp-content/uploads/2021/02/services-4.jpg HTTP/1.1" 200 35338 "-" "-"
95.181.237.50 - - [01/Sep/2026:10:48:56 +0000] "GET /service/feasibility-studes-financial-planning/ HTTP/1.1" 200 55656 "-" "panscient.com"
72.167.149.90 - - [01/Sep/2026:10:49:02 +0000] "POST /wp-cron.php?doing_wp_cron=1788259741.5824739933013916015625 HTTP/1.1" 499 0 "-" "WordPress/7.1; https://uslconsultation.com/ar"
95.181.237.50 - - [01/Sep/2026:10:49:02 +0000] "GET /ar/blog/ HTTP/1.1" 200 76119 "-" "panscient.com"
95.181.237.50 - - [01/Sep/2026:10:49:08 +0000] "GET /blog/ HTTP/1.1" 200 55415 "-" "panscient.com"
95.181.237.50 - - [01/Sep/2026:10:49:08 +0000] "GET /wp-content/plugins/translatepress-multilingual/assets/js/trp-frontend-compatibility.js?ver=3.3.4 HTTP/1.1" 200 396 "-" "panscient.com"
27.71.77.226 - - [01/Sep/2026:10:49:11 +0000] "POST /xmlrpc.php HTTP/1.1" 200 415 "-" "Mozilla/5.0 (Windows NT 6.2; x64) AppleWebKit/537.36 (KHTML, like Gecko) Firefox/73.0.0.0 Safari/537.36"
95.181.237.50 - - [01/Sep/2026:10:49:14 +0000] "GET /ar/member_cat/sports/ HTTP/1.1" 200 77900 "-" "panscient.com"
72.167.149.90 - - [01/Sep/2026:10:49:19 +0000] "GET /wp-content/uploads/2025/12/KPIs-scaled-e1766361387995.jpg HTTP/1.1" 200 132397 "-" "-"
95.181.237.50 - - [01/Sep/2026:10:49:19 +0000] "GET /ar/2025/12/21/building-kpis-that-actually-improve-performance/ HTTP/1.1" 200 77515 "-" "panscient.com"
95.181.237.50 - - [01/Sep/2026:10:49:20 +0000] "GET /wp-content/themes/porto/js/portfolio-async.min.js?ver=7.7.2 HTTP/1.1" 200 1335 "-" "panscient.com"
95.181.237.50 - - [01/Sep/2026:10:49:21 +0000] "GET /wp-content/plugins/cookieadmin/assets/js/consent.js?ver=1.1.4 HTTP/1.1" 200 4791 "-" "panscient.com"
95.181.237.50 - - [01/Sep/2026:10:49:22 +0000] "GET /wp-content/plugins/woocommerce/assets/js/jquery-blockui/jquery.blockUI.min.js?ver=2.7.0-wc.11.0.1 HTTP/1.1" 200 3559 "-" "panscient.com"
95.181.237.50 - - [01/Sep/2026:10:49:23 +0000] "GET /wp-content/plugins/elementor/assets/js/frontend.min.js?ver=4.2.4 HTTP/1.1" 200 10504 "-" "panscient.com"
95.181.237.50 - - [01/Sep/2026:10:49:24 +0000] "GET /wp-content/plugins/elementor/assets/js/webpack.runtime.min.js?ver=4.2.4 HTTP/1.1" 200 2551 "-" "panscient.com"
95.181.237.50 - - [01/Sep/2026:10:49:26 +0000] "GET /wp-content/plugins/porto-functionality/shortcodes/assets/js/float-element.min.js?ver=3.7.2 HTTP/1.1" 200 1026 "-" "panscient.com"
95.181.237.50 - - [01/Sep/2026:10:49:27 +0000] "GET /wp-content/plugins/alpus-aprs/plugin-framework/assets/js/framework.min.js?ver=1.2.0 HTTP/1.1" 200 1291 "-" "panscient.com"
95.181.237.50 - - [01/Sep/2026:10:49:28 +0000] "GET /wp-content/plugins/alpus-aprs/assets/js/alpus-aprs-frontend.min.js?ver=2.2.0 HTTP/1.1" 200 647 "-" "panscient.com"
95.181.237.50 - - [01/Sep/2026:10:49:29 +0000] "GET /wp-content/plugins/porto-functionality/shortcodes/assets/js/porto-cursor-effect.min.js?ver=3.7.2 HTTP/1.1" 200 1733 "-" "panscient.com"
95.181.237.50 - - [01/Sep/2026:10:49:30 +0000] "GET /wp-content/plugins/woocommerce/assets/js/js-cookie/js.cookie.min.js?ver=2.1.4-wc.11.0.1 HTTP/1.1" 200 845 "-" "panscient.com"
95.181.237.50 - - [01/Sep/2026:10:49:31 +0000] "GET /wp-content/plugins/woocommerce/assets/js/sourcebuster/sourcebuster.min.js?ver=11.0.1 HTTP/1.1" 200 4830 "-" "panscient.com"
95.181.237.50 - - [01/Sep/2026:10:49:32 +0000] "GET /wp-content/plugins/woocommerce/assets/js/frontend/woocommerce.min.js?ver=11.0.1 HTTP/1.1" 200 1600 "-" "panscient.com"
27.71.77.226 - - [01/Sep/2026:10:49:32 +0000] "POST /xmlrpc.php HTTP/1.1" 200 415 "-" "Mozilla/5.0 (Linux; Android 10; x86) AppleWebKit/537.36 (KHTML, like Gecko) Firefox/93.0.0.0 Safari/537.36"
95.181.237.50 - - [01/Sep/2026:10:49:34 +0000] "GET /wp-content/plugins/elementor-pro/assets/js/frontend.min.js?ver=4.2.2 HTTP/1.1" 200 6481 "-" "panscient.com"
95.181.237.50 - - [01/Sep/2026:10:49:35 +0000] "GET /wp-content/plugins/woocommerce/assets/js/jquery-cookie/jquery.cookie.min.js?ver=1.4.1-wc.11.0.1 HTTP/1.1" 200 781 "-" "panscient.com"
95.181.237.50 - - [01/Sep/2026:10:49:36 +0000] "GET /wp-content/plugins/translatepress-multilingual/assets/js/trp-translate-dom-changes.js?ver=3.3.4 HTTP/1.1" 200 5993 "-" "panscient.com"
95.181.237.50 - - [01/Sep/2026:10:49:37 +0000] "GET /wp-content/plugins/cookieadmin-pro/assets/js/consent.js?ver=1.1.4 HTTP/1.1" 200 624 "-" "panscient.com"
95.181.237.50 - - [01/Sep/2026:10:49:38 +0000] "GET /wp-content/plugins/elementor/assets/js/frontend-modules.min.js?ver=4.2.4 HTTP/1.1" 200 16189 "-" "panscient.com"
72.167.149.90 - - [01/Sep/2026:10:49:42 +0000] "GET /wp-content/uploads/2025/11/Supply-chain-and-logistics-scaled-e1766401500298.jpg HTTP/1.1" 200 68166 "-" "-"
95.181.237.50 - - [01/Sep/2026:10:49:43 +0000] "GET /ar/service/supply-chain-and-logistics/ HTTP/1.1" 200 75677 "-" "panscient.com"
95.181.237.50 - - [01/Sep/2026:10:49:43 +0000] "GET /wp-content/plugins/elementor-pro/assets/js/elements-handlers.min.js?ver=4.2.2 HTTP/1.1" 200 10661 "-" "panscient.com"
72.167.149.90 - - [01/Sep/2026:10:49:48 +0000] "GET /wp-content/uploads/2025/11/Supply-chain-and-logistics-scaled-e1766401500298.jpg HTTP/1.1" 200 68166 "-" "-"
95.181.237.50 - - [01/Sep/2026:10:49:49 +0000] "GET /service/supply-chain-and-logistics/ HTTP/1.1" 200 55050 "-" "panscient.com"
72.167.149.90 - - [01/Sep/2026:10:49:53 +0000] "GET /wp-content/uploads/2025/11/Production-and-manufacturing-scaled-e1766401168798.jpg HTTP/1.1" 200 123891 "-" "-"
95.181.237.50 - - [01/Sep/2026:10:49:55 +0000] "GET /ar/service/production-and-manufacturing/ HTTP/1.1" 200 75600 "-" "panscient.com"
95.181.237.50 - - [01/Sep/2026:10:49:59 +0000] "GET / HTTP/1.1" 301 5 "-" "panscient.com"
27.71.77.226 - - [01/Sep/2026:10:50:00 +0000] "POST /xmlrpc.php HTTP/1.1" 200 0 "-" "Mozilla/5.0 (Windows NT 6.2; x64) AppleWebKit/537.36 (KHTML, like Gecko) Edge/88.0.0.0 Safari/537.36"
72.167.149.90 - - [01/Sep/2026:10:50:06 +0000] "POST /wp-cron.php?doing_wp_cron=1788259805.6148650646209716796875 HTTP/1.1" 499 0 "-" "WordPress/7.1; https://uslconsultation.com"
95.181.237.50 - - [01/Sep/2026:10:50:06 +0000] "GET / HTTP/1.1" 200 68947 "-" "panscient.com"
27.71.77.226 - - [01/Sep/2026:10:50:27 +0000] "POST /xmlrpc.php HTTP/1.1" 200 415 "-" "Mozilla/5.0 (Macintosh; Intel Mac OS X 10_15_7; x64) AppleWebKit/537.36 (KHTML, like Gecko) Chrome/101.0.0.0 Safari/537.36"
27.71.77.226 - - [01/Sep/2026:10:50:54 +0000] "POST /xmlrpc.php HTTP/1.1" 200 415 "-" "Mozilla/5.0 (Windows NT 6.2; arm64) AppleWebKit/537.36 (KHTML, like Gecko) Chrome/107.0.0.0 Safari/537.36"
72.167.149.90 - - [01/Sep/2026:10:51:26 +0000] "POST /wp-cron.php?doing_wp_cron=1788259885.6303029060363769531250 HTTP/1.1" 499 0 "-" "WordPress/7.1; https://uslconsultation.com"
27.71.77.226 - - [01/Sep/2026:10:51:26 +0000] "POST /xmlrpc.php HTTP/1.1" 200 415 "-" "Mozilla/5.0 (Windows NT 6.2; x86) AppleWebKit/537.36 (KHTML, like Gecko) Edge/91.0.0.0 Safari/537.36"
27.71.77.226 - - [01/Sep/2026:10:51:54 +0000] "POST /xmlrpc.php HTTP/1.1" 200 415 "-" "Mozilla/5.0 (Windows NT 6.3; x64) AppleWebKit/537.36 (KHTML, like Gecko) Edge/92.0.0.0 Safari/537.36"
72.167.149.90 - - [01/Sep/2026:10:52:22 +0000] "POST /wp-cron.php?doing_wp_cron=1788259941.5708639621734619140625 HTTP/1.1" 499 0 "-" "WordPress/7.1; https://uslconsultation.com"
27.71.77.226 - - [01/Sep/2026:10:52:22 +0000] "POST /xmlrpc.php HTTP/1.1" 200 415 "-" "Mozilla/5.0 (Linux; Android 10; x64) AppleWebKit/537.36 (KHTML, like Gecko) Edge/92.0.0.0 Safari/537.36"
180.195.201.89 - - [01/Sep/2026:10:52:26 +0000] "GET /category/uncategorized/ HTTP/1.1" 200 53867 "-" "Mozilla/5.0 (Macintosh; U; PPC Mac OS X; sv-se) AppleWebKit/417.9 (KHTML, like Gecko) Safari/417.8_Adobe"
27.71.77.226 - - [01/Sep/2026:10:52:49 +0000] "POST /xmlrpc.php HTTP/1.1" 200 415 "-" "Mozilla/5.0 (Linux; Android 10; arm64) AppleWebKit/537.36 (KHTML, like Gecko) Safari/13.0.0.0 Safari/537.36"
27.71.77.226 - - [01/Sep/2026:10:53:12 +0000] "POST /xmlrpc.php HTTP/1.1" 499 0 "-" "Mozilla/5.0 (Windows NT 6.3; x64) AppleWebKit/537.36 (KHTML, like Gecko) Safari/10.0.0.0 Safari/537.36"
72.167.149.90 - - [01/Sep/2026:10:53:12 +0000] "POST /wp-cron.php?doing_wp_cron=1788259991.3269701004028320312500 HTTP/1.1" 499 0 "-" "WordPress/7.1; https://uslconsultation.com"
27.71.77.226 - - [01/Sep/2026:10:53:36 +0000] "POST /xmlrpc.php HTTP/1.1" 200 415 "-" "Mozilla/5.0 (Macintosh; Intel Mac OS X 10_15_7; x64) AppleWebKit/537.36 (KHTML, like Gecko) Safari/13.0.0.0 Safari/537.36"
27.71.77.226 - - [01/Sep/2026:10:54:04 +0000] "POST /xmlrpc.php HTTP/1.1" 499 0 "-" "Mozilla/5.0 (Windows NT 10.0; arm64) AppleWebKit/537.36 (KHTML, like Gecko) Safari/11.0.0.0 Safari/537.36"
72.167.149.90 - - [01/Sep/2026:10:54:06 +0000] "POST /wp-cron.php?doing_wp_cron=1788260045.5789239406585693359375 HTTP/1.1" 499 0 "-" "WordPress/7.1; https://uslconsultation.com"
27.71.77.226 - - [01/Sep/2026:10:54:29 +0000] "POST /xmlrpc.php HTTP/1.1" 200 415 "-" "Mozilla/5.0 (Linux; Android 10; x64) AppleWebKit/537.36 (KHTML, like Gecko) Safari/13.0.0.0 Safari/537.36"
27.71.77.226 - - [01/Sep/2026:10:54:52 +0000] "POST /xmlrpc.php HTTP/1.1" 200 415 "-" "Mozilla/5.0 (Linux; Android 10; arm64) AppleWebKit/537.36 (KHTML, like Gecko) Opera/70.0.0.0 Safari/537.36"
27.71.77.226 - - [01/Sep/2026:10:55:16 +0000] "POST /xmlrpc.php HTTP/1.1" 499 0 "-" "Mozilla/5.0 (Windows NT 6.2; x64) AppleWebKit/537.36 (KHTML, like Gecko) Opera/61.0.0.0 Safari/537.36"
72.167.149.90 - - [01/Sep/2026:10:55:16 +0000] "POST /wp-cron.php?doing_wp_cron=1788260115.6489729881286621093750 HTTP/1.1" 499 0 "-" "WordPress/7.1; https://uslconsultation.com"
27.71.77.226 - - [01/Sep/2026:10:55:38 +0000] "POST /xmlrpc.php HTTP/1.1" 200 415 "-" "Mozilla/5.0 (Windows NT 10.0; x64) AppleWebKit/537.36 (KHTML, like Gecko) Edge/97.0.0.0 Safari/537.36"
27.71.77.226 - - [01/Sep/2026:10:55:58 +0000] "POST /xmlrpc.php HTTP/1.1" 200 415 "-" "Mozilla/5.0 (Macintosh; Intel Mac OS X 10_15_7; x86) AppleWebKit/537.36 (KHTML, like Gecko) Chrome/94.0.0.0 Safari/537.36"
27.71.77.226 - - [01/Sep/2026:10:56:20 +0000] "POST /xmlrpc.php HTTP/1.1" 499 0 "-" "Mozilla/5.0 (Windows NT 6.3; x86) AppleWebKit/537.36 (KHTML, like Gecko) Safari/12.0.0.0 Safari/537.36"
72.167.149.90 - - [01/Sep/2026:10:56:20 +0000] "POST /wp-cron.php?doing_wp_cron=1788260179.2923760414123535156250 HTTP/1.1" 499 0 "-" "WordPress/7.1; https://uslconsultation.com"
27.71.77.226 - - [01/Sep/2026:10:56:44 +0000] "POST /xmlrpc.php HTTP/1.1" 499 0 "-" "Mozilla/5.0 (Windows NT 6.2; x86) AppleWebKit/537.36 (KHTML, like Gecko) Opera/79.0.0.0 Safari/537.36"
27.71.77.226 - - [01/Sep/2026:10:57:08 +0000] "POST /xmlrpc.php HTTP/1.1" 499 0 "-" "Mozilla/5.0 (Linux; Android 10; x64) AppleWebKit/537.36 (KHTML, like Gecko) Chrome/100.0.0.0 Safari/537.36"
72.167.149.90 - - [01/Sep/2026:10:57:08 +0000] "POST /wp-cron.php?doing_wp_cron=1788260227.7339661121368408203125 HTTP/1.1" 499 0 "-" "WordPress/7.1; https://uslconsultation.com"
51.195.244.204 - - [01/Sep/2026:10:57:18 +0000] "GET /robots.txt HTTP/1.1" 200 124 "-" "Mozilla/5.0 (compatible; AhrefsBot/7.0; +http://ahrefs.com/robot/)"
142.44.233.49 - - [01/Sep/2026:10:57:26 +0000] "GET /ar/ HTTP/1.1" 200 91029 "-" "Mozilla/5.0 (compatible; AhrefsBot/7.0; +http://ahrefs.com/robot/)"
27.71.77.226 - - [01/Sep/2026:10:57:30 +0000] "POST /xmlrpc.php HTTP/1.1" 200 415 "-" "Mozilla/5.0 (Macintosh; Intel Mac OS X 10_15_7; x86) AppleWebKit/537.36 (KHTML, like Gecko) Safari/13.0.0.0 Safari/537.36"
27.71.77.226 - - [01/Sep/2026:10:57:52 +0000] "POST /xmlrpc.php HTTP/1.1" 200 415 "-" "Mozilla/5.0 (X11; Ubuntu; Linux x86_64; x86) AppleWebKit/537.36 (KHTML, like Gecko) Chrome/103.0.0.0 Safari/537.36"
72.167.149.90 - - [01/Sep/2026:10:58:13 +0000] "POST /wp-cron.php?doing_wp_cron=1788260292.5006120204925537109375 HTTP/1.1" 499 0 "-" "WordPress/7.1; https://uslconsultation.com"
27.71.77.226 - - [01/Sep/2026:10:58:13 +0000] "POST /xmlrpc.php HTTP/1.1" 200 415 "-" "Mozilla/5.0 (Windows NT 6.3; arm64) AppleWebKit/537.36 (KHTML, like Gecko) Opera/67.0.0.0 Safari/537.36"
27.71.77.226 - - [01/Sep/2026:10:58:35 +0000] "POST /xmlrpc.php HTTP/1.1" 200 415 "-" "Mozilla/5.0 (Linux; Android 10; x64) AppleWebKit/537.36 (KHTML, like Gecko) Safari/12.0.0.0 Safari/537.36"
51.161.65.107 - - [01/Sep/2026:10:58:42 +0000] "GET /wp-content/plugins/alpus-aprs/plugin-framework/assets/css/framework-rtl.min.css?ver=1.2.0 HTTP/1.1" 200 673 "-" "Mozilla/5.0 (compatible; AhrefsBot/7.0; +http://ahrefs.com/robot/)"
54.39.0.97 - - [01/Sep/2026:10:58:43 +0000] "GET /wp-content/plugins/translatepress-multilingual/assets/js/trp-translate-dom-changes.js?ver=3.3.4 HTTP/1.1" 200 5993 "-" "Mozilla/5.0 (compatible; AhrefsBot/7.0; +http://ahrefs.com/robot/)"
142.44.225.104 - - [01/Sep/2026:10:58:44 +0000] "GET /wp-content/uploads/elementor/css/post-9.css?ver=1788231141 HTTP/1.1" 200 6157 "-" "Mozilla/5.0 (compatible; AhrefsBot/7.0; +http://ahrefs.com/robot/)"
142.44.228.228 - - [01/Sep/2026:10:58:45 +0000] "GET /wp-content/uploads/porto_styles/shortcodes_rtl.css?ver=7.7.2 HTTP/1.1" 200 27184 "-" "Mozilla/5.0 (compatible; AhrefsBot/7.0; +http://ahrefs.com/robot/)"
148.113.128.64 - - [01/Sep/2026:10:58:46 +0000] "GET /wp-content/plugins/elementor/assets/css/widget-heading-rtl.min.css?ver=4.2.4 HTTP/1.1" 200 171 "-" "Mozilla/5.0 (compatible; AhrefsBot/7.0; +http://ahrefs.com/robot/)"
