17.166.152.220 - - [01/Sep/2026:03:09:59 +0000] "GET /wp-includes/js/imagesloaded.min.js?ver=5.0.0 HTTP/1.1" 200 1824 "https://uslconsultation.com/" "Mozilla/5.0 (Macintosh; Intel Mac OS X 10_15_7) AppleWebKit/605.1.15 (KHTML, like Gecko) Version/17.4 Safari/605.1.15 (Applebot/0.1; +http://www.apple.com/go/applebot)"
17.166.152.220 - - [01/Sep/2026:03:10:01 +0000] "GET /wp-content/themes/porto/js/woocommerce-theme.js?ver=7.7.2 HTTP/1.1" 200 22308 "https://uslconsultation.com/" "Mozilla/5.0 (Macintosh; Intel Mac OS X 10_15_7) AppleWebKit/605.1.15 (KHTML, like Gecko) Version/17.4 Safari/605.1.15 (Applebot/0.1; +http://www.apple.com/go/applebot)"
17.166.152.220 - - [01/Sep/2026:03:10:03 +0000] "GET /wp-content/plugins/porto-functionality/shortcodes/assets/js/float-element.min.js?ver=3.7.2 HTTP/1.1" 200 1026 "https://uslconsultation.com/" "Mozilla/5.0 (Macintosh; Intel Mac OS X 10_15_7) AppleWebKit/605.1.15 (KHTML, like Gecko) Version/17.4 Safari/605.1.15 (Applebot/0.1; +http://www.apple.com/go/applebot)"
17.166.152.220 - - [01/Sep/2026:03:10:05 +0000] "GET /wp-content/plugins/porto-functionality/shortcodes/assets/js/map-loader.min.js?ver=3.7.2 HTTP/1.1" 200 548 "https://uslconsultation.com/" "Mozilla/5.0 (Macintosh; Intel Mac OS X 10_15_7) AppleWebKit/605.1.15 (KHTML, like Gecko) Version/17.4 Safari/605.1.15 (Applebot/0.1; +http://www.apple.com/go/applebot)"
17.166.152.220 - - [01/Sep/2026:03:10:07 +0000] "GET /wp-content/plugins/elementor-pro/assets/js/frontend.min.js?ver=4.2.2 HTTP/1.1" 200 6481 "https://uslconsultation.com/" "Mozilla/5.0 (Macintosh; Intel Mac OS X 10_15_7) AppleWebKit/605.1.15 (KHTML, like Gecko) Version/17.4 Safari/605.1.15 (Applebot/0.1; +http://www.apple.com/go/applebot)"
17.166.152.220 - - [01/Sep/2026:03:10:09 +0000] "GET /wp-content/plugins/elementor-pro/assets/js/elements-handlers.min.js?ver=4.2.2 HTTP/1.1" 200 10661 "https://uslconsultation.com/" "Mozilla/5.0 (Macintosh; Intel Mac OS X 10_15_7) AppleWebKit/605.1.15 (KHTML, like Gecko) Version/17.4 Safari/605.1.15 (Applebot/0.1; +http://www.apple.com/go/applebot)"
17.166.152.220 - - [01/Sep/2026:03:10:11 +0000] "GET /wp-content/plugins/revslider/public/js/sr7.js?ver=6.7.39 HTTP/1.1" 200 97074 "https://uslconsultation.com/" "Mozilla/5.0 (Macintosh; Intel Mac OS X 10_15_7) AppleWebKit/605.1.15 (KHTML, like Gecko) Version/17.4 Safari/605.1.15 (Applebot/0.1; +http://www.apple.com/go/applebot)"
17.166.152.220 - - [01/Sep/2026:03:10:13 +0000] "GET /wp-content/themes/porto/js/libs/jquery.magnific-popup.min.js?ver=1.1.0 HTTP/1.1" 200 7382 "https://uslconsultation.com/" "Mozilla/5.0 (Macintosh; Intel Mac OS X 10_15_7) AppleWebKit/605.1.15 (KHTML, like Gecko) Version/17.4 Safari/605.1.15 (Applebot/0.1; +http://www.apple.com/go/applebot)"
17.166.152.220 - - [01/Sep/2026:03:10:14 +0000] "GET /wp-content/themes/porto/js/member-async.min.js?ver=7.7.2 HTTP/1.1" 200 1057 "https://uslconsultation.com/" "Mozilla/5.0 (Macintosh; Intel Mac OS X 10_15_7) AppleWebKit/605.1.15 (KHTML, like Gecko) Version/17.4 Safari/605.1.15 (Applebot/0.1; +http://www.apple.com/go/applebot)"
17.166.152.220 - - [01/Sep/2026:03:10:16 +0000] "GET /wp-content/themes/porto/js/libs/webfont.js HTTP/1.1" 200 5452 "https://uslconsultation.com/" "Mozilla/5.0 (Macintosh; Intel Mac OS X 10_15_7) AppleWebKit/605.1.15 (KHTML, like Gecko) Version/17.4 Safari/605.1.15 (Applebot/0.1; +http://www.apple.com/go/applebot)"
17.166.153.42 - - [01/Sep/2026:03:10:20 +0000] "GET /wp-includes/js/wp-emoji-release.min.js?ver=7.1 HTTP/1.1" 200 5498 "https://uslconsultation.com/" "Mozilla/5.0 (Macintosh; Intel Mac OS X 10_15_7) AppleWebKit/605.1.15 (KHTML, like Gecko) Version/17.4 Safari/605.1.15 (Applebot/0.1; +http://www.apple.com/go/applebot)"
17.166.153.42 - - [01/Sep/2026:03:10:22 +0000] "GET /wp-content/themes/porto/css/part/media-mobile-sidebar.css?ver=7.7.2 HTTP/1.1" 200 526 "https://uslconsultation.com/" "Mozilla/5.0 (Macintosh; Intel Mac OS X 10_15_7) AppleWebKit/605.1.15 (KHTML, like Gecko) Version/17.4 Safari/605.1.15 (Applebot/0.1; +http://www.apple.com/go/applebot)"
72.167.149.90 - - [01/Sep/2026:03:10:22 +0000] "POST /wp-cron.php?doing_wp_cron=1788232221.7357189655303955078125 HTTP/1.1" 499 0 "-" "WordPress/7.1; https://uslconsultation.com"
17.166.152.220 - - [01/Sep/2026:03:10:22 +0000] "POST /?wc-ajax=get_refreshed_fragments HTTP/1.1" 200 589 "https://uslconsultation.com/" "Mozilla/5.0 (Macintosh; Intel Mac OS X 10_15_7) AppleWebKit/605.1.15 (KHTML, like Gecko) Version/17.4 Safari/605.1.15 (Applebot/0.1; +http://www.apple.com/go/applebot)"
129.146.75.227 - - [01/Sep/2026:03:10:30 +0000] "GET /ar/wp-json/oembed/1.0/embed?url=https%3A%2F%2Fuslconsultation.com%2Far%2Fservice%2Fpreparing-companies-to-obtain-iso-certifications%2F HTTP/1.1" 200 1302 "-" "Mozilla/5.0 (X11; Linux aarch64) AppleWebKit/537.36 (KHTML, like Gecko) Chrome/139.0.0.0 Safari/537.36"
129.146.75.227 - - [01/Sep/2026:03:15:57 +0000] "GET /ar/wp-json/oembed/1.0/embed?url=https%3A%2F%2Fuslconsultation.com%2Far%2Fservice%2Fpreparing-companies-to-obtain-iso-certifications%2F HTTP/1.1" 499 0 "-" "Mozilla/5.0 (X11; Linux aarch64) AppleWebKit/537.36 (KHTML, like Gecko) Chrome/139.0.0.0 Safari/537.36"
72.167.149.90 - - [01/Sep/2026:03:15:58 +0000] "POST /wp-cron.php?doing_wp_cron=1788232557.4512879848480224609375 HTTP/1.1" 499 0 "-" "WordPress/7.1; https://uslconsultation.com/ar"
129.146.112.142 - - [01/Sep/2026:03:17:58 +0000] "GET /ar/wp-json/oembed/1.0/embed?url=https%3A%2F%2Fuslconsultation.com%2Far%2Fservice%2Fconsulting-services-in-networking-and-cybersecurity%2F HTTP/1.1" 499 0 "-" "Mozilla/5.0 (X11; Linux aarch64) AppleWebKit/537.36 (KHTML, like Gecko) Chrome/139.0.0.0 Safari/537.36"
72.167.149.90 - - [01/Sep/2026:03:17:59 +0000] "POST /wp-cron.php?doing_wp_cron=1788232678.3179910182952880859375 HTTP/1.1" 499 0 "-" "WordPress/7.1; https://uslconsultation.com/ar"
129.146.112.142 - - [01/Sep/2026:03:22:51 +0000] "GET /ar/wp-json/oembed/1.0/embed?url=https%3A%2F%2Fuslconsultation.com%2Far%2Fservice%2Fconsulting-services-in-networking-and-cybersecurity%2F HTTP/1.1" 499 0 "-" "Mozilla/5.0 (X11; Linux aarch64) AppleWebKit/537.36 (KHTML, like Gecko) Chrome/139.0.0.0 Safari/537.36"
72.167.149.90 - - [01/Sep/2026:03:22:53 +0000] "POST /wp-cron.php?doing_wp_cron=1788232972.4736120700836181640625 HTTP/1.1" 499 0 "-" "WordPress/7.1; https://uslconsultation.com/ar"
72.167.149.90 - - [01/Sep/2026:03:24:17 +0000] "POST /wp-cron.php?doing_wp_cron=1788233056.9534258842468261718750 HTTP/1.1" 499 0 "-" "WordPress/7.1; https://uslconsultation.com"
216.73.216.218 - - [01/Sep/2026:03:24:18 +0000] "GET /robots.txt HTTP/1.1" 200 124 "-" "Mozilla/5.0 AppleWebKit/537.36 (KHTML, like Gecko; compatible; ClaudeBot/1.0; +claudebot@anthropic.com)"
216.73.216.218 - - [01/Sep/2026:03:24:19 +0000] "GET /sitemaps.xml HTTP/1.1" 200 284 "-" "Mozilla/5.0 AppleWebKit/537.36 (KHTML, like Gecko; compatible; ClaudeBot/1.0; +claudebot@anthropic.com)"
175.178.110.121 - - [01/Sep/2026:03:32:42 +0000] "GET / HTTP/1.1" 200 69126 "http://www.uslconsultation.com" "Mozilla/5.0 (iPhone; CPU iPhone OS 13_2_3 like Mac OS X) AppleWebKit/605.1.15 (KHTML, like Gecko) Version/13.0.3 Mobile/15E148 Safari/604.1"
141.148.184.134 - - [01/Sep/2026:03:40:36 +0000] "GET /ar?p=3917 HTTP/1.1" 499 0 "-" "Mozilla/5.0 (X11; Linux aarch64) AppleWebKit/537.36 (KHTML, like Gecko) Chrome/139.0.0.0 Safari/537.36"
72.167.149.90 - - [01/Sep/2026:03:40:41 +0000] "POST /wp-cron.php?doing_wp_cron=1788234040.5023670196533203125000 HTTP/1.1" 499 0 "-" "WordPress/7.1; https://uslconsultation.com/ar"
72.167.149.90 - - [01/Sep/2026:03:53:16 +0000] "POST /wp-cron.php?doing_wp_cron=1788234795.9246869087219238281250 HTTP/1.1" 499 0 "-" "WordPress/7.1; https://uslconsultation.com"
52.167.144.17 - - [01/Sep/2026:03:53:17 +0000] "GET /event/nairobi-design-week/ HTTP/1.1" 404 50953 "-" "Mozilla/5.0 AppleWebKit/537.36 (KHTML, like Gecko; compatible; bingbot/2.0; +http://www.bing.com/bingbot.htm) Chrome/116.0.1938.76 Safari/537.36"
129.153.85.142 - - [01/Sep/2026:03:55:42 +0000] "GET /ar?p=5079 HTTP/1.1" 499 0 "-" "Mozilla/5.0 (X11; Linux aarch64) AppleWebKit/537.36 (KHTML, like Gecko) Chrome/139.0.0.0 Safari/537.36"
72.167.149.90 - - [01/Sep/2026:03:55:44 +0000] "POST /wp-cron.php?doing_wp_cron=1788234943.0964770317077636718750 HTTP/1.1" 499 0 "-" "WordPress/7.1; https://uslconsultation.com/ar"
72.167.149.90 - - [01/Sep/2026:03:58:26 +0000] "POST /wp-cron.php?doing_wp_cron=1788235105.6125810146331787109375 HTTP/1.1" 499 0 "-" "WordPress/7.1; https://uslconsultation.com"
54.39.203.120 - - [01/Sep/2026:03:58:26 +0000] "GET /faq/ HTTP/1.1" 200 52074 "-" "Mozilla/5.0 (compatible; AhrefsBot/7.0; +http://ahrefs.com/robot/)"
129.153.85.142 - - [01/Sep/2026:03:58:40 +0000] "GET /ar?p=5079 HTTP/1.1" 301 5 "-" "Mozilla/5.0 (X11; Linux aarch64) AppleWebKit/537.36 (KHTML, like Gecko) Chrome/139.0.0.0 Safari/537.36"
72.167.149.90 - - [01/Sep/2026:03:59:22 +0000] "POST /wp-cron.php?doing_wp_cron=1788235161.2293660640716552734375 HTTP/1.1" 499 0 "-" "WordPress/7.1; https://uslconsultation.com"
37.139.53.80 - - [01/Sep/2026:03:59:22 +0000] "GET /contact-us/ HTTP/1.0" 200 204851 "https://uslconsultation.com/contact-us/" "Mozilla/5.0 (Windows NT 10.0; Win64; x64) AppleWebKit/537.36 (KHTML, like Gecko) Chrome/129.0.0.0 Safari/537.36"
37.139.53.80 - - [01/Sep/2026:03:59:28 +0000] "POST /contact-us/ HTTP/1.0" 200 204941 "https://uslconsultation.com/contact-us/" "Mozilla/5.0 (Windows NT 10.0; Win64; x64) AppleWebKit/537.36 (KHTML, like Gecko) Chrome/129.0.0.0 Safari/537.36"
15.235.27.31 - - [01/Sep/2026:03:59:47 +0000] "GET /wp-content/themes/porto/inc/lib/infinite-scroll/infinite-scroll.min.js?ver=7.7.2 HTTP/1.1" 200 3393 "-" "Mozilla/5.0 (compatible; AhrefsBot/7.0; +http://ahrefs.com/robot/)"
129.153.85.142 - - [01/Sep/2026:04:01:37 +0000] "GET /ar/service/governance-compliance-and-risk-management/ HTTP/1.1" 499 0 "https://uslconsultation.com/ar?p=5079" "Mozilla/5.0 (X11; Linux aarch64) AppleWebKit/537.36 (KHTML, like Gecko) Chrome/139.0.0.0 Safari/537.36"
72.167.149.90 - - [01/Sep/2026:04:01:40 +0000] "GET /wp-content/uploads/2025/11/governance-compliance-and-risk-management-scaled-e1766401328194.jpg HTTP/1.1" 200 115711 "-" "-"
170.106.84.136 - - [01/Sep/2026:04:01:51 +0000] "GET / HTTP/1.1" 200 69127 "http://uslconsultation.com" "Mozilla/5.0 (iPhone; CPU iPhone OS 13_2_3 like Mac OS X) AppleWebKit/605.1.15 (KHTML, like Gecko) Version/13.0.3 Mobile/15E148 Safari/604.1"
72.167.149.90 - - [01/Sep/2026:04:19:47 +0000] "POST /wp-cron.php?doing_wp_cron=1788236386.5147390365600585937500 HTTP/1.1" 499 0 "-" "WordPress/7.1; https://uslconsultation.com/ar"
161.142.142.92 - - [01/Sep/2026:04:19:47 +0000] "GET /ar HTTP/1.1" 301 5 "-" "Mozilla/5.0 (Macintosh; Intel Mac OS X 12.7; rv:131.0) Gecko/20100101 Firefox/131.0"
161.142.142.92 - - [01/Sep/2026:04:19:55 +0000] "GET /ar/ HTTP/1.1" 200 91027 "-" "Mozilla/5.0 (Macintosh; Intel Mac OS X 12.7; rv:131.0) Gecko/20100101 Firefox/131.0"
72.167.149.90 - - [01/Sep/2026:04:25:48 +0000] "GET /wp-content/uploads/2025/12/Investors-and-Partners-scaled-e1766360878565.jpg HTTP/1.1" 200 161703 "-" "-"
72.167.149.90 - - [01/Sep/2026:04:25:50 +0000] "POST /wp-cron.php?doing_wp_cron=1788236749.6352028846740722656250 HTTP/1.1" 499 0 "-" "WordPress/7.1; https://uslconsultation.com"
57.141.14.71 - - [01/Sep/2026:04:25:50 +0000] "GET /2025/12/21/operational-due-diligence-what-investors-and-partners-really-look-for/ HTTP/1.1" 200 57568 "-" "Mozilla/5.0 (Windows NT 10.0; Win64; x64) AppleWebKit/537.36 (KHTML, like Gecko) Chrome/145.0.0.0 Safari/537.36 Edg/145.0.0.0 (compatible; meta-externalagent/1.1 (+https://developers.facebook.com/docs/sharing/webmasters/crawler))"
72.167.149.90 - - [01/Sep/2026:04:28:00 +0000] "POST /wp-cron.php?doing_wp_cron=1788236879.6737658977508544921875 HTTP/1.1" 499 0 "-" "WordPress/7.1; https://uslconsultation.com"
185.191.171.15 - - [01/Sep/2026:04:28:00 +0000] "GET /robots.txt HTTP/1.1" 200 124 "-" "Mozilla/5.0 (compatible; SemrushBot/7~bl; +http://www.semrush.com/bot.html)"
43.167.157.80 - - [01/Sep/2026:04:50:34 +0000] "GET / HTTP/1.1" 200 69124 "http://www.uslconsultation.com" "Mozilla/5.0 (iPhone; CPU iPhone OS 13_2_3 like Mac OS X) AppleWebKit/605.1.15 (KHTML, like Gecko) Version/13.0.3 Mobile/15E148 Safari/604.1"
54.39.6.237 - - [01/Sep/2026:04:54:54 +0000] "GET /service/human-resources-consulting-training-and-development/ HTTP/1.1" 404 32367 "-" "Mozilla/5.0 (compatible; AhrefsBot/7.0; +http://ahrefs.com/robot/)"
72.167.149.90 - - [01/Sep/2026:04:54:55 +0000] "POST /wp-cron.php?doing_wp_cron=1788238494.4107251167297363281250 HTTP/1.1" 499 0 "-" "WordPress/7.1; https://uslconsultation.com"
72.167.149.90 - - [01/Sep/2026:05:18:16 +0000] "POST /wp-cron.php?doing_wp_cron=1788239895.9017779827117919921875 HTTP/1.1" 499 0 "-" "WordPress/7.1; https://uslconsultation.com"
178.20.44.82 - - [01/Sep/2026:05:18:33 +0000] "GET /2025/11/05/hello-world/ HTTP/1.0" 404 184529 "https://uslconsultation.com/2025/11/05/hello-world/#comment-168" "Mozilla/5.0 (Windows NT 10.0; Win64; x64) AppleWebKit/537.36 (KHTML, like Gecko) Chrome/129.0.0.0 Safari/537.36"
72.167.149.90 - - [01/Sep/2026:05:19:02 +0000] "POST /wp-cron.php?doing_wp_cron=1788239941.0311379432678222656250 HTTP/1.1" 499 0 "-" "WordPress/7.1; https://uslconsultation.com"
178.20.44.82 - - [01/Sep/2026:05:19:18 +0000] "GET /blog/ HTTP/1.0" 200 203550 "https://uslconsultation.com/blog/" "Mozilla/5.0 (Windows NT 10.0; Win64; x64) AppleWebKit/537.36 (KHTML, like Gecko) Chrome/129.0.0.0 Safari/537.36"
178.20.44.82 - - [01/Sep/2026:05:20:09 +0000] "GET /contact-us/ HTTP/1.0" 200 204851 "https://uslconsultation.com/contact-us/" "Mozilla/5.0 (Windows NT 10.0; Win64; x64) AppleWebKit/537.36 (KHTML, like Gecko) Chrome/129.0.0.0 Safari/537.36"
72.167.149.90 - - [01/Sep/2026:05:20:45 +0000] "POST /wp-cron.php?doing_wp_cron=1788240044.3034570217132568359375 HTTP/1.1" 499 0 "-" "WordPress/7.1; https://uslconsultation.com"
178.20.44.82 - - [01/Sep/2026:05:21:05 +0000] "POST /contact-us/ HTTP/1.0" 200 204941 "https://uslconsultation.com/contact-us/" "Mozilla/5.0 (Windows NT 10.0; Win64; x64) AppleWebKit/537.36 (KHTML, like Gecko) Chrome/129.0.0.0 Safari/537.36"
72.167.149.90 - - [01/Sep/2026:05:28:01 +0000] "POST /wp-cron.php?doing_wp_cron=1788240480.4228289127349853515625 HTTP/1.1" 499 0 "-" "WordPress/7.1; https://uslconsultation.com"
216.73.216.218 - - [01/Sep/2026:05:28:01 +0000] "GET /robots.txt HTTP/1.1" 200 124 "-" "Mozilla/5.0 AppleWebKit/537.36 (KHTML, like Gecko; compatible; ClaudeBot/1.0; +claudebot@anthropic.com)"
216.73.216.218 - - [01/Sep/2026:05:28:06 +0000] "GET /sitemaps.xml HTTP/1.1" 200 284 "-" "Mozilla/5.0 AppleWebKit/537.36 (KHTML, like Gecko; compatible; ClaudeBot/1.0; +claudebot@anthropic.com)"
161.153.110.162 - - [01/Sep/2026:05:44:17 +0000] "GET /ar/wp-json/oembed/1.0/embed?url=https%3A%2F%2Fuslconsultation.com%2Far%2Fservice%2Flicensing-franchising%2F HTTP/1.1" 499 0 "-" "Mozilla/5.0 (X11; Linux aarch64) AppleWebKit/537.36 (KHTML, like Gecko) Chrome/139.0.0.0 Safari/537.36"
72.167.149.90 - - [01/Sep/2026:05:44:18 +0000] "POST /wp-cron.php?doing_wp_cron=1788241457.4811398983001708984375 HTTP/1.1" 499 0 "-" "WordPress/7.1; https://uslconsultation.com/ar"
161.153.110.162 - - [01/Sep/2026:05:47:24 +0000] "GET /ar/wp-json/oembed/1.0/embed?url=https%3A%2F%2Fuslconsultation.com%2Far%2Fservice%2Flicensing-franchising%2F HTTP/1.1" 499 0 "-" "Mozilla/5.0 (X11; Linux aarch64) AppleWebKit/537.36 (KHTML, like Gecko) Chrome/139.0.0.0 Safari/537.36"
72.167.149.90 - - [01/Sep/2026:05:47:25 +0000] "POST /wp-cron.php?doing_wp_cron=1788241644.3228600025177001953125 HTTP/1.1" 499 0 "-" "WordPress/7.1; https://uslconsultation.com/ar"
129.146.63.216 - - [01/Sep/2026:05:50:15 +0000] "GET /ar?p=289 HTTP/1.1" 499 0 "-" "Mozilla/5.0 (X11; Linux aarch64) AppleWebKit/537.36 (KHTML, like Gecko) Chrome/139.0.0.0 Safari/537.36"
72.167.149.90 - - [01/Sep/2026:05:50:17 +0000] "POST /wp-cron.php?doing_wp_cron=1788241816.6465580463409423828125 HTTP/1.1" 499 0 "-" "WordPress/7.1; https://uslconsultation.com/ar"
72.167.149.90 - - [01/Sep/2026:05:53:55 +0000] "POST /wp-cron.php?doing_wp_cron=1788242034.5544159412384033203125 HTTP/1.1" 499 0 "-" "WordPress/7.1; https://uslconsultation.com/ar"
129.146.63.216 - - [01/Sep/2026:05:53:55 +0000] "GET /ar?p=289 HTTP/1.1" 301 5 "-" "Mozilla/5.0 (X11; Linux aarch64) AppleWebKit/537.36 (KHTML, like Gecko) Chrome/139.0.0.0 Safari/537.36"
72.167.149.90 - - [01/Sep/2026:05:57:37 +0000] "GET /wp-content/uploads/2021/02/Yahya-Alhassan.png HTTP/1.1" 200 522967 "-" "-"
129.146.63.216 - - [01/Sep/2026:05:57:38 +0000] "GET /ar/member/yahya/ HTTP/1.1" 499 0 "https://uslconsultation.com/ar?p=289" "Mozilla/5.0 (X11; Linux aarch64) AppleWebKit/537.36 (KHTML, like Gecko) Chrome/139.0.0.0 Safari/537.36"
72.167.149.90 - - [01/Sep/2026:06:02:41 +0000] "POST /wp-cron.php?doing_wp_cron=1788242560.7660150527954101562500 HTTP/1.1" 499 0 "-" "WordPress/7.1; https://uslconsultation.com"
57.141.14.18 - - [01/Sep/2026:06:02:41 +0000] "GET /blog/ HTTP/1.1" 200 55416 "-" "Mozilla/5.0 (Windows NT 10.0; Win64; x64) AppleWebKit/537.36 (KHTML, like Gecko) Chrome/145.0.0.0 Safari/537.36 (compatible; meta-externalagent/1.1 (+https://developers.facebook.com/docs/sharing/webmasters/crawler))"
72.167.149.90 - - [01/Sep/2026:06:15:59 +0000] "POST /wp-cron.php?doing_wp_cron=1788243358.8307840824127197265625 HTTP/1.1" 499 0 "-" "WordPress/7.1; https://uslconsultation.com/ar"
152.70.128.43 - - [01/Sep/2026:06:15:59 +0000] "GET /ar/wp-json/oembed/1.0/embed?url=https%3A%2F%2Fuslconsultation.com%2Far%2Fservice%2Fbranding-rebranding%2F HTTP/1.1" 200 1294 "-" "Mozilla/5.0 (X11; Linux aarch64) AppleWebKit/537.36 (KHTML, like Gecko) Chrome/139.0.0.0 Safari/537.36"
72.167.149.90 - - [01/Sep/2026:06:18:37 +0000] "POST /wp-cron.php?doing_wp_cron=1788243516.6968739032745361328125 HTTP/1.1" 499 0 "-" "WordPress/7.1; https://uslconsultation.com"
185.191.171.12 - - [01/Sep/2026:06:18:37 +0000] "GET /robots.txt HTTP/1.1" 200 124 "-" "Mozilla/5.0 (compatible; SemrushBot/7~bl; +http://www.semrush.com/bot.html)"
85.208.96.197 - - [01/Sep/2026:06:18:44 +0000] "GET /ar/cases/ HTTP/1.1" 200 79494 "-" "Mozilla/5.0 (compatible; SemrushBot/7~bl; +http://www.semrush.com/bot.html)"
72.167.149.90 - - [01/Sep/2026:06:19:07 +0000] "POST /wp-cron.php?doing_wp_cron=1788243546.3879508972167968750000 HTTP/1.1" 499 0 "-" "WordPress/7.1; https://uslconsultation.com"
110.249.202.119 - - [01/Sep/2026:06:19:07 +0000] "GET /robots.txt HTTP/1.1" 200 124 "-" "Mozilla/5.0 (Linux; Android 5.0) AppleWebKit/537.36 (KHTML, like Gecko) Mobile Safari/537.36 (compatible; Bytespider; https://zhanzhang.toutiao.com/)"
152.70.128.43 - - [01/Sep/2026:06:19:12 +0000] "GET /ar/wp-json/oembed/1.0/embed?url=https%3A%2F%2Fuslconsultation.com%2Far%2Fservice%2Fbranding-rebranding%2F HTTP/1.1" 200 1294 "-" "Mozilla/5.0 (X11; Linux aarch64) AppleWebKit/537.36 (KHTML, like Gecko) Chrome/139.0.0.0 Safari/537.36"
110.249.201.171 - - [01/Sep/2026:06:19:13 +0000] "GET /robots.txt HTTP/1.1" 200 129 "-" "Mozilla/5.0 (X11; Linux x86_64) AppleWebKit/537.36 (KHTML, like Gecko) Chrome/120.0.0.0 Safari/537.36 Bytespider;https://zhanzhang.toutiao.com/"
72.167.149.90 - - [01/Sep/2026:06:22:15 +0000] "POST /wp-cron.php?doing_wp_cron=1788243734.3989260196685791015625 HTTP/1.1" 499 0 "-" "WordPress/7.1; https://uslconsultation.com"
195.2.78.191 - - [01/Sep/2026:06:22:15 +0000] "GET /2025/11/05/hello-world/ HTTP/1.0" 404 184529 "https://uslconsultation.com/2025/11/05/hello-world/#comment-168" "Mozilla/5.0 (Windows NT 10.0; Win64; x64) AppleWebKit/537.36 (KHTML, like Gecko) Chrome/130.0.0.0 Safari/537.36"
195.2.78.191 - - [01/Sep/2026:06:22:20 +0000] "GET /blog/ HTTP/1.0" 200 203550 "https://uslconsultation.com/blog/" "Mozilla/5.0 (Windows NT 10.0; Win64; x64) AppleWebKit/537.36 (KHTML, like Gecko) Chrome/130.0.0.0 Safari/537.36"
195.2.78.191 - - [01/Sep/2026:06:22:26 +0000] "GET /contact-us/ HTTP/1.0" 200 204851 "https://uslconsultation.com/contact-us/" "Mozilla/5.0 (Windows NT 10.0; Win64; x64) AppleWebKit/537.36 (KHTML, like Gecko) Chrome/130.0.0.0 Safari/537.36"
195.2.78.191 - - [01/Sep/2026:06:22:34 +0000] "POST /contact-us/ HTTP/1.0" 200 204941 "https://uslconsultation.com/contact-us/" "Mozilla/5.0 (Windows NT 10.0; Win64; x64) AppleWebKit/537.36 (KHTML, like Gecko) Chrome/130.0.0.0 Safari/537.36"
72.167.149.90 - - [01/Sep/2026:06:24:41 +0000] "POST /wp-cron.php?doing_wp_cron=1788243880.4021530151367187500000 HTTP/1.1" 499 0 "-" "WordPress/7.1; https://uslconsultation.com"
103.185.100.95 - - [01/Sep/2026:06:24:41 +0000] "POST /xmlrpc.php HTTP/1.1" 200 415 "-" "Jetpack by WordPress.com"
103.185.100.95 - - [01/Sep/2026:06:24:51 +0000] "POST /xmlrpc.php HTTP/1.1" 200 415 "-" "Jetpack by WordPress.com (Jetpack 12.5; WordPress 6.2)"
72.167.149.90 - - [01/Sep/2026:06:25:07 +0000] "POST /wp-cron.php?doing_wp_cron=1788243906.0890519618988037109375 HTTP/1.1" 499 0 "-" "WordPress/7.1; https://uslconsultation.com"
103.185.100.95 - - [01/Sep/2026:06:25:07 +0000] "POST /xmlrpc.php HTTP/1.1" 200 415 "-" "Jetpack by WordPress.com"
103.185.100.95 - - [01/Sep/2026:06:25:18 +0000] "POST /xmlrpc.php HTTP/1.1" 200 415 "-" "Jetpack/12.0; WordPress/6.3; http://site71425947.com"
103.185.100.95 - - [01/Sep/2026:06:25:30 +0000] "POST /xmlrpc.php HTTP/1.1" 200 415 "-" "Jetpack/12.1; WordPress/6.1; http://site47606885.com"
103.185.100.95 - - [01/Sep/2026:06:25:44 +0000] "POST /xmlrpc.php HTTP/1.1" 200 415 "-" "Jetpack/13.0; WordPress/6.1; http://site36098469.com"
103.185.100.95 - - [01/Sep/2026:06:25:57 +0000] "POST /xmlrpc.php HTTP/1.1" 200 415 "-" "Jetpack by WordPress.com (Jetpack 12.0; WordPress 6.1)"
72.167.149.90 - - [01/Sep/2026:06:26:11 +0000] "POST /wp-cron.php?doing_wp_cron=1788243970.0204169750213623046875 HTTP/1.1" 499 0 "-" "WordPress/7.1; https://uslconsultation.com"
103.185.100.95 - - [01/Sep/2026:06:26:11 +0000] "POST /xmlrpc.php HTTP/1.1" 200 415 "-" "Jetpack by WordPress.com (Jetpack 13.0; WordPress 6.2)"
103.185.100.95 - - [01/Sep/2026:06:26:23 +0000] "POST /xmlrpc.php HTTP/1.1" 200 415 "-" "Jetpack by WordPress.com"
103.185.100.95 - - [01/Sep/2026:06:26:37 +0000] "POST /xmlrpc.php HTTP/1.1" 200 415 "-" "Jetpack by WordPress.com"
103.185.100.95 - - [01/Sep/2026:06:26:51 +0000] "POST /xmlrpc.php HTTP/1.1" 200 415 "-" "Jetpack by WordPress.com (Jetpack 12.1; WordPress 6.4)"
72.167.149.90 - - [01/Sep/2026:06:27:06 +0000] "POST /wp-cron.php?doing_wp_cron=1788244025.1982479095458984375000 HTTP/1.1" 499 0 "-" "WordPress/7.1; https://uslconsultation.com"
103.185.100.95 - - [01/Sep/2026:06:27:06 +0000] "POST /xmlrpc.php HTTP/1.1" 200 415 "-" "Jetpack by WordPress.com"
103.185.100.95 - - [01/Sep/2026:06:27:18 +0000] "POST /xmlrpc.php HTTP/1.1" 200 415 "-" "Jetpack/12.0; WordPress/6.2; http://site74593464.com"
103.185.100.95 - - [01/Sep/2026:06:27:30 +0000] "POST /xmlrpc.php HTTP/1.1" 200 415 "-" "Jetpack/12.0; WordPress/6.3; http://site88676509.com"
103.185.100.95 - - [01/Sep/2026:06:27:43 +0000] "POST /xmlrpc.php HTTP/1.1" 200 415 "-" "Jetpack/13.0; WordPress/6.1; http://site94308697.com"
103.185.100.95 - - [01/Sep/2026:06:27:57 +0000] "POST /xmlrpc.php HTTP/1.1" 200 415 "-" "Jetpack by WordPress.com (Jetpack 12.1; WordPress 6.3)"
72.167.149.90 - - [01/Sep/2026:06:28:12 +0000] "POST /wp-cron.php?doing_wp_cron=1788244091.1812338829040527343750 HTTP/1.1" 499 0 "-" "WordPress/7.1; https://uslconsultation.com"
103.185.100.95 - - [01/Sep/2026:06:28:12 +0000] "POST /xmlrpc.php HTTP/1.1" 200 415 "-" "Jetpack/13.0; WordPress/6.2; http://site52819250.com"
103.185.100.95 - - [01/Sep/2026:06:28:23 +0000] "POST /xmlrpc.php HTTP/1.1" 200 415 "-" "Jetpack/13.0; WordPress/6.3; http://site28130230.com"
103.185.100.95 - - [01/Sep/2026:06:28:38 +0000] "POST /xmlrpc.php HTTP/1.1" 200 415 "-" "Jetpack/12.1; WordPress/6.3; http://site40811416.com"
103.185.100.95 - - [01/Sep/2026:06:28:51 +0000] "POST /xmlrpc.php HTTP/1.1" 200 415 "-" "Jetpack by WordPress.com (Jetpack 12.1; WordPress 6.1)"
72.167.149.90 - - [01/Sep/2026:06:29:05 +0000] "POST /wp-cron.php?doing_wp_cron=1788244144.8193240165710449218750 HTTP/1.1" 499 0 "-" "WordPress/7.1; https://uslconsultation.com"
103.185.100.95 - - [01/Sep/2026:06:29:05 +0000] "POST /xmlrpc.php HTTP/1.1" 200 415 "-" "Jetpack by WordPress.com"
103.185.100.95 - - [01/Sep/2026:06:29:18 +0000] "POST /xmlrpc.php HTTP/1.1" 200 415 "-" "WordPress.com; https://wordpress.com"
103.185.100.95 - - [01/Sep/2026:06:29:31 +0000] "POST /xmlrpc.php HTTP/1.1" 200 415 "-" "Jetpack by WordPress.com (Jetpack 12.0; WordPress 6.3)"
103.185.100.95 - - [01/Sep/2026:06:29:44 +0000] "POST /xmlrpc.php HTTP/1.1" 200 415 "-" "Jetpack by WordPress.com (Jetpack 12.0; WordPress 6.1)"
103.185.100.95 - - [01/Sep/2026:06:29:57 +0000] "POST /xmlrpc.php HTTP/1.1" 200 415 "-" "Jetpack/13.0; WordPress/6.1; http://site88740400.com"
72.167.149.90 - - [01/Sep/2026:06:30:13 +0000] "POST /wp-cron.php?doing_wp_cron=1788244212.2148079872131347656250 HTTP/1.1" 499 0 "-" "WordPress/7.1; https://uslconsultation.com"
103.185.100.95 - - [01/Sep/2026:06:30:13 +0000] "POST /xmlrpc.php HTTP/1.1" 200 415 "-" "Jetpack by WordPress.com (Jetpack 12.5; WordPress 6.4)"
103.185.100.95 - - [01/Sep/2026:06:30:25 +0000] "POST /xmlrpc.php HTTP/1.1" 200 415 "-" "WordPress.com; https://wordpress.com"
103.185.100.95 - - [01/Sep/2026:06:30:37 +0000] "POST /xmlrpc.php HTTP/1.1" 200 415 "-" "Jetpack/13.0; WordPress/6.2; http://site73905473.com"
103.185.100.95 - - [01/Sep/2026:06:30:51 +0000] "POST /xmlrpc.php HTTP/1.1" 200 415 "-" "Jetpack/12.1; WordPress/6.3; http://site75725307.com"
72.167.149.90 - - [01/Sep/2026:06:31:05 +0000] "POST /wp-cron.php?doing_wp_cron=1788244264.0369279384613037109375 HTTP/1.1" 499 0 "-" "WordPress/7.1; https://uslconsultation.com"
103.185.100.95 - - [01/Sep/2026:06:31:05 +0000] "POST /xmlrpc.php HTTP/1.1" 200 415 "-" "WordPress.com; https://wordpress.com"
103.185.100.95 - - [01/Sep/2026:06:31:17 +0000] "POST /xmlrpc.php HTTP/1.1" 200 415 "-" "Jetpack by WordPress.com (Jetpack 12.5; WordPress 6.1)"
103.185.100.95 - - [01/Sep/2026:06:31:31 +0000] "POST /xmlrpc.php HTTP/1.1" 200 415 "-" "WordPress.com; https://wordpress.com"
103.185.100.95 - - [01/Sep/2026:06:31:44 +0000] "POST /xmlrpc.php HTTP/1.1" 200 415 "-" "Jetpack by WordPress.com (Jetpack 13.0; WordPress 6.3)"
103.185.100.95 - - [01/Sep/2026:06:31:57 +0000] "POST /xmlrpc.php HTTP/1.1" 200 415 "-" "Jetpack by WordPress.com (Jetpack 13.0; WordPress 6.2)"
72.167.149.90 - - [01/Sep/2026:06:32:11 +0000] "POST /wp-cron.php?doing_wp_cron=1788244330.7565920352935791015625 HTTP/1.1" 499 0 "-" "WordPress/7.1; https://uslconsultation.com"
103.185.100.95 - - [01/Sep/2026:06:32:11 +0000] "POST /xmlrpc.php HTTP/1.1" 200 415 "-" "WordPress.com; https://wordpress.com"
103.185.100.95 - - [01/Sep/2026:06:32:24 +0000] "POST /xmlrpc.php HTTP/1.1" 200 415 "-" "WordPress.com; https://wordpress.com"
103.185.100.95 - - [01/Sep/2026:06:32:39 +0000] "POST /xmlrpc.php HTTP/1.1" 200 415 "-" "WordPress.com; https://wordpress.com"
103.185.100.95 - - [01/Sep/2026:06:32:51 +0000] "POST /xmlrpc.php HTTP/1.1" 200 415 "-" "Jetpack by WordPress.com"
72.167.149.90 - - [01/Sep/2026:06:33:06 +0000] "POST /wp-cron.php?doing_wp_cron=1788244385.3995299339294433593750 HTTP/1.1" 499 0 "-" "WordPress/7.1; https://uslconsultation.com"
103.185.100.95 - - [01/Sep/2026:06:33:06 +0000] "POST /xmlrpc.php HTTP/1.1" 200 415 "-" "Jetpack by WordPress.com"
103.185.100.95 - - [01/Sep/2026:06:33:17 +0000] "POST /xmlrpc.php HTTP/1.1" 200 415 "-" "WordPress.com; https://wordpress.com"
103.185.100.95 - - [01/Sep/2026:06:33:31 +0000] "POST /xmlrpc.php HTTP/1.1" 200 415 "-" "Jetpack by WordPress.com"
103.185.100.95 - - [01/Sep/2026:06:33:44 +0000] "POST /xmlrpc.php HTTP/1.1" 200 415 "-" "Jetpack/12.1; WordPress/6.1; http://site82037081.com"
103.185.100.95 - - [01/Sep/2026:06:33:57 +0000] "POST /xmlrpc.php HTTP/1.1" 200 415 "-" "WordPress.com; https://wordpress.com"
72.167.149.90 - - [01/Sep/2026:06:34:11 +0000] "POST /wp-cron.php?doing_wp_cron=1788244450.8008260726928710937500 HTTP/1.1" 499 0 "-" "WordPress/7.1; https://uslconsultation.com"
103.185.100.95 - - [01/Sep/2026:06:34:11 +0000] "POST /xmlrpc.php HTTP/1.1" 200 415 "-" "Jetpack by WordPress.com"
103.185.100.95 - - [01/Sep/2026:06:34:24 +0000] "POST /xmlrpc.php HTTP/1.1" 200 415 "-" "WordPress.com; https://wordpress.com"
103.185.100.95 - - [01/Sep/2026:06:34:37 +0000] "POST /xmlrpc.php HTTP/1.1" 200 415 "-" "Jetpack by WordPress.com"
103.185.100.95 - - [01/Sep/2026:06:34:51 +0000] "POST /xmlrpc.php HTTP/1.1" 200 415 "-" "Jetpack by WordPress.com (Jetpack 13.0; WordPress 6.2)"
72.167.149.90 - - [01/Sep/2026:06:35:07 +0000] "POST /wp-cron.php?doing_wp_cron=1788244506.0412869453430175781250 HTTP/1.1" 499 0 "-" "WordPress/7.1; https://uslconsultation.com"
103.185.100.95 - - [01/Sep/2026:06:35:07 +0000] "POST /xmlrpc.php HTTP/1.1" 200 415 "-" "Jetpack by WordPress.com (Jetpack 12.0; WordPress 6.4)"
155.94.246.71 - - [01/Sep/2026:06:35:17 +0000] "GET / HTTP/1.1" 200 319749 "-" "Embarcadero URI Client/1.0"
103.185.100.95 - - [01/Sep/2026:06:35:20 +0000] "POST /xmlrpc.php HTTP/1.1" 200 415 "-" "Jetpack by WordPress.com (Jetpack 12.0; WordPress 6.1)"
103.185.100.95 - - [01/Sep/2026:06:35:32 +0000] "POST /xmlrpc.php HTTP/1.1" 200 415 "-" "Jetpack by WordPress.com (Jetpack 12.1; WordPress 6.1)"
103.185.100.95 - - [01/Sep/2026:06:35:44 +0000] "POST /xmlrpc.php HTTP/1.1" 200 415 "-" "Jetpack by WordPress.com"
103.185.100.95 - - [01/Sep/2026:06:35:58 +0000] "POST /xmlrpc.php HTTP/1.1" 200 415 "-" "WordPress.com; https://wordpress.com"
72.167.149.90 - - [01/Sep/2026:06:36:11 +0000] "POST /wp-cron.php?doing_wp_cron=1788244570.8515539169311523437500 HTTP/1.1" 499 0 "-" "WordPress/7.1; https://uslconsultation.com"
103.185.100.95 - - [01/Sep/2026:06:36:11 +0000] "POST /xmlrpc.php HTTP/1.1" 200 415 "-" "Jetpack/12.0; WordPress/6.1; http://site28215442.com"
103.185.100.95 - - [01/Sep/2026:06:36:24 +0000] "POST /xmlrpc.php HTTP/1.1" 200 415 "-" "Jetpack by WordPress.com (Jetpack 12.5; WordPress 6.2)"
103.185.100.95 - - [01/Sep/2026:06:36:38 +0000] "POST /xmlrpc.php HTTP/1.1" 200 415 "-" "Jetpack by WordPress.com (Jetpack 12.0; WordPress 6.2)"
103.185.100.95 - - [01/Sep/2026:06:36:51 +0000] "POST /xmlrpc.php HTTP/1.1" 200 415 "-" "WordPress.com; https://wordpress.com"
72.167.149.90 - - [01/Sep/2026:06:37:04 +0000] "POST /wp-cron.php?doing_wp_cron=1788244623.4198069572448730468750 HTTP/1.1" 499 0 "-" "WordPress/7.1; https://uslconsultation.com"
103.185.100.95 - - [01/Sep/2026:06:37:04 +0000] "POST /xmlrpc.php HTTP/1.1" 200 415 "-" "Jetpack by WordPress.com (Jetpack 12.5; WordPress 6.3)"
103.185.100.95 - - [01/Sep/2026:06:37:13 +0000] "POST /xmlrpc.php HTTP/1.1" 200 415 "-" "Jetpack by WordPress.com"
103.185.100.95 - - [01/Sep/2026:06:37:25 +0000] "POST /xmlrpc.php HTTP/1.1" 200 415 "-" "Jetpack by WordPress.com (Jetpack 13.0; WordPress 6.4)"
103.185.100.95 - - [01/Sep/2026:06:37:35 +0000] "POST /xmlrpc.php HTTP/1.1" 200 415 "-" "Jetpack/12.0; WordPress/6.1; http://site23666747.com"
103.185.100.95 - - [01/Sep/2026:06:37:45 +0000] "POST /xmlrpc.php HTTP/1.1" 200 415 "-" "Jetpack by WordPress.com (Jetpack 12.5; WordPress 6.3)"
103.185.100.95 - - [01/Sep/2026:06:37:56 +0000] "POST /xmlrpc.php HTTP/1.1" 200 415 "-" "Jetpack by WordPress.com (Jetpack 12.0; WordPress 6.3)"
72.167.149.90 - - [01/Sep/2026:06:38:07 +0000] "POST /wp-cron.php?doing_wp_cron=1788244686.3800139427185058593750 HTTP/1.1" 499 0 "-" "WordPress/7.1; https://uslconsultation.com"
103.185.100.95 - - [01/Sep/2026:06:38:07 +0000] "POST /xmlrpc.php HTTP/1.1" 200 415 "-" "Jetpack by WordPress.com (Jetpack 12.0; WordPress 6.4)"
103.185.100.95 - - [01/Sep/2026:06:38:16 +0000] "POST /xmlrpc.php HTTP/1.1" 200 415 "-" "Jetpack/12.1; WordPress/6.2; http://site90090383.com"
103.185.100.95 - - [01/Sep/2026:06:38:27 +0000] "POST /xmlrpc.php HTTP/1.1" 200 415 "-" "Jetpack by WordPress.com (Jetpack 12.1; WordPress 6.4)"
103.185.100.95 - - [01/Sep/2026:06:38:39 +0000] "POST /xmlrpc.php HTTP/1.1" 200 415 "-" "WordPress.com; https://wordpress.com"
103.185.100.95 - - [01/Sep/2026:06:38:49 +0000] "POST /xmlrpc.php HTTP/1.1" 200 415 "-" "WordPress.com; https://wordpress.com"
103.185.100.95 - - [01/Sep/2026:06:39:00 +0000] "POST /xmlrpc.php HTTP/1.1" 200 415 "-" "Jetpack/12.5; WordPress/6.2; http://site16460534.com"
72.167.149.90 - - [01/Sep/2026:06:39:12 +0000] "POST /wp-cron.php?doing_wp_cron=1788244751.3706469535827636718750 HTTP/1.1" 499 0 "-" "WordPress/7.1; https://uslconsultation.com"
103.185.100.95 - - [01/Sep/2026:06:39:12 +0000] "POST /xmlrpc.php HTTP/1.1" 200 415 "-" "Jetpack by WordPress.com (Jetpack 12.5; WordPress 6.2)"
103.185.100.95 - - [01/Sep/2026:06:39:23 +0000] "POST /xmlrpc.php HTTP/1.1" 200 415 "-" "WordPress.com; https://wordpress.com"
103.185.100.95 - - [01/Sep/2026:06:39:33 +0000] "POST /xmlrpc.php HTTP/1.1" 200 415 "-" "WordPress.com; https://wordpress.com"
103.185.100.95 - - [01/Sep/2026:06:39:43 +0000] "POST /xmlrpc.php HTTP/1.1" 200 415 "-" "Jetpack/12.1; WordPress/6.2; http://site40913825.com"
103.185.100.95 - - [01/Sep/2026:06:39:53 +0000] "POST /xmlrpc.php HTTP/1.1" 200 415 "-" "Jetpack by WordPress.com"
72.167.149.90 - - [01/Sep/2026:06:40:06 +0000] "POST /wp-cron.php?doing_wp_cron=1788244805.4023249149322509765625 HTTP/1.1" 499 0 "-" "WordPress/7.1; https://uslconsultation.com"
103.185.100.95 - - [01/Sep/2026:06:40:06 +0000] "POST /xmlrpc.php HTTP/1.1" 200 415 "-" "Jetpack/12.1; WordPress/6.2; http://site46483897.com"
103.185.100.95 - - [01/Sep/2026:06:40:15 +0000] "POST /xmlrpc.php HTTP/1.1" 200 415 "-" "Jetpack/12.5; WordPress/6.4; http://site53278424.com"
103.185.100.95 - - [01/Sep/2026:06:40:26 +0000] "POST /xmlrpc.php HTTP/1.1" 200 415 "-" "Jetpack by WordPress.com (Jetpack 12.0; WordPress 6.3)"
103.185.100.95 - - [01/Sep/2026:06:40:36 +0000] "POST /xmlrpc.php HTTP/1.1" 200 415 "-" "Jetpack/12.5; WordPress/6.2; http://site51801283.com"
103.185.100.95 - - [01/Sep/2026:06:40:46 +0000] "POST /xmlrpc.php HTTP/1.1" 200 415 "-" "Jetpack by WordPress.com"
103.185.100.95 - - [01/Sep/2026:06:40:58 +0000] "POST /xmlrpc.php HTTP/1.1" 200 415 "-" "Jetpack by WordPress.com (Jetpack 13.0; WordPress 6.2)"
72.167.149.90 - - [01/Sep/2026:06:41:10 +0000] "POST /wp-cron.php?doing_wp_cron=1788244869.4209549427032470703125 HTTP/1.1" 499 0 "-" "WordPress/7.1; https://uslconsultation.com"
103.185.100.95 - - [01/Sep/2026:06:41:10 +0000] "POST /xmlrpc.php HTTP/1.1" 200 415 "-" "Jetpack by WordPress.com"
103.185.100.95 - - [01/Sep/2026:06:41:19 +0000] "POST /xmlrpc.php HTTP/1.1" 200 415 "-" "WordPress.com; https://wordpress.com"
103.185.100.95 - - [01/Sep/2026:06:41:29 +0000] "POST /xmlrpc.php HTTP/1.1" 200 415 "-" "Jetpack by WordPress.com"
103.185.100.95 - - [01/Sep/2026:06:41:40 +0000] "POST /xmlrpc.php HTTP/1.1" 200 415 "-" "Jetpack by WordPress.com"
103.185.100.95 - - [01/Sep/2026:06:41:50 +0000] "POST /xmlrpc.php HTTP/1.1" 200 415 "-" "Jetpack by WordPress.com (Jetpack 12.1; WordPress 6.2)"
72.167.149.90 - - [01/Sep/2026:06:42:02 +0000] "POST /wp-cron.php?doing_wp_cron=1788244921.3880779743194580078125 HTTP/1.1" 499 0 "-" "WordPress/7.1; https://uslconsultation.com"
103.185.100.95 - - [01/Sep/2026:06:42:02 +0000] "POST /xmlrpc.php HTTP/1.1" 200 415 "-" "Jetpack by WordPress.com"
103.185.100.95 - - [01/Sep/2026:06:42:11 +0000] "POST /xmlrpc.php HTTP/1.1" 200 415 "-" "Jetpack/13.0; WordPress/6.2; http://site62575900.com"
103.185.100.95 - - [01/Sep/2026:06:42:22 +0000] "POST /xmlrpc.php HTTP/1.1" 200 415 "-" "Jetpack by WordPress.com"
103.185.100.95 - - [01/Sep/2026:06:42:34 +0000] "POST /xmlrpc.php HTTP/1.1" 200 415 "-" "WordPress.com; https://wordpress.com"
103.185.100.95 - - [01/Sep/2026:06:42:43 +0000] "POST /xmlrpc.php HTTP/1.1" 200 415 "-" "Jetpack by WordPress.com"
103.185.100.95 - - [01/Sep/2026:06:42:54 +0000] "POST /xmlrpc.php HTTP/1.1" 200 415 "-" "Jetpack by WordPress.com (Jetpack 12.5; WordPress 6.3)"
72.167.149.90 - - [01/Sep/2026:06:43:06 +0000] "POST /wp-cron.php?doing_wp_cron=1788244985.6158978939056396484375 HTTP/1.1" 499 0 "-" "WordPress/7.1; https://uslconsultation.com"
103.185.100.95 - - [01/Sep/2026:06:43:06 +0000] "POST /xmlrpc.php HTTP/1.1" 200 415 "-" "Jetpack/13.0; WordPress/6.1; http://site27550615.com"
103.185.100.95 - - [01/Sep/2026:06:43:17 +0000] "POST /xmlrpc.php HTTP/1.1" 200 415 "-" "WordPress.com; https://wordpress.com"
103.185.100.95 - - [01/Sep/2026:06:43:26 +0000] "POST /xmlrpc.php HTTP/1.1" 200 415 "-" "Jetpack/12.1; WordPress/6.2; http://site13463776.com"
103.185.100.95 - - [01/Sep/2026:06:43:37 +0000] "POST /xmlrpc.php HTTP/1.1" 200 415 "-" "Jetpack by WordPress.com (Jetpack 12.5; WordPress 6.1)"
103.185.100.95 - - [01/Sep/2026:06:43:48 +0000] "POST /xmlrpc.php HTTP/1.1" 200 415 "-" "WordPress.com; https://wordpress.com"
103.185.100.95 - - [01/Sep/2026:06:43:58 +0000] "POST /xmlrpc.php HTTP/1.1" 200 415 "-" "Jetpack by WordPress.com"
72.167.149.90 - - [01/Sep/2026:06:44:10 +0000] "POST /wp-cron.php?doing_wp_cron=1788245049.0387840270996093750000 HTTP/1.1" 499 0 "-" "WordPress/7.1; https://uslconsultation.com"
103.185.100.95 - - [01/Sep/2026:06:44:10 +0000] "POST /xmlrpc.php HTTP/1.1" 200 415 "-" "Jetpack/12.1; WordPress/6.3; http://site98263569.com"
103.185.100.95 - - [01/Sep/2026:06:44:20 +0000] "POST /xmlrpc.php HTTP/1.1" 200 415 "-" "WordPress.com; https://wordpress.com"
103.185.100.95 - - [01/Sep/2026:06:44:30 +0000] "POST /xmlrpc.php HTTP/1.1" 200 415 "-" "WordPress.com; https://wordpress.com"
103.185.100.95 - - [01/Sep/2026:06:44:41 +0000] "POST /xmlrpc.php HTTP/1.1" 200 415 "-" "Jetpack/12.1; WordPress/6.4; http://site69627229.com"
103.185.100.95 - - [01/Sep/2026:06:44:51 +0000] "POST /xmlrpc.php HTTP/1.1" 200 415 "-" "Jetpack/12.0; WordPress/6.4; http://site10847353.com"
72.167.149.90 - - [01/Sep/2026:06:45:06 +0000] "POST /wp-cron.php?doing_wp_cron=1788245105.5097858905792236328125 HTTP/1.1" 499 0 "-" "WordPress/7.1; https://uslconsultation.com"
103.185.100.95 - - [01/Sep/2026:06:45:06 +0000] "POST /xmlrpc.php HTTP/1.1" 200 415 "-" "Jetpack/12.1; WordPress/6.2; http://site18835262.com"
103.185.100.95 - - [01/Sep/2026:06:45:14 +0000] "POST /xmlrpc.php HTTP/1.1" 200 415 "-" "Jetpack by WordPress.com (Jetpack 12.0; WordPress 6.1)"
103.185.100.95 - - [01/Sep/2026:06:45:25 +0000] "POST /xmlrpc.php HTTP/1.1" 200 415 "-" "Jetpack by WordPress.com"
103.185.100.95 - - [01/Sep/2026:06:45:34 +0000] "POST /xmlrpc.php HTTP/1.1" 200 415 "-" "Jetpack by WordPress.com (Jetpack 12.5; WordPress 6.2)"
103.185.100.95 - - [01/Sep/2026:06:45:45 +0000] "POST /xmlrpc.php HTTP/1.1" 200 415 "-" "Jetpack by WordPress.com (Jetpack 13.0; WordPress 6.4)"
103.185.100.95 - - [01/Sep/2026:06:45:56 +0000] "POST /xmlrpc.php HTTP/1.1" 200 415 "-" "Jetpack by WordPress.com (Jetpack 12.5; WordPress 6.4)"
72.167.149.90 - - [01/Sep/2026:06:46:08 +0000] "POST /wp-cron.php?doing_wp_cron=1788245167.3451430797576904296875 HTTP/1.1" 499 0 "-" "WordPress/7.1; https://uslconsultation.com"
103.185.100.95 - - [01/Sep/2026:06:46:08 +0000] "POST /xmlrpc.php HTTP/1.1" 200 415 "-" "Jetpack by WordPress.com"
103.185.100.95 - - [01/Sep/2026:06:46:17 +0000] "POST /xmlrpc.php HTTP/1.1" 200 415 "-" "Jetpack by WordPress.com (Jetpack 12.5; WordPress 6.4)"
103.185.100.95 - - [01/Sep/2026:06:46:27 +0000] "POST /xmlrpc.php HTTP/1.1" 200 415 "-" "WordPress.com; https://wordpress.com"
103.185.100.95 - - [01/Sep/2026:06:46:38 +0000] "POST /xmlrpc.php HTTP/1.1" 200 415 "-" "WordPress.com; https://wordpress.com"
103.185.100.95 - - [01/Sep/2026:06:46:48 +0000] "POST /xmlrpc.php HTTP/1.1" 200 415 "-" "Jetpack/12.0; WordPress/6.1; http://site73573023.com"
103.185.100.95 - - [01/Sep/2026:06:46:59 +0000] "POST /xmlrpc.php HTTP/1.1" 200 415 "-" "Jetpack by WordPress.com"
72.167.149.90 - - [01/Sep/2026:06:47:12 +0000] "POST /wp-cron.php?doing_wp_cron=1788245231.6818830966949462890625 HTTP/1.1" 499 0 "-" "WordPress/7.1; https://uslconsultation.com"
103.185.100.95 - - [01/Sep/2026:06:47:12 +0000] "POST /xmlrpc.php HTTP/1.1" 200 415 "-" "Jetpack by WordPress.com"
103.185.100.95 - - [01/Sep/2026:06:47:20 +0000] "POST /xmlrpc.php HTTP/1.1" 200 415 "-" "Jetpack/12.1; WordPress/6.2; http://site84327693.com"
72.167.149.90 - - [01/Sep/2026:06:47:32 +0000] "POST /wp-cron.php?doing_wp_cron=1788245251.7616350650787353515625 HTTP/1.1" 499 0 "-" "WordPress/7.1; https://uslconsultation.com"
103.185.100.95 - - [01/Sep/2026:06:47:32 +0000] "POST /xmlrpc.php HTTP/1.1" 200 415 "-" "Jetpack/13.0; WordPress/6.3; http://site24739694.com"
103.185.100.95 - - [01/Sep/2026:06:47:44 +0000] "POST /xmlrpc.php HTTP/1.1" 200 415 "-" "Jetpack by WordPress.com"
103.185.100.95 - - [01/Sep/2026:06:47:53 +0000] "POST /xmlrpc.php HTTP/1.1" 200 415 "-" "Jetpack by WordPress.com"
72.167.149.90 - - [01/Sep/2026:06:48:04 +0000] "POST /wp-cron.php?doing_wp_cron=1788245283.6009650230407714843750 HTTP/1.1" 499 0 "-" "WordPress/7.1; https://uslconsultation.com"
103.185.100.95 - - [01/Sep/2026:06:48:04 +0000] "POST /xmlrpc.php HTTP/1.1" 200 415 "-" "Jetpack by WordPress.com"
103.185.100.95 - - [01/Sep/2026:06:48:15 +0000] "POST /xmlrpc.php HTTP/1.1" 200 415 "-" "Jetpack by WordPress.com"
103.185.100.95 - - [01/Sep/2026:06:48:24 +0000] "POST /xmlrpc.php HTTP/1.1" 200 415 "-" "WordPress.com; https://wordpress.com"
103.185.100.95 - - [01/Sep/2026:06:48:36 +0000] "POST /xmlrpc.php HTTP/1.1" 200 415 "-" "WordPress.com; https://wordpress.com"
103.185.100.95 - - [01/Sep/2026:06:48:46 +0000] "POST /xmlrpc.php HTTP/1.1" 200 415 "-" "WordPress.com; https://wordpress.com"
103.185.100.95 - - [01/Sep/2026:06:48:56 +0000] "POST /xmlrpc.php HTTP/1.1" 200 415 "-" "WordPress.com; https://wordpress.com"
72.167.149.90 - - [01/Sep/2026:06:49:09 +0000] "POST /wp-cron.php?doing_wp_cron=1788245348.3853080272674560546875 HTTP/1.1" 499 0 "-" "WordPress/7.1; https://uslconsultation.com"
103.185.100.95 - - [01/Sep/2026:06:49:09 +0000] "POST /xmlrpc.php HTTP/1.1" 200 415 "-" "Jetpack/13.0; WordPress/6.2; http://site28072977.com"
103.185.100.95 - - [01/Sep/2026:06:49:18 +0000] "POST /xmlrpc.php HTTP/1.1" 200 415 "-" "Jetpack by WordPress.com (Jetpack 13.0; WordPress 6.4)"
103.185.100.95 - - [01/Sep/2026:06:49:29 +0000] "POST /xmlrpc.php HTTP/1.1" 200 415 "-" "Jetpack/12.0; WordPress/6.4; http://site21935065.com"
103.185.100.95 - - [01/Sep/2026:06:49:40 +0000] "POST /xmlrpc.php HTTP/1.1" 200 415 "-" "Jetpack by WordPress.com (Jetpack 12.1; WordPress 6.4)"
103.185.100.95 - - [01/Sep/2026:06:49:49 +0000] "POST /xmlrpc.php HTTP/1.1" 200 415 "-" "Jetpack by WordPress.com"
137.131.40.169 - - [01/Sep/2026:06:49:55 +0000] "GET /?p=3917 HTTP/1.1" 301 5 "-" "Mozilla/5.0 (X11; Linux aarch64) AppleWebKit/537.36 (KHTML, like Gecko) Chrome/139.0.0.0 Safari/537.36"
103.185.100.95 - - [01/Sep/2026:06:50:00 +0000] "POST /xmlrpc.php HTTP/1.1" 200 415 "-" "Jetpack by WordPress.com"
72.167.149.90 - - [01/Sep/2026:06:50:13 +0000] "POST /wp-cron.php?doing_wp_cron=1788245412.2950420379638671875000 HTTP/1.1" 499 0 "-" "WordPress/7.1; https://uslconsultation.com"
103.185.100.95 - - [01/Sep/2026:06:50:13 +0000] "POST /xmlrpc.php HTTP/1.1" 200 415 "-" "Jetpack/12.0; WordPress/6.1; http://site77995415.com"
103.185.100.95 - - [01/Sep/2026:06:50:23 +0000] "POST /xmlrpc.php HTTP/1.1" 200 415 "-" "Jetpack by WordPress.com"
103.185.100.95 - - [01/Sep/2026:06:50:34 +0000] "POST /xmlrpc.php HTTP/1.1" 200 415 "-" "Jetpack by WordPress.com"
103.185.100.95 - - [01/Sep/2026:06:50:43 +0000] "POST /xmlrpc.php HTTP/1.1" 200 415 "-" "Jetpack by WordPress.com"
103.185.100.95 - - [01/Sep/2026:06:50:54 +0000] "POST /xmlrpc.php HTTP/1.1" 200 415 "-" "Jetpack/12.0; WordPress/6.3; http://site29866500.com"
72.167.149.90 - - [01/Sep/2026:06:51:07 +0000] "POST /wp-cron.php?doing_wp_cron=1788245466.1019349098205566406250 HTTP/1.1" 499 0 "-" "WordPress/7.1; https://uslconsultation.com"
103.185.100.95 - - [01/Sep/2026:06:51:07 +0000] "POST /xmlrpc.php HTTP/1.1" 200 415 "-" "Jetpack/13.0; WordPress/6.1; http://site32459365.com"
103.185.100.95 - - [01/Sep/2026:06:51:15 +0000] "POST /xmlrpc.php HTTP/1.1" 200 415 "-" "Jetpack/12.1; WordPress/6.3; http://site43704433.com"
103.185.100.95 - - [01/Sep/2026:06:51:27 +0000] "POST /xmlrpc.php HTTP/1.1" 200 415 "-" "Jetpack/12.5; WordPress/6.3; http://site60799487.com"
103.185.100.95 - - [01/Sep/2026:06:51:37 +0000] "POST /xmlrpc.php HTTP/1.1" 200 415 "-" "Jetpack by WordPress.com"
103.185.100.95 - - [01/Sep/2026:06:51:48 +0000] "POST /xmlrpc.php HTTP/1.1" 200 415 "-" "Jetpack by WordPress.com"
103.185.100.95 - - [01/Sep/2026:06:51:58 +0000] "POST /xmlrpc.php HTTP/1.1" 200 415 "-" "Jetpack/12.1; WordPress/6.3; http://site83864912.com"
72.167.149.90 - - [01/Sep/2026:06:52:10 +0000] "POST /wp-cron.php?doing_wp_cron=1788245529.4839711189270019531250 HTTP/1.1" 499 0 "-" "WordPress/7.1; https://uslconsultation.com"
103.185.100.95 - - [01/Sep/2026:06:52:10 +0000] "POST /xmlrpc.php HTTP/1.1" 200 415 "-" "WordPress.com; https://wordpress.com"
103.185.100.95 - - [01/Sep/2026:06:52:20 +0000] "POST /xmlrpc.php HTTP/1.1" 200 415 "-" "Jetpack/12.0; WordPress/6.2; http://site61328349.com"
103.185.100.95 - - [01/Sep/2026:06:52:30 +0000] "POST /xmlrpc.php HTTP/1.1" 200 415 "-" "Jetpack by WordPress.com (Jetpack 12.5; WordPress 6.3)"
103.185.100.95 - - [01/Sep/2026:06:52:40 +0000] "POST /xmlrpc.php HTTP/1.1" 200 415 "-" "Jetpack/12.0; WordPress/6.1; http://site66382689.com"
103.185.100.95 - - [01/Sep/2026:06:52:51 +0000] "POST /xmlrpc.php HTTP/1.1" 200 415 "-" "Jetpack by WordPress.com (Jetpack 12.1; WordPress 6.4)"
72.167.149.90 - - [01/Sep/2026:06:52:57 +0000] "GET /wp-content/uploads/2021/02/services-2.jpg HTTP/1.1" 200 30833 "-" "-"
137.131.40.169 - - [01/Sep/2026:06:52:57 +0000] "GET /service/strategic-planning/ HTTP/1.1" 200 55603 "https://uslconsultation.com/?p=3917" "Mozilla/5.0 (X11; Linux aarch64) AppleWebKit/537.36 (KHTML, like Gecko) Chrome/139.0.0.0 Safari/537.36"
72.167.149.90 - - [01/Sep/2026:06:53:04 +0000] "POST /wp-cron.php?doing_wp_cron=1788245583.7375528812408447265625 HTTP/1.1" 499 0 "-" "WordPress/7.1; https://uslconsultation.com"
103.185.100.95 - - [01/Sep/2026:06:53:04 +0000] "POST /xmlrpc.php HTTP/1.1" 200 415 "-" "Jetpack by WordPress.com (Jetpack 12.5; WordPress 6.2)"
103.185.100.95 - - [01/Sep/2026:06:53:14 +0000] "POST /xmlrpc.php HTTP/1.1" 200 415 "-" "Jetpack by WordPress.com"
103.185.100.95 - - [01/Sep/2026:06:53:25 +0000] "POST /xmlrpc.php HTTP/1.1" 200 415 "-" "Jetpack by WordPress.com"
103.185.100.95 - - [01/Sep/2026:06:53:34 +0000] "POST /xmlrpc.php HTTP/1.1" 200 415 "-" "Jetpack by WordPress.com (Jetpack 12.1; WordPress 6.1)"
54.39.203.1 - - [01/Sep/2026:06:55:31 +0000] "GET /dividers/ HTTP/1.1" 404 32367 "-" "Mozilla/5.0 (compatible; AhrefsBot/7.0; +http://ahrefs.com/robot/)"
72.167.149.90 - - [01/Sep/2026:06:55:32 +0000] "POST /wp-cron.php?doing_wp_cron=1788245731.2328560352325439453125 HTTP/1.1" 499 0 "-" "WordPress/7.1; https://uslconsultation.com"
72.167.149.90 - - [01/Sep/2026:06:57:26 +0000] "POST /wp-cron.php?doing_wp_cron=1788245845.1591279506683349609375 HTTP/1.1" 499 0 "-" "WordPress/7.1; https://uslconsultation.com"
139.144.199.92 - - [01/Sep/2026:06:57:26 +0000] "GET / HTTP/1.1" 200 68946 "-" "Mozilla/5.0 (Windows NT 10.0; Win64; x64) AppleWebKit/537.36 (KHTML, like Gecko) Chrome/120.0.0.0 Safari/537.36"
72.167.149.90 - - [01/Sep/2026:07:21:53 +0000] "POST /wp-cron.php?doing_wp_cron=1788247312.0079801082611083984375 HTTP/1.1" 499 0 "-" "WordPress/7.1; https://uslconsultation.com"
216.73.216.218 - - [01/Sep/2026:07:21:53 +0000] "GET /robots.txt HTTP/1.1" 200 124 "-" "Mozilla/5.0 AppleWebKit/537.36 (KHTML, like Gecko; compatible; ClaudeBot/1.0; +claudebot@anthropic.com)"
216.73.216.218 - - [01/Sep/2026:07:21:54 +0000] "GET /sitemaps.xml HTTP/1.1" 200 284 "-" "Mozilla/5.0 AppleWebKit/537.36 (KHTML, like Gecko; compatible; ClaudeBot/1.0; +claudebot@anthropic.com)"
72.167.149.90 - - [01/Sep/2026:07:45:28 +0000] "POST /wp-cron.php?doing_wp_cron=1788248727.9482190608978271484375 HTTP/1.1" 499 0 "-" "WordPress/7.1; https://uslconsultation.com"
160.153.252.100 - - [01/Sep/2026:07:45:29 +0000] "GET / HTTP/1.1" 301 5 "-" "Mozilla/5.0 (Windows NT 10.0; Win64; x64) AppleWebKit/537.36 (KHTML, like Gecko) Chrome/151.0.0.0 Safari/537.36, Mozilla/5.0 (Windows NT 10.0; Win64; x64) AppleWebKit/537.36 (KHTML, like Gecko) Chrome/151.0.0.0 Safari/537.36"
160.153.252.100 - - [01/Sep/2026:07:45:37 +0000] "GET / HTTP/1.1" 200 68943 "-" "Mozilla/5.0 (Windows NT 10.0; Win64; x64) AppleWebKit/537.36 (KHTML, like Gecko) Chrome/151.0.0.0 Safari/537.36, Mozilla/5.0 (Windows NT 10.0; Win64; x64) AppleWebKit/537.36 (KHTML, like Gecko) Chrome/151.0.0.0 Safari/537.36"
187.124.146.172 - - [01/Sep/2026:07:47:41 +0000] "GET /wp-json/wp/v2/users?per_page=100&_fields=slug,locale HTTP/1.1" 200 50 "-" "Mozilla/5.0 (Windows NT 10.0; Win64; x64) AppleWebKit/537.36 (KHTML, like Gecko) Chrome/151.0.0.0 Safari/537.36, Mozilla/5.0 (Windows NT 10.0; Win64; x64) AppleWebKit/537.36 (KHTML, like Gecko) Chrome/151.0.0.0 Safari/537.36"
204.48.27.220 - - [01/Sep/2026:07:47:46 +0000] "GET / HTTP/1.1" 200 68942 "-" "Mozilla/5.0 (X11; Linux x86_64) AppleWebKit/537.36 (KHTML, like Gecko) Chrome/142.0.0.0 Safari/537.36"
72.167.149.90 - - [01/Sep/2026:08:18:41 +0000] "POST /wp-cron.php?doing_wp_cron=1788250720.6484088897705078125000 HTTP/1.1" 499 0 "-" "WordPress/7.1; https://uslconsultation.com"
98.88.137.2 - - [01/Sep/2026:08:18:41 +0000] "GET / HTTP/1.1" 301 5 "-" "RecordedFuture Global Inventory Crawler"
98.84.1.175 - - [01/Sep/2026:08:18:58 +0000] "GET / HTTP/1.1" 200 68944 "https://72.167.149.90:443" "RecordedFuture Global Inventory Crawler"
72.167.149.90 - - [01/Sep/2026:08:34:31 +0000] "POST /wp-cron.php?doing_wp_cron=1788251670.2328670024871826171875 HTTP/1.1" 499 0 "-" "WordPress/7.1; https://uslconsultation.com"
