159.196.13.154 - - [31/Aug/2026:22:10:54 +0000] "POST /xmlrpc.php HTTP/1.1" 200 415 "-" "Mozilla/5.0 (Windows NT 6.3; x64) AppleWebKit/537.36 (KHTML, like Gecko) Firefox/74.0.0.0 Safari/537.36"
159.196.13.154 - - [31/Aug/2026:22:11:24 +0000] "POST /xmlrpc.php HTTP/1.1" 499 0 "-" "Mozilla/5.0 (Windows NT 10.0; x64) AppleWebKit/537.36 (KHTML, like Gecko) Opera/66.0.0.0 Safari/537.36"
72.167.149.90 - - [31/Aug/2026:22:11:25 +0000] "POST /wp-cron.php?doing_wp_cron=1788214284.7989308834075927734375 HTTP/1.1" 499 0 "-" "WordPress/7.1; https://uslconsultation.com"
159.196.13.154 - - [31/Aug/2026:22:11:56 +0000] "POST /xmlrpc.php HTTP/1.1" 499 0 "-" "Mozilla/5.0 (Windows NT 6.3; x64) AppleWebKit/537.36 (KHTML, like Gecko) Opera/79.0.0.0 Safari/537.36"
72.167.149.90 - - [31/Aug/2026:22:12:28 +0000] "POST /wp-cron.php?doing_wp_cron=1788214347.7116870880126953125000 HTTP/1.1" 499 0 "-" "WordPress/7.1; https://uslconsultation.com"
159.196.13.154 - - [31/Aug/2026:22:12:28 +0000] "POST /xmlrpc.php HTTP/1.1" 200 415 "-" "Mozilla/5.0 (Windows NT 10.0; x86) AppleWebKit/537.36 (KHTML, like Gecko) Chrome/108.0.0.0 Safari/537.36"
72.167.149.90 - - [31/Aug/2026:22:13:04 +0000] "POST /wp-cron.php?doing_wp_cron=1788214383.5956780910491943359375 HTTP/1.1" 499 0 "-" "WordPress/7.1; https://uslconsultation.com"
159.196.13.154 - - [31/Aug/2026:22:13:04 +0000] "POST /xmlrpc.php HTTP/1.1" 200 415 "-" "Mozilla/5.0 (Linux; Android 10; x86) AppleWebKit/537.36 (KHTML, like Gecko) Opera/70.0.0.0 Safari/537.36"
72.167.149.90 - - [31/Aug/2026:22:13:19 +0000] "GET /wp-content/uploads/2025/12/frustrated-business-people-and-laptop-with-stress-scaled-e1766360245100.jpg HTTP/1.1" 200 119657 "-" "-"
43.161.234.148 - - [31/Aug/2026:22:13:21 +0000] "GET /ar/2025/12/21/common-mistakes-companies-make-before-scaling-internationally/ HTTP/1.1" 200 77891 "-" "Mozilla/5.0 (iPhone; CPU iPhone OS 13_2_3 like Mac OS X) AppleWebKit/605.1.15 (KHTML, like Gecko) Version/13.0.3 Mobile/15E148 Safari/604.1"
159.196.13.154 - - [31/Aug/2026:22:13:36 +0000] "POST /xmlrpc.php HTTP/1.1" 200 415 "-" "Mozilla/5.0 (Windows NT 6.3; arm64) AppleWebKit/537.36 (KHTML, like Gecko) Firefox/90.0.0.0 Safari/537.36"
72.167.149.90 - - [31/Aug/2026:22:14:11 +0000] "POST /wp-cron.php?doing_wp_cron=1788214450.6154100894927978515625 HTTP/1.1" 499 0 "-" "WordPress/7.1; https://uslconsultation.com"
159.196.13.154 - - [31/Aug/2026:22:14:11 +0000] "POST /xmlrpc.php HTTP/1.1" 200 415 "-" "Mozilla/5.0 (X11; Ubuntu; Linux x86_64; x64) AppleWebKit/537.36 (KHTML, like Gecko) Safari/15.0.0.0 Safari/537.36"
159.196.13.154 - - [31/Aug/2026:22:14:43 +0000] "POST /xmlrpc.php HTTP/1.1" 200 415 "-" "Mozilla/5.0 (Linux; Android 10; arm64) AppleWebKit/537.36 (KHTML, like Gecko) Firefox/89.0.0.0 Safari/537.36"
72.167.149.90 - - [31/Aug/2026:22:15:20 +0000] "POST /wp-cron.php?doing_wp_cron=1788214519.1298170089721679687500 HTTP/1.1" 499 0 "-" "WordPress/7.1; https://uslconsultation.com"
159.196.13.154 - - [31/Aug/2026:22:15:20 +0000] "POST /xmlrpc.php HTTP/1.1" 200 415 "-" "Mozilla/5.0 (Linux; Android 10; arm64) AppleWebKit/537.36 (KHTML, like Gecko) Firefox/76.0.0.0 Safari/537.36"
159.196.13.154 - - [31/Aug/2026:22:15:51 +0000] "POST /xmlrpc.php HTTP/1.1" 200 415 "-" "Mozilla/5.0 (Windows NT 6.2; x86) AppleWebKit/537.36 (KHTML, like Gecko) Firefox/82.0.0.0 Safari/537.36"
72.167.149.90 - - [31/Aug/2026:22:16:23 +0000] "POST /wp-cron.php?doing_wp_cron=1788214582.9079220294952392578125 HTTP/1.1" 499 0 "-" "WordPress/7.1; https://uslconsultation.com"
159.196.13.154 - - [31/Aug/2026:22:16:23 +0000] "POST /xmlrpc.php HTTP/1.1" 200 415 "-" "Mozilla/5.0 (X11; Ubuntu; Linux x86_64; arm64) AppleWebKit/537.36 (KHTML, like Gecko) Edge/88.0.0.0 Safari/537.36"
159.196.13.154 - - [31/Aug/2026:22:16:57 +0000] "POST /xmlrpc.php HTTP/1.1" 200 415 "-" "Mozilla/5.0 (Windows NT 6.2; arm64) AppleWebKit/537.36 (KHTML, like Gecko) Chrome/95.0.0.0 Safari/537.36"
72.167.149.90 - - [31/Aug/2026:22:17:26 +0000] "POST /wp-cron.php?doing_wp_cron=1788214645.7467460632324218750000 HTTP/1.1" 499 0 "-" "WordPress/7.1; https://uslconsultation.com"
159.196.13.154 - - [31/Aug/2026:22:17:26 +0000] "POST /xmlrpc.php HTTP/1.1" 200 415 "-" "Mozilla/5.0 (X11; Ubuntu; Linux x86_64; x64) AppleWebKit/537.36 (KHTML, like Gecko) Safari/10.0.0.0 Safari/537.36"
159.196.13.154 - - [31/Aug/2026:22:17:57 +0000] "POST /xmlrpc.php HTTP/1.1" 200 415 "-" "Mozilla/5.0 (Windows NT 10.0; arm64) AppleWebKit/537.36 (KHTML, like Gecko) Edge/84.0.0.0 Safari/537.36"
72.167.149.90 - - [31/Aug/2026:22:18:26 +0000] "POST /wp-cron.php?doing_wp_cron=1788214705.6190629005432128906250 HTTP/1.1" 499 0 "-" "WordPress/7.1; https://uslconsultation.com"
159.196.13.154 - - [31/Aug/2026:22:18:26 +0000] "POST /xmlrpc.php HTTP/1.1" 200 415 "-" "Mozilla/5.0 (Windows NT 6.2; x86) AppleWebKit/537.36 (KHTML, like Gecko) Opera/67.0.0.0 Safari/537.36"
83.217.213.120 - - [31/Aug/2026:22:18:41 +0000] "GET /blog/ HTTP/1.0" 200 203550 "https://uslconsultation.com/blog/" "Mozilla/5.0 (Windows NT 10.0; Win64; x64) AppleWebKit/537.36 (KHTML, like Gecko) Chrome/131.0.0.0 Safari/537.36 Avast/131.0.0.0"
83.217.213.120 - - [31/Aug/2026:22:18:44 +0000] "GET /contact-us/ HTTP/1.0" 200 204851 "https://uslconsultation.com/contact-us/" "Mozilla/5.0 (Windows NT 10.0; Win64; x64) AppleWebKit/537.36 (KHTML, like Gecko) Chrome/131.0.0.0 Safari/537.36 Avast/131.0.0.0"
83.217.213.120 - - [31/Aug/2026:22:18:50 +0000] "POST /contact-us/ HTTP/1.0" 200 204941 "https://uslconsultation.com/contact-us/" "Mozilla/5.0 (Windows NT 10.0; Win64; x64) AppleWebKit/537.36 (KHTML, like Gecko) Chrome/131.0.0.0 Safari/537.36 Avast/131.0.0.0"
159.196.13.154 - - [31/Aug/2026:22:18:57 +0000] "POST /xmlrpc.php HTTP/1.1" 200 415 "-" "Mozilla/5.0 (Windows NT 10.0; arm64) AppleWebKit/537.36 (KHTML, like Gecko) Opera/77.0.0.0 Safari/537.36"
72.167.149.90 - - [31/Aug/2026:22:19:26 +0000] "POST /wp-cron.php?doing_wp_cron=1788214765.7902441024780273437500 HTTP/1.1" 499 0 "-" "WordPress/7.1; https://uslconsultation.com"
159.196.13.154 - - [31/Aug/2026:22:19:26 +0000] "POST /xmlrpc.php HTTP/1.1" 200 415 "-" "Mozilla/5.0 (Macintosh; Intel Mac OS X 10_15_7; arm64) AppleWebKit/537.36 (KHTML, like Gecko) Firefox/74.0.0.0 Safari/537.36"
72.167.149.90 - - [31/Aug/2026:22:20:03 +0000] "POST /wp-cron.php?doing_wp_cron=1788214802.5281701087951660156250 HTTP/1.1" 499 0 "-" "WordPress/7.1; https://uslconsultation.com"
159.196.13.154 - - [31/Aug/2026:22:20:03 +0000] "POST /xmlrpc.php HTTP/1.1" 200 415 "-" "Mozilla/5.0 (X11; Ubuntu; Linux x86_64; x64) AppleWebKit/537.36 (KHTML, like Gecko) Edge/87.0.0.0 Safari/537.36"
159.196.13.154 - - [31/Aug/2026:22:20:35 +0000] "POST /xmlrpc.php HTTP/1.1" 200 415 "-" "Mozilla/5.0 (Windows NT 6.2; x64) AppleWebKit/537.36 (KHTML, like Gecko) Edge/85.0.0.0 Safari/537.36"
159.196.13.154 - - [31/Aug/2026:22:21:08 +0000] "POST /xmlrpc.php HTTP/1.1" 499 0 "-" "Mozilla/5.0 (Windows NT 6.2; x86) AppleWebKit/537.36 (KHTML, like Gecko) Firefox/71.0.0.0 Safari/537.36"
72.167.149.90 - - [31/Aug/2026:22:21:09 +0000] "POST /wp-cron.php?doing_wp_cron=1788214868.4395060539245605468750 HTTP/1.1" 499 0 "-" "WordPress/7.1; https://uslconsultation.com"
159.196.13.154 - - [31/Aug/2026:22:21:39 +0000] "POST /xmlrpc.php HTTP/1.1" 200 415 "-" "Mozilla/5.0 (Windows NT 6.2; arm64) AppleWebKit/537.36 (KHTML, like Gecko) Edge/91.0.0.0 Safari/537.36"
159.196.13.154 - - [31/Aug/2026:22:22:12 +0000] "POST /xmlrpc.php HTTP/1.1" 499 0 "-" "Mozilla/5.0 (Windows NT 10.0; x64) AppleWebKit/537.36 (KHTML, like Gecko) Chrome/102.0.0.0 Safari/537.36"
72.167.149.90 - - [31/Aug/2026:22:22:14 +0000] "POST /wp-cron.php?doing_wp_cron=1788214932.9991769790649414062500 HTTP/1.1" 499 0 "-" "WordPress/7.1; https://uslconsultation.com"
159.196.13.154 - - [31/Aug/2026:22:22:43 +0000] "POST /xmlrpc.php HTTP/1.1" 200 415 "-" "Mozilla/5.0 (Windows NT 6.3; x86) AppleWebKit/537.36 (KHTML, like Gecko) Edge/80.0.0.0 Safari/537.36"
159.196.13.154 - - [31/Aug/2026:22:23:16 +0000] "POST /xmlrpc.php HTTP/1.1" 499 0 "-" "Mozilla/5.0 (Windows NT 10.0; arm64) AppleWebKit/537.36 (KHTML, like Gecko) Chrome/84.0.0.0 Safari/537.36"
72.167.149.90 - - [31/Aug/2026:22:23:16 +0000] "POST /wp-cron.php?doing_wp_cron=1788214995.8817350864410400390625 HTTP/1.1" 499 0 "-" "WordPress/7.1; https://uslconsultation.com"
159.196.13.154 - - [31/Aug/2026:22:23:46 +0000] "POST /xmlrpc.php HTTP/1.1" 200 415 "-" "Mozilla/5.0 (Windows NT 10.0; arm64) AppleWebKit/537.36 (KHTML, like Gecko) Firefox/95.0.0.0 Safari/537.36"
72.167.149.90 - - [31/Aug/2026:22:24:06 +0000] "POST /wp-cron.php?doing_wp_cron=1788215045.4685399532318115234375 HTTP/1.1" 499 0 "-" "WordPress/7.1; https://uslconsultation.com"
43.130.34.74 - - [31/Aug/2026:22:24:06 +0000] "GET /?post_type=member&p=5645 HTTP/1.1" 301 5 "-" "Mozilla/5.0 (iPhone; CPU iPhone OS 13_2_3 like Mac OS X) AppleWebKit/605.1.15 (KHTML, like Gecko) Version/13.0.3 Mobile/15E148 Safari/604.1"
72.167.149.90 - - [31/Aug/2026:22:24:11 +0000] "GET /wp-content/uploads/2021/02/Omar-new-photo-3-e1766587268315.jpg HTTP/1.1" 200 37571 "-" "-"
43.130.34.74 - - [31/Aug/2026:22:24:12 +0000] "GET /member/oliver-kayal/ HTTP/1.1" 200 54471 "https://uslconsultation.com/?post_type=member&p=5645" "Mozilla/5.0 (iPhone; CPU iPhone OS 13_2_3 like Mac OS X) AppleWebKit/605.1.15 (KHTML, like Gecko) Version/13.0.3 Mobile/15E148 Safari/604.1"
159.196.13.154 - - [31/Aug/2026:22:24:20 +0000] "POST /xmlrpc.php HTTP/1.1" 200 0 "-" "Mozilla/5.0 (Windows NT 10.0; x64) AppleWebKit/537.36 (KHTML, like Gecko) Edge/96.0.0.0 Safari/537.36"
159.196.13.154 - - [31/Aug/2026:22:24:49 +0000] "POST /xmlrpc.php HTTP/1.1" 200 415 "-" "Mozilla/5.0 (Windows NT 6.2; x64) AppleWebKit/537.36 (KHTML, like Gecko) Safari/12.0.0.0 Safari/537.36"
72.167.149.90 - - [31/Aug/2026:22:25:22 +0000] "POST /wp-cron.php?doing_wp_cron=1788215121.3934869766235351562500 HTTP/1.1" 499 0 "-" "WordPress/7.1; https://uslconsultation.com"
159.196.13.154 - - [31/Aug/2026:22:25:22 +0000] "POST /xmlrpc.php HTTP/1.1" 200 415 "-" "Mozilla/5.0 (Windows NT 10.0; x86) AppleWebKit/537.36 (KHTML, like Gecko) Chrome/109.0.0.0 Safari/537.36"
159.196.13.154 - - [31/Aug/2026:22:25:53 +0000] "POST /xmlrpc.php HTTP/1.1" 200 415 "-" "Mozilla/5.0 (X11; Ubuntu; Linux x86_64; x64) AppleWebKit/537.36 (KHTML, like Gecko) Firefox/78.0.0.0 Safari/537.36"
72.167.149.90 - - [31/Aug/2026:22:26:22 +0000] "POST /wp-cron.php?doing_wp_cron=1788215181.5290150642395019531250 HTTP/1.1" 499 0 "-" "WordPress/7.1; https://uslconsultation.com"
159.196.13.154 - - [31/Aug/2026:22:26:22 +0000] "POST /xmlrpc.php HTTP/1.1" 200 415 "-" "Mozilla/5.0 (Macintosh; Intel Mac OS X 10_15_7; x86) AppleWebKit/537.36 (KHTML, like Gecko) Chrome/102.0.0.0 Safari/537.36"
159.196.13.154 - - [31/Aug/2026:22:26:54 +0000] "POST /xmlrpc.php HTTP/1.1" 200 415 "-" "Mozilla/5.0 (X11; Ubuntu; Linux x86_64; arm64) AppleWebKit/537.36 (KHTML, like Gecko) Chrome/96.0.0.0 Safari/537.36"
72.167.149.90 - - [31/Aug/2026:22:27:08 +0000] "POST /wp-cron.php?doing_wp_cron=1788215227.5517709255218505859375 HTTP/1.1" 499 0 "-" "WordPress/7.1; https://uslconsultation.com/ar"
141.148.173.105 - - [31/Aug/2026:22:27:08 +0000] "GET /ar/blog HTTP/1.1" 301 5 "-" "Mozilla/5.0 (X11; Linux aarch64) AppleWebKit/537.36 (KHTML, like Gecko) Chrome/139.0.0.0 Safari/537.36"
141.148.173.105 - - [31/Aug/2026:22:27:13 +0000] "GET /ar/blog HTTP/1.1" 301 5 "-" "Mozilla/5.0 (X11; Linux aarch64) AppleWebKit/537.36 (KHTML, like Gecko) Chrome/139.0.0.0 Safari/537.36"
141.148.173.105 - - [31/Aug/2026:22:27:17 +0000] "GET /ar/blog/ HTTP/1.1" 499 0 "https://uslconsultation.com/ar/blog" "Mozilla/5.0 (X11; Linux aarch64) AppleWebKit/537.36 (KHTML, like Gecko) Chrome/139.0.0.0 Safari/537.36"
159.196.13.154 - - [31/Aug/2026:22:27:28 +0000] "POST /xmlrpc.php HTTP/1.1" 200 415 "-" "Mozilla/5.0 (Macintosh; Intel Mac OS X 10_15_7; x64) AppleWebKit/537.36 (KHTML, like Gecko) Opera/60.0.0.0 Safari/537.36"
72.167.149.90 - - [31/Aug/2026:22:28:04 +0000] "POST /wp-cron.php?doing_wp_cron=1788215283.2979168891906738281250 HTTP/1.1" 499 0 "-" "WordPress/7.1; https://uslconsultation.com"
159.196.13.154 - - [31/Aug/2026:22:28:04 +0000] "POST /xmlrpc.php HTTP/1.1" 200 415 "-" "Mozilla/5.0 (Linux; Android 10; x86) AppleWebKit/537.36 (KHTML, like Gecko) Opera/61.0.0.0 Safari/537.36"
159.196.13.154 - - [31/Aug/2026:22:28:42 +0000] "POST /xmlrpc.php HTTP/1.1" 200 415 "-" "Mozilla/5.0 (Linux; Android 10; x64) AppleWebKit/537.36 (KHTML, like Gecko) Opera/61.0.0.0 Safari/537.36"
72.167.149.90 - - [31/Aug/2026:22:29:15 +0000] "POST /wp-cron.php?doing_wp_cron=1788215354.9478199481964111328125 HTTP/1.1" 499 0 "-" "WordPress/7.1; https://uslconsultation.com"
159.196.13.154 - - [31/Aug/2026:22:29:16 +0000] "POST /xmlrpc.php HTTP/1.1" 200 415 "-" "Mozilla/5.0 (Windows NT 6.3; arm64) AppleWebKit/537.36 (KHTML, like Gecko) Opera/70.0.0.0 Safari/537.36"
159.196.13.154 - - [31/Aug/2026:22:29:47 +0000] "POST /xmlrpc.php HTTP/1.1" 200 415 "-" "Mozilla/5.0 (Macintosh; Intel Mac OS X 10_15_7; arm64) AppleWebKit/537.36 (KHTML, like Gecko) Opera/62.0.0.0 Safari/537.36"
72.167.149.90 - - [31/Aug/2026:22:30:22 +0000] "POST /wp-cron.php?doing_wp_cron=1788215421.4783499240875244140625 HTTP/1.1" 499 0 "-" "WordPress/7.1; https://uslconsultation.com"
159.196.13.154 - - [31/Aug/2026:22:30:22 +0000] "POST /xmlrpc.php HTTP/1.1" 200 415 "-" "Mozilla/5.0 (Windows NT 6.2; arm64) AppleWebKit/537.36 (KHTML, like Gecko) Chrome/94.0.0.0 Safari/537.36"
159.196.13.154 - - [31/Aug/2026:22:30:53 +0000] "POST /xmlrpc.php HTTP/1.1" 200 415 "-" "Mozilla/5.0 (Linux; Android 10; arm64) AppleWebKit/537.36 (KHTML, like Gecko) Opera/64.0.0.0 Safari/537.36"
159.196.13.154 - - [31/Aug/2026:22:31:24 +0000] "POST /xmlrpc.php HTTP/1.1" 499 0 "-" "Mozilla/5.0 (Windows NT 6.2; x64) AppleWebKit/537.36 (KHTML, like Gecko) Chrome/89.0.0.0 Safari/537.36"
72.167.149.90 - - [31/Aug/2026:22:31:25 +0000] "POST /wp-cron.php?doing_wp_cron=1788215484.4678549766540527343750 HTTP/1.1" 499 0 "-" "WordPress/7.1; https://uslconsultation.com"
159.196.13.154 - - [31/Aug/2026:22:31:55 +0000] "POST /xmlrpc.php HTTP/1.1" 200 415 "-" "Mozilla/5.0 (Windows NT 10.0; x86) AppleWebKit/537.36 (KHTML, like Gecko) Opera/62.0.0.0 Safari/537.36"
72.167.149.90 - - [31/Aug/2026:22:32:26 +0000] "POST /wp-cron.php?doing_wp_cron=1788215545.7339560985565185546875 HTTP/1.1" 499 0 "-" "WordPress/7.1; https://uslconsultation.com"
159.196.13.154 - - [31/Aug/2026:22:32:26 +0000] "POST /xmlrpc.php HTTP/1.1" 200 415 "-" "Mozilla/5.0 (Linux; Android 10; arm64) AppleWebKit/537.36 (KHTML, like Gecko) Opera/66.0.0.0 Safari/537.36"
159.196.13.154 - - [31/Aug/2026:22:32:59 +0000] "POST /xmlrpc.php HTTP/1.1" 200 415 "-" "Mozilla/5.0 (Windows NT 10.0; x86) AppleWebKit/537.36 (KHTML, like Gecko) Opera/71.0.0.0 Safari/537.36"
159.196.13.154 - - [31/Aug/2026:22:33:31 +0000] "POST /xmlrpc.php HTTP/1.1" 200 415 "-" "Mozilla/5.0 (X11; Ubuntu; Linux x86_64; arm64) AppleWebKit/537.36 (KHTML, like Gecko) Opera/63.0.0.0 Safari/537.36"
72.167.149.90 - - [31/Aug/2026:22:33:31 +0000] "POST /wp-cron.php?doing_wp_cron=1788215610.9147710800170898437500 HTTP/1.1" 499 0 "-" "WordPress/7.1; https://uslconsultation.com/ar"
150.109.46.88 - - [31/Aug/2026:22:33:32 +0000] "GET /ar/wp-json/oembed/1.0/embed?url=https%3A%2F%2Fuslconsultation.com%2Far%2Fportfolio%2Fgolden-2%2F&format=xml HTTP/1.1" 200 1212 "-" "Mozilla/5.0 (iPhone; CPU iPhone OS 13_2_3 like Mac OS X) AppleWebKit/605.1.15 (KHTML, like Gecko) Version/13.0.3 Mobile/15E148 Safari/604.1"
72.167.149.90 - - [31/Aug/2026:22:34:04 +0000] "POST /wp-cron.php?doing_wp_cron=1788215643.4511389732360839843750 HTTP/1.1" 499 0 "-" "WordPress/7.1; https://uslconsultation.com"
159.196.13.154 - - [31/Aug/2026:22:34:04 +0000] "POST /xmlrpc.php HTTP/1.1" 200 415 "-" "Mozilla/5.0 (Windows NT 6.3; x86) AppleWebKit/537.36 (KHTML, like Gecko) Firefox/79.0.0.0 Safari/537.36"
159.196.13.154 - - [31/Aug/2026:22:34:37 +0000] "POST /xmlrpc.php HTTP/1.1" 200 415 "-" "Mozilla/5.0 (Linux; Android 10; x64) AppleWebKit/537.36 (KHTML, like Gecko) Firefox/81.0.0.0 Safari/537.36"
72.167.149.90 - - [31/Aug/2026:22:35:11 +0000] "POST /wp-cron.php?doing_wp_cron=1788215710.3075149059295654296875 HTTP/1.1" 499 0 "-" "WordPress/7.1; https://uslconsultation.com"
159.196.13.154 - - [31/Aug/2026:22:35:11 +0000] "POST /xmlrpc.php HTTP/1.1" 200 415 "-" "Mozilla/5.0 (Windows NT 6.2; arm64) AppleWebKit/537.36 (KHTML, like Gecko) Chrome/86.0.0.0 Safari/537.36"
159.196.13.154 - - [31/Aug/2026:22:35:40 +0000] "POST /xmlrpc.php HTTP/1.1" 200 415 "-" "Mozilla/5.0 (Windows NT 6.3; x64) AppleWebKit/537.36 (KHTML, like Gecko) Safari/11.0.0.0 Safari/537.36"
72.167.149.90 - - [31/Aug/2026:22:36:14 +0000] "POST /wp-cron.php?doing_wp_cron=1788215773.8063669204711914062500 HTTP/1.1" 499 0 "-" "WordPress/7.1; https://uslconsultation.com"
159.196.13.154 - - [31/Aug/2026:22:36:14 +0000] "POST /xmlrpc.php HTTP/1.1" 200 415 "-" "Mozilla/5.0 (Windows NT 6.3; arm64) AppleWebKit/537.36 (KHTML, like Gecko) Opera/74.0.0.0 Safari/537.36"
159.196.13.154 - - [31/Aug/2026:22:36:49 +0000] "POST /xmlrpc.php HTTP/1.1" 200 415 "-" "Mozilla/5.0 (Windows NT 6.2; x64) AppleWebKit/537.36 (KHTML, like Gecko) Opera/66.0.0.0 Safari/537.36"
72.167.149.90 - - [31/Aug/2026:22:37:18 +0000] "POST /wp-cron.php?doing_wp_cron=1788215837.8601160049438476562500 HTTP/1.1" 499 0 "-" "WordPress/7.1; https://uslconsultation.com"
159.196.13.154 - - [31/Aug/2026:22:37:18 +0000] "POST /xmlrpc.php HTTP/1.1" 200 415 "-" "Mozilla/5.0 (Linux; Android 10; arm64) AppleWebKit/537.36 (KHTML, like Gecko) Edge/81.0.0.0 Safari/537.36"
159.196.13.154 - - [31/Aug/2026:22:37:51 +0000] "POST /xmlrpc.php HTTP/1.1" 200 415 "-" "Mozilla/5.0 (Linux; Android 10; arm64) AppleWebKit/537.36 (KHTML, like Gecko) Edge/83.0.0.0 Safari/537.36"
72.167.149.90 - - [31/Aug/2026:22:57:47 +0000] "POST /wp-cron.php?doing_wp_cron=1788217066.3793089389801025390625 HTTP/1.1" 499 0 "-" "WordPress/7.1; https://uslconsultation.com"
52.167.144.221 - - [31/Aug/2026:22:57:47 +0000] "GET /category-sitemap1.xml HTTP/1.1" 200 337 "-" "Mozilla/5.0 AppleWebKit/537.36 (KHTML, like Gecko; compatible; bingbot/2.0; +http://www.bing.com/bingbot.htm) Chrome/116.0.1938.76 Safari/537.36"
109.207.47.111 - - [31/Aug/2026:23:00:50 +0000] "GET / HTTP/1.1" 499 0 "-" "Mozilla/5.0 (compatible; PisarBot/1.0)"
43.157.95.131 - - [31/Aug/2026:23:02:10 +0000] "GET / HTTP/1.1" 200 69088 "http://uslconsultation.com" "Mozilla/5.0 (iPhone; CPU iPhone OS 13_2_3 like Mac OS X) AppleWebKit/605.1.15 (KHTML, like Gecko) Version/13.0.3 Mobile/15E148 Safari/604.1"
132.226.108.41 - - [31/Aug/2026:23:03:38 +0000] "GET /ar/wp-json/oembed/1.0/embed?url=https%3A%2F%2Fuslconsultation.com%2Far%2Fmember%2Fliam-yasin%2F HTTP/1.1" 499 0 "-" "Mozilla/5.0 (X11; Linux aarch64) AppleWebKit/537.36 (KHTML, like Gecko) Chrome/139.0.0.0 Safari/537.36"
72.167.149.90 - - [31/Aug/2026:23:03:39 +0000] "POST /wp-cron.php?doing_wp_cron=1788217418.6623160839080810546875 HTTP/1.1" 499 0 "-" "WordPress/7.1; https://uslconsultation.com/ar"
132.226.108.41 - - [31/Aug/2026:23:03:42 +0000] "GET /ar/wp-json/oembed/1.0/embed?url=https%3A%2F%2Fuslconsultation.com%2Far%2Fmember%2Fliam-yasin%2F HTTP/1.1" 499 0 "-" "Mozilla/5.0 (X11; Linux aarch64) AppleWebKit/537.36 (KHTML, like Gecko) Chrome/139.0.0.0 Safari/537.36"
72.167.149.90 - - [31/Aug/2026:23:20:43 +0000] "POST /wp-cron.php?doing_wp_cron=1788218441.9881870746612548828125 HTTP/1.1" 499 0 "-" "WordPress/7.1; https://uslconsultation.com"
216.73.216.146 - - [31/Aug/2026:23:20:43 +0000] "GET /robots.txt HTTP/1.1" 200 124 "-" "Mozilla/5.0 AppleWebKit/537.36 (KHTML, like Gecko; compatible; ClaudeBot/1.0; +claudebot@anthropic.com)"
216.73.216.146 - - [31/Aug/2026:23:20:45 +0000] "GET /sitemaps.xml HTTP/1.1" 200 284 "-" "Mozilla/5.0 AppleWebKit/537.36 (KHTML, like Gecko; compatible; ClaudeBot/1.0; +claudebot@anthropic.com)"
72.167.149.90 - - [31/Aug/2026:23:29:07 +0000] "POST /wp-cron.php?doing_wp_cron=1788218945.9984769821166992187500 HTTP/1.1" 499 0 "-" "WordPress/7.1; https://uslconsultation.com"
97.74.87.194 - - [31/Aug/2026:23:29:07 +0000] "GET /wp-login.php HTTP/1.1" 200 4192 "-" "Mozilla/5.0 (Windows NT 10.0; Win64; x64) AppleWebKit/537.36 (KHTML, like Gecko) Chrome/151.0.0.0 Safari/537.36"
97.74.87.194 - - [31/Aug/2026:23:29:11 +0000] "POST /wp-login.php HTTP/1.1" 200 4295 "https://uslconsultation.com/wp-login.php" "Mozilla/5.0 (Windows NT 10.0; Win64; x64) AppleWebKit/537.36 (KHTML, like Gecko) Chrome/151.0.0.0 Safari/537.36"
129.146.201.126 - - [31/Aug/2026:23:33:04 +0000] "GET /wp-json/wp/v2/pages/9 HTTP/1.1" 499 0 "-" "Mozilla/5.0 (X11; Linux aarch64) AppleWebKit/537.36 (KHTML, like Gecko) Chrome/139.0.0.0 Safari/537.36"
72.167.149.90 - - [31/Aug/2026:23:33:08 +0000] "POST /wp-cron.php?doing_wp_cron=1788219187.8556489944458007812500 HTTP/1.1" 499 0 "-" "WordPress/7.1; https://uslconsultation.com"
129.146.201.126 - - [31/Aug/2026:23:33:08 +0000] "GET /wp-json/wp/v2/pages/9 HTTP/1.1" 200 19089 "-" "Mozilla/5.0 (X11; Linux aarch64) AppleWebKit/537.36 (KHTML, like Gecko) Chrome/139.0.0.0 Safari/537.36"
72.167.149.90 - - [31/Aug/2026:23:51:30 +0000] "POST /wp-cron.php?doing_wp_cron=1788220289.3061659336090087890625 HTTP/1.1" 499 0 "-" "WordPress/7.1; https://uslconsultation.com"
144.24.63.200 - - [31/Aug/2026:23:51:30 +0000] "GET /wp-json/oembed/1.0/embed?url=https%3A%2F%2Fuslconsultation.com%2Fmember%2Fliam-yasin%2F HTTP/1.1" 200 1144 "-" "Mozilla/5.0 (X11; Linux aarch64) AppleWebKit/537.36 (KHTML, like Gecko) Chrome/139.0.0.0 Safari/537.36"
144.24.63.200 - - [31/Aug/2026:23:51:36 +0000] "GET /wp-json/oembed/1.0/embed?url=https%3A%2F%2Fuslconsultation.com%2Fmember%2Fliam-yasin%2F HTTP/1.1" 200 1145 "-" "Mozilla/5.0 (X11; Linux aarch64) AppleWebKit/537.36 (KHTML, like Gecko) Chrome/139.0.0.0 Safari/537.36"
170.106.143.6 - - [01/Sep/2026:00:00:35 +0000] "GET / HTTP/1.1" 200 69084 "http://www.uslconsultation.com" "Mozilla/5.0 (iPhone; CPU iPhone OS 13_2_3 like Mac OS X) AppleWebKit/605.1.15 (KHTML, like Gecko) Version/13.0.3 Mobile/15E148 Safari/604.1"
72.167.149.90 - - [01/Sep/2026:00:01:47 +0000] "POST /wp-cron.php?doing_wp_cron=1788220906.2180271148681640625000 HTTP/1.1" 499 0 "-" "WordPress/7.1; https://uslconsultation.com"
172.238.189.23 - - [01/Sep/2026:00:01:47 +0000] "GET / HTTP/1.1" 200 68913 "-" "Mozilla/5.0 (Windows NT 10.0; Win64; x64) AppleWebKit/537.36 (KHTML, like Gecko) Chrome/120.0.0.0 Safari/537.36"
72.167.149.90 - - [01/Sep/2026:00:04:38 +0000] "POST /wp-cron.php?doing_wp_cron=1788221077.6994709968566894531250 HTTP/1.1" 499 0 "-" "WordPress/7.1; https://uslconsultation.com"
118.33.206.92 - - [01/Sep/2026:00:04:38 +0000] "GET /wp-login.php?wp_lang=en_US HTTP/1.1" 200 4200 "https://uslconsultation.com/wp-login.php" "Mozilla/5.0 (Windows NT 10.0; Win64; x64) AppleWebKit/537.36 (KHTML, like Gecko) Chrome/138.0.0.0 Safari/537.36"
118.33.206.92 - - [01/Sep/2026:00:04:42 +0000] "POST /wp-login.php?wp_lang=en_US HTTP/1.1" 200 4303 "https://uslconsultation.com/wp-login.php" "Mozilla/5.0 (Windows NT 10.0; Win64; x64) AppleWebKit/537.36 (KHTML, like Gecko) Chrome/138.0.0.0 Safari/537.36"
40.88.21.235 - - [01/Sep/2026:00:06:11 +0000] "GET / HTTP/1.1" 499 0 "http://uslconsultation.com" "DuckDuckBot/1.1; (+http://duckduckgo.com/duckduckbot.html)"
72.167.149.90 - - [01/Sep/2026:00:07:20 +0000] "POST /wp-cron.php?doing_wp_cron=1788221239.9059410095214843750000 HTTP/1.1" 499 0 "-" "WordPress/7.1; https://uslconsultation.com"
173.252.82.9 - - [01/Sep/2026:00:07:21 +0000] "GET /robots.txt HTTP/1.1" 200 124 "-" "facebookexternalhit/1.1 (+http://www.facebook.com/externalhit_uatext.php)"
72.167.149.90 - - [01/Sep/2026:00:13:48 +0000] "POST /wp-cron.php?doing_wp_cron=1788221627.5666480064392089843750 HTTP/1.1" 499 0 "-" "WordPress/7.1; https://uslconsultation.com"
57.141.14.16 - - [01/Sep/2026:00:13:48 +0000] "GET /cases/ HTTP/1.1" 200 59273 "-" "Mozilla/5.0 (Macintosh; Intel Mac OS X 10_15_7) AppleWebKit/537.36 (KHTML, like Gecko) Chrome/145.0.0.0 Safari/537.36 (compatible; meta-externalagent/1.1 (+https://developers.facebook.com/docs/sharing/webmasters/crawler))"
72.167.149.90 - - [01/Sep/2026:00:17:23 +0000] "POST /wp-cron.php?doing_wp_cron=1788221842.5333459377288818359375 HTTP/1.1" 499 0 "-" "WordPress/7.1; https://uslconsultation.com"
57.141.14.68 - - [01/Sep/2026:00:17:23 +0000] "GET /services/ HTTP/1.1" 200 59820 "-" "Mozilla/5.0 (Windows NT 10.0; Win64; x64) AppleWebKit/537.36 (KHTML, like Gecko) Chrome/145.0.0.0 Safari/537.36 (compatible; meta-externalagent/1.1 (+https://developers.facebook.com/docs/sharing/webmasters/crawler))"
74.7.244.43 - - [01/Sep/2026:00:24:22 +0000] "GET /robots.txt HTTP/1.1" 200 124 "-" "Mozilla/5.0 (Macintosh; Intel Mac OS X 10_15_7) AppleWebKit/537.36 (KHTML, like Gecko) Chrome/131.0.0.0 Safari/537.36; compatible; OAI-SearchBot/1.4; robots.txt; +https://openai.com/searchbot"
72.167.149.90 - - [01/Sep/2026:00:24:22 +0000] "POST /wp-cron.php?doing_wp_cron=1788222261.9397900104522705078125 HTTP/1.1" 499 0 "-" "WordPress/7.1; https://uslconsultation.com"
74.7.227.189 - - [01/Sep/2026:00:24:23 +0000] "GET /sitemaps.xml HTTP/1.1" 200 284 "-" "Mozilla/5.0 AppleWebKit/537.36 (KHTML, like Gecko; compatible; GPTBot/1.4; +https://openai.com/gptbot)"
72.167.149.90 - - [01/Sep/2026:00:29:41 +0000] "POST /wp-cron.php?doing_wp_cron=1788222580.2327620983123779296875 HTTP/1.1" 499 0 "-" "WordPress/7.1; https://uslconsultation.com"
52.167.144.137 - - [01/Sep/2026:00:29:41 +0000] "GET /sitemap.xml.gz HTTP/1.1" 301 5 "-" "Mozilla/5.0 AppleWebKit/537.36 (KHTML, like Gecko; compatible; bingbot/2.0; +http://www.bing.com/bingbot.htm) Chrome/116.0.1938.76 Safari/537.36"
52.167.144.137 - - [01/Sep/2026:00:29:44 +0000] "GET /wp-sitemap.xml HTTP/1.1" 301 5 "-" "Mozilla/5.0 AppleWebKit/537.36 (KHTML, like Gecko; compatible; bingbot/2.0; +http://www.bing.com/bingbot.htm) Chrome/116.0.1938.76 Safari/537.36"
52.167.144.137 - - [01/Sep/2026:00:29:50 +0000] "GET /sitemaps.xml HTTP/1.1" 200 283 "-" "Mozilla/5.0 AppleWebKit/537.36 (KHTML, like Gecko; compatible; bingbot/2.0; +http://www.bing.com/bingbot.htm) Chrome/116.0.1938.76 Safari/537.36"
72.167.149.90 - - [01/Sep/2026:00:36:22 +0000] "GET /wp-content/uploads/2025/12/business-people-meeting-business-team-ma--scaled-e1766359954146.jpg HTTP/1.1" 200 253003 "-" "-"
72.167.149.90 - - [01/Sep/2026:00:36:24 +0000] "POST /wp-cron.php?doing_wp_cron=1788222983.0958878993988037109375 HTTP/1.1" 499 0 "-" "WordPress/7.1; https://uslconsultation.com"
57.141.14.26 - - [01/Sep/2026:00:36:24 +0000] "GET /franchise-shop/ HTTP/1.1" 200 51565 "-" "Mozilla/5.0 (Windows NT 10.0; Win64; x64) AppleWebKit/537.36 (KHTML, like Gecko) Chrome/145.0.0.0 Safari/537.36 (compatible; meta-externalagent/1.1 (+https://developers.facebook.com/docs/sharing/webmasters/crawler))"
72.167.149.90 - - [01/Sep/2026:00:42:51 +0000] "POST /wp-cron.php?doing_wp_cron=1788223370.3447389602661132812500 HTTP/1.1" 499 0 "-" "WordPress/7.1; https://uslconsultation.com"
40.77.167.40 - - [01/Sep/2026:00:42:51 +0000] "GET /sitemaps.xml HTTP/1.1" 200 283 "-" "Mozilla/5.0 AppleWebKit/537.36 (KHTML, like Gecko; compatible; bingbot/2.0; +http://www.bing.com/bingbot.htm) Chrome/116.0.1938.76 Safari/537.36"
137.131.26.193 - - [01/Sep/2026:00:45:20 +0000] "GET /?p=5645 HTTP/1.1" 499 0 "-" "Mozilla/5.0 (X11; Linux aarch64) AppleWebKit/537.36 (KHTML, like Gecko) Chrome/139.0.0.0 Safari/537.36"
72.167.149.90 - - [01/Sep/2026:00:45:21 +0000] "POST /wp-cron.php?doing_wp_cron=1788223520.4876029491424560546875 HTTP/1.1" 499 0 "-" "WordPress/7.1; https://uslconsultation.com"
72.167.149.90 - - [01/Sep/2026:00:48:32 +0000] "POST /wp-cron.php?doing_wp_cron=1788223711.7864251136779785156250 HTTP/1.1" 499 0 "-" "WordPress/7.1; https://uslconsultation.com"
89.116.24.237 - - [01/Sep/2026:00:48:32 +0000] "GET /.vscode/sftp.json HTTP/1.1" 404 50957 "-" "Mozilla/5.0 (Macintosh; Intel Mac OS X 10.14; rv:70.0) Gecko/20100101 Firefox/70.0"
137.131.26.193 - - [01/Sep/2026:00:50:40 +0000] "GET /?p=5645 HTTP/1.1" 499 0 "-" "Mozilla/5.0 (X11; Linux aarch64) AppleWebKit/537.36 (KHTML, like Gecko) Chrome/139.0.0.0 Safari/537.36"
72.167.149.90 - - [01/Sep/2026:00:50:41 +0000] "POST /wp-cron.php?doing_wp_cron=1788223840.1387228965759277343750 HTTP/1.1" 499 0 "-" "WordPress/7.1; https://uslconsultation.com"
129.146.24.141 - - [01/Sep/2026:01:01:37 +0000] "GET /service/licensing-franchising HTTP/1.1" 499 0 "-" "Mozilla/5.0 (X11; Linux aarch64) AppleWebKit/537.36 (KHTML, like Gecko) Chrome/139.0.0.0 Safari/537.36"
72.167.149.90 - - [01/Sep/2026:01:01:38 +0000] "POST /wp-cron.php?doing_wp_cron=1788224497.3379969596862792968750 HTTP/1.1" 499 0 "-" "WordPress/7.1; https://uslconsultation.com"
72.167.149.90 - - [01/Sep/2026:01:11:49 +0000] "POST /wp-cron.php?doing_wp_cron=1788225108.7169210910797119140625 HTTP/1.1" 499 0 "-" "WordPress/7.1; https://uslconsultation.com/ar"
88.236.166.83 - - [01/Sep/2026:01:11:49 +0000] "GET /ar/cases/ HTTP/1.1" 200 79483 "-" "Mozilla/5.0 (Macintosh; Intel Mac OS X 12_7_2) AppleWebKit/537.36 (KHTML, like Gecko) Chrome/126.0.6478.182 Safari/537.36"
72.167.149.90 - - [01/Sep/2026:01:12:21 +0000] "POST /wp-cron.php?doing_wp_cron=1788225140.6893289089202880859375 HTTP/1.1" 499 0 "-" "WordPress/7.1; https://uslconsultation.com"
129.146.24.141 - - [01/Sep/2026:01:12:21 +0000] "GET /service/licensing-franchising HTTP/1.1" 301 5 "-" "Mozilla/5.0 (X11; Linux aarch64) AppleWebKit/537.36 (KHTML, like Gecko) Chrome/139.0.0.0 Safari/537.36"
72.167.149.90 - - [01/Sep/2026:01:14:57 +0000] "POST /wp-cron.php?doing_wp_cron=1788225296.5704159736633300781250 HTTP/1.1" 499 0 "-" "WordPress/7.1; https://uslconsultation.com/ar"
132.226.151.110 - - [01/Sep/2026:01:14:57 +0000] "GET /ar?p=3914 HTTP/1.1" 301 5 "-" "Mozilla/5.0 (X11; Linux aarch64) AppleWebKit/537.36 (KHTML, like Gecko) Chrome/139.0.0.0 Safari/537.36"
72.167.149.90 - - [01/Sep/2026:01:17:13 +0000] "POST /wp-cron.php?doing_wp_cron=1788225432.2716839313507080078125 HTTP/1.1" 499 0 "-" "WordPress/7.1; https://uslconsultation.com"
57.141.14.6 - - [01/Sep/2026:01:17:13 +0000] "GET /category/uncategorized/ HTTP/1.1" 200 53868 "-" "Mozilla/5.0 (Windows NT 10.0; Win64; x64) AppleWebKit/537.36 (KHTML, like Gecko) Chrome/145.0.0.0 Safari/537.36 (compatible; meta-externalagent/1.1 (+https://developers.facebook.com/docs/sharing/webmasters/crawler))"
132.226.151.110 - - [01/Sep/2026:01:21:32 +0000] "GET /ar?p=3914 HTTP/1.1" 499 0 "-" "Mozilla/5.0 (X11; Linux aarch64) AppleWebKit/537.36 (KHTML, like Gecko) Chrome/139.0.0.0 Safari/537.36"
72.167.149.90 - - [01/Sep/2026:01:21:33 +0000] "POST /wp-cron.php?doing_wp_cron=1788225692.1694409847259521484375 HTTP/1.1" 499 0 "-" "WordPress/7.1; https://uslconsultation.com/ar"
72.167.149.90 - - [01/Sep/2026:01:24:50 +0000] "POST /wp-cron.php?doing_wp_cron=1788225889.6607389450073242187500 HTTP/1.1" 499 0 "-" "WordPress/7.1; https://uslconsultation.com"
185.191.171.7 - - [01/Sep/2026:01:24:50 +0000] "GET /robots.txt HTTP/1.1" 200 124 "-" "Mozilla/5.0 (compatible; SemrushBot/7~bl; +http://www.semrush.com/bot.html)"
72.167.149.90 - - [01/Sep/2026:01:24:54 +0000] "GET /wp-content/uploads/2025/12/Investors-and-Partners-scaled-e1766360878565.jpg HTTP/1.1" 200 161703 "-" "-"
85.208.96.207 - - [01/Sep/2026:01:24:55 +0000] "GET /ar/2025/12/21/operational-due-diligence-what-investors-and-partners-really-look-for/ HTTP/1.1" 200 77784 "-" "Mozilla/5.0 (compatible; SemrushBot/7~bl; +http://www.semrush.com/bot.html)"
72.167.149.90 - - [01/Sep/2026:01:27:21 +0000] "POST /wp-cron.php?doing_wp_cron=1788226040.2323100566864013671875 HTTP/1.1" 499 0 "-" "WordPress/7.1; https://uslconsultation.com"
216.73.216.218 - - [01/Sep/2026:01:27:21 +0000] "GET /robots.txt HTTP/1.1" 200 124 "-" "Mozilla/5.0 AppleWebKit/537.36 (KHTML, like Gecko; compatible; ClaudeBot/1.0; +claudebot@anthropic.com)"
216.73.216.218 - - [01/Sep/2026:01:27:24 +0000] "GET /sitemaps.xml HTTP/1.1" 200 284 "-" "Mozilla/5.0 AppleWebKit/537.36 (KHTML, like Gecko; compatible; ClaudeBot/1.0; +claudebot@anthropic.com)"
72.167.149.90 - - [01/Sep/2026:01:41:47 +0000] "POST /wp-cron.php?doing_wp_cron=1788226906.8051619529724121093750 HTTP/1.1" 499 0 "-" "WordPress/7.1; https://uslconsultation.com"
190.62.88.116 - - [01/Sep/2026:01:41:47 +0000] "GET /about-us/ HTTP/1.1" 200 56187 "-" "Mozilla/5.0 (Windows NT 10.0; Win64; x64) AppleWebKit/537.36 (KHTML, like Gecko) Chrome/132.0.6834.83 Safari/537.36"
72.167.149.90 - - [01/Sep/2026:02:06:53 +0000] "POST /wp-cron.php?doing_wp_cron=1788228412.3318459987640380859375 HTTP/1.1" 499 0 "-" "WordPress/7.1; https://uslconsultation.com"
57.141.14.69 - - [01/Sep/2026:02:06:53 +0000] "GET /category/business-consulting/ HTTP/1.1" 200 55481 "-" "Mozilla/5.0 (Macintosh; Intel Mac OS X 10_15_7) AppleWebKit/537.36 (KHTML, like Gecko) Chrome/145.0.0.0 Safari/537.36 (compatible; meta-externalagent/1.1 (+https://developers.facebook.com/docs/sharing/webmasters/crawler))"
72.167.149.90 - - [01/Sep/2026:02:10:48 +0000] "POST /wp-cron.php?doing_wp_cron=1788228647.7577989101409912109375 HTTP/1.1" 499 0 "-" "WordPress/7.1; https://uslconsultation.com"
40.77.167.41 - - [01/Sep/2026:02:10:48 +0000] "GET /?C=M;O=D HTTP/1.1" 301 5 "-" "Mozilla/5.0 AppleWebKit/537.36 (KHTML, like Gecko; compatible; bingbot/2.0; +http://www.bing.com/bingbot.htm) Chrome/116.0.1938.76 Safari/537.36"
35.86.34.17 - - [01/Sep/2026:02:23:57 +0000] "GET / HTTP/1.1" 200 68913 "-" "Mozilla/5.0 (Macintosh; Intel Mac OS X 10_15_7) AppleWebKit/605.1.15 (KHTML, like Gecko) Version/17.10 Safari/605.1.1"
72.167.149.90 - - [01/Sep/2026:02:24:42 +0000] "GET /wp-content/uploads/2025/12/frustrated-business-people-and-laptop-with-stress-scaled-e1766360245100.jpg HTTP/1.1" 200 119657 "-" "-"
72.167.149.90 - - [01/Sep/2026:02:24:44 +0000] "POST /wp-cron.php?doing_wp_cron=1788229483.2891581058502197265625 HTTP/1.1" 499 0 "-" "WordPress/7.1; https://uslconsultation.com"
57.141.14.19 - - [01/Sep/2026:02:24:44 +0000] "GET /2025/12/21/common-mistakes-companies-make-before-scaling-internationally/ HTTP/1.1" 200 57113 "-" "Mozilla/5.0 (Windows NT 10.0; Win64; x64) AppleWebKit/537.36 (KHTML, like Gecko) Chrome/145.0.0.0 Safari/537.36 (compatible; meta-externalagent/1.1 (+https://developers.facebook.com/docs/sharing/webmasters/crawler))"
129.146.63.184 - - [01/Sep/2026:02:32:30 +0000] "GET /wp-json/oembed/1.0/embed?url=https%3A%2F%2Fuslconsultation.com%2Fservice%2Ffeasibility-studes-financial-planning%2F HTTP/1.1" 499 0 "-" "Mozilla/5.0 (X11; Linux aarch64) AppleWebKit/537.36 (KHTML, like Gecko) Chrome/139.0.0.0 Safari/537.36"
72.167.149.90 - - [01/Sep/2026:02:32:32 +0000] "POST /wp-cron.php?doing_wp_cron=1788229951.4588980674743652343750 HTTP/1.1" 499 0 "-" "WordPress/7.1; https://uslconsultation.com"
72.167.149.90 - - [01/Sep/2026:02:36:20 +0000] "POST /wp-cron.php?doing_wp_cron=1788230178.9844961166381835937500 HTTP/1.1" 499 0 "-" "WordPress/7.1; https://uslconsultation.com"
72.167.149.90 - - [01/Sep/2026:02:37:48 +0000] "POST /wp-cron.php?doing_wp_cron=1788230267.4013690948486328125000 HTTP/1.1" 499 0 "-" "WordPress/7.1; https://uslconsultation.com"
72.167.149.90 - - [01/Sep/2026:02:41:03 +0000] "POST /wp-cron.php?doing_wp_cron=1788230462.6545209884643554687500 HTTP/1.1" 499 0 "-" "WordPress/7.1; https://uslconsultation.com"
97.74.87.194 - - [01/Sep/2026:02:41:03 +0000] "GET /wp-login.php HTTP/1.1" 200 4194 "-" "97.74.87.194"
97.74.87.194 - - [01/Sep/2026:02:41:06 +0000] "POST /wp-login.php HTTP/1.1" 200 4297 "https://uslconsultation.com/wp-login.php" "97.74.87.194"
72.167.149.90 - - [01/Sep/2026:02:52:25 +0000] "POST /wp-cron.php?doing_wp_cron=1788231143.9715509414672851562500 HTTP/1.1" 499 0 "-" "WordPress/7.1; https://uslconsultation.com"
17.166.154.43 - - [01/Sep/2026:02:52:25 +0000] "GET / HTTP/1.1" 200 70485 "-" "Mozilla/5.0 (Macintosh; Intel Mac OS X 10_15_7) AppleWebKit/605.1.15 (KHTML, like Gecko) Version/17.4 Safari/605.1.15 (Applebot/0.1; +http://www.apple.com/go/applebot)"
72.167.149.90 - - [01/Sep/2026:02:55:12 +0000] "POST /wp-cron.php?doing_wp_cron=1788231311.2372300624847412109375 HTTP/1.1" 499 0 "-" "WordPress/7.1; https://uslconsultation.com"
57.141.14.64 - - [01/Sep/2026:02:55:12 +0000] "GET /category/franchise-licensing/ HTTP/1.1" 200 55159 "-" "Mozilla/5.0 (Windows NT 10.0; Win64; x64) AppleWebKit/537.36 (KHTML, like Gecko) Chrome/145.0.0.0 Safari/537.36 (compatible; meta-externalagent/1.1 (+https://developers.facebook.com/docs/sharing/webmasters/crawler))"
72.167.149.90 - - [01/Sep/2026:03:02:05 +0000] "POST /wp-cron.php?doing_wp_cron=1788231724.6809790134429931640625 HTTP/1.1" 499 0 "-" "WordPress/7.1; https://uslconsultation.com"
51.81.163.77 - - [01/Sep/2026:03:02:05 +0000] "GET /robots.txt HTTP/1.1" 200 124 "-" "Mozilla/5.0 (compatible; AhrefsBot/7.0; +http://ahrefs.com/robot/)"
148.113.130.118 - - [01/Sep/2026:03:02:11 +0000] "GET /my-account/ HTTP/1.1" 200 52341 "-" "Mozilla/5.0 (compatible; AhrefsBot/7.0; +http://ahrefs.com/robot/)"
54.39.0.214 - - [01/Sep/2026:03:03:47 +0000] "GET /wp-content/plugins/elementor/assets/css/widget-social-icons.min.css?ver=4.2.4 HTTP/1.1" 200 1155 "-" "Mozilla/5.0 (compatible; AhrefsBot/7.0; +http://ahrefs.com/robot/)"
51.161.65.64 - - [01/Sep/2026:03:03:48 +0000] "GET /wp-content/uploads/elementor/css/custom-frontend.min.css?ver=1788231138 HTTP/1.1" 200 7463 "-" "Mozilla/5.0 (compatible; AhrefsBot/7.0; +http://ahrefs.com/robot/)"
167.114.139.82 - - [01/Sep/2026:03:03:49 +0000] "GET /wp-content/plugins/elementor/assets/js/frontend-modules.min.js?ver=4.2.4 HTTP/1.1" 200 16189 "-" "Mozilla/5.0 (compatible; AhrefsBot/7.0; +http://ahrefs.com/robot/)"
54.39.210.232 - - [01/Sep/2026:03:03:51 +0000] "GET /wp-content/plugins/elementor/assets/lib/animations/styles/e-animation-grow.min.css?ver=4.2.4 HTTP/1.1" 200 198 "-" "Mozilla/5.0 (compatible; AhrefsBot/7.0; +http://ahrefs.com/robot/)"
51.222.168.50 - - [01/Sep/2026:03:03:52 +0000] "GET /wp-content/uploads/elementor/css/post-4908.css?ver=1788231140 HTTP/1.1" 200 491 "-" "Mozilla/5.0 (compatible; AhrefsBot/7.0; +http://ahrefs.com/robot/)"
54.39.6.239 - - [01/Sep/2026:03:03:54 +0000] "GET /wp-content/plugins/elementor/assets/css/widget-divider.min.css?ver=4.2.4 HTTP/1.1" 200 764 "-" "Mozilla/5.0 (compatible; AhrefsBot/7.0; +http://ahrefs.com/robot/)"
142.44.225.215 - - [01/Sep/2026:03:03:55 +0000] "GET /wp-content/plugins/elementor/assets/css/conditionals/shapes.min.css?ver=4.2.4 HTTP/1.1" 200 300 "-" "Mozilla/5.0 (compatible; AhrefsBot/7.0; +http://ahrefs.com/robot/)"
51.222.168.235 - - [01/Sep/2026:03:03:56 +0000] "GET /wp-content/plugins/elementor/assets/js/frontend.min.js?ver=4.2.4 HTTP/1.1" 200 10504 "-" "Mozilla/5.0 (compatible; AhrefsBot/7.0; +http://ahrefs.com/robot/)"
51.222.168.36 - - [01/Sep/2026:03:03:57 +0000] "GET /wp-content/plugins/elementor/assets/lib/animations/styles/fadeIn.min.css?ver=4.2.4 HTTP/1.1" 200 77 "-" "Mozilla/5.0 (compatible; AhrefsBot/7.0; +http://ahrefs.com/robot/)"
51.161.37.175 - - [01/Sep/2026:03:03:58 +0000] "GET /wp-content/plugins/elementor/assets/js/webpack.runtime.min.js?ver=4.2.4 HTTP/1.1" 200 2551 "-" "Mozilla/5.0 (compatible; AhrefsBot/7.0; +http://ahrefs.com/robot/)"
54.39.89.148 - - [01/Sep/2026:03:03:59 +0000] "GET /wp-content/uploads/elementor/css/custom-apple-webkit.min.css?ver=1788231138 HTTP/1.1" 200 567 "-" "Mozilla/5.0 (compatible; AhrefsBot/7.0; +http://ahrefs.com/robot/)"
148.113.128.227 - - [01/Sep/2026:03:04:00 +0000] "GET /wp-content/plugins/elementor/assets/css/widget-heading.min.css?ver=4.2.4 HTTP/1.1" 200 171 "-" "Mozilla/5.0 (compatible; AhrefsBot/7.0; +http://ahrefs.com/robot/)"
54.39.203.214 - - [01/Sep/2026:03:04:01 +0000] "GET /wp-content/plugins/elementor/assets/css/widget-image.min.css?ver=4.2.4 HTTP/1.1" 200 214 "-" "Mozilla/5.0 (compatible; AhrefsBot/7.0; +http://ahrefs.com/robot/)"
17.166.152.220 - - [01/Sep/2026:03:09:02 +0000] "GET /wp-content/plugins/cookieadmin/assets/css/consent.css?ver=1.1.4 HTTP/1.1" 200 2667 "https://uslconsultation.com/" "Mozilla/5.0 (Macintosh; Intel Mac OS X 10_15_7) AppleWebKit/605.1.15 (KHTML, like Gecko) Version/17.4 Safari/605.1.15 (Applebot/0.1; +http://www.apple.com/go/applebot)"
17.166.152.220 - - [01/Sep/2026:03:09:04 +0000] "GET /wp-content/plugins/revslider/public/css/sr7.css?ver=6.7.39 HTTP/1.1" 200 1581 "https://uslconsultation.com/" "Mozilla/5.0 (Macintosh; Intel Mac OS X 10_15_7) AppleWebKit/605.1.15 (KHTML, like Gecko) Version/17.4 Safari/605.1.15 (Applebot/0.1; +http://www.apple.com/go/applebot)"
17.166.152.220 - - [01/Sep/2026:03:09:06 +0000] "GET /wp-content/plugins/alpus-aprs/plugin-framework/assets/css/base.min.css?ver=1.2.0 HTTP/1.1" 200 4336 "https://uslconsultation.com/" "Mozilla/5.0 (Macintosh; Intel Mac OS X 10_15_7) AppleWebKit/605.1.15 (KHTML, like Gecko) Version/17.4 Safari/605.1.15 (Applebot/0.1; +http://www.apple.com/go/applebot)"
17.166.152.220 - - [01/Sep/2026:03:09:08 +0000] "GET /wp-content/plugins/translatepress-multilingual/assets/css/trp-language-switcher-v2.css?ver=3.3.4 HTTP/1.1" 200 2315 "https://uslconsultation.com/" "Mozilla/5.0 (Macintosh; Intel Mac OS X 10_15_7) AppleWebKit/605.1.15 (KHTML, like Gecko) Version/17.4 Safari/605.1.15 (Applebot/0.1; +http://www.apple.com/go/applebot)"
17.166.152.220 - - [01/Sep/2026:03:09:10 +0000] "GET /wp-content/plugins/contact-form-7/includes/css/styles.css?ver=6.1.7 HTTP/1.1" 200 1050 "https://uslconsultation.com/" "Mozilla/5.0 (Macintosh; Intel Mac OS X 10_15_7) AppleWebKit/605.1.15 (KHTML, like Gecko) Version/17.4 Safari/605.1.15 (Applebot/0.1; +http://www.apple.com/go/applebot)"
17.166.152.220 - - [01/Sep/2026:03:09:12 +0000] "GET /wp-content/plugins/alpus-aprs/plugin-framework/assets/css/framework.min.css?ver=1.2.0 HTTP/1.1" 200 671 "https://uslconsultation.com/" "Mozilla/5.0 (Macintosh; Intel Mac OS X 10_15_7) AppleWebKit/605.1.15 (KHTML, like Gecko) Version/17.4 Safari/605.1.15 (Applebot/0.1; +http://www.apple.com/go/applebot)"
17.166.152.220 - - [01/Sep/2026:03:09:14 +0000] "GET /wp-content/uploads/elementor/css/custom-frontend.min.css?ver=1788231138 HTTP/1.1" 200 7463 "https://uslconsultation.com/" "Mozilla/5.0 (Macintosh; Intel Mac OS X 10_15_7) AppleWebKit/605.1.15 (KHTML, like Gecko) Version/17.4 Safari/605.1.15 (Applebot/0.1; +http://www.apple.com/go/applebot)"
17.166.152.220 - - [01/Sep/2026:03:09:16 +0000] "GET /wp-content/themes/porto/css/part/fadeInUp.css?ver=7.7.2 HTTP/1.1" 200 132 "https://uslconsultation.com/" "Mozilla/5.0 (Macintosh; Intel Mac OS X 10_15_7) AppleWebKit/605.1.15 (KHTML, like Gecko) Version/17.4 Safari/605.1.15 (Applebot/0.1; +http://www.apple.com/go/applebot)"
17.166.152.220 - - [01/Sep/2026:03:09:18 +0000] "GET /wp-content/plugins/elementor/assets/css/widget-image.min.css?ver=4.2.4 HTTP/1.1" 200 214 "https://uslconsultation.com/" "Mozilla/5.0 (Macintosh; Intel Mac OS X 10_15_7) AppleWebKit/605.1.15 (KHTML, like Gecko) Version/17.4 Safari/605.1.15 (Applebot/0.1; +http://www.apple.com/go/applebot)"
17.166.152.220 - - [01/Sep/2026:03:09:20 +0000] "GET /wp-content/plugins/elementor/assets/css/widget-testimonial.min.css?ver=4.2.4 HTTP/1.1" 200 360 "https://uslconsultation.com/" "Mozilla/5.0 (Macintosh; Intel Mac OS X 10_15_7) AppleWebKit/605.1.15 (KHTML, like Gecko) Version/17.4 Safari/605.1.15 (Applebot/0.1; +http://www.apple.com/go/applebot)"
17.166.152.220 - - [01/Sep/2026:03:09:22 +0000] "GET /wp-content/uploads/porto_styles/bootstrap.css?ver=7.7.2 HTTP/1.1" 200 25393 "https://uslconsultation.com/" "Mozilla/5.0 (Macintosh; Intel Mac OS X 10_15_7) AppleWebKit/605.1.15 (KHTML, like Gecko) Version/17.4 Safari/605.1.15 (Applebot/0.1; +http://www.apple.com/go/applebot)"
17.166.152.220 - - [01/Sep/2026:03:09:24 +0000] "GET /wp-content/themes/porto/css/part/header-shop.css?ver=7.7.2 HTTP/1.1" 200 2513 "https://uslconsultation.com/" "Mozilla/5.0 (Macintosh; Intel Mac OS X 10_15_7) AppleWebKit/605.1.15 (KHTML, like Gecko) Version/17.4 Safari/605.1.15 (Applebot/0.1; +http://www.apple.com/go/applebot)"
17.166.152.220 - - [01/Sep/2026:03:09:26 +0000] "GET /wp-content/themes/porto/css/theme_portfolio.css?ver=7.7.2 HTTP/1.1" 200 2826 "https://uslconsultation.com/" "Mozilla/5.0 (Macintosh; Intel Mac OS X 10_15_7) AppleWebKit/605.1.15 (KHTML, like Gecko) Version/17.4 Safari/605.1.15 (Applebot/0.1; +http://www.apple.com/go/applebot)"
17.166.152.220 - - [01/Sep/2026:03:09:28 +0000] "GET /wp-content/uploads/porto_styles/shortcodes.css?ver=7.7.2 HTTP/1.1" 200 27166 "https://uslconsultation.com/" "Mozilla/5.0 (Macintosh; Intel Mac OS X 10_15_7) AppleWebKit/605.1.15 (KHTML, like Gecko) Version/17.4 Safari/605.1.15 (Applebot/0.1; +http://www.apple.com/go/applebot)"
17.166.152.220 - - [01/Sep/2026:03:09:30 +0000] "GET /wp-content/uploads/porto_styles/dynamic_style.css?ver=7.7.2 HTTP/1.1" 200 7266 "https://uslconsultation.com/" "Mozilla/5.0 (Macintosh; Intel Mac OS X 10_15_7) AppleWebKit/605.1.15 (KHTML, like Gecko) Version/17.4 Safari/605.1.15 (Applebot/0.1; +http://www.apple.com/go/applebot)"
72.167.149.90 - - [01/Sep/2026:03:09:31 +0000] "POST /wp-cron.php?doing_wp_cron=1788232170.1813530921936035156250 HTTP/1.1" 499 0 "-" "WordPress/7.1; https://uslconsultation.com"
38.147.104.201 - - [01/Sep/2026:03:09:31 +0000] "GET / HTTP/1.1" 200 68942 "-" "Mozilla/5.0 (compatible; KeyScanner/1.0)"
17.166.152.220 - - [01/Sep/2026:03:09:32 +0000] "GET /wp-content/themes/porto/css/theme/shop/other/woopage.css?ver=7.7.2 HTTP/1.1" 200 4798 "https://uslconsultation.com/" "Mozilla/5.0 (Macintosh; Intel Mac OS X 10_15_7) AppleWebKit/605.1.15 (KHTML, like Gecko) Version/17.4 Safari/605.1.15 (Applebot/0.1; +http://www.apple.com/go/applebot)"
17.166.152.220 - - [01/Sep/2026:03:09:34 +0000] "GET /wp-content/uploads/elementor/css/post-9.css?ver=1788231141 HTTP/1.1" 200 6157 "https://uslconsultation.com/" "Mozilla/5.0 (Macintosh; Intel Mac OS X 10_15_7) AppleWebKit/605.1.15 (KHTML, like Gecko) Version/17.4 Safari/605.1.15 (Applebot/0.1; +http://www.apple.com/go/applebot)"
17.166.152.220 - - [01/Sep/2026:03:09:36 +0000] "GET /wp-content/uploads/elementor/css/custom-apple-webkit.min.css?ver=1788231138 HTTP/1.1" 200 567 "https://uslconsultation.com/" "Mozilla/5.0 (Macintosh; Intel Mac OS X 10_15_7) AppleWebKit/605.1.15 (KHTML, like Gecko) Version/17.4 Safari/605.1.15 (Applebot/0.1; +http://www.apple.com/go/applebot)"
17.166.152.220 - - [01/Sep/2026:03:09:38 +0000] "GET /wp-includes/js/jquery/jquery.min.js?ver=3.7.1 HTTP/1.1" 200 30654 "https://uslconsultation.com/" "Mozilla/5.0 (Macintosh; Intel Mac OS X 10_15_7) AppleWebKit/605.1.15 (KHTML, like Gecko) Version/17.4 Safari/605.1.15 (Applebot/0.1; +http://www.apple.com/go/applebot)"
17.166.152.220 - - [01/Sep/2026:03:09:40 +0000] "GET /wp-content/plugins/woocommerce/assets/js/frontend/add-to-cart.min.js?ver=11.0.1 HTTP/1.1" 200 1456 "https://uslconsultation.com/" "Mozilla/5.0 (Macintosh; Intel Mac OS X 10_15_7) AppleWebKit/605.1.15 (KHTML, like Gecko) Version/17.4 Safari/605.1.15 (Applebot/0.1; +http://www.apple.com/go/applebot)"
17.166.152.220 - - [01/Sep/2026:03:09:42 +0000] "GET /wp-content/plugins/translatepress-multilingual/assets/js/trp-frontend-compatibility.js?ver=3.3.4 HTTP/1.1" 200 396 "https://uslconsultation.com/" "Mozilla/5.0 (Macintosh; Intel Mac OS X 10_15_7) AppleWebKit/605.1.15 (KHTML, like Gecko) Version/17.4 Safari/605.1.15 (Applebot/0.1; +http://www.apple.com/go/applebot)"
17.166.152.220 - - [01/Sep/2026:03:09:43 +0000] "GET /wp-content/plugins/woocommerce/assets/js/frontend/cart-fragments.min.js?ver=11.0.1 HTTP/1.1" 200 1060 "https://uslconsultation.com/" "Mozilla/5.0 (Macintosh; Intel Mac OS X 10_15_7) AppleWebKit/605.1.15 (KHTML, like Gecko) Version/17.4 Safari/605.1.15 (Applebot/0.1; +http://www.apple.com/go/applebot)"
17.166.152.220 - - [01/Sep/2026:03:09:45 +0000] "GET /wp-content/uploads/elementor/css/post-335.css?ver=1788231143 HTTP/1.1" 200 1267 "https://uslconsultation.com/" "Mozilla/5.0 (Macintosh; Intel Mac OS X 10_15_7) AppleWebKit/605.1.15 (KHTML, like Gecko) Version/17.4 Safari/605.1.15 (Applebot/0.1; +http://www.apple.com/go/applebot)"
17.166.152.220 - - [01/Sep/2026:03:09:47 +0000] "GET /wp-content/plugins/contact-form-7/includes/swv/js/index.js?ver=6.1.7 HTTP/1.1" 200 3530 "https://uslconsultation.com/" "Mozilla/5.0 (Macintosh; Intel Mac OS X 10_15_7) AppleWebKit/605.1.15 (KHTML, like Gecko) Version/17.4 Safari/605.1.15 (Applebot/0.1; +http://www.apple.com/go/applebot)"
17.166.152.220 - - [01/Sep/2026:03:09:49 +0000] "GET /wp-content/plugins/cookieadmin/assets/js/consent.js?ver=1.1.4 HTTP/1.1" 200 4791 "https://uslconsultation.com/" "Mozilla/5.0 (Macintosh; Intel Mac OS X 10_15_7) AppleWebKit/605.1.15 (KHTML, like Gecko) Version/17.4 Safari/605.1.15 (Applebot/0.1; +http://www.apple.com/go/applebot)"
17.166.152.220 - - [01/Sep/2026:03:09:51 +0000] "GET /wp-content/plugins/woocommerce/assets/js/sourcebuster/sourcebuster.min.js?ver=11.0.1 HTTP/1.1" 200 4830 "https://uslconsultation.com/" "Mozilla/5.0 (Macintosh; Intel Mac OS X 10_15_7) AppleWebKit/605.1.15 (KHTML, like Gecko) Version/17.4 Safari/605.1.15 (Applebot/0.1; +http://www.apple.com/go/applebot)"
17.166.152.220 - - [01/Sep/2026:03:09:53 +0000] "GET /wp-content/plugins/elementor/assets/js/webpack.runtime.min.js?ver=4.2.4 HTTP/1.1" 200 2551 "https://uslconsultation.com/" "Mozilla/5.0 (Macintosh; Intel Mac OS X 10_15_7) AppleWebKit/605.1.15 (KHTML, like Gecko) Version/17.4 Safari/605.1.15 (Applebot/0.1; +http://www.apple.com/go/applebot)"
17.166.152.220 - - [01/Sep/2026:03:09:55 +0000] "GET /wp-content/plugins/elementor/assets/js/frontend.min.js?ver=4.2.4 HTTP/1.1" 200 10504 "https://uslconsultation.com/" "Mozilla/5.0 (Macintosh; Intel Mac OS X 10_15_7) AppleWebKit/605.1.15 (KHTML, like Gecko) Version/17.4 Safari/605.1.15 (Applebot/0.1; +http://www.apple.com/go/applebot)"
17.166.152.220 - - [01/Sep/2026:03:09:57 +0000] "GET /wp-content/plugins/woocommerce/assets/js/jquery-cookie/jquery.cookie.min.js?ver=1.4.1-wc.11.0.1 HTTP/1.1" 200 781 "https://uslconsultation.com/" "Mozilla/5.0 (Macintosh; Intel Mac OS X 10_15_7) AppleWebKit/605.1.15 (KHTML, like Gecko) Version/17.4 Safari/605.1.15 (Applebot/0.1; +http://www.apple.com/go/applebot)"
