202.47.50.160 - - [31/Aug/2026:18:11:08 +0000] "POST /xmlrpc.php HTTP/1.1" 499 0 "-" "Mozilla/5.0 (Windows NT 6.3; arm64) AppleWebKit/537.36 (KHTML, like Gecko) Chrome/96.0.0.0 Safari/537.36"
72.167.149.90 - - [31/Aug/2026:18:11:11 +0000] "POST /wp-cron.php?doing_wp_cron=1788199870.7766220569610595703125 HTTP/1.1" 499 0 "-" "WordPress/7.1; https://uslconsultation.com"
202.47.50.160 - - [31/Aug/2026:18:11:26 +0000] "POST /xmlrpc.php HTTP/1.1" 200 415 "-" "Mozilla/5.0 (Linux; Android 10; x64) AppleWebKit/537.36 (KHTML, like Gecko) Opera/66.0.0.0 Safari/537.36"
202.47.50.160 - - [31/Aug/2026:18:11:44 +0000] "POST /xmlrpc.php HTTP/1.1" 499 0 "-" "Mozilla/5.0 (X11; Ubuntu; Linux x86_64; x86) AppleWebKit/537.36 (KHTML, like Gecko) Firefox/87.0.0.0 Safari/537.36"
202.47.50.160 - - [31/Aug/2026:18:12:04 +0000] "POST /xmlrpc.php HTTP/1.1" 499 0 "-" "Mozilla/5.0 (Linux; Android 10; x86) AppleWebKit/537.36 (KHTML, like Gecko) Safari/13.0.0.0 Safari/537.36"
72.167.149.90 - - [31/Aug/2026:18:12:05 +0000] "POST /wp-cron.php?doing_wp_cron=1788199924.1756610870361328125000 HTTP/1.1" 499 0 "-" "WordPress/7.1; https://uslconsultation.com"
202.47.50.160 - - [31/Aug/2026:18:12:21 +0000] "POST /xmlrpc.php HTTP/1.1" 200 415 "-" "Mozilla/5.0 (Windows NT 6.2; x86) AppleWebKit/537.36 (KHTML, like Gecko) Safari/12.0.0.0 Safari/537.36"
202.47.50.160 - - [31/Aug/2026:18:12:40 +0000] "POST /xmlrpc.php HTTP/1.1" 200 415 "-" "Mozilla/5.0 (Macintosh; Intel Mac OS X 10_15_7; arm64) AppleWebKit/537.36 (KHTML, like Gecko) Safari/15.0.0.0 Safari/537.36"
202.47.50.160 - - [31/Aug/2026:18:12:59 +0000] "POST /xmlrpc.php HTTP/1.1" 200 415 "-" "Mozilla/5.0 (Windows NT 6.2; x64) AppleWebKit/537.36 (KHTML, like Gecko) Edge/95.0.0.0 Safari/537.36"
72.167.149.90 - - [31/Aug/2026:18:13:19 +0000] "POST /wp-cron.php?doing_wp_cron=1788199998.6360421180725097656250 HTTP/1.1" 499 0 "-" "WordPress/7.1; https://uslconsultation.com"
202.47.50.160 - - [31/Aug/2026:18:13:19 +0000] "POST /xmlrpc.php HTTP/1.1" 200 415 "-" "Mozilla/5.0 (Macintosh; Intel Mac OS X 10_15_7; arm64) AppleWebKit/537.36 (KHTML, like Gecko) Edge/100.0.0.0 Safari/537.36"
202.47.50.160 - - [31/Aug/2026:18:13:36 +0000] "POST /xmlrpc.php HTTP/1.1" 499 0 "-" "Mozilla/5.0 (Windows NT 6.2; x86) AppleWebKit/537.36 (KHTML, like Gecko) Edge/80.0.0.0 Safari/537.36"
43.165.186.188 - - [31/Aug/2026:18:13:41 +0000] "GET /wp-content/plugins/woocommerce/assets/fonts/cardo_normal_400.woff2 HTTP/1.1" 200 146060 "-" "Mozilla/5.0 (iPhone; CPU iPhone OS 13_2_3 like Mac OS X) AppleWebKit/605.1.15 (KHTML, like Gecko) Version/13.0.3 Mobile/15E148 Safari/604.1"
202.47.50.160 - - [31/Aug/2026:18:13:56 +0000] "POST /xmlrpc.php HTTP/1.1" 499 0 "-" "Mozilla/5.0 (Linux; Android 10; x86) AppleWebKit/537.36 (KHTML, like Gecko) Opera/78.0.0.0 Safari/537.36"
72.167.149.90 - - [31/Aug/2026:18:14:15 +0000] "POST /wp-cron.php?doing_wp_cron=1788200054.6988949775695800781250 HTTP/1.1" 499 0 "-" "WordPress/7.1; https://uslconsultation.com"
202.47.50.160 - - [31/Aug/2026:18:14:15 +0000] "POST /xmlrpc.php HTTP/1.1" 200 415 "-" "Mozilla/5.0 (Windows NT 6.2; arm64) AppleWebKit/537.36 (KHTML, like Gecko) Safari/11.0.0.0 Safari/537.36"
202.47.50.160 - - [31/Aug/2026:18:14:36 +0000] "POST /xmlrpc.php HTTP/1.1" 200 415 "-" "Mozilla/5.0 (Windows NT 6.3; arm64) AppleWebKit/537.36 (KHTML, like Gecko) Edge/82.0.0.0 Safari/537.36"
202.47.50.160 - - [31/Aug/2026:18:14:52 +0000] "POST /xmlrpc.php HTTP/1.1" 499 0 "-" "Mozilla/5.0 (Windows NT 10.0; arm64) AppleWebKit/537.36 (KHTML, like Gecko) Safari/10.0.0.0 Safari/537.36"
202.47.50.160 - - [31/Aug/2026:18:15:12 +0000] "POST /xmlrpc.php HTTP/1.1" 499 0 "-" "Mozilla/5.0 (Linux; Android 10; x64) AppleWebKit/537.36 (KHTML, like Gecko) Firefox/77.0.0.0 Safari/537.36"
72.167.149.90 - - [31/Aug/2026:18:15:20 +0000] "POST /wp-cron.php?doing_wp_cron=1788200119.7016100883483886718750 HTTP/1.1" 499 0 "-" "WordPress/7.1; https://uslconsultation.com"
202.47.50.160 - - [31/Aug/2026:18:15:32 +0000] "POST /xmlrpc.php HTTP/1.1" 499 0 "-" "Mozilla/5.0 (Windows NT 6.3; arm64) AppleWebKit/537.36 (KHTML, like Gecko) Firefox/91.0.0.0 Safari/537.36"
72.167.149.90 - - [31/Aug/2026:18:16:34 +0000] "POST /wp-cron.php?doing_wp_cron=1788200193.2128019332885742187500 HTTP/1.1" 499 0 "-" "WordPress/7.1; https://uslconsultation.com"
202.47.50.160 - - [31/Aug/2026:18:16:44 +0000] "POST /xmlrpc.php HTTP/1.1" 499 0 "-" "Mozilla/5.0 (Windows NT 6.3; arm64) AppleWebKit/537.36 (KHTML, like Gecko) Firefox/82.0.0.0 Safari/537.36"
72.167.149.90 - - [31/Aug/2026:18:18:12 +0000] "POST /wp-cron.php?doing_wp_cron=1788200291.2654569149017333984375 HTTP/1.1" 499 0 "-" "WordPress/7.1; https://uslconsultation.com"
72.167.149.90 - - [31/Aug/2026:18:25:21 +0000] "POST /wp-cron.php?doing_wp_cron=1788200720.6681299209594726562500 HTTP/1.1" 499 0 "-" "WordPress/7.1; https://uslconsultation.com"
101.33.80.42 - - [31/Aug/2026:18:25:21 +0000] "GET /wp-json/oembed/1.0/embed?url=https%3A%2F%2Fuslconsultation.com%2Fabout-us%2F&format=xml HTTP/1.1" 200 1113 "-" "Mozilla/5.0 (iPhone; CPU iPhone OS 13_2_3 like Mac OS X) AppleWebKit/605.1.15 (KHTML, like Gecko) Version/13.0.3 Mobile/15E148 Safari/604.1"
72.167.149.90 - - [31/Aug/2026:18:32:51 +0000] "GET /wp-content/uploads/2025/12/frustrated-business-people-and-laptop-with-stress-scaled-e1766360245100.jpg HTTP/1.1" 200 119657 "-" "-"
72.167.149.90 - - [31/Aug/2026:18:32:54 +0000] "POST /wp-cron.php?doing_wp_cron=1788201172.9791860580444335937500 HTTP/1.1" 499 0 "-" "WordPress/7.1; https://uslconsultation.com/ar"
134.249.36.152 - - [31/Aug/2026:18:32:54 +0000] "GET /ar/2025/12/21/common-mistakes-companies-make-before-scaling-internationally/ HTTP/1.1" 200 77891 "-" "Mozilla/5.0 (Macintosh; Intel Mac OS X 11_7_0) AppleWebKit/537.36 (KHTML, like Gecko) Chrome/129.0.6668.29 Safari/537.36"
72.167.149.90 - - [31/Aug/2026:18:36:01 +0000] "POST /wp-cron.php?doing_wp_cron=1788201359.9927160739898681640625 HTTP/1.1" 499 0 "-" "WordPress/7.1; https://uslconsultation.com"
43.166.130.123 - - [31/Aug/2026:18:36:01 +0000] "GET /wp-json/wp/v2/event/3915 HTTP/1.1" 200 850 "-" "Mozilla/5.0 (iPhone; CPU iPhone OS 13_2_3 like Mac OS X) AppleWebKit/605.1.15 (KHTML, like Gecko) Version/13.0.3 Mobile/15E148 Safari/604.1"
72.167.149.90 - - [31/Aug/2026:18:46:29 +0000] "POST /wp-cron.php?doing_wp_cron=1788201988.5396521091461181640625 HTTP/1.1" 499 0 "-" "WordPress/7.1; https://uslconsultation.com"
43.156.232.154 - - [31/Aug/2026:18:46:29 +0000] "GET /wp-json/wp/v2/event/3917 HTTP/1.1" 200 824 "-" "Mozilla/5.0 (iPhone; CPU iPhone OS 13_2_3 like Mac OS X) AppleWebKit/605.1.15 (KHTML, like Gecko) Version/13.0.3 Mobile/15E148 Safari/604.1"
43.133.66.51 - - [31/Aug/2026:18:56:37 +0000] "GET /ar/cases/ HTTP/1.1" 200 48872 "-" "Mozilla/5.0 (iPhone; CPU iPhone OS 13_2_3 like Mac OS X) AppleWebKit/605.1.15 (KHTML, like Gecko) Version/13.0.3 Mobile/15E148 Safari/604.1"
72.167.149.90 - - [31/Aug/2026:18:56:37 +0000] "POST /wp-cron.php?doing_wp_cron=1788202596.8092861175537109375000 HTTP/1.1" 499 0 "-" "WordPress/7.1; https://uslconsultation.com/ar"
72.167.149.90 - - [31/Aug/2026:19:04:57 +0000] "POST /wp-cron.php?doing_wp_cron=1788203096.4711329936981201171875 HTTP/1.1" 499 0 "-" "WordPress/7.1; https://uslconsultation.com"
43.135.148.92 - - [31/Aug/2026:19:04:57 +0000] "GET /about-us/embed/ HTTP/1.1" 200 6467 "-" "Mozilla/5.0 (iPhone; CPU iPhone OS 13_2_3 like Mac OS X) AppleWebKit/605.1.15 (KHTML, like Gecko) Version/13.0.3 Mobile/15E148 Safari/604.1"
137.131.2.67 - - [31/Aug/2026:19:10:16 +0000] "GET /ar/wp-json HTTP/1.1" 499 0 "-" "Mozilla/5.0 (X11; Linux aarch64) AppleWebKit/537.36 (KHTML, like Gecko) Chrome/139.0.0.0 Safari/537.36"
137.131.2.67 - - [31/Aug/2026:19:10:22 +0000] "GET /ar/wp-json HTTP/1.1" 499 0 "-" "Mozilla/5.0 (X11; Linux aarch64) AppleWebKit/537.36 (KHTML, like Gecko) Chrome/139.0.0.0 Safari/537.36"
72.167.149.90 - - [31/Aug/2026:19:15:32 +0000] "POST /wp-cron.php?doing_wp_cron=1788203731.3220140933990478515625 HTTP/1.1" 499 0 "-" "WordPress/7.1; https://uslconsultation.com"
158.173.79.103 - - [31/Aug/2026:19:15:36 +0000] "GET / HTTP/1.0" 200 319726 "https://uslconsultation.com/" "Mozilla/5.0 (Windows NT 10.0; Win64; x64) AppleWebKit/537.36 (KHTML, like Gecko) Chrome/129.0.0.0 Safari/537.36"
158.173.79.103 - - [31/Aug/2026:19:15:42 +0000] "POST / HTTP/1.0" 500 3179 "https://uslconsultation.com/" "Mozilla/5.0 (Windows NT 10.0; Win64; x64) AppleWebKit/537.36 (KHTML, like Gecko) Chrome/129.0.0.0 Safari/537.36"
72.167.149.90 - - [31/Aug/2026:19:18:46 +0000] "POST /wp-cron.php?doing_wp_cron=1788203925.7182691097259521484375 HTTP/1.1" 499 0 "-" "WordPress/7.1; https://uslconsultation.com"
216.73.216.146 - - [31/Aug/2026:19:18:46 +0000] "GET /robots.txt HTTP/1.1" 200 124 "-" "Mozilla/5.0 AppleWebKit/537.36 (KHTML, like Gecko; compatible; ClaudeBot/1.0; +claudebot@anthropic.com)"
216.73.216.146 - - [31/Aug/2026:19:18:51 +0000] "GET /sitemaps.xml HTTP/1.1" 200 284 "-" "Mozilla/5.0 AppleWebKit/537.36 (KHTML, like Gecko; compatible; ClaudeBot/1.0; +claudebot@anthropic.com)"
72.167.149.90 - - [31/Aug/2026:19:23:54 +0000] "POST /wp-cron.php?doing_wp_cron=1788204233.0317790508270263671875 HTTP/1.1" 499 0 "-" "WordPress/7.1; https://uslconsultation.com/ar"
43.134.100.175 - - [31/Aug/2026:19:23:54 +0000] "GET /ar/blog/ HTTP/1.1" 200 76119 "-" "Mozilla/5.0 (iPhone; CPU iPhone OS 13_2_3 like Mac OS X) AppleWebKit/605.1.15 (KHTML, like Gecko) Version/13.0.3 Mobile/15E148 Safari/604.1"
72.167.149.90 - - [31/Aug/2026:19:30:33 +0000] "POST /wp-cron.php?doing_wp_cron=1788204631.9638130664825439453125 HTTP/1.1" 499 0 "-" "WordPress/7.1; https://uslconsultation.com"
57.141.14.62 - - [31/Aug/2026:19:30:33 +0000] "GET /checkout/ HTTP/1.1" 302 5 "-" "Mozilla/5.0 (Macintosh; Intel Mac OS X 10_15_7) AppleWebKit/537.36 (KHTML, like Gecko) Chrome/145.0.0.0 Safari/537.36 (compatible; meta-externalagent/1.1 (+https://developers.facebook.com/docs/sharing/webmasters/crawler))"
57.141.14.78 - - [31/Aug/2026:19:30:41 +0000] "GET /cart/ HTTP/1.1" 200 72739 "-" "Mozilla/5.0 (Macintosh; Intel Mac OS X 10_15_7) AppleWebKit/537.36 (KHTML, like Gecko) Chrome/145.0.0.0 Safari/537.36 (compatible; meta-externalagent/1.1 (+https://developers.facebook.com/docs/sharing/webmasters/crawler))"
72.167.149.90 - - [31/Aug/2026:19:33:10 +0000] "POST /wp-cron.php?doing_wp_cron=1788204789.8376719951629638671875 HTTP/1.1" 499 0 "-" "WordPress/7.1; https://uslconsultation.com"
178.20.45.128 - - [31/Aug/2026:19:33:11 +0000] "GET /2025/11/05/hello-world/ HTTP/1.0" 404 184529 "https://uslconsultation.com/2025/11/05/hello-world/#comment-168" "Mozilla/5.0 (Windows NT 10.0; Win64; x64) AppleWebKit/537.36 (KHTML, like Gecko) Chrome/130.0.0.0 Safari/537.36"
178.20.45.128 - - [31/Aug/2026:19:33:33 +0000] "GET /blog/ HTTP/1.0" 200 203550 "https://uslconsultation.com/blog/" "Mozilla/5.0 (Windows NT 10.0; Win64; x64) AppleWebKit/537.36 (KHTML, like Gecko) Chrome/130.0.0.0 Safari/537.36"
178.20.45.128 - - [31/Aug/2026:19:33:46 +0000] "GET /contact-us/ HTTP/1.0" 200 204851 "https://uslconsultation.com/contact-us/" "Mozilla/5.0 (Windows NT 10.0; Win64; x64) AppleWebKit/537.36 (KHTML, like Gecko) Chrome/130.0.0.0 Safari/537.36"
178.20.45.128 - - [31/Aug/2026:19:33:53 +0000] "POST /contact-us/ HTTP/1.0" 200 204941 "https://uslconsultation.com/contact-us/" "Mozilla/5.0 (Windows NT 10.0; Win64; x64) AppleWebKit/537.36 (KHTML, like Gecko) Chrome/130.0.0.0 Safari/537.36"
72.167.149.90 - - [31/Aug/2026:19:34:57 +0000] "POST /wp-cron.php?doing_wp_cron=1788204896.3198840618133544921875 HTTP/1.1" 499 0 "-" "WordPress/7.1; https://uslconsultation.com/ar"
43.164.190.124 - - [31/Aug/2026:19:34:57 +0000] "GET /ar/cases/feed/ HTTP/1.1" 200 1422 "-" "Mozilla/5.0 (iPhone; CPU iPhone OS 13_2_3 like Mac OS X) AppleWebKit/605.1.15 (KHTML, like Gecko) Version/13.0.3 Mobile/15E148 Safari/604.1"
72.167.149.90 - - [31/Aug/2026:19:36:00 +0000] "POST /wp-cron.php?doing_wp_cron=1788204959.3280210494995117187500 HTTP/1.1" 499 0 "-" "WordPress/7.1; https://uslconsultation.com"
160.153.252.100 - - [31/Aug/2026:19:36:00 +0000] "GET /wp-login.php HTTP/1.1" 200 4192 "-" "160.153.252.100"
160.153.252.100 - - [31/Aug/2026:19:36:08 +0000] "POST /wp-login.php HTTP/1.1" 200 4295 "https://uslconsultation.com/wp-login.php" "160.153.252.100"
72.167.149.90 - - [31/Aug/2026:19:38:30 +0000] "POST /wp-cron.php?doing_wp_cron=1788205109.6712400913238525390625 HTTP/1.1" 499 0 "-" "WordPress/7.1; https://uslconsultation.com"
57.141.14.16 - - [31/Aug/2026:19:38:30 +0000] "GET /team/ HTTP/1.1" 200 59582 "-" "Mozilla/5.0 (Windows NT 10.0; Win64; x64) AppleWebKit/537.36 (KHTML, like Gecko) Chrome/145.0.0.0 Safari/537.36 (compatible; meta-externalagent/1.1 (+https://developers.facebook.com/docs/sharing/webmasters/crawler))"
72.167.149.90 - - [31/Aug/2026:19:44:26 +0000] "POST /wp-cron.php?doing_wp_cron=1788205465.4719541072845458984375 HTTP/1.1" 499 0 "-" "WordPress/7.1; https://uslconsultation.com"
185.191.171.10 - - [31/Aug/2026:19:44:26 +0000] "GET /robots.txt HTTP/1.1" 200 124 "-" "Mozilla/5.0 (compatible; SemrushBot/7~bl; +http://www.semrush.com/bot.html)"
85.208.96.207 - - [31/Aug/2026:19:44:36 +0000] "GET /ar/team/ HTTP/1.1" 200 79999 "-" "Mozilla/5.0 (compatible; SemrushBot/7~bl; +http://www.semrush.com/bot.html)"
72.167.149.90 - - [31/Aug/2026:19:47:25 +0000] "GET /wp-content/uploads/2021/02/logo-11.png HTTP/1.1" 200 22512 "-" "-"
43.162.95.192 - - [31/Aug/2026:19:47:27 +0000] "GET /ar/portfolio/climb-the-mountain/ HTTP/1.1" 200 48696 "-" "Mozilla/5.0 (iPhone; CPU iPhone OS 13_2_3 like Mac OS X) AppleWebKit/605.1.15 (KHTML, like Gecko) Version/13.0.3 Mobile/15E148 Safari/604.1"
72.167.149.90 - - [31/Aug/2026:19:47:28 +0000] "POST /wp-cron.php?doing_wp_cron=1788205647.8602499961853027343750 HTTP/1.1" 499 0 "-" "WordPress/7.1; https://uslconsultation.com/ar"
72.167.149.90 - - [31/Aug/2026:19:47:41 +0000] "POST /wp-cron.php?doing_wp_cron=1788205660.2022891044616699218750 HTTP/1.1" 499 0 "-" "WordPress/7.1; https://uslconsultation.com"
43.130.131.18 - - [31/Aug/2026:19:56:30 +0000] "GET /ar/about-us/ HTTP/1.1" 200 48704 "-" "Mozilla/5.0 (iPhone; CPU iPhone OS 13_2_3 like Mac OS X) AppleWebKit/605.1.15 (KHTML, like Gecko) Version/13.0.3 Mobile/15E148 Safari/604.1"
72.167.149.90 - - [31/Aug/2026:19:56:31 +0000] "POST /wp-cron.php?doing_wp_cron=1788206190.5574929714202880859375 HTTP/1.1" 499 0 "-" "WordPress/7.1; https://uslconsultation.com/ar"
72.167.149.90 - - [31/Aug/2026:19:56:43 +0000] "POST /wp-admin/admin-ajax.php?action=wp_1_wc_privacy_cleanup&nonce=deb5975b69 HTTP/1.1" 499 0 "-" "WordPress/7.1; https://uslconsultation.com"
72.167.149.90 - - [31/Aug/2026:20:06:28 +0000] "GET /wp-content/uploads/2021/02/services-2.jpg HTTP/1.1" 200 30833 "-" "-"
72.167.149.90 - - [31/Aug/2026:20:06:31 +0000] "POST /wp-cron.php?doing_wp_cron=1788206790.8884389400482177734375 HTTP/1.1" 499 0 "-" "WordPress/7.1; https://uslconsultation.com/ar"
49.51.253.26 - - [31/Aug/2026:20:06:32 +0000] "GET /ar/service/strategic-planning/ HTTP/1.1" 200 76164 "-" "Mozilla/5.0 (iPhone; CPU iPhone OS 13_2_3 like Mac OS X) AppleWebKit/605.1.15 (KHTML, like Gecko) Version/13.0.3 Mobile/15E148 Safari/604.1"
43.162.114.69 - - [31/Aug/2026:20:18:40 +0000] "GET /ar/blog/page/2/ HTTP/1.1" 200 48872 "-" "Mozilla/5.0 (iPhone; CPU iPhone OS 13_2_3 like Mac OS X) AppleWebKit/605.1.15 (KHTML, like Gecko) Version/13.0.3 Mobile/15E148 Safari/604.1"
72.167.149.90 - - [31/Aug/2026:20:18:40 +0000] "POST /wp-cron.php?doing_wp_cron=1788207519.5876860618591308593750 HTTP/1.1" 499 0 "-" "WordPress/7.1; https://uslconsultation.com/ar"
108.179.253.175 - - [31/Aug/2026:20:18:51 +0000] "GET /wp-login.php HTTP/1.1" 499 0 "-" "Mozilla/5.0 (Windows NT 10.0; Win64; x64) AppleWebKit/537.36 (KHTML, like Gecko) Chrome/151.0.0.0 Safari/537.36"
108.179.253.175 - beso4u [31/Aug/2026:20:18:58 +0000] "GET /wp-json/wp/v2/users/me HTTP/1.1" 499 0 "-" "Mozilla/5.0 (Windows NT 10.0; Win64; x64) AppleWebKit/537.36 (KHTML, like Gecko) Chrome/151.0.0.0 Safari/537.36"
72.167.149.90 - beso4u [31/Aug/2026:20:19:02 +0000] "POST /wp-cron.php?doing_wp_cron=1788207541.5134420394897460937500 HTTP/1.1" 499 0 "-" "WordPress/7.1; https://uslconsultation.com"
72.167.149.90 - - [31/Aug/2026:20:24:18 +0000] "POST /wp-cron.php?doing_wp_cron=1788207857.4627380371093750000000 HTTP/1.1" 499 0 "-" "WordPress/7.1; https://uslconsultation.com/ar"
49.51.183.75 - - [31/Aug/2026:20:24:18 +0000] "GET /ar/team/ HTTP/1.1" 200 79999 "-" "Mozilla/5.0 (iPhone; CPU iPhone OS 13_2_3 like Mac OS X) AppleWebKit/605.1.15 (KHTML, like Gecko) Version/13.0.3 Mobile/15E148 Safari/604.1"
34.237.50.25 - - [31/Aug/2026:20:30:27 +0000] "GET / HTTP/1.1" 200 68913 "-" "Mozilla/5.0 (X11; Linux x86_64; rv:104.0) Gecko/20100101 Firefox/104.0"
192.185.131.120 - - [31/Aug/2026:20:31:54 +0000] "GET /wp-login.php HTTP/1.1" 499 0 "-" "Mozilla/5.0 (Windows NT 10.0; Win64; x64) AppleWebKit/537.36 (KHTML, like Gecko) Chrome/151.0.0.0 Safari/537.36"
72.167.149.90 - - [31/Aug/2026:20:31:55 +0000] "POST /wp-cron.php?doing_wp_cron=1788208313.9962420463562011718750 HTTP/1.1" 499 0 "-" "WordPress/7.1; https://uslconsultation.com"
192.185.131.120 - beso4u [31/Aug/2026:20:32:00 +0000] "GET /wp-json/wp/v2/users/me HTTP/1.1" 401 107 "-" "Mozilla/5.0 (Windows NT 10.0; Win64; x64) AppleWebKit/537.36 (KHTML, like Gecko) Chrome/151.0.0.0 Safari/537.36"
72.167.149.90 - - [31/Aug/2026:20:34:21 +0000] "POST /wp-cron.php?doing_wp_cron=1788208460.0073130130767822265625 HTTP/1.1" 499 0 "-" "WordPress/7.1; https://uslconsultation.com"
57.141.14.88 - - [31/Aug/2026:20:34:21 +0000] "GET /category/invest-in-syria/ HTTP/1.1" 200 53945 "-" "Mozilla/5.0 (Windows NT 10.0; Win64; x64) AppleWebKit/537.36 (KHTML, like Gecko) Chrome/145.0.0.0 Safari/537.36 (compatible; meta-externalagent/1.1 (+https://developers.facebook.com/docs/sharing/webmasters/crawler))"
72.167.149.90 - - [31/Aug/2026:20:36:42 +0000] "POST /wp-cron.php?doing_wp_cron=1788208601.5063130855560302734375 HTTP/1.1" 499 0 "-" "WordPress/7.1; https://uslconsultation.com/ar"
49.51.196.42 - - [31/Aug/2026:20:36:42 +0000] "GET /ar/portfolio/golden-2/feed/ HTTP/1.1" 200 514 "-" "Mozilla/5.0 (iPhone; CPU iPhone OS 13_2_3 like Mac OS X) AppleWebKit/605.1.15 (KHTML, like Gecko) Version/13.0.3 Mobile/15E148 Safari/604.1"
72.167.149.90 - - [31/Aug/2026:20:46:30 +0000] "GET /wp-content/uploads/2021/02/logo-11.png HTTP/1.1" 200 22512 "-" "-"
72.167.149.90 - - [31/Aug/2026:20:46:32 +0000] "POST /wp-cron.php?doing_wp_cron=1788209191.2967009544372558593750 HTTP/1.1" 499 0 "-" "WordPress/7.1; https://uslconsultation.com"
43.153.85.46 - - [31/Aug/2026:20:46:32 +0000] "GET /portfolio/climb-the-mountain/ HTTP/1.1" 200 52985 "-" "Mozilla/5.0 (iPhone; CPU iPhone OS 13_2_3 like Mac OS X) AppleWebKit/605.1.15 (KHTML, like Gecko) Version/13.0.3 Mobile/15E148 Safari/604.1"
72.167.149.90 - - [31/Aug/2026:20:53:56 +0000] "POST /wp-cron.php?doing_wp_cron=1788209635.7441830635070800781250 HTTP/1.1" 499 0 "-" "WordPress/7.1; https://uslconsultation.com/ar"
43.132.214.228 - - [31/Aug/2026:20:53:56 +0000] "GET /ar/wp-json/oembed/1.0/embed?url=https%3A%2F%2Fuslconsultation.com%2Far%2Fabout-us%2F HTTP/1.1" 200 1130 "-" "Mozilla/5.0 (iPhone; CPU iPhone OS 13_2_3 like Mac OS X) AppleWebKit/605.1.15 (KHTML, like Gecko) Version/13.0.3 Mobile/15E148 Safari/604.1"
72.167.149.90 - - [31/Aug/2026:20:54:24 +0000] "POST /wp-cron.php?doing_wp_cron=1788209663.5932819843292236328125 HTTP/1.1" 499 0 "-" "WordPress/7.1; https://uslconsultation.com"
51.81.111.119 - - [31/Aug/2026:20:54:24 +0000] "GET /robots.txt HTTP/1.1" 200 124 "-" "Mozilla/5.0 (compatible; AhrefsBot/7.0; +http://ahrefs.com/robot/)"
51.81.169.193 - - [31/Aug/2026:20:54:30 +0000] "GET /contact-us/ HTTP/1.1" 200 54035 "-" "Mozilla/5.0 (compatible; AhrefsBot/7.0; +http://ahrefs.com/robot/)"
51.81.170.4 - - [31/Aug/2026:20:59:41 +0000] "GET /wp-content/uploads/elementor/css/post-149.css?ver=1787896166 HTTP/1.1" 200 1290 "-" "Mozilla/5.0 (compatible; AhrefsBot/7.0; +http://ahrefs.com/robot/)"
72.167.149.90 - - [31/Aug/2026:21:03:57 +0000] "POST /wp-cron.php?doing_wp_cron=1788210236.3371200561523437500000 HTTP/1.1" 499 0 "-" "WordPress/7.1; https://uslconsultation.com/ar"
49.51.39.209 - - [31/Aug/2026:21:03:57 +0000] "GET /ar/?wc-ajax=%%endpoint%% HTTP/1.1" 200 31 "-" "Mozilla/5.0 (iPhone; CPU iPhone OS 13_2_3 like Mac OS X) AppleWebKit/605.1.15 (KHTML, like Gecko) Version/13.0.3 Mobile/15E148 Safari/604.1"
72.167.149.90 - - [31/Aug/2026:21:13:07 +0000] "POST /wp-cron.php?doing_wp_cron=1788210786.8226010799407958984375 HTTP/1.1" 499 0 "-" "WordPress/7.1; https://uslconsultation.com"
17.166.237.173 - - [31/Aug/2026:21:13:07 +0000] "GET /image-frames/ HTTP/1.1" 404 50933 "-" "Mozilla/5.0 (Macintosh; Intel Mac OS X 10_15_7) AppleWebKit/605.1.15 (KHTML, like Gecko) Version/17.4 Safari/605.1.15 (Applebot/0.1; +http://www.apple.com/go/applebot)"
43.153.48.240 - - [31/Aug/2026:21:13:39 +0000] "GET /ar/blog/page/3/ HTTP/1.1" 200 76043 "-" "Mozilla/5.0 (iPhone; CPU iPhone OS 13_2_3 like Mac OS X) AppleWebKit/605.1.15 (KHTML, like Gecko) Version/13.0.3 Mobile/15E148 Safari/604.1"
72.167.149.90 - - [31/Aug/2026:21:24:15 +0000] "POST /wp-cron.php?doing_wp_cron=1788211454.8478329181671142578125 HTTP/1.1" 499 0 "-" "WordPress/7.1; https://uslconsultation.com"
159.196.13.154 - - [31/Aug/2026:21:24:15 +0000] "GET /wp-json/wp/v2/users HTTP/1.1" 200 1678 "-" "Mozilla/4.0 (compatible; Win32; WinHttp.WinHttpRequest.5)"
17.166.235.162 - - [31/Aug/2026:21:24:26 +0000] "POST /?wc-ajax=get_refreshed_fragments HTTP/1.1" 200 589 "https://uslconsultation.com/image-frames/" "Mozilla/5.0 (Macintosh; Intel Mac OS X 10_15_7) AppleWebKit/605.1.15 (KHTML, like Gecko) Version/17.4 Safari/605.1.15 (Applebot/0.1; +http://www.apple.com/go/applebot)"
43.159.143.187 - - [31/Aug/2026:21:24:51 +0000] "GET /ar/team/feed/ HTTP/1.1" 200 3492 "-" "Mozilla/5.0 (iPhone; CPU iPhone OS 13_2_3 like Mac OS X) AppleWebKit/605.1.15 (KHTML, like Gecko) Version/13.0.3 Mobile/15E148 Safari/604.1"
103.108.229.219 - - [31/Aug/2026:21:25:20 +0000] "POST /xmlrpc.php HTTP/1.1" 499 0 "-" "Mozilla/5.0 (Windows NT 10.0; x86) AppleWebKit/537.36 (KHTML, like Gecko) Chrome/94.0.0.0 Safari/537.36"
72.167.149.90 - - [31/Aug/2026:21:25:21 +0000] "POST /wp-cron.php?doing_wp_cron=1788211520.5857789516448974609375 HTTP/1.1" 499 0 "-" "WordPress/7.1; https://uslconsultation.com"
72.167.149.90 - - [31/Aug/2026:21:26:31 +0000] "POST /wp-cron.php?doing_wp_cron=1788211590.4635341167449951171875 HTTP/1.1" 499 0 "-" "WordPress/7.1; https://uslconsultation.com"
159.196.13.154 - - [31/Aug/2026:21:26:31 +0000] "POST /xmlrpc.php HTTP/1.1" 200 415 "-" "Mozilla/5.0 (Linux; Android 10; arm64) AppleWebKit/537.36 (KHTML, like Gecko) Firefox/96.0.0.0 Safari/537.36"
216.73.216.146 - - [31/Aug/2026:21:26:55 +0000] "GET /robots.txt HTTP/1.1" 200 124 "-" "Mozilla/5.0 AppleWebKit/537.36 (KHTML, like Gecko; compatible; ClaudeBot/1.0; +claudebot@anthropic.com)"
216.73.216.146 - - [31/Aug/2026:21:26:57 +0000] "GET /sitemaps.xml HTTP/1.1" 200 285 "-" "Mozilla/5.0 AppleWebKit/537.36 (KHTML, like Gecko; compatible; ClaudeBot/1.0; +claudebot@anthropic.com)"
72.167.149.90 - - [31/Aug/2026:21:27:31 +0000] "POST /wp-cron.php?doing_wp_cron=1788211650.6182749271392822265625 HTTP/1.1" 499 0 "-" "WordPress/7.1; https://uslconsultation.com"
159.196.13.154 - - [31/Aug/2026:21:27:31 +0000] "POST /xmlrpc.php HTTP/1.1" 200 415 "-" "Mozilla/5.0 (Windows NT 6.3; x64) AppleWebKit/537.36 (KHTML, like Gecko) Opera/73.0.0.0 Safari/537.36"
72.167.149.90 - - [31/Aug/2026:21:28:20 +0000] "POST /wp-cron.php?doing_wp_cron=1788211699.1091809272766113281250 HTTP/1.1" 499 0 "-" "WordPress/7.1; https://uslconsultation.com"
159.196.13.154 - - [31/Aug/2026:21:28:20 +0000] "POST /xmlrpc.php HTTP/1.1" 200 415 "-" "Mozilla/5.0 (Windows NT 10.0; arm64) AppleWebKit/537.36 (KHTML, like Gecko) Firefox/99.0.0.0 Safari/537.36"
72.167.149.90 - - [31/Aug/2026:21:29:06 +0000] "POST /wp-cron.php?doing_wp_cron=1788211745.9010400772094726562500 HTTP/1.1" 499 0 "-" "WordPress/7.1; https://uslconsultation.com"
159.196.13.154 - - [31/Aug/2026:21:29:06 +0000] "POST /xmlrpc.php HTTP/1.1" 200 415 "-" "Mozilla/5.0 (Macintosh; Intel Mac OS X 10_15_7; arm64) AppleWebKit/537.36 (KHTML, like Gecko) Safari/14.0.0.0 Safari/537.36"
159.196.13.154 - - [31/Aug/2026:21:29:51 +0000] "POST /xmlrpc.php HTTP/1.1" 200 415 "-" "Mozilla/5.0 (X11; Ubuntu; Linux x86_64; arm64) AppleWebKit/537.36 (KHTML, like Gecko) Opera/66.0.0.0 Safari/537.36"
159.196.13.154 - - [31/Aug/2026:21:30:36 +0000] "POST /xmlrpc.php HTTP/1.1" 499 0 "-" "Mozilla/5.0 (Linux; Android 10; arm64) AppleWebKit/537.36 (KHTML, like Gecko) Safari/14.0.0.0 Safari/537.36"
72.167.149.90 - - [31/Aug/2026:21:30:37 +0000] "POST /wp-cron.php?doing_wp_cron=1788211836.5904209613800048828125 HTTP/1.1" 499 0 "-" "WordPress/7.1; https://uslconsultation.com"
159.196.13.154 - - [31/Aug/2026:21:31:24 +0000] "POST /xmlrpc.php HTTP/1.1" 499 0 "-" "Mozilla/5.0 (Windows NT 10.0; arm64) AppleWebKit/537.36 (KHTML, like Gecko) Opera/64.0.0.0 Safari/537.36"
72.167.149.90 - - [31/Aug/2026:21:31:24 +0000] "POST /wp-cron.php?doing_wp_cron=1788211883.9380650520324707031250 HTTP/1.1" 499 0 "-" "WordPress/7.1; https://uslconsultation.com"
72.167.149.90 - - [31/Aug/2026:21:32:11 +0000] "POST /wp-cron.php?doing_wp_cron=1788211930.2493150234222412109375 HTTP/1.1" 499 0 "-" "WordPress/7.1; https://uslconsultation.com"
159.196.13.154 - - [31/Aug/2026:21:32:11 +0000] "POST /xmlrpc.php HTTP/1.1" 200 415 "-" "Mozilla/5.0 (Windows NT 10.0; x86) AppleWebKit/537.36 (KHTML, like Gecko) Firefox/73.0.0.0 Safari/537.36"
159.196.13.154 - - [31/Aug/2026:21:33:00 +0000] "POST /xmlrpc.php HTTP/1.1" 200 415 "-" "Mozilla/5.0 (Linux; Android 10; x64) AppleWebKit/537.36 (KHTML, like Gecko) Edge/87.0.0.0 Safari/537.36"
72.167.149.90 - - [31/Aug/2026:21:33:45 +0000] "POST /wp-cron.php?doing_wp_cron=1788212024.6656570434570312500000 HTTP/1.1" 499 0 "-" "WordPress/7.1; https://uslconsultation.com"
159.196.13.154 - - [31/Aug/2026:21:33:45 +0000] "POST /xmlrpc.php HTTP/1.1" 200 415 "-" "Mozilla/5.0 (Windows NT 6.2; arm64) AppleWebKit/537.36 (KHTML, like Gecko) Opera/74.0.0.0 Safari/537.36"
72.167.149.90 - - [31/Aug/2026:21:34:34 +0000] "POST /wp-cron.php?doing_wp_cron=1788212073.2836160659790039062500 HTTP/1.1" 499 0 "-" "WordPress/7.1; https://uslconsultation.com"
159.196.13.154 - - [31/Aug/2026:21:34:34 +0000] "POST /xmlrpc.php HTTP/1.1" 200 415 "-" "Mozilla/5.0 (Linux; Android 10; x86) AppleWebKit/537.36 (KHTML, like Gecko) Chrome/85.0.0.0 Safari/537.36"
195.2.84.198 - - [31/Aug/2026:21:34:34 +0000] "GET /uncategorized/hello-world/ HTTP/1.0" 404 184541 "https://uslconsultation.com/uncategorized/hello-world/#comment-614" "Mozilla/5.0 (Windows NT 10.0; Win64; x64) AppleWebKit/537.36 (KHTML, like Gecko) Chrome/130.0.0.0 Safari/537.36"
195.2.84.198 - - [31/Aug/2026:21:34:40 +0000] "GET /blog/ HTTP/1.0" 200 203550 "https://uslconsultation.com/blog/" "Mozilla/5.0 (Windows NT 10.0; Win64; x64) AppleWebKit/537.36 (KHTML, like Gecko) Chrome/130.0.0.0 Safari/537.36"
195.2.84.198 - - [31/Aug/2026:21:34:44 +0000] "GET /contact-us/ HTTP/1.0" 200 204851 "https://uslconsultation.com/contact-us/" "Mozilla/5.0 (Windows NT 10.0; Win64; x64) AppleWebKit/537.36 (KHTML, like Gecko) Chrome/130.0.0.0 Safari/537.36"
195.2.84.198 - - [31/Aug/2026:21:34:51 +0000] "POST /contact-us/ HTTP/1.0" 200 204941 "https://uslconsultation.com/contact-us/" "Mozilla/5.0 (Windows NT 10.0; Win64; x64) AppleWebKit/537.36 (KHTML, like Gecko) Chrome/130.0.0.0 Safari/537.36"
72.167.149.90 - - [31/Aug/2026:21:35:06 +0000] "GET /wp-content/uploads/2021/02/logo-12.png HTTP/1.1" 200 19594 "-" "-"
43.165.7.74 - - [31/Aug/2026:21:35:07 +0000] "GET /ar/portfolio/golden-2/ HTTP/1.1" 200 48696 "-" "Mozilla/5.0 (iPhone; CPU iPhone OS 13_2_3 like Mac OS X) AppleWebKit/605.1.15 (KHTML, like Gecko) Version/13.0.3 Mobile/15E148 Safari/604.1"
72.167.149.90 - - [31/Aug/2026:21:35:07 +0000] "POST /wp-cron.php?doing_wp_cron=1788212106.8692250251770019531250 HTTP/1.1" 499 0 "-" "WordPress/7.1; https://uslconsultation.com/ar"
159.196.13.154 - - [31/Aug/2026:21:35:20 +0000] "POST /xmlrpc.php HTTP/1.1" 499 0 "-" "Mozilla/5.0 (Linux; Android 10; arm64) AppleWebKit/537.36 (KHTML, like Gecko) Opera/61.0.0.0 Safari/537.36"
159.196.13.154 - - [31/Aug/2026:21:36:04 +0000] "POST /xmlrpc.php HTTP/1.1" 499 0 "-" "Mozilla/5.0 (Windows NT 6.2; arm64) AppleWebKit/537.36 (KHTML, like Gecko) Firefox/97.0.0.0 Safari/537.36"
72.167.149.90 - - [31/Aug/2026:21:36:04 +0000] "POST /wp-cron.php?doing_wp_cron=1788212163.8651709556579589843750 HTTP/1.1" 499 0 "-" "WordPress/7.1; https://uslconsultation.com"
159.196.13.154 - - [31/Aug/2026:21:36:48 +0000] "POST /xmlrpc.php HTTP/1.1" 200 415 "-" "Mozilla/5.0 (Linux; Android 10; x86) AppleWebKit/537.36 (KHTML, like Gecko) Safari/10.0.0.0 Safari/537.36"
72.167.149.90 - - [31/Aug/2026:21:37:28 +0000] "POST /wp-cron.php?doing_wp_cron=1788212247.3115360736846923828125 HTTP/1.1" 499 0 "-" "WordPress/7.1; https://uslconsultation.com"
159.196.13.154 - - [31/Aug/2026:21:37:28 +0000] "POST /xmlrpc.php HTTP/1.1" 200 415 "-" "Mozilla/5.0 (Windows NT 6.2; x86) AppleWebKit/537.36 (KHTML, like Gecko) Opera/60.0.0.0 Safari/537.36"
72.167.149.90 - - [31/Aug/2026:21:38:08 +0000] "POST /wp-cron.php?doing_wp_cron=1788212287.7128560543060302734375 HTTP/1.1" 499 0 "-" "WordPress/7.1; https://uslconsultation.com"
159.196.13.154 - - [31/Aug/2026:21:38:08 +0000] "POST /xmlrpc.php HTTP/1.1" 200 415 "-" "Mozilla/5.0 (Windows NT 6.2; arm64) AppleWebKit/537.36 (KHTML, like Gecko) Edge/100.0.0.0 Safari/537.36"
159.196.13.154 - - [31/Aug/2026:21:38:49 +0000] "POST /xmlrpc.php HTTP/1.1" 200 415 "-" "Mozilla/5.0 (Windows NT 6.3; x64) AppleWebKit/537.36 (KHTML, like Gecko) Chrome/102.0.0.0 Safari/537.36"
159.196.13.154 - - [31/Aug/2026:21:39:28 +0000] "POST /xmlrpc.php HTTP/1.1" 499 0 "-" "Mozilla/5.0 (Linux; Android 10; arm64) AppleWebKit/537.36 (KHTML, like Gecko) Safari/12.0.0.0 Safari/537.36"
72.167.149.90 - - [31/Aug/2026:21:39:29 +0000] "POST /wp-cron.php?doing_wp_cron=1788212368.0404770374298095703125 HTTP/1.1" 499 0 "-" "WordPress/7.1; https://uslconsultation.com"
72.167.149.90 - - [31/Aug/2026:21:40:07 +0000] "POST /wp-cron.php?doing_wp_cron=1788212406.8482379913330078125000 HTTP/1.1" 499 0 "-" "WordPress/7.1; https://uslconsultation.com"
159.196.13.154 - - [31/Aug/2026:21:40:08 +0000] "POST /xmlrpc.php HTTP/1.1" 200 415 "-" "Mozilla/5.0 (X11; Ubuntu; Linux x86_64; x86) AppleWebKit/537.36 (KHTML, like Gecko) Opera/62.0.0.0 Safari/537.36"
159.196.13.154 - - [31/Aug/2026:21:40:42 +0000] "POST /xmlrpc.php HTTP/1.1" 200 415 "-" "Mozilla/5.0 (Windows NT 6.2; arm64) AppleWebKit/537.36 (KHTML, like Gecko) Edge/92.0.0.0 Safari/537.36"
72.167.149.90 - - [31/Aug/2026:21:41:22 +0000] "POST /wp-cron.php?doing_wp_cron=1788212481.6810491085052490234375 HTTP/1.1" 499 0 "-" "WordPress/7.1; https://uslconsultation.com"
159.196.13.154 - - [31/Aug/2026:21:41:22 +0000] "POST /xmlrpc.php HTTP/1.1" 200 415 "-" "Mozilla/5.0 (X11; Ubuntu; Linux x86_64; arm64) AppleWebKit/537.36 (KHTML, like Gecko) Opera/71.0.0.0 Safari/537.36"
159.196.13.154 - - [31/Aug/2026:21:41:59 +0000] "POST /xmlrpc.php HTTP/1.1" 200 415 "-" "Mozilla/5.0 (Linux; Android 10; x64) AppleWebKit/537.36 (KHTML, like Gecko) Opera/79.0.0.0 Safari/537.36"
159.196.13.154 - - [31/Aug/2026:21:42:36 +0000] "POST /xmlrpc.php HTTP/1.1" 499 0 "-" "Mozilla/5.0 (Windows NT 6.2; x86) AppleWebKit/537.36 (KHTML, like Gecko) Firefox/73.0.0.0 Safari/537.36"
72.167.149.90 - - [31/Aug/2026:21:42:38 +0000] "POST /wp-cron.php?doing_wp_cron=1788212557.1172199249267578125000 HTTP/1.1" 499 0 "-" "WordPress/7.1; https://uslconsultation.com"
72.167.149.90 - - [31/Aug/2026:21:43:06 +0000] "POST /wp-cron.php?doing_wp_cron=1788212585.3684310913085937500000 HTTP/1.1" 499 0 "-" "WordPress/7.1; https://uslconsultation.com"
195.2.67.184 - - [31/Aug/2026:21:43:06 +0000] "GET /uncategorized/hello-world/ HTTP/1.0" 404 184541 "https://uslconsultation.com/uncategorized/hello-world/#comment-614" "Mozilla/5.0 (Windows NT 10.0; Win64; x64) AppleWebKit/537.36 (KHTML, like Gecko) Chrome/130.0.0.0 Safari/537.36 CCleaner/130.0.0.0"
159.196.13.154 - - [31/Aug/2026:21:43:08 +0000] "POST /xmlrpc.php HTTP/1.1" 499 0 "-" "Mozilla/5.0 (Macintosh; Intel Mac OS X 10_15_7; x64) AppleWebKit/537.36 (KHTML, like Gecko) Edge/94.0.0.0 Safari/537.36"
72.167.149.90 - - [31/Aug/2026:21:43:09 +0000] "POST /wp-cron.php?doing_wp_cron=1788212588.5150740146636962890625 HTTP/1.1" 499 0 "-" "WordPress/7.1; https://uslconsultation.com"
195.2.67.184 - - [31/Aug/2026:21:43:12 +0000] "GET /blog/ HTTP/1.0" 200 203550 "https://uslconsultation.com/blog/" "Mozilla/5.0 (Windows NT 10.0; Win64; x64) AppleWebKit/537.36 (KHTML, like Gecko) Chrome/130.0.0.0 Safari/537.36 CCleaner/130.0.0.0"
195.2.67.184 - - [31/Aug/2026:21:43:18 +0000] "GET /contact-us/ HTTP/1.0" 200 204851 "https://uslconsultation.com/contact-us/" "Mozilla/5.0 (Windows NT 10.0; Win64; x64) AppleWebKit/537.36 (KHTML, like Gecko) Chrome/130.0.0.0 Safari/537.36 CCleaner/130.0.0.0"
195.2.67.184 - - [31/Aug/2026:21:43:25 +0000] "POST /contact-us/ HTTP/1.0" 200 204941 "https://uslconsultation.com/contact-us/" "Mozilla/5.0 (Windows NT 10.0; Win64; x64) AppleWebKit/537.36 (KHTML, like Gecko) Chrome/130.0.0.0 Safari/537.36 CCleaner/130.0.0.0"
159.196.13.154 - - [31/Aug/2026:21:43:39 +0000] "POST /xmlrpc.php HTTP/1.1" 200 415 "-" "Mozilla/5.0 (Windows NT 6.2; x86) AppleWebKit/537.36 (KHTML, like Gecko) Firefox/76.0.0.0 Safari/537.36"
72.167.149.90 - - [31/Aug/2026:21:44:11 +0000] "POST /wp-cron.php?doing_wp_cron=1788212650.3119640350341796875000 HTTP/1.1" 499 0 "-" "WordPress/7.1; https://uslconsultation.com"
159.196.13.154 - - [31/Aug/2026:21:44:11 +0000] "POST /xmlrpc.php HTTP/1.1" 200 415 "-" "Mozilla/5.0 (Linux; Android 10; x86) AppleWebKit/537.36 (KHTML, like Gecko) Opera/60.0.0.0 Safari/537.36"
159.196.13.154 - - [31/Aug/2026:21:44:40 +0000] "POST /xmlrpc.php HTTP/1.1" 499 0 "-" "Mozilla/5.0 (X11; Ubuntu; Linux x86_64; x86) AppleWebKit/537.36 (KHTML, like Gecko) Opera/60.0.0.0 Safari/537.36"
72.167.149.90 - - [31/Aug/2026:21:45:12 +0000] "POST /wp-cron.php?doing_wp_cron=1788212711.0315349102020263671875 HTTP/1.1" 499 0 "-" "WordPress/7.1; https://uslconsultation.com"
159.196.13.154 - - [31/Aug/2026:21:45:12 +0000] "POST /xmlrpc.php HTTP/1.1" 200 415 "-" "Mozilla/5.0 (X11; Ubuntu; Linux x86_64; x86) AppleWebKit/537.36 (KHTML, like Gecko) Safari/12.0.0.0 Safari/537.36"
159.196.13.154 - - [31/Aug/2026:21:45:42 +0000] "POST /xmlrpc.php HTTP/1.1" 200 415 "-" "Mozilla/5.0 (Linux; Android 10; x86) AppleWebKit/537.36 (KHTML, like Gecko) Edge/92.0.0.0 Safari/537.36"
72.167.149.90 - - [31/Aug/2026:21:46:11 +0000] "POST /wp-cron.php?doing_wp_cron=1788212770.7610089778900146484375 HTTP/1.1" 499 0 "-" "WordPress/7.1; https://uslconsultation.com"
159.196.13.154 - - [31/Aug/2026:21:46:11 +0000] "POST /xmlrpc.php HTTP/1.1" 200 415 "-" "Mozilla/5.0 (Linux; Android 10; x86) AppleWebKit/537.36 (KHTML, like Gecko) Safari/12.0.0.0 Safari/537.36"
159.196.13.154 - - [31/Aug/2026:21:46:41 +0000] "POST /xmlrpc.php HTTP/1.1" 200 415 "-" "Mozilla/5.0 (Windows NT 6.3; x64) AppleWebKit/537.36 (KHTML, like Gecko) Safari/14.0.0.0 Safari/537.36"
43.153.135.208 - - [31/Aug/2026:21:46:42 +0000] "GET /portfolio/climb-the-mountain/feed/ HTTP/1.1" 200 457 "-" "Mozilla/5.0 (iPhone; CPU iPhone OS 13_2_3 like Mac OS X) AppleWebKit/605.1.15 (KHTML, like Gecko) Version/13.0.3 Mobile/15E148 Safari/604.1"
72.167.149.90 - - [31/Aug/2026:21:47:12 +0000] "POST /wp-cron.php?doing_wp_cron=1788212831.6864759922027587890625 HTTP/1.1" 499 0 "-" "WordPress/7.1; https://uslconsultation.com"
159.196.13.154 - - [31/Aug/2026:21:47:12 +0000] "POST /xmlrpc.php HTTP/1.1" 200 415 "-" "Mozilla/5.0 (Windows NT 6.3; arm64) AppleWebKit/537.36 (KHTML, like Gecko) Edge/95.0.0.0 Safari/537.36"
72.167.149.90 - - [31/Aug/2026:21:47:43 +0000] "POST /wp-cron.php?doing_wp_cron=1788212862.8651220798492431640625 HTTP/1.1" 499 0 "-" "WordPress/7.1; https://uslconsultation.com"
159.196.13.154 - - [31/Aug/2026:21:47:43 +0000] "POST /xmlrpc.php HTTP/1.1" 200 415 "-" "Mozilla/5.0 (Windows NT 6.2; x64) AppleWebKit/537.36 (KHTML, like Gecko) Firefox/79.0.0.0 Safari/537.36"
72.167.149.90 - - [31/Aug/2026:21:48:15 +0000] "POST /wp-cron.php?doing_wp_cron=1788212894.4718120098114013671875 HTTP/1.1" 499 0 "-" "WordPress/7.1; https://uslconsultation.com"
159.196.13.154 - - [31/Aug/2026:21:48:15 +0000] "POST /xmlrpc.php HTTP/1.1" 200 415 "-" "Mozilla/5.0 (Windows NT 10.0; x64) AppleWebKit/537.36 (KHTML, like Gecko) Opera/73.0.0.0 Safari/537.36"
159.196.13.154 - - [31/Aug/2026:21:48:41 +0000] "POST /xmlrpc.php HTTP/1.1" 200 415 "-" "Mozilla/5.0 (Windows NT 10.0; x86) AppleWebKit/537.36 (KHTML, like Gecko) Chrome/115.0.0.0 Safari/537.36"
72.167.149.90 - - [31/Aug/2026:21:49:14 +0000] "POST /wp-cron.php?doing_wp_cron=1788212953.3195450305938720703125 HTTP/1.1" 499 0 "-" "WordPress/7.1; https://uslconsultation.com"
159.196.13.154 - - [31/Aug/2026:21:49:14 +0000] "POST /xmlrpc.php HTTP/1.1" 200 415 "-" "Mozilla/5.0 (Linux; Android 10; x64) AppleWebKit/537.36 (KHTML, like Gecko) Edge/98.0.0.0 Safari/537.36"
159.196.13.154 - - [31/Aug/2026:21:49:44 +0000] "POST /xmlrpc.php HTTP/1.1" 200 415 "-" "Mozilla/5.0 (Windows NT 10.0; arm64) AppleWebKit/537.36 (KHTML, like Gecko) Safari/14.0.0.0 Safari/537.36"
72.167.149.90 - - [31/Aug/2026:21:50:15 +0000] "POST /wp-cron.php?doing_wp_cron=1788213014.4216248989105224609375 HTTP/1.1" 499 0 "-" "WordPress/7.1; https://uslconsultation.com"
159.196.13.154 - - [31/Aug/2026:21:50:15 +0000] "POST /xmlrpc.php HTTP/1.1" 200 415 "-" "Mozilla/5.0 (Windows NT 6.2; x64) AppleWebKit/537.36 (KHTML, like Gecko) Firefox/80.0.0.0 Safari/537.36"
159.196.13.154 - - [31/Aug/2026:21:50:47 +0000] "POST /xmlrpc.php HTTP/1.1" 200 415 "-" "Mozilla/5.0 (Linux; Android 10; x64) AppleWebKit/537.36 (KHTML, like Gecko) Firefox/99.0.0.0 Safari/537.36"
72.167.149.90 - - [31/Aug/2026:21:51:23 +0000] "POST /wp-cron.php?doing_wp_cron=1788213082.1227400302886962890625 HTTP/1.1" 499 0 "-" "WordPress/7.1; https://uslconsultation.com"
159.196.13.154 - - [31/Aug/2026:21:51:23 +0000] "POST /xmlrpc.php HTTP/1.1" 200 415 "-" "Mozilla/5.0 (Macintosh; Intel Mac OS X 10_15_7; arm64) AppleWebKit/537.36 (KHTML, like Gecko) Firefox/73.0.0.0 Safari/537.36"
159.196.13.154 - - [31/Aug/2026:21:51:54 +0000] "POST /xmlrpc.php HTTP/1.1" 200 415 "-" "Mozilla/5.0 (X11; Ubuntu; Linux x86_64; x64) AppleWebKit/537.36 (KHTML, like Gecko) Firefox/97.0.0.0 Safari/537.36"
72.167.149.90 - - [31/Aug/2026:21:52:24 +0000] "POST /wp-cron.php?doing_wp_cron=1788213143.2723999023437500000000 HTTP/1.1" 499 0 "-" "WordPress/7.1; https://uslconsultation.com"
159.196.13.154 - - [31/Aug/2026:21:52:24 +0000] "POST /xmlrpc.php HTTP/1.1" 200 415 "-" "Mozilla/5.0 (Macintosh; Intel Mac OS X 10_15_7; x64) AppleWebKit/537.36 (KHTML, like Gecko) Firefox/86.0.0.0 Safari/537.36"
159.196.13.154 - - [31/Aug/2026:21:52:55 +0000] "POST /xmlrpc.php HTTP/1.1" 200 415 "-" "Mozilla/5.0 (Linux; Android 10; x86) AppleWebKit/537.36 (KHTML, like Gecko) Safari/14.0.0.0 Safari/537.36"
72.167.149.90 - - [31/Aug/2026:21:53:15 +0000] "GET /wp-content/uploads/2025/12/business-people-meeting-business-team-ma--scaled-e1766359954146.jpg HTTP/1.1" 200 253003 "-" "-"
43.154.140.188 - - [31/Aug/2026:21:53:17 +0000] "GET /ar/2025/12/21/how-to-structure-a-business-expansion-strategy-in-emerging-markets-2/ HTTP/1.1" 200 48700 "-" "Mozilla/5.0 (iPhone; CPU iPhone OS 13_2_3 like Mac OS X) AppleWebKit/605.1.15 (KHTML, like Gecko) Version/13.0.3 Mobile/15E148 Safari/604.1"
72.167.149.90 - - [31/Aug/2026:21:53:17 +0000] "POST /wp-cron.php?doing_wp_cron=1788213196.3617401123046875000000 HTTP/1.1" 499 0 "-" "WordPress/7.1; https://uslconsultation.com/ar"
159.196.13.154 - - [31/Aug/2026:21:53:24 +0000] "POST /xmlrpc.php HTTP/1.1" 200 415 "-" "Mozilla/5.0 (X11; Ubuntu; Linux x86_64; x86) AppleWebKit/537.36 (KHTML, like Gecko) Opera/65.0.0.0 Safari/537.36"
159.196.13.154 - - [31/Aug/2026:21:53:55 +0000] "POST /xmlrpc.php HTTP/1.1" 200 415 "-" "Mozilla/5.0 (Macintosh; Intel Mac OS X 10_15_7; x64) AppleWebKit/537.36 (KHTML, like Gecko) Opera/68.0.0.0 Safari/537.36"
72.167.149.90 - - [31/Aug/2026:21:54:32 +0000] "POST /wp-cron.php?doing_wp_cron=1788213271.6894350051879882812500 HTTP/1.1" 499 0 "-" "WordPress/7.1; https://uslconsultation.com"
159.196.13.154 - - [31/Aug/2026:21:54:32 +0000] "POST /xmlrpc.php HTTP/1.1" 200 415 "-" "Mozilla/5.0 (Linux; Android 10; x86) AppleWebKit/537.36 (KHTML, like Gecko) Safari/15.0.0.0 Safari/537.36"
159.196.13.154 - - [31/Aug/2026:21:55:08 +0000] "POST /xmlrpc.php HTTP/1.1" 499 0 "-" "Mozilla/5.0 (Windows NT 10.0; x64) AppleWebKit/537.36 (KHTML, like Gecko) Opera/71.0.0.0 Safari/537.36"
72.167.149.90 - - [31/Aug/2026:21:55:10 +0000] "POST /wp-cron.php?doing_wp_cron=1788213309.6026940345764160156250 HTTP/1.1" 499 0 "-" "WordPress/7.1; https://uslconsultation.com"
159.196.13.154 - - [31/Aug/2026:21:55:40 +0000] "POST /xmlrpc.php HTTP/1.1" 200 415 "-" "Mozilla/5.0 (Linux; Android 10; x64) AppleWebKit/537.36 (KHTML, like Gecko) Firefox/77.0.0.0 Safari/537.36"
159.196.13.154 - - [31/Aug/2026:21:56:12 +0000] "POST /xmlrpc.php HTTP/1.1" 499 0 "-" "Mozilla/5.0 (X11; Ubuntu; Linux x86_64; x86) AppleWebKit/537.36 (KHTML, like Gecko) Chrome/82.0.0.0 Safari/537.36"
72.167.149.90 - - [31/Aug/2026:21:56:13 +0000] "POST /wp-cron.php?doing_wp_cron=1788213372.7127339839935302734375 HTTP/1.1" 499 0 "-" "WordPress/7.1; https://uslconsultation.com"
159.196.13.154 - - [31/Aug/2026:21:56:43 +0000] "POST /xmlrpc.php HTTP/1.1" 200 415 "-" "Mozilla/5.0 (Windows NT 10.0; x64) AppleWebKit/537.36 (KHTML, like Gecko) Firefox/76.0.0.0 Safari/537.36"
72.167.149.90 - - [31/Aug/2026:21:57:14 +0000] "POST /wp-cron.php?doing_wp_cron=1788213433.1669750213623046875000 HTTP/1.1" 499 0 "-" "WordPress/7.1; https://uslconsultation.com"
159.196.13.154 - - [31/Aug/2026:21:57:14 +0000] "POST /xmlrpc.php HTTP/1.1" 200 415 "-" "Mozilla/5.0 (Macintosh; Intel Mac OS X 10_15_7; arm64) AppleWebKit/537.36 (KHTML, like Gecko) Safari/13.0.0.0 Safari/537.36"
159.196.13.154 - - [31/Aug/2026:21:57:43 +0000] "POST /xmlrpc.php HTTP/1.1" 200 415 "-" "Mozilla/5.0 (X11; Ubuntu; Linux x86_64; arm64) AppleWebKit/537.36 (KHTML, like Gecko) Opera/63.0.0.0 Safari/537.36"
72.167.149.90 - - [31/Aug/2026:21:58:15 +0000] "POST /wp-cron.php?doing_wp_cron=1788213494.3327560424804687500000 HTTP/1.1" 499 0 "-" "WordPress/7.1; https://uslconsultation.com"
159.196.13.154 - - [31/Aug/2026:21:58:15 +0000] "POST /xmlrpc.php HTTP/1.1" 200 415 "-" "Mozilla/5.0 (X11; Ubuntu; Linux x86_64; x64) AppleWebKit/537.36 (KHTML, like Gecko) Edge/98.0.0.0 Safari/537.36"
159.196.13.154 - - [31/Aug/2026:21:58:45 +0000] "POST /xmlrpc.php HTTP/1.1" 200 415 "-" "Mozilla/5.0 (Linux; Android 10; arm64) AppleWebKit/537.36 (KHTML, like Gecko) Chrome/113.0.0.0 Safari/537.36"
72.167.149.90 - - [31/Aug/2026:21:59:15 +0000] "POST /wp-cron.php?doing_wp_cron=1788213554.6110150814056396484375 HTTP/1.1" 499 0 "-" "WordPress/7.1; https://uslconsultation.com"
159.196.13.154 - - [31/Aug/2026:21:59:15 +0000] "POST /xmlrpc.php HTTP/1.1" 200 415 "-" "Mozilla/5.0 (Linux; Android 10; x86) AppleWebKit/537.36 (KHTML, like Gecko) Chrome/80.0.0.0 Safari/537.36"
159.196.13.154 - - [31/Aug/2026:21:59:43 +0000] "POST /xmlrpc.php HTTP/1.1" 200 415 "-" "Mozilla/5.0 (X11; Ubuntu; Linux x86_64; x86) AppleWebKit/537.36 (KHTML, like Gecko) Edge/99.0.0.0 Safari/537.36"
159.196.13.154 - - [31/Aug/2026:22:00:16 +0000] "POST /xmlrpc.php HTTP/1.1" 499 0 "-" "Mozilla/5.0 (Macintosh; Intel Mac OS X 10_15_7; x86) AppleWebKit/537.36 (KHTML, like Gecko) Edge/81.0.0.0 Safari/537.36"
72.167.149.90 - - [31/Aug/2026:22:00:17 +0000] "POST /wp-cron.php?doing_wp_cron=1788213616.2371799945831298828125 HTTP/1.1" 499 0 "-" "WordPress/7.1; https://uslconsultation.com"
159.196.13.154 - - [31/Aug/2026:22:00:51 +0000] "POST /xmlrpc.php HTTP/1.1" 200 415 "-" "Mozilla/5.0 (X11; Ubuntu; Linux x86_64; arm64) AppleWebKit/537.36 (KHTML, like Gecko) Edge/88.0.0.0 Safari/537.36"
72.167.149.90 - - [31/Aug/2026:22:01:24 +0000] "POST /wp-cron.php?doing_wp_cron=1788213683.0423450469970703125000 HTTP/1.1" 499 0 "-" "WordPress/7.1; https://uslconsultation.com"
159.196.13.154 - - [31/Aug/2026:22:01:24 +0000] "POST /xmlrpc.php HTTP/1.1" 200 415 "-" "Mozilla/5.0 (Windows NT 10.0; x86) AppleWebKit/537.36 (KHTML, like Gecko) Safari/10.0.0.0 Safari/537.36"
159.196.13.154 - - [31/Aug/2026:22:01:55 +0000] "POST /xmlrpc.php HTTP/1.1" 200 415 "-" "Mozilla/5.0 (Windows NT 10.0; arm64) AppleWebKit/537.36 (KHTML, like Gecko) Chrome/111.0.0.0 Safari/537.36"
72.167.149.90 - - [31/Aug/2026:22:02:27 +0000] "POST /wp-cron.php?doing_wp_cron=1788213746.5773799419403076171875 HTTP/1.1" 499 0 "-" "WordPress/7.1; https://uslconsultation.com"
159.196.13.154 - - [31/Aug/2026:22:02:27 +0000] "POST /xmlrpc.php HTTP/1.1" 200 415 "-" "Mozilla/5.0 (Macintosh; Intel Mac OS X 10_15_7; arm64) AppleWebKit/537.36 (KHTML, like Gecko) Chrome/90.0.0.0 Safari/537.36"
159.196.13.154 - - [31/Aug/2026:22:03:04 +0000] "POST /xmlrpc.php HTTP/1.1" 499 0 "-" "Mozilla/5.0 (Macintosh; Intel Mac OS X 10_15_7; x64) AppleWebKit/537.36 (KHTML, like Gecko) Edge/92.0.0.0 Safari/537.36"
72.167.149.90 - - [31/Aug/2026:22:03:06 +0000] "GET /wp-content/uploads/2021/02/services-6.jpg HTTP/1.1" 200 12635 "-" "-"
72.167.149.90 - - [31/Aug/2026:22:03:06 +0000] "POST /wp-cron.php?doing_wp_cron=1788213785.0997009277343750000000 HTTP/1.1" 499 0 "-" "WordPress/7.1; https://uslconsultation.com"
43.164.129.191 - - [31/Aug/2026:22:03:06 +0000] "GET /ar/service/licensing-franchising/ HTTP/1.1" 200 76152 "-" "Mozilla/5.0 (iPhone; CPU iPhone OS 13_2_3 like Mac OS X) AppleWebKit/605.1.15 (KHTML, like Gecko) Version/13.0.3 Mobile/15E148 Safari/604.1"
159.196.13.154 - - [31/Aug/2026:22:03:37 +0000] "POST /xmlrpc.php HTTP/1.1" 200 415 "-" "Mozilla/5.0 (Windows NT 6.3; x64) AppleWebKit/537.36 (KHTML, like Gecko) Firefox/86.0.0.0 Safari/537.36"
159.196.13.154 - - [31/Aug/2026:22:04:08 +0000] "POST /xmlrpc.php HTTP/1.1" 499 0 "-" "Mozilla/5.0 (Macintosh; Intel Mac OS X 10_15_7; x64) AppleWebKit/537.36 (KHTML, like Gecko) Opera/64.0.0.0 Safari/537.36"
72.167.149.90 - - [31/Aug/2026:22:04:10 +0000] "POST /wp-cron.php?doing_wp_cron=1788213849.6108200550079345703125 HTTP/1.1" 499 0 "-" "WordPress/7.1; https://uslconsultation.com"
159.196.13.154 - - [31/Aug/2026:22:04:39 +0000] "POST /xmlrpc.php HTTP/1.1" 200 415 "-" "Mozilla/5.0 (Windows NT 6.3; x86) AppleWebKit/537.36 (KHTML, like Gecko) Edge/95.0.0.0 Safari/537.36"
159.196.13.154 - - [31/Aug/2026:22:05:12 +0000] "POST /xmlrpc.php HTTP/1.1" 499 0 "-" "Mozilla/5.0 (Linux; Android 10; arm64) AppleWebKit/537.36 (KHTML, like Gecko) Safari/12.0.0.0 Safari/537.36"
72.167.149.90 - - [31/Aug/2026:22:05:12 +0000] "POST /wp-cron.php?doing_wp_cron=1788213911.8766260147094726562500 HTTP/1.1" 499 0 "-" "WordPress/7.1; https://uslconsultation.com"
159.196.13.154 - - [31/Aug/2026:22:05:44 +0000] "POST /xmlrpc.php HTTP/1.1" 499 0 "-" "Mozilla/5.0 (Linux; Android 10; x64) AppleWebKit/537.36 (KHTML, like Gecko) Firefox/95.0.0.0 Safari/537.36"
159.196.13.154 - - [31/Aug/2026:22:06:16 +0000] "POST /xmlrpc.php HTTP/1.1" 499 0 "-" "Mozilla/5.0 (Linux; Android 10; arm64) AppleWebKit/537.36 (KHTML, like Gecko) Edge/88.0.0.0 Safari/537.36"
72.167.149.90 - - [31/Aug/2026:22:06:17 +0000] "POST /wp-cron.php?doing_wp_cron=1788213976.3232541084289550781250 HTTP/1.1" 499 0 "-" "WordPress/7.1; https://uslconsultation.com"
159.196.13.154 - - [31/Aug/2026:22:06:46 +0000] "POST /xmlrpc.php HTTP/1.1" 200 415 "-" "Mozilla/5.0 (Windows NT 10.0; x86) AppleWebKit/537.36 (KHTML, like Gecko) Opera/77.0.0.0 Safari/537.36"
72.167.149.90 - - [31/Aug/2026:22:07:17 +0000] "POST /wp-cron.php?doing_wp_cron=1788214036.8357350826263427734375 HTTP/1.1" 499 0 "-" "WordPress/7.1; https://uslconsultation.com"
159.196.13.154 - - [31/Aug/2026:22:07:17 +0000] "POST /xmlrpc.php HTTP/1.1" 200 415 "-" "Mozilla/5.0 (Windows NT 6.3; x86) AppleWebKit/537.36 (KHTML, like Gecko) Chrome/95.0.0.0 Safari/537.36"
72.167.149.90 - - [31/Aug/2026:22:07:49 +0000] "POST /wp-cron.php?doing_wp_cron=1788214068.1698100566864013671875 HTTP/1.1" 499 0 "-" "WordPress/7.1; https://uslconsultation.com"
159.196.13.154 - - [31/Aug/2026:22:07:49 +0000] "POST /xmlrpc.php HTTP/1.1" 200 415 "-" "Mozilla/5.0 (Windows NT 6.2; arm64) AppleWebKit/537.36 (KHTML, like Gecko) Chrome/90.0.0.0 Safari/537.36"
72.167.149.90 - - [31/Aug/2026:22:08:19 +0000] "POST /wp-cron.php?doing_wp_cron=1788214098.8325541019439697265625 HTTP/1.1" 499 0 "-" "WordPress/7.1; https://uslconsultation.com"
159.196.13.154 - - [31/Aug/2026:22:08:19 +0000] "POST /xmlrpc.php HTTP/1.1" 200 415 "-" "Mozilla/5.0 (Windows NT 10.0; arm64) AppleWebKit/537.36 (KHTML, like Gecko) Opera/79.0.0.0 Safari/537.36"
159.196.13.154 - - [31/Aug/2026:22:08:55 +0000] "POST /xmlrpc.php HTTP/1.1" 200 415 "-" "Mozilla/5.0 (X11; Ubuntu; Linux x86_64; x86) AppleWebKit/537.36 (KHTML, like Gecko) Chrome/107.0.0.0 Safari/537.36"
159.196.13.154 - - [31/Aug/2026:22:09:24 +0000] "POST /xmlrpc.php HTTP/1.1" 499 0 "-" "Mozilla/5.0 (Windows NT 6.2; x64) AppleWebKit/537.36 (KHTML, like Gecko) Chrome/95.0.0.0 Safari/537.36"
72.167.149.90 - - [31/Aug/2026:22:09:25 +0000] "POST /wp-cron.php?doing_wp_cron=1788214164.2882010936737060546875 HTTP/1.1" 499 0 "-" "WordPress/7.1; https://uslconsultation.com"
159.196.13.154 - - [31/Aug/2026:22:09:54 +0000] "POST /xmlrpc.php HTTP/1.1" 200 415 "-" "Mozilla/5.0 (Macintosh; Intel Mac OS X 10_15_7; x64) AppleWebKit/537.36 (KHTML, like Gecko) Chrome/98.0.0.0 Safari/537.36"
72.167.149.90 - - [31/Aug/2026:22:10:23 +0000] "POST /wp-cron.php?doing_wp_cron=1788214222.6286549568176269531250 HTTP/1.1" 499 0 "-" "WordPress/7.1; https://uslconsultation.com"
159.196.13.154 - - [31/Aug/2026:22:10:23 +0000] "POST /xmlrpc.php HTTP/1.1" 200 415 "-" "Mozilla/5.0 (Windows NT 10.0; arm64) AppleWebKit/537.36 (KHTML, like Gecko) Safari/12.0.0.0 Safari/537.36"
