17.166.20.27 - - [31/Aug/2026:02:57:40 +0000] "GET /wp-content/uploads/elementor/css/post-9.css?ver=1787886276 HTTP/1.1" 200 6157 "https://uslconsultation.com/" "Mozilla/5.0 (Macintosh; Intel Mac OS X 10_15_7) AppleWebKit/605.1.15 (KHTML, like Gecko) Version/17.4 Safari/605.1.15 (Applebot/0.1; +http://www.apple.com/go/applebot)"
51.81.165.87 - - [31/Aug/2026:02:57:40 +0000] "GET /portfolio_cat/grade/feed/ HTTP/1.1" 304 0 "-" "Mozilla/5.0 (compatible; AhrefsBot/7.0; +http://ahrefs.com/robot/)"
17.166.20.27 - - [31/Aug/2026:02:57:41 +0000] "GET /wp-content/uploads/elementor/css/post-5.css?ver=7.7.2 HTTP/1.1" 200 1038 "https://uslconsultation.com/" "Mozilla/5.0 (Macintosh; Intel Mac OS X 10_15_7) AppleWebKit/605.1.15 (KHTML, like Gecko) Version/17.4 Safari/605.1.15 (Applebot/0.1; +http://www.apple.com/go/applebot)"
17.166.20.27 - - [31/Aug/2026:02:57:43 +0000] "GET /wp-content/plugins/elementor/assets/lib/animations/styles/e-animation-grow.min.css?ver=4.2.3 HTTP/1.1" 200 198 "https://uslconsultation.com/" "Mozilla/5.0 (Macintosh; Intel Mac OS X 10_15_7) AppleWebKit/605.1.15 (KHTML, like Gecko) Version/17.4 Safari/605.1.15 (Applebot/0.1; +http://www.apple.com/go/applebot)"
17.166.20.27 - - [31/Aug/2026:02:57:44 +0000] "GET /wp-content/plugins/elementor/assets/css/widget-social-icons.min.css?ver=4.2.3 HTTP/1.1" 200 1155 "https://uslconsultation.com/" "Mozilla/5.0 (Macintosh; Intel Mac OS X 10_15_7) AppleWebKit/605.1.15 (KHTML, like Gecko) Version/17.4 Safari/605.1.15 (Applebot/0.1; +http://www.apple.com/go/applebot)"
17.166.20.27 - - [31/Aug/2026:02:57:46 +0000] "GET /wp-content/uploads/elementor/css/custom-apple-webkit.min.css?ver=1787884610 HTTP/1.1" 200 567 "https://uslconsultation.com/" "Mozilla/5.0 (Macintosh; Intel Mac OS X 10_15_7) AppleWebKit/605.1.15 (KHTML, like Gecko) Version/17.4 Safari/605.1.15 (Applebot/0.1; +http://www.apple.com/go/applebot)"
17.166.20.27 - - [31/Aug/2026:02:57:47 +0000] "GET /wp-content/uploads/elementor/css/post-335.css?ver=7.7.2 HTTP/1.1" 200 1267 "https://uslconsultation.com/" "Mozilla/5.0 (Macintosh; Intel Mac OS X 10_15_7) AppleWebKit/605.1.15 (KHTML, like Gecko) Version/17.4 Safari/605.1.15 (Applebot/0.1; +http://www.apple.com/go/applebot)"
17.166.20.27 - - [31/Aug/2026:02:57:49 +0000] "GET /wp-content/uploads/elementor/css/post-393.css?ver=7.7.2 HTTP/1.1" 200 320 "https://uslconsultation.com/" "Mozilla/5.0 (Macintosh; Intel Mac OS X 10_15_7) AppleWebKit/605.1.15 (KHTML, like Gecko) Version/17.4 Safari/605.1.15 (Applebot/0.1; +http://www.apple.com/go/applebot)"
17.166.20.27 - - [31/Aug/2026:02:57:50 +0000] "GET /wp-content/themes/porto/style.css?ver=7.7.2 HTTP/1.1" 200 613 "https://uslconsultation.com/" "Mozilla/5.0 (Macintosh; Intel Mac OS X 10_15_7) AppleWebKit/605.1.15 (KHTML, like Gecko) Version/17.4 Safari/605.1.15 (Applebot/0.1; +http://www.apple.com/go/applebot)"
17.166.20.27 - - [31/Aug/2026:02:57:51 +0000] "GET /wp-content/themes/porto-child/style.css?ver=7.1 HTTP/1.1" 200 472 "https://uslconsultation.com/" "Mozilla/5.0 (Macintosh; Intel Mac OS X 10_15_7) AppleWebKit/605.1.15 (KHTML, like Gecko) Version/17.4 Safari/605.1.15 (Applebot/0.1; +http://www.apple.com/go/applebot)"
17.166.20.27 - - [31/Aug/2026:02:57:53 +0000] "GET /wp-includes/js/jquery/jquery.min.js?ver=3.7.1 HTTP/1.1" 200 30654 "https://uslconsultation.com/" "Mozilla/5.0 (Macintosh; Intel Mac OS X 10_15_7) AppleWebKit/605.1.15 (KHTML, like Gecko) Version/17.4 Safari/605.1.15 (Applebot/0.1; +http://www.apple.com/go/applebot)"
17.166.20.27 - - [31/Aug/2026:02:57:54 +0000] "GET /wp-includes/js/jquery/jquery-migrate.min.js?ver=3.4.1 HTTP/1.1" 200 4894 "https://uslconsultation.com/" "Mozilla/5.0 (Macintosh; Intel Mac OS X 10_15_7) AppleWebKit/605.1.15 (KHTML, like Gecko) Version/17.4 Safari/605.1.15 (Applebot/0.1; +http://www.apple.com/go/applebot)"
17.166.20.27 - - [31/Aug/2026:02:57:56 +0000] "GET /wp-content/plugins/woocommerce/assets/js/jquery-blockui/jquery.blockUI.min.js?ver=2.7.0-wc.11.0.1 HTTP/1.1" 200 3559 "https://uslconsultation.com/" "Mozilla/5.0 (Macintosh; Intel Mac OS X 10_15_7) AppleWebKit/605.1.15 (KHTML, like Gecko) Version/17.4 Safari/605.1.15 (Applebot/0.1; +http://www.apple.com/go/applebot)"
17.166.20.27 - - [31/Aug/2026:02:57:57 +0000] "GET /wp-content/plugins/woocommerce/assets/js/frontend/add-to-cart.min.js?ver=11.0.1 HTTP/1.1" 200 1456 "https://uslconsultation.com/" "Mozilla/5.0 (Macintosh; Intel Mac OS X 10_15_7) AppleWebKit/605.1.15 (KHTML, like Gecko) Version/17.4 Safari/605.1.15 (Applebot/0.1; +http://www.apple.com/go/applebot)"
17.166.20.27 - - [31/Aug/2026:02:57:58 +0000] "GET /wp-content/plugins/woocommerce/assets/js/js-cookie/js.cookie.min.js?ver=2.1.4-wc.11.0.1 HTTP/1.1" 200 845 "https://uslconsultation.com/" "Mozilla/5.0 (Macintosh; Intel Mac OS X 10_15_7) AppleWebKit/605.1.15 (KHTML, like Gecko) Version/17.4 Safari/605.1.15 (Applebot/0.1; +http://www.apple.com/go/applebot)"
17.166.20.27 - - [31/Aug/2026:02:58:00 +0000] "GET /wp-content/plugins/woocommerce/assets/js/frontend/woocommerce.min.js?ver=11.0.1 HTTP/1.1" 200 1600 "https://uslconsultation.com/" "Mozilla/5.0 (Macintosh; Intel Mac OS X 10_15_7) AppleWebKit/605.1.15 (KHTML, like Gecko) Version/17.4 Safari/605.1.15 (Applebot/0.1; +http://www.apple.com/go/applebot)"
17.166.20.27 - - [31/Aug/2026:02:58:01 +0000] "GET /wp-content/plugins/translatepress-multilingual/assets/js/trp-frontend-compatibility.js?ver=3.3.4 HTTP/1.1" 200 396 "https://uslconsultation.com/" "Mozilla/5.0 (Macintosh; Intel Mac OS X 10_15_7) AppleWebKit/605.1.15 (KHTML, like Gecko) Version/17.4 Safari/605.1.15 (Applebot/0.1; +http://www.apple.com/go/applebot)"
17.166.20.27 - - [31/Aug/2026:02:58:03 +0000] "GET /wp-content/plugins/translatepress-multilingual/assets/js/trp-frontend-language-switcher.js?ver=3.3.4 HTTP/1.1" 200 4194 "https://uslconsultation.com/" "Mozilla/5.0 (Macintosh; Intel Mac OS X 10_15_7) AppleWebKit/605.1.15 (KHTML, like Gecko) Version/17.4 Safari/605.1.15 (Applebot/0.1; +http://www.apple.com/go/applebot)"
17.166.20.27 - - [31/Aug/2026:02:58:04 +0000] "GET /wp-content/plugins/woocommerce/assets/js/frontend/cart-fragments.min.js?ver=11.0.1 HTTP/1.1" 200 1060 "https://uslconsultation.com/" "Mozilla/5.0 (Macintosh; Intel Mac OS X 10_15_7) AppleWebKit/605.1.15 (KHTML, like Gecko) Version/17.4 Safari/605.1.15 (Applebot/0.1; +http://www.apple.com/go/applebot)"
17.166.20.27 - - [31/Aug/2026:02:58:05 +0000] "GET /wp-content/plugins/woocommerce/assets/client/blocks/wc-blocks.css?ver=wc-11.0.1 HTTP/1.1" 200 2676 "https://uslconsultation.com/" "Mozilla/5.0 (Macintosh; Intel Mac OS X 10_15_7) AppleWebKit/605.1.15 (KHTML, like Gecko) Version/17.4 Safari/605.1.15 (Applebot/0.1; +http://www.apple.com/go/applebot)"
17.166.20.27 - - [31/Aug/2026:02:58:07 +0000] "GET /wp-includes/js/dist/hooks.min.js?ver=f0f188028580e8dc1255 HTTP/1.1" 200 1872 "https://uslconsultation.com/" "Mozilla/5.0 (Macintosh; Intel Mac OS X 10_15_7) AppleWebKit/605.1.15 (KHTML, like Gecko) Version/17.4 Safari/605.1.15 (Applebot/0.1; +http://www.apple.com/go/applebot)"
17.166.20.27 - - [31/Aug/2026:02:58:08 +0000] "GET /wp-includes/js/dist/i18n.min.js?ver=1dfe7db3940c23ea9216 HTTP/1.1" 200 2506 "https://uslconsultation.com/" "Mozilla/5.0 (Macintosh; Intel Mac OS X 10_15_7) AppleWebKit/605.1.15 (KHTML, like Gecko) Version/17.4 Safari/605.1.15 (Applebot/0.1; +http://www.apple.com/go/applebot)"
17.166.20.27 - - [31/Aug/2026:02:58:10 +0000] "GET /wp-content/plugins/contact-form-7/includes/swv/js/index.js?ver=6.1.7 HTTP/1.1" 200 3530 "https://uslconsultation.com/" "Mozilla/5.0 (Macintosh; Intel Mac OS X 10_15_7) AppleWebKit/605.1.15 (KHTML, like Gecko) Version/17.4 Safari/605.1.15 (Applebot/0.1; +http://www.apple.com/go/applebot)"
17.166.20.27 - - [31/Aug/2026:02:58:11 +0000] "GET /wp-content/plugins/contact-form-7/includes/js/index.js?ver=6.1.7 HTTP/1.1" 200 4290 "https://uslconsultation.com/" "Mozilla/5.0 (Macintosh; Intel Mac OS X 10_15_7) AppleWebKit/605.1.15 (KHTML, like Gecko) Version/17.4 Safari/605.1.15 (Applebot/0.1; +http://www.apple.com/go/applebot)"
17.166.20.27 - - [31/Aug/2026:02:58:12 +0000] "GET /wp-content/plugins/alpus-aprs/plugin-framework/assets/js/framework.min.js?ver=1.2.0 HTTP/1.1" 200 1291 "https://uslconsultation.com/" "Mozilla/5.0 (Macintosh; Intel Mac OS X 10_15_7) AppleWebKit/605.1.15 (KHTML, like Gecko) Version/17.4 Safari/605.1.15 (Applebot/0.1; +http://www.apple.com/go/applebot)"
17.166.20.27 - - [31/Aug/2026:02:58:14 +0000] "GET /wp-content/plugins/cookieadmin/assets/js/consent.js?ver=1.1.4 HTTP/1.1" 200 4791 "https://uslconsultation.com/" "Mozilla/5.0 (Macintosh; Intel Mac OS X 10_15_7) AppleWebKit/605.1.15 (KHTML, like Gecko) Version/17.4 Safari/605.1.15 (Applebot/0.1; +http://www.apple.com/go/applebot)"
17.166.20.27 - - [31/Aug/2026:02:58:15 +0000] "GET /wp-content/themes/porto/inc/lib/live-search/live-search.min.js?ver=7.7.2 HTTP/1.1" 200 4961 "https://uslconsultation.com/" "Mozilla/5.0 (Macintosh; Intel Mac OS X 10_15_7) AppleWebKit/605.1.15 (KHTML, like Gecko) Version/17.4 Safari/605.1.15 (Applebot/0.1; +http://www.apple.com/go/applebot)"
17.166.20.27 - - [31/Aug/2026:02:58:17 +0000] "GET /wp-content/plugins/woocommerce/assets/js/sourcebuster/sourcebuster.min.js?ver=11.0.1 HTTP/1.1" 200 4830 "https://uslconsultation.com/" "Mozilla/5.0 (Macintosh; Intel Mac OS X 10_15_7) AppleWebKit/605.1.15 (KHTML, like Gecko) Version/17.4 Safari/605.1.15 (Applebot/0.1; +http://www.apple.com/go/applebot)"
17.166.20.27 - - [31/Aug/2026:02:58:18 +0000] "GET /wp-content/plugins/woocommerce/assets/js/frontend/order-attribution.min.js?ver=11.0.1 HTTP/1.1" 200 1162 "https://uslconsultation.com/" "Mozilla/5.0 (Macintosh; Intel Mac OS X 10_15_7) AppleWebKit/605.1.15 (KHTML, like Gecko) Version/17.4 Safari/605.1.15 (Applebot/0.1; +http://www.apple.com/go/applebot)"
17.166.20.27 - - [31/Aug/2026:02:58:19 +0000] "GET /wp-content/plugins/cookieadmin-pro/assets/js/consent.js?ver=1.1.4 HTTP/1.1" 200 624 "https://uslconsultation.com/" "Mozilla/5.0 (Macintosh; Intel Mac OS X 10_15_7) AppleWebKit/605.1.15 (KHTML, like Gecko) Version/17.4 Safari/605.1.15 (Applebot/0.1; +http://www.apple.com/go/applebot)"
17.166.20.27 - - [31/Aug/2026:02:58:21 +0000] "GET /wp-content/plugins/elementor/assets/js/webpack.runtime.min.js?ver=4.2.3 HTTP/1.1" 200 2551 "https://uslconsultation.com/" "Mozilla/5.0 (Macintosh; Intel Mac OS X 10_15_7) AppleWebKit/605.1.15 (KHTML, like Gecko) Version/17.4 Safari/605.1.15 (Applebot/0.1; +http://www.apple.com/go/applebot)"
17.166.20.27 - - [31/Aug/2026:02:58:22 +0000] "GET /wp-content/plugins/elementor/assets/js/frontend-modules.min.js?ver=4.2.3 HTTP/1.1" 200 16189 "https://uslconsultation.com/" "Mozilla/5.0 (Macintosh; Intel Mac OS X 10_15_7) AppleWebKit/605.1.15 (KHTML, like Gecko) Version/17.4 Safari/605.1.15 (Applebot/0.1; +http://www.apple.com/go/applebot)"
17.166.20.27 - - [31/Aug/2026:02:58:24 +0000] "GET /wp-includes/js/jquery/ui/core.min.js?ver=1.14.2 HTTP/1.1" 200 6553 "https://uslconsultation.com/" "Mozilla/5.0 (Macintosh; Intel Mac OS X 10_15_7) AppleWebKit/605.1.15 (KHTML, like Gecko) Version/17.4 Safari/605.1.15 (Applebot/0.1; +http://www.apple.com/go/applebot)"
17.166.20.27 - - [31/Aug/2026:02:58:25 +0000] "GET /wp-content/plugins/elementor/assets/js/frontend.min.js?ver=4.2.3 HTTP/1.1" 200 10504 "https://uslconsultation.com/" "Mozilla/5.0 (Macintosh; Intel Mac OS X 10_15_7) AppleWebKit/605.1.15 (KHTML, like Gecko) Version/17.4 Safari/605.1.15 (Applebot/0.1; +http://www.apple.com/go/applebot)"
17.166.20.27 - - [31/Aug/2026:02:58:27 +0000] "GET /wp-content/plugins/alpus-aprs/assets/js/alpus-aprs-frontend.min.js?ver=2.2.0 HTTP/1.1" 200 647 "https://uslconsultation.com/" "Mozilla/5.0 (Macintosh; Intel Mac OS X 10_15_7) AppleWebKit/605.1.15 (KHTML, like Gecko) Version/17.4 Safari/605.1.15 (Applebot/0.1; +http://www.apple.com/go/applebot)"
17.166.20.27 - - [31/Aug/2026:02:58:28 +0000] "GET /wp-content/themes/porto/js/bootstrap.js?ver=5.0.1 HTTP/1.1" 200 40539 "https://uslconsultation.com/" "Mozilla/5.0 (Macintosh; Intel Mac OS X 10_15_7) AppleWebKit/605.1.15 (KHTML, like Gecko) Version/17.4 Safari/605.1.15 (Applebot/0.1; +http://www.apple.com/go/applebot)"
17.166.20.27 - - [31/Aug/2026:02:58:29 +0000] "GET /wp-content/plugins/woocommerce/assets/js/jquery-cookie/jquery.cookie.min.js?ver=1.4.1-wc.11.0.1 HTTP/1.1" 200 781 "https://uslconsultation.com/" "Mozilla/5.0 (Macintosh; Intel Mac OS X 10_15_7) AppleWebKit/605.1.15 (KHTML, like Gecko) Version/17.4 Safari/605.1.15 (Applebot/0.1; +http://www.apple.com/go/applebot)"
17.166.20.27 - - [31/Aug/2026:02:58:31 +0000] "GET /wp-content/themes/porto/js/libs/owl.carousel.min.js?ver=2.3.4 HTTP/1.1" 200 11445 "https://uslconsultation.com/" "Mozilla/5.0 (Macintosh; Intel Mac OS X 10_15_7) AppleWebKit/605.1.15 (KHTML, like Gecko) Version/17.4 Safari/605.1.15 (Applebot/0.1; +http://www.apple.com/go/applebot)"
17.166.20.27 - - [31/Aug/2026:02:58:32 +0000] "GET /wp-includes/js/imagesloaded.min.js?ver=5.0.0 HTTP/1.1" 200 1824 "https://uslconsultation.com/" "Mozilla/5.0 (Macintosh; Intel Mac OS X 10_15_7) AppleWebKit/605.1.15 (KHTML, like Gecko) Version/17.4 Safari/605.1.15 (Applebot/0.1; +http://www.apple.com/go/applebot)"
17.166.20.27 - - [31/Aug/2026:02:58:33 +0000] "GET /wp-content/themes/porto/js/theme.js?ver=7.7.2 HTTP/1.1" 200 27928 "https://uslconsultation.com/" "Mozilla/5.0 (Macintosh; Intel Mac OS X 10_15_7) AppleWebKit/605.1.15 (KHTML, like Gecko) Version/17.4 Safari/605.1.15 (Applebot/0.1; +http://www.apple.com/go/applebot)"
17.166.20.27 - - [31/Aug/2026:02:58:35 +0000] "GET /wp-content/themes/porto/js/libs/smoothscroll.min.js?ver=7.7.2 HTTP/1.1" 200 3193 "https://uslconsultation.com/" "Mozilla/5.0 (Macintosh; Intel Mac OS X 10_15_7) AppleWebKit/605.1.15 (KHTML, like Gecko) Version/17.4 Safari/605.1.15 (Applebot/0.1; +http://www.apple.com/go/applebot)"
17.166.20.27 - - [31/Aug/2026:02:58:36 +0000] "GET /wp-content/themes/porto/js/woocommerce-theme.js?ver=7.7.2 HTTP/1.1" 200 22308 "https://uslconsultation.com/" "Mozilla/5.0 (Macintosh; Intel Mac OS X 10_15_7) AppleWebKit/605.1.15 (KHTML, like Gecko) Version/17.4 Safari/605.1.15 (Applebot/0.1; +http://www.apple.com/go/applebot)"
17.166.20.27 - - [31/Aug/2026:02:58:38 +0000] "GET /wp-content/plugins/porto-functionality/shortcodes/assets/js/porto-cursor-effect.min.js?ver=3.7.2 HTTP/1.1" 200 1733 "https://uslconsultation.com/" "Mozilla/5.0 (Macintosh; Intel Mac OS X 10_15_7) AppleWebKit/605.1.15 (KHTML, like Gecko) Version/17.4 Safari/605.1.15 (Applebot/0.1; +http://www.apple.com/go/applebot)"
17.166.20.27 - - [31/Aug/2026:02:58:39 +0000] "GET /wp-content/plugins/porto-functionality/shortcodes/assets/js/float-element.min.js?ver=3.7.2 HTTP/1.1" 200 1026 "https://uslconsultation.com/" "Mozilla/5.0 (Macintosh; Intel Mac OS X 10_15_7) AppleWebKit/605.1.15 (KHTML, like Gecko) Version/17.4 Safari/605.1.15 (Applebot/0.1; +http://www.apple.com/go/applebot)"
17.166.20.27 - - [31/Aug/2026:02:58:40 +0000] "GET /wp-content/themes/porto/js/libs/skrollr.min.js?ver=0.6.30 HTTP/1.1" 200 5619 "https://uslconsultation.com/" "Mozilla/5.0 (Macintosh; Intel Mac OS X 10_15_7) AppleWebKit/605.1.15 (KHTML, like Gecko) Version/17.4 Safari/605.1.15 (Applebot/0.1; +http://www.apple.com/go/applebot)"
17.166.20.27 - - [31/Aug/2026:02:58:42 +0000] "GET /wp-content/themes/porto/js/bg-parallax.js?ver=7.7.2 HTTP/1.1" 200 1862 "https://uslconsultation.com/" "Mozilla/5.0 (Macintosh; Intel Mac OS X 10_15_7) AppleWebKit/605.1.15 (KHTML, like Gecko) Version/17.4 Safari/605.1.15 (Applebot/0.1; +http://www.apple.com/go/applebot)"
17.166.20.27 - - [31/Aug/2026:02:58:43 +0000] "GET /wp-content/plugins/porto-functionality/shortcodes/assets/js/map-loader.min.js?ver=3.7.2 HTTP/1.1" 200 548 "https://uslconsultation.com/" "Mozilla/5.0 (Macintosh; Intel Mac OS X 10_15_7) AppleWebKit/605.1.15 (KHTML, like Gecko) Version/17.4 Safari/605.1.15 (Applebot/0.1; +http://www.apple.com/go/applebot)"
17.166.20.27 - - [31/Aug/2026:02:58:44 +0000] "GET /wp-content/plugins/elementor-pro/assets/js/webpack-pro.runtime.min.js?ver=4.2.2 HTTP/1.1" 200 2844 "https://uslconsultation.com/" "Mozilla/5.0 (Macintosh; Intel Mac OS X 10_15_7) AppleWebKit/605.1.15 (KHTML, like Gecko) Version/17.4 Safari/605.1.15 (Applebot/0.1; +http://www.apple.com/go/applebot)"
17.166.20.27 - - [31/Aug/2026:02:58:46 +0000] "GET /wp-content/plugins/elementor-pro/assets/js/frontend.min.js?ver=4.2.2 HTTP/1.1" 200 6481 "https://uslconsultation.com/" "Mozilla/5.0 (Macintosh; Intel Mac OS X 10_15_7) AppleWebKit/605.1.15 (KHTML, like Gecko) Version/17.4 Safari/605.1.15 (Applebot/0.1; +http://www.apple.com/go/applebot)"
17.166.20.27 - - [31/Aug/2026:02:58:47 +0000] "GET /wp-content/plugins/elementor-pro/assets/js/elements-handlers.min.js?ver=4.2.2 HTTP/1.1" 200 10661 "https://uslconsultation.com/" "Mozilla/5.0 (Macintosh; Intel Mac OS X 10_15_7) AppleWebKit/605.1.15 (KHTML, like Gecko) Version/17.4 Safari/605.1.15 (Applebot/0.1; +http://www.apple.com/go/applebot)"
17.166.20.27 - - [31/Aug/2026:02:58:49 +0000] "GET /wp-content/plugins/revslider/public/js/libs/tptools.js?ver=6.7.39 HTTP/1.1" 200 75409 "https://uslconsultation.com/" "Mozilla/5.0 (Macintosh; Intel Mac OS X 10_15_7) AppleWebKit/605.1.15 (KHTML, like Gecko) Version/17.4 Safari/605.1.15 (Applebot/0.1; +http://www.apple.com/go/applebot)"
17.166.20.27 - - [31/Aug/2026:02:58:50 +0000] "GET /wp-content/plugins/revslider/public/js/sr7.js?ver=6.7.39 HTTP/1.1" 200 97081 "https://uslconsultation.com/" "Mozilla/5.0 (Macintosh; Intel Mac OS X 10_15_7) AppleWebKit/605.1.15 (KHTML, like Gecko) Version/17.4 Safari/605.1.15 (Applebot/0.1; +http://www.apple.com/go/applebot)"
17.166.20.27 - - [31/Aug/2026:02:58:51 +0000] "GET /wp-content/themes/porto/js/libs/jquery.magnific-popup.min.js?ver=1.1.0 HTTP/1.1" 200 7382 "https://uslconsultation.com/" "Mozilla/5.0 (Macintosh; Intel Mac OS X 10_15_7) AppleWebKit/605.1.15 (KHTML, like Gecko) Version/17.4 Safari/605.1.15 (Applebot/0.1; +http://www.apple.com/go/applebot)"
17.166.24.232 - - [31/Aug/2026:02:58:53 +0000] "GET /wp-content/plugins/revslider/public/js/libs/tptools.js?ver=6.7.39 HTTP/1.1" 200 75416 "https://uslconsultation.com/" "Mozilla/5.0 (Macintosh; Intel Mac OS X 10_15_7) AppleWebKit/605.1.15 (KHTML, like Gecko) Version/17.4 Safari/605.1.15 (Applebot/0.1; +http://www.apple.com/go/applebot)"
17.166.24.232 - - [31/Aug/2026:02:58:54 +0000] "GET /wp-content/plugins/revslider/public/js/sr7.js?ver=6.7.39 HTTP/1.1" 200 97081 "https://uslconsultation.com/" "Mozilla/5.0 (Macintosh; Intel Mac OS X 10_15_7) AppleWebKit/605.1.15 (KHTML, like Gecko) Version/17.4 Safari/605.1.15 (Applebot/0.1; +http://www.apple.com/go/applebot)"
17.166.24.232 - - [31/Aug/2026:02:58:56 +0000] "GET /wp-content/themes/porto/js/theme-async.js?ver=7.7.2 HTTP/1.1" 200 15921 "https://uslconsultation.com/" "Mozilla/5.0 (Macintosh; Intel Mac OS X 10_15_7) AppleWebKit/605.1.15 (KHTML, like Gecko) Version/17.4 Safari/605.1.15 (Applebot/0.1; +http://www.apple.com/go/applebot)"
17.166.24.232 - - [31/Aug/2026:02:58:57 +0000] "GET /wp-content/themes/porto/js/libs/jquery.magnific-popup.min.js?ver=1.1.0 HTTP/1.1" 200 7382 "https://uslconsultation.com/" "Mozilla/5.0 (Macintosh; Intel Mac OS X 10_15_7) AppleWebKit/605.1.15 (KHTML, like Gecko) Version/17.4 Safari/605.1.15 (Applebot/0.1; +http://www.apple.com/go/applebot)"
17.166.24.232 - - [31/Aug/2026:02:58:58 +0000] "GET /wp-content/themes/porto/js/post-ajax-modal.min.js?ver=7.7.2 HTTP/1.1" 200 1597 "https://uslconsultation.com/" "Mozilla/5.0 (Macintosh; Intel Mac OS X 10_15_7) AppleWebKit/605.1.15 (KHTML, like Gecko) Version/17.4 Safari/605.1.15 (Applebot/0.1; +http://www.apple.com/go/applebot)"
17.166.24.232 - - [31/Aug/2026:02:59:00 +0000] "GET /wp-content/themes/porto/js/libs/webfont.js HTTP/1.1" 200 5452 "https://uslconsultation.com/" "Mozilla/5.0 (Macintosh; Intel Mac OS X 10_15_7) AppleWebKit/605.1.15 (KHTML, like Gecko) Version/17.4 Safari/605.1.15 (Applebot/0.1; +http://www.apple.com/go/applebot)"
17.166.21.234 - - [31/Aug/2026:02:59:03 +0000] "GET /wp-content/plugins/elementor/assets/js/section-frontend-handlers.d85ab872da118940910d.bundle.min.js HTTP/1.1" 200 281 "https://uslconsultation.com/" "Mozilla/5.0 (Macintosh; Intel Mac OS X 10_15_7) AppleWebKit/605.1.15 (KHTML, like Gecko) Version/17.4 Safari/605.1.15 (Applebot/0.1; +http://www.apple.com/go/applebot)"
17.166.21.234 - - [31/Aug/2026:02:59:04 +0000] "GET /wp-includes/js/wp-emoji-release.min.js?ver=7.1 HTTP/1.1" 200 5498 "https://uslconsultation.com/" "Mozilla/5.0 (Macintosh; Intel Mac OS X 10_15_7) AppleWebKit/605.1.15 (KHTML, like Gecko) Version/17.4 Safari/605.1.15 (Applebot/0.1; +http://www.apple.com/go/applebot)"
72.167.149.90 - - [31/Aug/2026:02:59:05 +0000] "POST /wp-cron.php?doing_wp_cron=1788145144.9369969367980957031250 HTTP/1.1" 499 0 "-" "WordPress/7.1; https://uslconsultation.com"
17.166.24.232 - - [31/Aug/2026:02:59:06 +0000] "GET /wp-json/contact-form-7/v1/contact-forms/324/feedback/schema HTTP/1.1" 200 251 "https://uslconsultation.com/" "Mozilla/5.0 (Macintosh; Intel Mac OS X 10_15_7) AppleWebKit/605.1.15 (KHTML, like Gecko) Version/17.4 Safari/605.1.15 (Applebot/0.1; +http://www.apple.com/go/applebot)"
17.166.24.232 - - [31/Aug/2026:02:59:07 +0000] "GET /wp-content/plugins/elementor/assets/js/shared-frontend-handlers.03caa53373b56d3bab67.bundle.min.js HTTP/1.1" 200 2672 "https://uslconsultation.com/" "Mozilla/5.0 (Macintosh; Intel Mac OS X 10_15_7) AppleWebKit/605.1.15 (KHTML, like Gecko) Version/17.4 Safari/605.1.15 (Applebot/0.1; +http://www.apple.com/go/applebot)"
17.166.21.234 - - [31/Aug/2026:02:59:07 +0000] "POST /?wc-ajax=get_refreshed_fragments HTTP/1.1" 200 589 "https://uslconsultation.com/" "Mozilla/5.0 (Macintosh; Intel Mac OS X 10_15_7) AppleWebKit/605.1.15 (KHTML, like Gecko) Version/17.4 Safari/605.1.15 (Applebot/0.1; +http://www.apple.com/go/applebot)"
17.166.21.234 - - [31/Aug/2026:02:59:08 +0000] "GET /wp-content/plugins/elementor/assets/js/progress.0ea083b809812c0e3aa1.bundle.min.js HTTP/1.1" 200 469 "https://uslconsultation.com/" "Mozilla/5.0 (Macintosh; Intel Mac OS X 10_15_7) AppleWebKit/605.1.15 (KHTML, like Gecko) Version/17.4 Safari/605.1.15 (Applebot/0.1; +http://www.apple.com/go/applebot)"
17.166.24.232 - - [31/Aug/2026:02:59:09 +0000] "GET /wp-content/themes/porto/css/part/media-mobile-sidebar.css?ver=7.7.2 HTTP/1.1" 200 526 "https://uslconsultation.com/" "Mozilla/5.0 (Macintosh; Intel Mac OS X 10_15_7) AppleWebKit/605.1.15 (KHTML, like Gecko) Version/17.4 Safari/605.1.15 (Applebot/0.1; +http://www.apple.com/go/applebot)"
17.166.21.234 - - [31/Aug/2026:02:59:13 +0000] "GET /wp-json/contact-form-7/v1/contact-forms/324/refill HTTP/1.1" 200 33 "https://uslconsultation.com/" "Mozilla/5.0 (Macintosh; Intel Mac OS X 10_15_7) AppleWebKit/605.1.15 (KHTML, like Gecko) Version/17.4 Safari/605.1.15 (Applebot/0.1; +http://www.apple.com/go/applebot)"
169.58.246.199 - - [31/Aug/2026:03:02:47 +0000] "GET / HTTP/1.1" 200 319749 "-" "Mozilla/5.0 (Macintosh; Intel Mac OS X 10_15_7) AppleWebKit/537.36 (KHTML, like Gecko) Chrome/150.0 Safari/537.36"
72.167.149.90 - - [31/Aug/2026:03:03:02 +0000] "POST /wp-cron.php?doing_wp_cron=1788145381.7235810756683349609375 HTTP/1.1" 499 0 "-" "WordPress/7.1; https://uslconsultation.com"
169.58.246.199 - - [31/Aug/2026:03:03:03 +0000] "GET /?trp-edit-translation=preview HTTP/1.1" 200 368554 "-" "Mozilla/5.0 (Macintosh; Intel Mac OS X 10_15_7) AppleWebKit/537.36 (KHTML, like Gecko) Chrome/150.0 Safari/537.36"
169.58.246.199 - - [31/Aug/2026:03:03:21 +0000] "GET / HTTP/1.1" 200 319757 "-" "Mozilla/5.0 (Macintosh; Intel Mac OS X 10_15_7) AppleWebKit/537.36 (KHTML, like Gecko) Chrome/150.0 Safari/537.36"
169.58.246.199 - - [31/Aug/2026:03:03:31 +0000] "GET /author/beso4u/ HTTP/1.1" 200 203677 "-" "Mozilla/5.0 (Macintosh; Intel Mac OS X 10_15_7) AppleWebKit/537.36 (KHTML, like Gecko) Chrome/150.0 Safari/537.36"
170.106.180.139 - - [31/Aug/2026:03:03:37 +0000] "GET / HTTP/1.1" 200 69091 "http://uslconsultation.com" "Mozilla/5.0 (iPhone; CPU iPhone OS 13_2_3 like Mac OS X) AppleWebKit/605.1.15 (KHTML, like Gecko) Version/13.0.3 Mobile/15E148 Safari/604.1"
169.58.246.199 - - [31/Aug/2026:03:04:00 +0000] "GET /wp-login.php?action=lostpassword HTTP/1.1" 200 4071 "-" "Mozilla/5.0 (Macintosh; Intel Mac OS X 10_15_7) AppleWebKit/537.36 (KHTML, like Gecko) Chrome/150.0 Safari/537.36"
169.58.246.199 - - [31/Aug/2026:03:04:47 +0000] "GET /wp-login.php?action=lostpassword HTTP/1.1" 200 4071 "-" "Mozilla/5.0 (Macintosh; Intel Mac OS X 10_15_7) AppleWebKit/537.36 (KHTML, like Gecko) Chrome/150.0 Safari/537.36"
85.208.96.200 - - [31/Aug/2026:03:05:31 +0000] "GET /services/page/2/ HTTP/1.1" 404 50938 "-" "Mozilla/5.0 (compatible; SemrushBot/7~bl; +http://www.semrush.com/bot.html)"
72.167.149.90 - - [31/Aug/2026:03:09:42 +0000] "POST /wp-cron.php?doing_wp_cron=1788145781.7234199047088623046875 HTTP/1.1" 499 0 "-" "WordPress/7.1; https://uslconsultation.com"
38.147.104.201 - - [31/Aug/2026:03:09:42 +0000] "GET / HTTP/1.1" 200 68915 "-" "Mozilla/5.0 (compatible; KeyScanner/1.0)"
72.167.149.90 - - [31/Aug/2026:03:14:33 +0000] "POST /wp-cron.php?doing_wp_cron=1788146072.4442620277404785156250 HTTP/1.1" 499 0 "-" "WordPress/7.1; https://uslconsultation.com"
35.204.250.192 - - [31/Aug/2026:03:14:33 +0000] "GET / HTTP/1.1" 301 5 "-" "Scrapy/2.17.0 (+https://scrapy.org)"
35.204.250.192 - - [31/Aug/2026:03:14:38 +0000] "GET / HTTP/1.1" 200 68909 "https://mail.uslconsultation.com/" "Scrapy/2.17.0 (+https://scrapy.org)"
34.91.65.13 - - [31/Aug/2026:03:14:43 +0000] "GET /wp-content/uploads/2025/11/cropped-USL-NEW-May-2023-Gray-192x192.png HTTP/1.1" 200 9479 "-" "Scrapy/2.17.0 (+https://scrapy.org)"
34.91.65.13 - - [31/Aug/2026:03:14:43 +0000] "GET /wp-content/uploads/2025/11/cropped-USL-NEW-May-2023-Gray-32x32.png HTTP/1.1" 200 1321 "-" "Scrapy/2.17.0 (+https://scrapy.org)"
34.91.65.13 - - [31/Aug/2026:03:14:43 +0000] "GET /wp-content/uploads/2025/11/USL-NEW-May-2023-Gray.png HTTP/1.1" 200 18612 "-" "Scrapy/2.17.0 (+https://scrapy.org)"
34.91.65.13 - - [31/Aug/2026:03:14:43 +0000] "GET /wp-content/uploads/2025/11/cropped-USL-NEW-May-2023-Gray-180x180.png HTTP/1.1" 200 8783 "-" "Scrapy/2.17.0 (+https://scrapy.org)"
72.167.149.90 - - [31/Aug/2026:03:29:43 +0000] "POST /wp-cron.php?doing_wp_cron=1788146982.1740920543670654296875 HTTP/1.1" 499 0 "-" "WordPress/7.1; https://uslconsultation.com"
178.20.43.173 - - [31/Aug/2026:03:29:43 +0000] "GET /2025/11/05/hello-world/ HTTP/1.0" 404 184529 "https://uslconsultation.com/2025/11/05/hello-world/#comment-168" "Mozilla/5.0 (Windows NT 10.0; Win64; x64) AppleWebKit/537.36 (KHTML, like Gecko) Chrome/131.0.0.0 Safari/537.36 Avast/131.0.0.0"
178.20.43.173 - - [31/Aug/2026:03:29:47 +0000] "GET /blog/ HTTP/1.0" 200 203550 "https://uslconsultation.com/blog/" "Mozilla/5.0 (Windows NT 10.0; Win64; x64) AppleWebKit/537.36 (KHTML, like Gecko) Chrome/131.0.0.0 Safari/537.36 Avast/131.0.0.0"
178.20.43.173 - - [31/Aug/2026:03:29:52 +0000] "GET /contact-us/ HTTP/1.0" 200 204851 "https://uslconsultation.com/contact-us/" "Mozilla/5.0 (Windows NT 10.0; Win64; x64) AppleWebKit/537.36 (KHTML, like Gecko) Chrome/131.0.0.0 Safari/537.36 Avast/131.0.0.0"
178.20.43.173 - - [31/Aug/2026:03:29:59 +0000] "POST /contact-us/ HTTP/1.0" 200 204941 "https://uslconsultation.com/contact-us/" "Mozilla/5.0 (Windows NT 10.0; Win64; x64) AppleWebKit/537.36 (KHTML, like Gecko) Chrome/131.0.0.0 Safari/537.36 Avast/131.0.0.0"
72.167.149.90 - - [31/Aug/2026:03:46:10 +0000] "POST /wp-cron.php?doing_wp_cron=1788147969.6287229061126708984375 HTTP/1.1" 499 0 "-" "WordPress/7.1; https://uslconsultation.com"
85.208.96.208 - - [31/Aug/2026:03:46:10 +0000] "GET /robots.txt HTTP/1.1" 200 124 "-" "Mozilla/5.0 (compatible; SemrushBot/7~bl; +http://www.semrush.com/bot.html)"
72.167.149.90 - - [31/Aug/2026:03:46:13 +0000] "GET /wp-content/uploads/2025/11/ISO-Cert-scaled-e1766401463486.jpg HTTP/1.1" 200 64260 "-" "-"
85.208.96.195 - - [31/Aug/2026:03:46:14 +0000] "GET /service/preparing-companies-to-obtain-iso-certifications/ HTTP/1.1" 200 55053 "-" "Mozilla/5.0 (compatible; SemrushBot/7~bl; +http://www.semrush.com/bot.html)"
72.167.149.90 - - [31/Aug/2026:03:54:04 +0000] "POST /wp-cron.php?doing_wp_cron=1788148443.6124289035797119140625 HTTP/1.1" 499 0 "-" "WordPress/7.1; https://uslconsultation.com"
216.73.217.6 - - [31/Aug/2026:03:54:04 +0000] "GET /robots.txt HTTP/1.1" 200 124 "-" "Mozilla/5.0 AppleWebKit/537.36 (KHTML, like Gecko; compatible; ClaudeBot/1.0; +claudebot@anthropic.com)"
216.73.217.6 - - [31/Aug/2026:03:54:07 +0000] "GET /sitemaps.xml HTTP/1.1" 200 284 "-" "Mozilla/5.0 AppleWebKit/537.36 (KHTML, like Gecko; compatible; ClaudeBot/1.0; +claudebot@anthropic.com)"
43.159.148.221 - - [31/Aug/2026:04:02:23 +0000] "GET / HTTP/1.1" 200 69087 "http://www.uslconsultation.com" "Mozilla/5.0 (iPhone; CPU iPhone OS 13_2_3 like Mac OS X) AppleWebKit/605.1.15 (KHTML, like Gecko) Version/13.0.3 Mobile/15E148 Safari/604.1"
72.167.149.90 - - [31/Aug/2026:04:07:17 +0000] "POST /wp-cron.php?doing_wp_cron=1788149235.9720940589904785156250 HTTP/1.1" 499 0 "-" "WordPress/7.1; https://uslconsultation.com"
51.81.169.192 - - [31/Aug/2026:04:07:17 +0000] "GET /portfolio_cat/mountain/feed/ HTTP/1.1" 304 0 "-" "Mozilla/5.0 (compatible; AhrefsBot/7.0; +http://ahrefs.com/robot/)"
72.167.149.90 - - [31/Aug/2026:04:09:15 +0000] "POST /wp-cron.php?doing_wp_cron=1788149354.0850889682769775390625 HTTP/1.1" 499 0 "-" "WordPress/7.1; https://uslconsultation.com"
17.166.154.229 - - [31/Aug/2026:04:09:15 +0000] "GET /robots.txt HTTP/1.1" 200 124 "-" "Mozilla/5.0 (Macintosh; Intel Mac OS X 10_15_7) AppleWebKit/605.1.15 (KHTML, like Gecko) Version/17.4 Safari/605.1.15 (Applebot/0.1; +http://www.apple.com/go/applebot)"
17.166.154.229 - - [31/Aug/2026:04:09:18 +0000] "GET /event/designing-club-culture/feed/ HTTP/1.1" 200 444 "-" "Mozilla/5.0 (Macintosh; Intel Mac OS X 10_15_7) AppleWebKit/605.1.15 (KHTML, like Gecko) Version/17.4 Safari/605.1.15 (Applebot/0.1; +http://www.apple.com/go/applebot)"
72.167.149.90 - - [31/Aug/2026:04:12:53 +0000] "POST /wp-cron.php?doing_wp_cron=1788149572.1139750480651855468750 HTTP/1.1" 499 0 "-" "WordPress/7.1; https://uslconsultation.com"
173.252.70.40 - - [31/Aug/2026:04:12:53 +0000] "GET /robots.txt HTTP/1.1" 200 124 "-" "facebookexternalhit/1.1 (+http://www.facebook.com/externalhit_uatext.php)"
72.167.149.90 - - [31/Aug/2026:04:15:51 +0000] "POST /wp-cron.php?doing_wp_cron=1788149750.2788150310516357421875 HTTP/1.1" 499 0 "-" "WordPress/7.1; https://uslconsultation.com"
51.81.164.157 - - [31/Aug/2026:04:15:51 +0000] "GET /sample-page/ HTTP/1.1" 200 52140 "-" "Mozilla/5.0 (compatible; AhrefsBot/7.0; +http://ahrefs.com/robot/)"
72.167.149.90 - - [31/Aug/2026:05:22:37 +0000] "POST /wp-cron.php?doing_wp_cron=1788153756.2346839904785156250000 HTTP/1.1" 499 0 "-" "WordPress/7.1; https://uslconsultation.com"
41.185.8.105 - - [31/Aug/2026:05:22:37 +0000] "GET /wp-login.php HTTP/1.1" 200 4193 "-" "Mozilla/5.0 (Windows NT 10.0; Win64; x64) AppleWebKit/537.36 (KHTML, like Gecko) Chrome/151.0.0.0 Safari/537.36"
41.185.8.105 - - [31/Aug/2026:05:22:39 +0000] "POST /wp-login.php HTTP/1.1" 200 4296 "https://uslconsultation.com/wp-login.php" "Mozilla/5.0 (Windows NT 10.0; Win64; x64) AppleWebKit/537.36 (KHTML, like Gecko) Chrome/151.0.0.0 Safari/537.36"
72.167.149.90 - - [31/Aug/2026:05:34:28 +0000] "POST /wp-cron.php?doing_wp_cron=1788154467.8830571174621582031250 HTTP/1.1" 499 0 "-" "WordPress/7.1; https://uslconsultation.com"
216.73.217.6 - - [31/Aug/2026:05:34:29 +0000] "GET /robots.txt HTTP/1.1" 200 124 "-" "Mozilla/5.0 AppleWebKit/537.36 (KHTML, like Gecko; compatible; ClaudeBot/1.0; +claudebot@anthropic.com)"
216.73.217.6 - - [31/Aug/2026:05:34:31 +0000] "GET /sitemaps.xml HTTP/1.1" 200 284 "-" "Mozilla/5.0 AppleWebKit/537.36 (KHTML, like Gecko; compatible; ClaudeBot/1.0; +claudebot@anthropic.com)"
72.167.149.90 - - [31/Aug/2026:05:50:11 +0000] "POST /wp-cron.php?doing_wp_cron=1788155410.6980819702148437500000 HTTP/1.1" 499 0 "-" "WordPress/7.1; https://uslconsultation.com"
93.89.225.85 - - [31/Aug/2026:05:50:11 +0000] "GET /wp-login.php HTTP/1.1" 200 4199 "-" "Mozilla/5.0 (Windows NT 10.0; Win64; x64) AppleWebKit/537.36 (KHTML, like Gecko) Chrome/151.0.0.0 Safari/537.36"
93.89.225.85 - beso4u [31/Aug/2026:05:50:16 +0000] "GET /wp-json/wp/v2/users/me HTTP/1.1" 401 107 "-" "Mozilla/5.0 (Windows NT 10.0; Win64; x64) AppleWebKit/537.36 (KHTML, like Gecko) Chrome/151.0.0.0 Safari/537.36"
3.18.186.238 - - [31/Aug/2026:06:00:19 +0000] "GET / HTTP/1.1" 499 0 "http://uslconsultation.com/" "visionheight.com/scan Mozilla/5.0 (Macintosh; Intel Mac OS X 10_15_7) Chrome/126.0.0.0 Safari/537.36"
3.18.186.238 - - [31/Aug/2026:06:01:20 +0000] "GET / HTTP/1.1" 200 48714 "-" "visionheight.com/scan Mozilla/5.0 (Macintosh; Intel Mac OS X 10_15_7) Chrome/126.0.0.0 Safari/537.36"
72.167.149.90 - - [31/Aug/2026:06:01:21 +0000] "POST /wp-cron.php?doing_wp_cron=1788156080.0579729080200195312500 HTTP/1.1" 499 0 "-" "WordPress/7.1; https://uslconsultation.com"
72.167.149.90 - - [31/Aug/2026:06:02:44 +0000] "POST /wp-cron.php?doing_wp_cron=1788156163.7922708988189697265625 HTTP/1.1" 499 0 "-" "WordPress/7.1; https://uslconsultation.com"
223.205.75.217 - - [31/Aug/2026:06:02:44 +0000] "POST /xmlrpc.php HTTP/1.1" 200 415 "-" "WordPress.com; https://wordpress.com"
223.205.75.217 - - [31/Aug/2026:06:02:52 +0000] "POST /xmlrpc.php HTTP/1.1" 200 415 "-" "Jetpack/13.0; WordPress/6.2; http://site65438121.com"
72.167.149.90 - - [31/Aug/2026:06:03:05 +0000] "POST /wp-cron.php?doing_wp_cron=1788156184.7791049480438232421875 HTTP/1.1" 499 0 "-" "WordPress/7.1; https://uslconsultation.com"
223.205.75.217 - - [31/Aug/2026:06:03:05 +0000] "POST /xmlrpc.php HTTP/1.1" 200 415 "-" "Jetpack by WordPress.com"
223.205.75.217 - - [31/Aug/2026:06:03:18 +0000] "POST /xmlrpc.php HTTP/1.1" 499 0 "-" "Jetpack by WordPress.com (Jetpack 12.1; WordPress 6.3)"
223.205.75.217 - - [31/Aug/2026:06:03:29 +0000] "POST /xmlrpc.php HTTP/1.1" 200 415 "-" "Jetpack by WordPress.com"
223.205.75.217 - - [31/Aug/2026:06:03:37 +0000] "POST /xmlrpc.php HTTP/1.1" 200 415 "-" "Jetpack by WordPress.com"
223.205.75.217 - - [31/Aug/2026:06:03:47 +0000] "POST /xmlrpc.php HTTP/1.1" 200 415 "-" "Jetpack by WordPress.com (Jetpack 13.0; WordPress 6.3)"
223.205.75.217 - - [31/Aug/2026:06:03:58 +0000] "POST /xmlrpc.php HTTP/1.1" 200 415 "-" "Jetpack/12.1; WordPress/6.2; http://site53321774.com"
72.167.149.90 - - [31/Aug/2026:06:04:09 +0000] "POST /wp-cron.php?doing_wp_cron=1788156247.9545650482177734375000 HTTP/1.1" 499 0 "-" "WordPress/7.1; https://uslconsultation.com"
223.205.75.217 - - [31/Aug/2026:06:04:09 +0000] "POST /xmlrpc.php HTTP/1.1" 200 415 "-" "Jetpack/13.0; WordPress/6.1; http://site89936469.com"
223.205.75.217 - - [31/Aug/2026:06:04:18 +0000] "POST /xmlrpc.php HTTP/1.1" 200 415 "-" "WordPress.com; https://wordpress.com"
223.205.75.217 - - [31/Aug/2026:06:04:32 +0000] "POST /xmlrpc.php HTTP/1.1" 200 415 "-" "Jetpack by WordPress.com"
223.205.75.217 - - [31/Aug/2026:06:04:41 +0000] "POST /xmlrpc.php HTTP/1.1" 200 415 "-" "Jetpack by WordPress.com"
223.205.75.217 - - [31/Aug/2026:06:04:53 +0000] "POST /xmlrpc.php HTTP/1.1" 200 415 "-" "Jetpack by WordPress.com"
121.123.91.13 - - [31/Aug/2026:06:04:55 +0000] "GET /ar/contact-us/ HTTP/1.1" 200 74686 "-" "Mozilla/5.0 (Macintosh; Intel Mac OS X 13.2; rv:126.0) Gecko/20100101 Firefox/126.0"
223.205.75.217 - - [31/Aug/2026:06:05:00 +0000] "POST /xmlrpc.php HTTP/1.1" 200 415 "-" "Jetpack by WordPress.com (Jetpack 12.1; WordPress 6.3)"
72.167.149.90 - - [31/Aug/2026:06:05:12 +0000] "POST /wp-cron.php?doing_wp_cron=1788156311.2072958946228027343750 HTTP/1.1" 499 0 "-" "WordPress/7.1; https://uslconsultation.com"
223.205.75.217 - - [31/Aug/2026:06:05:12 +0000] "POST /xmlrpc.php HTTP/1.1" 200 415 "-" "Jetpack by WordPress.com (Jetpack 12.0; WordPress 6.3)"
223.205.75.217 - - [31/Aug/2026:06:05:23 +0000] "POST /xmlrpc.php HTTP/1.1" 200 415 "-" "WordPress.com; https://wordpress.com"
223.205.75.217 - - [31/Aug/2026:06:05:33 +0000] "POST /xmlrpc.php HTTP/1.1" 200 415 "-" "Jetpack/12.0; WordPress/6.4; http://site40874620.com"
223.205.75.217 - - [31/Aug/2026:06:05:43 +0000] "POST /xmlrpc.php HTTP/1.1" 200 415 "-" "WordPress.com; https://wordpress.com"
223.205.75.217 - - [31/Aug/2026:06:05:54 +0000] "POST /xmlrpc.php HTTP/1.1" 200 415 "-" "WordPress.com; https://wordpress.com"
72.167.149.90 - - [31/Aug/2026:06:06:07 +0000] "POST /wp-cron.php?doing_wp_cron=1788156366.0444200038909912109375 HTTP/1.1" 499 0 "-" "WordPress/7.1; https://uslconsultation.com"
223.205.75.217 - - [31/Aug/2026:06:06:07 +0000] "POST /xmlrpc.php HTTP/1.1" 200 415 "-" "Jetpack by WordPress.com (Jetpack 12.5; WordPress 6.4)"
223.205.75.217 - - [31/Aug/2026:06:06:18 +0000] "POST /xmlrpc.php HTTP/1.1" 200 415 "-" "Jetpack/12.0; WordPress/6.2; http://site77538268.com"
223.205.75.217 - - [31/Aug/2026:06:06:27 +0000] "POST /xmlrpc.php HTTP/1.1" 200 415 "-" "WordPress.com; https://wordpress.com"
223.205.75.217 - - [31/Aug/2026:06:06:40 +0000] "POST /xmlrpc.php HTTP/1.1" 200 415 "-" "Jetpack/12.0; WordPress/6.4; http://site10992071.com"
223.205.75.217 - - [31/Aug/2026:06:06:47 +0000] "POST /xmlrpc.php HTTP/1.1" 200 415 "-" "Jetpack/13.0; WordPress/6.3; http://site60763100.com"
223.205.75.217 - - [31/Aug/2026:06:06:59 +0000] "POST /xmlrpc.php HTTP/1.1" 200 415 "-" "Jetpack/12.1; WordPress/6.2; http://site97221831.com"
72.167.149.90 - - [31/Aug/2026:06:07:12 +0000] "POST /wp-cron.php?doing_wp_cron=1788156431.6159739494323730468750 HTTP/1.1" 499 0 "-" "WordPress/7.1; https://uslconsultation.com"
223.205.75.217 - - [31/Aug/2026:06:07:12 +0000] "POST /xmlrpc.php HTTP/1.1" 200 415 "-" "Jetpack by WordPress.com"
223.205.75.217 - - [31/Aug/2026:06:07:22 +0000] "POST /xmlrpc.php HTTP/1.1" 499 0 "-" "Jetpack by WordPress.com"
223.205.75.217 - - [31/Aug/2026:06:07:34 +0000] "POST /xmlrpc.php HTTP/1.1" 499 0 "-" "Jetpack by WordPress.com (Jetpack 13.0; WordPress 6.3)"
72.167.149.90 - - [31/Aug/2026:06:07:34 +0000] "POST /wp-cron.php?doing_wp_cron=1788156453.3328080177307128906250 HTTP/1.1" 499 0 "-" "WordPress/7.1; https://uslconsultation.com"
223.205.75.217 - - [31/Aug/2026:06:07:42 +0000] "POST /xmlrpc.php HTTP/1.1" 200 415 "-" "Jetpack by WordPress.com (Jetpack 12.5; WordPress 6.4)"
223.205.75.217 - - [31/Aug/2026:06:07:51 +0000] "POST /xmlrpc.php HTTP/1.1" 200 415 "-" "WordPress.com; https://wordpress.com"
72.167.149.90 - - [31/Aug/2026:06:08:04 +0000] "POST /wp-cron.php?doing_wp_cron=1788156483.8810451030731201171875 HTTP/1.1" 499 0 "-" "WordPress/7.1; https://uslconsultation.com"
223.205.75.217 - - [31/Aug/2026:06:08:05 +0000] "POST /xmlrpc.php HTTP/1.1" 200 415 "-" "Jetpack by WordPress.com"
223.205.75.217 - - [31/Aug/2026:06:08:13 +0000] "POST /xmlrpc.php HTTP/1.1" 200 415 "-" "Jetpack/13.0; WordPress/6.2; http://site59755419.com"
223.205.75.217 - - [31/Aug/2026:06:08:24 +0000] "POST /xmlrpc.php HTTP/1.1" 200 415 "-" "Jetpack by WordPress.com"
223.205.75.217 - - [31/Aug/2026:06:08:34 +0000] "POST /xmlrpc.php HTTP/1.1" 200 415 "-" "Jetpack/12.5; WordPress/6.3; http://site78379116.com"
223.205.75.217 - - [31/Aug/2026:06:08:45 +0000] "POST /xmlrpc.php HTTP/1.1" 200 415 "-" "Jetpack by WordPress.com (Jetpack 12.1; WordPress 6.1)"
223.205.75.217 - - [31/Aug/2026:06:08:58 +0000] "POST /xmlrpc.php HTTP/1.1" 499 0 "-" "Jetpack by WordPress.com (Jetpack 12.1; WordPress 6.2)"
223.205.75.217 - - [31/Aug/2026:06:09:10 +0000] "POST /xmlrpc.php HTTP/1.1" 499 0 "-" "Jetpack by WordPress.com"
72.167.149.90 - - [31/Aug/2026:06:09:11 +0000] "POST /wp-cron.php?doing_wp_cron=1788156550.8854329586029052734375 HTTP/1.1" 499 0 "-" "WordPress/7.1; https://uslconsultation.com"
223.205.75.217 - - [31/Aug/2026:06:09:19 +0000] "POST /xmlrpc.php HTTP/1.1" 200 415 "-" "Jetpack/13.0; WordPress/6.1; http://site25133681.com"
57.141.14.6 - - [31/Aug/2026:06:09:25 +0000] "GET /category/financial-consultation/ HTTP/1.1" 200 53885 "-" "Mozilla/5.0 (Macintosh; Intel Mac OS X 10_15_7) AppleWebKit/537.36 (KHTML, like Gecko) Chrome/145.0.0.0 Safari/537.36 (compatible; meta-externalagent/1.1 (+https://developers.facebook.com/docs/sharing/webmasters/crawler))"
223.205.75.217 - - [31/Aug/2026:06:09:29 +0000] "POST /xmlrpc.php HTTP/1.1" 200 415 "-" "Jetpack/12.0; WordPress/6.4; http://site72462162.com"
223.205.75.217 - - [31/Aug/2026:06:09:40 +0000] "POST /xmlrpc.php HTTP/1.1" 200 415 "-" "Jetpack/13.0; WordPress/6.3; http://site55357682.com"
223.205.75.217 - - [31/Aug/2026:06:09:50 +0000] "POST /xmlrpc.php HTTP/1.1" 499 0 "-" "Jetpack/12.0; WordPress/6.2; http://site69265625.com"
223.205.75.217 - - [31/Aug/2026:06:10:02 +0000] "POST /xmlrpc.php HTTP/1.1" 499 0 "-" "WordPress.com; https://wordpress.com"
72.167.149.90 - - [31/Aug/2026:06:10:03 +0000] "POST /wp-cron.php?doing_wp_cron=1788156602.8175430297851562500000 HTTP/1.1" 499 0 "-" "WordPress/7.1; https://uslconsultation.com"
223.205.75.217 - - [31/Aug/2026:06:10:14 +0000] "POST /xmlrpc.php HTTP/1.1" 200 415 "-" "Jetpack by WordPress.com (Jetpack 13.0; WordPress 6.1)"
223.205.75.217 - - [31/Aug/2026:06:10:23 +0000] "POST /xmlrpc.php HTTP/1.1" 200 415 "-" "Jetpack/12.1; WordPress/6.2; http://site30134098.com"
223.205.75.217 - - [31/Aug/2026:06:10:32 +0000] "POST /xmlrpc.php HTTP/1.1" 200 415 "-" "Jetpack by WordPress.com"
223.205.75.217 - - [31/Aug/2026:06:10:41 +0000] "POST /xmlrpc.php HTTP/1.1" 200 415 "-" "Jetpack by WordPress.com"
223.205.75.217 - - [31/Aug/2026:06:10:52 +0000] "POST /xmlrpc.php HTTP/1.1" 200 415 "-" "Jetpack by WordPress.com (Jetpack 13.0; WordPress 6.2)"
223.205.75.217 - - [31/Aug/2026:06:11:06 +0000] "POST /xmlrpc.php HTTP/1.1" 499 0 "-" "Jetpack by WordPress.com (Jetpack 13.0; WordPress 6.1)"
72.167.149.90 - - [31/Aug/2026:06:11:07 +0000] "POST /wp-cron.php?doing_wp_cron=1788156666.1184020042419433593750 HTTP/1.1" 499 0 "-" "WordPress/7.1; https://uslconsultation.com"
223.205.75.217 - - [31/Aug/2026:06:11:16 +0000] "POST /xmlrpc.php HTTP/1.1" 200 415 "-" "WordPress.com; https://wordpress.com"
223.205.75.217 - - [31/Aug/2026:06:11:24 +0000] "POST /xmlrpc.php HTTP/1.1" 200 415 "-" "WordPress.com; https://wordpress.com"
223.205.75.217 - - [31/Aug/2026:06:11:34 +0000] "POST /xmlrpc.php HTTP/1.1" 200 415 "-" "Jetpack/12.1; WordPress/6.4; http://site77683559.com"
223.205.75.217 - - [31/Aug/2026:06:11:44 +0000] "POST /xmlrpc.php HTTP/1.1" 200 415 "-" "Jetpack/12.1; WordPress/6.4; http://site16965797.com"
223.205.75.217 - - [31/Aug/2026:06:11:55 +0000] "POST /xmlrpc.php HTTP/1.1" 200 415 "-" "Jetpack by WordPress.com (Jetpack 13.0; WordPress 6.1)"
72.167.149.90 - - [31/Aug/2026:06:12:07 +0000] "POST /wp-cron.php?doing_wp_cron=1788156726.5540149211883544921875 HTTP/1.1" 499 0 "-" "WordPress/7.1; https://uslconsultation.com"
223.205.75.217 - - [31/Aug/2026:06:12:07 +0000] "POST /xmlrpc.php HTTP/1.1" 200 415 "-" "Jetpack by WordPress.com (Jetpack 12.0; WordPress 6.4)"
223.205.75.217 - - [31/Aug/2026:06:12:17 +0000] "POST /xmlrpc.php HTTP/1.1" 200 415 "-" "Jetpack/12.5; WordPress/6.3; http://site53687106.com"
223.205.75.217 - - [31/Aug/2026:06:12:29 +0000] "POST /xmlrpc.php HTTP/1.1" 200 415 "-" "Jetpack/12.5; WordPress/6.3; http://site68597329.com"
223.205.75.217 - - [31/Aug/2026:06:12:38 +0000] "POST /xmlrpc.php HTTP/1.1" 200 415 "-" "Jetpack/13.0; WordPress/6.4; http://site24312927.com"
223.205.75.217 - - [31/Aug/2026:06:12:49 +0000] "POST /xmlrpc.php HTTP/1.1" 200 415 "-" "Jetpack/12.5; WordPress/6.2; http://site95471927.com"
223.205.75.217 - - [31/Aug/2026:06:13:00 +0000] "POST /xmlrpc.php HTTP/1.1" 200 415 "-" "Jetpack by WordPress.com"
72.167.149.90 - - [31/Aug/2026:06:13:12 +0000] "POST /wp-cron.php?doing_wp_cron=1788156791.8754019737243652343750 HTTP/1.1" 499 0 "-" "WordPress/7.1; https://uslconsultation.com"
223.205.75.217 - - [31/Aug/2026:06:13:13 +0000] "POST /xmlrpc.php HTTP/1.1" 200 415 "-" "Jetpack by WordPress.com (Jetpack 13.0; WordPress 6.1)"
223.205.75.217 - - [31/Aug/2026:06:13:24 +0000] "POST /xmlrpc.php HTTP/1.1" 200 415 "-" "Jetpack/12.0; WordPress/6.4; http://site46232315.com"
223.205.75.217 - - [31/Aug/2026:06:13:36 +0000] "POST /xmlrpc.php HTTP/1.1" 200 415 "-" "WordPress.com; https://wordpress.com"
223.205.75.217 - - [31/Aug/2026:06:13:44 +0000] "POST /xmlrpc.php HTTP/1.1" 200 415 "-" "Jetpack by WordPress.com"
223.205.75.217 - - [31/Aug/2026:06:13:54 +0000] "POST /xmlrpc.php HTTP/1.1" 200 415 "-" "Jetpack by WordPress.com"
72.167.149.90 - - [31/Aug/2026:06:14:06 +0000] "POST /wp-cron.php?doing_wp_cron=1788156845.0113980770111083984375 HTTP/1.1" 499 0 "-" "WordPress/7.1; https://uslconsultation.com"
223.205.75.217 - - [31/Aug/2026:06:14:06 +0000] "POST /xmlrpc.php HTTP/1.1" 200 415 "-" "Jetpack by WordPress.com (Jetpack 13.0; WordPress 6.3)"
223.205.75.217 - - [31/Aug/2026:06:14:14 +0000] "POST /xmlrpc.php HTTP/1.1" 200 415 "-" "Jetpack/12.1; WordPress/6.4; http://site12249249.com"
223.205.75.217 - - [31/Aug/2026:06:14:25 +0000] "POST /xmlrpc.php HTTP/1.1" 200 415 "-" "WordPress.com; https://wordpress.com"
223.205.75.217 - - [31/Aug/2026:06:14:37 +0000] "POST /xmlrpc.php HTTP/1.1" 200 415 "-" "WordPress.com; https://wordpress.com"
223.205.75.217 - - [31/Aug/2026:06:14:50 +0000] "POST /xmlrpc.php HTTP/1.1" 499 0 "-" "Jetpack by WordPress.com"
223.205.75.217 - - [31/Aug/2026:06:15:02 +0000] "POST /xmlrpc.php HTTP/1.1" 499 0 "-" "Jetpack by WordPress.com"
72.167.149.90 - - [31/Aug/2026:06:15:04 +0000] "POST /wp-cron.php?doing_wp_cron=1788156903.6863629817962646484375 HTTP/1.1" 499 0 "-" "WordPress/7.1; https://uslconsultation.com"
223.205.75.217 - - [31/Aug/2026:06:15:14 +0000] "POST /xmlrpc.php HTTP/1.1" 499 0 "-" "WordPress.com; https://wordpress.com"
223.205.75.217 - - [31/Aug/2026:06:15:22 +0000] "POST /xmlrpc.php HTTP/1.1" 499 0 "-" "WordPress.com; https://wordpress.com"
223.205.75.217 - - [31/Aug/2026:06:15:32 +0000] "POST /xmlrpc.php HTTP/1.1" 200 415 "-" "Jetpack by WordPress.com"
223.205.75.217 - - [31/Aug/2026:06:15:39 +0000] "POST /xmlrpc.php HTTP/1.1" 200 415 "-" "Jetpack by WordPress.com"
223.205.75.217 - - [31/Aug/2026:06:15:50 +0000] "POST /xmlrpc.php HTTP/1.1" 200 415 "-" "Jetpack by WordPress.com (Jetpack 12.5; WordPress 6.2)"
223.205.75.217 - - [31/Aug/2026:06:16:00 +0000] "POST /xmlrpc.php HTTP/1.1" 200 415 "-" "Jetpack by WordPress.com (Jetpack 13.0; WordPress 6.4)"
72.167.149.90 - - [31/Aug/2026:06:16:12 +0000] "POST /wp-cron.php?doing_wp_cron=1788156971.9212338924407958984375 HTTP/1.1" 499 0 "-" "WordPress/7.1; https://uslconsultation.com"
223.205.75.217 - - [31/Aug/2026:06:16:13 +0000] "POST /xmlrpc.php HTTP/1.1" 200 415 "-" "WordPress.com; https://wordpress.com"
223.205.75.217 - - [31/Aug/2026:06:16:21 +0000] "POST /xmlrpc.php HTTP/1.1" 200 415 "-" "Jetpack/12.1; WordPress/6.3; http://site62219944.com"
223.205.75.217 - - [31/Aug/2026:06:16:32 +0000] "POST /xmlrpc.php HTTP/1.1" 200 415 "-" "Jetpack by WordPress.com"
223.205.75.217 - - [31/Aug/2026:06:16:43 +0000] "POST /xmlrpc.php HTTP/1.1" 200 415 "-" "Jetpack by WordPress.com (Jetpack 12.0; WordPress 6.3)"
223.205.75.217 - - [31/Aug/2026:06:16:53 +0000] "POST /xmlrpc.php HTTP/1.1" 200 415 "-" "Jetpack by WordPress.com (Jetpack 12.0; WordPress 6.2)"
72.167.149.90 - - [31/Aug/2026:06:17:06 +0000] "POST /wp-cron.php?doing_wp_cron=1788157025.0314149856567382812500 HTTP/1.1" 499 0 "-" "WordPress/7.1; https://uslconsultation.com"
223.205.75.217 - - [31/Aug/2026:06:17:06 +0000] "POST /xmlrpc.php HTTP/1.1" 200 415 "-" "Jetpack/12.0; WordPress/6.2; http://site35337627.com"
223.205.75.217 - - [31/Aug/2026:06:17:14 +0000] "POST /xmlrpc.php HTTP/1.1" 200 415 "-" "WordPress.com; https://wordpress.com"
223.205.75.217 - - [31/Aug/2026:06:17:26 +0000] "POST /xmlrpc.php HTTP/1.1" 200 415 "-" "Jetpack/12.0; WordPress/6.4; http://site54375684.com"
223.205.75.217 - - [31/Aug/2026:06:17:36 +0000] "POST /xmlrpc.php HTTP/1.1" 200 415 "-" "Jetpack/13.0; WordPress/6.1; http://site93871802.com"
223.205.75.217 - - [31/Aug/2026:06:17:46 +0000] "POST /xmlrpc.php HTTP/1.1" 200 415 "-" "Jetpack by WordPress.com"
223.205.75.217 - - [31/Aug/2026:06:17:57 +0000] "POST /xmlrpc.php HTTP/1.1" 200 415 "-" "WordPress.com; https://wordpress.com"
72.167.149.90 - - [31/Aug/2026:06:18:09 +0000] "POST /wp-cron.php?doing_wp_cron=1788157088.0694260597229003906250 HTTP/1.1" 499 0 "-" "WordPress/7.1; https://uslconsultation.com"
223.205.75.217 - - [31/Aug/2026:06:18:09 +0000] "POST /xmlrpc.php HTTP/1.1" 200 415 "-" "Jetpack by WordPress.com"
223.205.75.217 - - [31/Aug/2026:06:18:18 +0000] "POST /xmlrpc.php HTTP/1.1" 200 415 "-" "Jetpack by WordPress.com"
223.205.75.217 - - [31/Aug/2026:06:18:28 +0000] "POST /xmlrpc.php HTTP/1.1" 200 415 "-" "Jetpack/12.5; WordPress/6.1; http://site45599101.com"
223.205.75.217 - - [31/Aug/2026:06:18:39 +0000] "POST /xmlrpc.php HTTP/1.1" 200 415 "-" "WordPress.com; https://wordpress.com"
223.205.75.217 - - [31/Aug/2026:06:18:49 +0000] "POST /xmlrpc.php HTTP/1.1" 200 415 "-" "WordPress.com; https://wordpress.com"
223.205.75.217 - - [31/Aug/2026:06:19:00 +0000] "POST /xmlrpc.php HTTP/1.1" 200 415 "-" "Jetpack/12.1; WordPress/6.1; http://site70446254.com"
72.167.149.90 - - [31/Aug/2026:06:19:12 +0000] "POST /wp-cron.php?doing_wp_cron=1788157151.7700920104980468750000 HTTP/1.1" 499 0 "-" "WordPress/7.1; https://uslconsultation.com"
223.205.75.217 - - [31/Aug/2026:06:19:12 +0000] "POST /xmlrpc.php HTTP/1.1" 200 415 "-" "WordPress.com; https://wordpress.com"
223.205.75.217 - - [31/Aug/2026:06:19:22 +0000] "POST /xmlrpc.php HTTP/1.1" 200 415 "-" "Jetpack by WordPress.com"
223.205.75.217 - - [31/Aug/2026:06:19:32 +0000] "POST /xmlrpc.php HTTP/1.1" 200 415 "-" "WordPress.com; https://wordpress.com"
223.205.75.217 - - [31/Aug/2026:06:19:42 +0000] "POST /xmlrpc.php HTTP/1.1" 200 415 "-" "WordPress.com; https://wordpress.com"
186.233.186.226 - - [31/Aug/2026:06:19:45 +0000] "GET / HTTP/1.1" 200 68916 "-" "Mozilla/5.0 (Windows NT 10.0; Win64; x64) AppleWebKit/537.36 (KHTML, like Gecko) Chrome/152.0.0.0 Safari/537.36"
