17.166.237.170 - - [31/Aug/2026:16:10:54 +0000] "GET /wp-content/uploads/porto_styles/theme_css_vars.css?ver=7.7.2 HTTP/1.1" 200 1627 "https://uslconsultation.com/lightboxes/" "Mozilla/5.0 (Macintosh; Intel Mac OS X 10_15_7) AppleWebKit/605.1.15 (KHTML, like Gecko) Version/17.4 Safari/605.1.15 (Applebot/0.1; +http://www.apple.com/go/applebot)"
17.166.237.170 - - [31/Aug/2026:16:10:56 +0000] "GET /wp-content/uploads/elementor/css/custom-frontend.min.css?ver=1787884610 HTTP/1.1" 200 7463 "https://uslconsultation.com/lightboxes/" "Mozilla/5.0 (Macintosh; Intel Mac OS X 10_15_7) AppleWebKit/605.1.15 (KHTML, like Gecko) Version/17.4 Safari/605.1.15 (Applebot/0.1; +http://www.apple.com/go/applebot)"
17.166.237.170 - - [31/Aug/2026:16:10:57 +0000] "GET /wp-content/uploads/elementor/css/post-4908.css?ver=1787884610 HTTP/1.1" 200 491 "https://uslconsultation.com/lightboxes/" "Mozilla/5.0 (Macintosh; Intel Mac OS X 10_15_7) AppleWebKit/605.1.15 (KHTML, like Gecko) Version/17.4 Safari/605.1.15 (Applebot/0.1; +http://www.apple.com/go/applebot)"
17.166.237.170 - - [31/Aug/2026:16:10:59 +0000] "GET /wp-content/uploads/porto_styles/bootstrap.css?ver=7.7.2 HTTP/1.1" 200 25393 "https://uslconsultation.com/lightboxes/" "Mozilla/5.0 (Macintosh; Intel Mac OS X 10_15_7) AppleWebKit/605.1.15 (KHTML, like Gecko) Version/17.4 Safari/605.1.15 (Applebot/0.1; +http://www.apple.com/go/applebot)"
17.166.237.170 - - [31/Aug/2026:16:11:00 +0000] "GET /wp-content/themes/porto/css/plugins.css?ver=7.7.2 HTTP/1.1" 200 33153 "https://uslconsultation.com/lightboxes/" "Mozilla/5.0 (Macintosh; Intel Mac OS X 10_15_7) AppleWebKit/605.1.15 (KHTML, like Gecko) Version/17.4 Safari/605.1.15 (Applebot/0.1; +http://www.apple.com/go/applebot)"
17.166.237.170 - - [31/Aug/2026:16:11:02 +0000] "GET /wp-content/themes/porto/css/theme.css?ver=7.7.2 HTTP/1.1" 200 38390 "https://uslconsultation.com/lightboxes/" "Mozilla/5.0 (Macintosh; Intel Mac OS X 10_15_7) AppleWebKit/605.1.15 (KHTML, like Gecko) Version/17.4 Safari/605.1.15 (Applebot/0.1; +http://www.apple.com/go/applebot)"
17.166.237.170 - - [31/Aug/2026:16:11:03 +0000] "GET /wp-content/themes/porto/css/part/header-shop.css?ver=7.7.2 HTTP/1.1" 200 2513 "https://uslconsultation.com/lightboxes/" "Mozilla/5.0 (Macintosh; Intel Mac OS X 10_15_7) AppleWebKit/605.1.15 (KHTML, like Gecko) Version/17.4 Safari/605.1.15 (Applebot/0.1; +http://www.apple.com/go/applebot)"
17.166.237.170 - - [31/Aug/2026:16:11:05 +0000] "GET /wp-content/themes/porto/css/part/nav-panel.css?ver=7.7.2 HTTP/1.1" 200 787 "https://uslconsultation.com/lightboxes/" "Mozilla/5.0 (Macintosh; Intel Mac OS X 10_15_7) AppleWebKit/605.1.15 (KHTML, like Gecko) Version/17.4 Safari/605.1.15 (Applebot/0.1; +http://www.apple.com/go/applebot)"
17.166.237.170 - - [31/Aug/2026:16:11:06 +0000] "GET /wp-content/themes/porto/css/part/revslider.css?ver=7.7.2 HTTP/1.1" 200 947 "https://uslconsultation.com/lightboxes/" "Mozilla/5.0 (Macintosh; Intel Mac OS X 10_15_7) AppleWebKit/605.1.15 (KHTML, like Gecko) Version/17.4 Safari/605.1.15 (Applebot/0.1; +http://www.apple.com/go/applebot)"
17.166.237.170 - - [31/Aug/2026:16:11:08 +0000] "GET /wp-content/themes/porto/css/theme_portfolio.css?ver=7.7.2 HTTP/1.1" 200 2826 "https://uslconsultation.com/lightboxes/" "Mozilla/5.0 (Macintosh; Intel Mac OS X 10_15_7) AppleWebKit/605.1.15 (KHTML, like Gecko) Version/17.4 Safari/605.1.15 (Applebot/0.1; +http://www.apple.com/go/applebot)"
17.166.237.170 - - [31/Aug/2026:16:11:10 +0000] "GET /wp-content/themes/porto/css/theme_member.css?ver=7.7.2 HTTP/1.1" 200 1256 "https://uslconsultation.com/lightboxes/" "Mozilla/5.0 (Macintosh; Intel Mac OS X 10_15_7) AppleWebKit/605.1.15 (KHTML, like Gecko) Version/17.4 Safari/605.1.15 (Applebot/0.1; +http://www.apple.com/go/applebot)"
17.166.237.170 - - [31/Aug/2026:16:11:11 +0000] "GET /wp-content/themes/porto/css/theme_event.css?ver=7.7.2 HTTP/1.1" 200 333 "https://uslconsultation.com/lightboxes/" "Mozilla/5.0 (Macintosh; Intel Mac OS X 10_15_7) AppleWebKit/605.1.15 (KHTML, like Gecko) Version/17.4 Safari/605.1.15 (Applebot/0.1; +http://www.apple.com/go/applebot)"
17.166.237.170 - - [31/Aug/2026:16:11:12 +0000] "GET /wp-content/uploads/porto_styles/shortcodes.css?ver=7.7.2 HTTP/1.1" 200 27166 "https://uslconsultation.com/lightboxes/" "Mozilla/5.0 (Macintosh; Intel Mac OS X 10_15_7) AppleWebKit/605.1.15 (KHTML, like Gecko) Version/17.4 Safari/605.1.15 (Applebot/0.1; +http://www.apple.com/go/applebot)"
17.166.237.170 - - [31/Aug/2026:16:11:14 +0000] "GET /wp-content/themes/porto/css/theme_shop.css?ver=7.7.2 HTTP/1.1" 200 14002 "https://uslconsultation.com/lightboxes/" "Mozilla/5.0 (Macintosh; Intel Mac OS X 10_15_7) AppleWebKit/605.1.15 (KHTML, like Gecko) Version/17.4 Safari/605.1.15 (Applebot/0.1; +http://www.apple.com/go/applebot)"
17.166.237.170 - - [31/Aug/2026:16:11:16 +0000] "GET /wp-content/themes/porto/css/theme_elementor.css?ver=7.7.2 HTTP/1.1" 200 1855 "https://uslconsultation.com/lightboxes/" "Mozilla/5.0 (Macintosh; Intel Mac OS X 10_15_7) AppleWebKit/605.1.15 (KHTML, like Gecko) Version/17.4 Safari/605.1.15 (Applebot/0.1; +http://www.apple.com/go/applebot)"
17.166.237.170 - - [31/Aug/2026:16:11:17 +0000] "GET /wp-content/uploads/porto_styles/dynamic_style.css?ver=7.7.2 HTTP/1.1" 200 7266 "https://uslconsultation.com/lightboxes/" "Mozilla/5.0 (Macintosh; Intel Mac OS X 10_15_7) AppleWebKit/605.1.15 (KHTML, like Gecko) Version/17.4 Safari/605.1.15 (Applebot/0.1; +http://www.apple.com/go/applebot)"
17.166.237.170 - - [31/Aug/2026:16:11:19 +0000] "GET /wp-content/plugins/porto-functionality/builders/assets/type-builder.css?ver=3.7.2 HTTP/1.1" 200 2484 "https://uslconsultation.com/lightboxes/" "Mozilla/5.0 (Macintosh; Intel Mac OS X 10_15_7) AppleWebKit/605.1.15 (KHTML, like Gecko) Version/17.4 Safari/605.1.15 (Applebot/0.1; +http://www.apple.com/go/applebot)"
17.166.237.170 - - [31/Aug/2026:16:11:20 +0000] "GET /wp-content/themes/porto/css/theme/shop/login-style/account-login.css?ver=7.7.2 HTTP/1.1" 200 1026 "https://uslconsultation.com/lightboxes/" "Mozilla/5.0 (Macintosh; Intel Mac OS X 10_15_7) AppleWebKit/605.1.15 (KHTML, like Gecko) Version/17.4 Safari/605.1.15 (Applebot/0.1; +http://www.apple.com/go/applebot)"
17.166.237.170 - - [31/Aug/2026:16:11:22 +0000] "GET /wp-content/themes/porto/css/theme/shop/other/woopage.css?ver=7.7.2 HTTP/1.1" 200 4798 "https://uslconsultation.com/lightboxes/" "Mozilla/5.0 (Macintosh; Intel Mac OS X 10_15_7) AppleWebKit/605.1.15 (KHTML, like Gecko) Version/17.4 Safari/605.1.15 (Applebot/0.1; +http://www.apple.com/go/applebot)"
17.166.237.170 - - [31/Aug/2026:16:11:23 +0000] "GET /wp-content/plugins/elementor/assets/css/widget-heading.min.css?ver=4.2.3 HTTP/1.1" 200 171 "https://uslconsultation.com/lightboxes/" "Mozilla/5.0 (Macintosh; Intel Mac OS X 10_15_7) AppleWebKit/605.1.15 (KHTML, like Gecko) Version/17.4 Safari/605.1.15 (Applebot/0.1; +http://www.apple.com/go/applebot)"
17.166.237.170 - - [31/Aug/2026:16:11:24 +0000] "GET /wp-content/uploads/elementor/css/post-5.css?ver=7.7.2 HTTP/1.1" 200 1038 "https://uslconsultation.com/lightboxes/" "Mozilla/5.0 (Macintosh; Intel Mac OS X 10_15_7) AppleWebKit/605.1.15 (KHTML, like Gecko) Version/17.4 Safari/605.1.15 (Applebot/0.1; +http://www.apple.com/go/applebot)"
17.166.237.170 - - [31/Aug/2026:16:11:26 +0000] "GET /wp-content/plugins/elementor/assets/css/widget-divider.min.css?ver=4.2.3 HTTP/1.1" 200 764 "https://uslconsultation.com/lightboxes/" "Mozilla/5.0 (Macintosh; Intel Mac OS X 10_15_7) AppleWebKit/605.1.15 (KHTML, like Gecko) Version/17.4 Safari/605.1.15 (Applebot/0.1; +http://www.apple.com/go/applebot)"
17.166.237.170 - - [31/Aug/2026:16:11:27 +0000] "GET /wp-content/plugins/elementor/assets/lib/animations/styles/fadeIn.min.css?ver=4.2.3 HTTP/1.1" 200 77 "https://uslconsultation.com/lightboxes/" "Mozilla/5.0 (Macintosh; Intel Mac OS X 10_15_7) AppleWebKit/605.1.15 (KHTML, like Gecko) Version/17.4 Safari/605.1.15 (Applebot/0.1; +http://www.apple.com/go/applebot)"
17.166.237.170 - - [31/Aug/2026:16:11:29 +0000] "GET /wp-content/plugins/elementor/assets/css/widget-image.min.css?ver=4.2.3 HTTP/1.1" 200 214 "https://uslconsultation.com/lightboxes/" "Mozilla/5.0 (Macintosh; Intel Mac OS X 10_15_7) AppleWebKit/605.1.15 (KHTML, like Gecko) Version/17.4 Safari/605.1.15 (Applebot/0.1; +http://www.apple.com/go/applebot)"
17.166.237.170 - - [31/Aug/2026:16:11:30 +0000] "GET /wp-content/plugins/elementor/assets/lib/animations/styles/e-animation-grow.min.css?ver=4.2.3 HTTP/1.1" 200 198 "https://uslconsultation.com/lightboxes/" "Mozilla/5.0 (Macintosh; Intel Mac OS X 10_15_7) AppleWebKit/605.1.15 (KHTML, like Gecko) Version/17.4 Safari/605.1.15 (Applebot/0.1; +http://www.apple.com/go/applebot)"
17.166.237.170 - - [31/Aug/2026:16:11:32 +0000] "GET /wp-content/plugins/elementor/assets/css/widget-social-icons.min.css?ver=4.2.3 HTTP/1.1" 200 1155 "https://uslconsultation.com/lightboxes/" "Mozilla/5.0 (Macintosh; Intel Mac OS X 10_15_7) AppleWebKit/605.1.15 (KHTML, like Gecko) Version/17.4 Safari/605.1.15 (Applebot/0.1; +http://www.apple.com/go/applebot)"
17.166.237.170 - - [31/Aug/2026:16:11:33 +0000] "GET /wp-content/uploads/elementor/css/custom-apple-webkit.min.css?ver=1787884610 HTTP/1.1" 200 567 "https://uslconsultation.com/lightboxes/" "Mozilla/5.0 (Macintosh; Intel Mac OS X 10_15_7) AppleWebKit/605.1.15 (KHTML, like Gecko) Version/17.4 Safari/605.1.15 (Applebot/0.1; +http://www.apple.com/go/applebot)"
17.166.237.170 - - [31/Aug/2026:16:11:35 +0000] "GET /wp-content/uploads/elementor/css/post-335.css?ver=7.7.2 HTTP/1.1" 200 1267 "https://uslconsultation.com/lightboxes/" "Mozilla/5.0 (Macintosh; Intel Mac OS X 10_15_7) AppleWebKit/605.1.15 (KHTML, like Gecko) Version/17.4 Safari/605.1.15 (Applebot/0.1; +http://www.apple.com/go/applebot)"
17.166.237.170 - - [31/Aug/2026:16:11:36 +0000] "GET /wp-content/plugins/elementor/assets/css/conditionals/shapes.min.css?ver=4.2.3 HTTP/1.1" 200 300 "https://uslconsultation.com/lightboxes/" "Mozilla/5.0 (Macintosh; Intel Mac OS X 10_15_7) AppleWebKit/605.1.15 (KHTML, like Gecko) Version/17.4 Safari/605.1.15 (Applebot/0.1; +http://www.apple.com/go/applebot)"
17.166.237.170 - - [31/Aug/2026:16:11:38 +0000] "GET /wp-content/uploads/elementor/css/post-393.css?ver=7.7.2 HTTP/1.1" 200 320 "https://uslconsultation.com/lightboxes/" "Mozilla/5.0 (Macintosh; Intel Mac OS X 10_15_7) AppleWebKit/605.1.15 (KHTML, like Gecko) Version/17.4 Safari/605.1.15 (Applebot/0.1; +http://www.apple.com/go/applebot)"
17.166.237.170 - - [31/Aug/2026:16:11:39 +0000] "GET /wp-content/themes/porto/style.css?ver=7.7.2 HTTP/1.1" 200 613 "https://uslconsultation.com/lightboxes/" "Mozilla/5.0 (Macintosh; Intel Mac OS X 10_15_7) AppleWebKit/605.1.15 (KHTML, like Gecko) Version/17.4 Safari/605.1.15 (Applebot/0.1; +http://www.apple.com/go/applebot)"
17.166.237.170 - - [31/Aug/2026:16:11:41 +0000] "GET /wp-content/themes/porto-child/style.css?ver=7.1 HTTP/1.1" 200 472 "https://uslconsultation.com/lightboxes/" "Mozilla/5.0 (Macintosh; Intel Mac OS X 10_15_7) AppleWebKit/605.1.15 (KHTML, like Gecko) Version/17.4 Safari/605.1.15 (Applebot/0.1; +http://www.apple.com/go/applebot)"
17.166.237.170 - - [31/Aug/2026:16:11:42 +0000] "GET /wp-includes/js/jquery/jquery.min.js?ver=3.7.1 HTTP/1.1" 200 30654 "https://uslconsultation.com/lightboxes/" "Mozilla/5.0 (Macintosh; Intel Mac OS X 10_15_7) AppleWebKit/605.1.15 (KHTML, like Gecko) Version/17.4 Safari/605.1.15 (Applebot/0.1; +http://www.apple.com/go/applebot)"
17.166.237.170 - - [31/Aug/2026:16:11:44 +0000] "GET /wp-includes/js/jquery/jquery-migrate.min.js?ver=3.4.1 HTTP/1.1" 200 4894 "https://uslconsultation.com/lightboxes/" "Mozilla/5.0 (Macintosh; Intel Mac OS X 10_15_7) AppleWebKit/605.1.15 (KHTML, like Gecko) Version/17.4 Safari/605.1.15 (Applebot/0.1; +http://www.apple.com/go/applebot)"
17.166.237.170 - - [31/Aug/2026:16:11:45 +0000] "GET /wp-content/plugins/woocommerce/assets/js/jquery-blockui/jquery.blockUI.min.js?ver=2.7.0-wc.11.0.1 HTTP/1.1" 200 3559 "https://uslconsultation.com/lightboxes/" "Mozilla/5.0 (Macintosh; Intel Mac OS X 10_15_7) AppleWebKit/605.1.15 (KHTML, like Gecko) Version/17.4 Safari/605.1.15 (Applebot/0.1; +http://www.apple.com/go/applebot)"
17.166.237.170 - - [31/Aug/2026:16:11:46 +0000] "GET /wp-content/plugins/woocommerce/assets/js/frontend/add-to-cart.min.js?ver=11.0.1 HTTP/1.1" 200 1456 "https://uslconsultation.com/lightboxes/" "Mozilla/5.0 (Macintosh; Intel Mac OS X 10_15_7) AppleWebKit/605.1.15 (KHTML, like Gecko) Version/17.4 Safari/605.1.15 (Applebot/0.1; +http://www.apple.com/go/applebot)"
17.166.237.170 - - [31/Aug/2026:16:11:48 +0000] "GET /wp-content/plugins/woocommerce/assets/js/js-cookie/js.cookie.min.js?ver=2.1.4-wc.11.0.1 HTTP/1.1" 200 845 "https://uslconsultation.com/lightboxes/" "Mozilla/5.0 (Macintosh; Intel Mac OS X 10_15_7) AppleWebKit/605.1.15 (KHTML, like Gecko) Version/17.4 Safari/605.1.15 (Applebot/0.1; +http://www.apple.com/go/applebot)"
17.166.237.170 - - [31/Aug/2026:16:11:49 +0000] "GET /wp-content/plugins/woocommerce/assets/js/frontend/woocommerce.min.js?ver=11.0.1 HTTP/1.1" 200 1600 "https://uslconsultation.com/lightboxes/" "Mozilla/5.0 (Macintosh; Intel Mac OS X 10_15_7) AppleWebKit/605.1.15 (KHTML, like Gecko) Version/17.4 Safari/605.1.15 (Applebot/0.1; +http://www.apple.com/go/applebot)"
17.166.237.170 - - [31/Aug/2026:16:11:51 +0000] "GET /wp-content/plugins/translatepress-multilingual/assets/js/trp-frontend-compatibility.js?ver=3.3.4 HTTP/1.1" 200 396 "https://uslconsultation.com/lightboxes/" "Mozilla/5.0 (Macintosh; Intel Mac OS X 10_15_7) AppleWebKit/605.1.15 (KHTML, like Gecko) Version/17.4 Safari/605.1.15 (Applebot/0.1; +http://www.apple.com/go/applebot)"
17.166.237.170 - - [31/Aug/2026:16:11:52 +0000] "GET /wp-content/plugins/translatepress-multilingual/assets/js/trp-frontend-language-switcher.js?ver=3.3.4 HTTP/1.1" 200 4194 "https://uslconsultation.com/lightboxes/" "Mozilla/5.0 (Macintosh; Intel Mac OS X 10_15_7) AppleWebKit/605.1.15 (KHTML, like Gecko) Version/17.4 Safari/605.1.15 (Applebot/0.1; +http://www.apple.com/go/applebot)"
17.166.237.170 - - [31/Aug/2026:16:11:54 +0000] "GET /wp-content/plugins/woocommerce/assets/js/frontend/cart-fragments.min.js?ver=11.0.1 HTTP/1.1" 200 1060 "https://uslconsultation.com/lightboxes/" "Mozilla/5.0 (Macintosh; Intel Mac OS X 10_15_7) AppleWebKit/605.1.15 (KHTML, like Gecko) Version/17.4 Safari/605.1.15 (Applebot/0.1; +http://www.apple.com/go/applebot)"
17.166.237.170 - - [31/Aug/2026:16:11:55 +0000] "GET /wp-content/themes/porto/css/part/page-not-found.css?ver=7.7.2 HTTP/1.1" 200 176 "https://uslconsultation.com/lightboxes/" "Mozilla/5.0 (Macintosh; Intel Mac OS X 10_15_7) AppleWebKit/605.1.15 (KHTML, like Gecko) Version/17.4 Safari/605.1.15 (Applebot/0.1; +http://www.apple.com/go/applebot)"
17.166.237.170 - - [31/Aug/2026:16:11:57 +0000] "GET /wp-content/plugins/woocommerce/assets/client/blocks/wc-blocks.css?ver=wc-11.0.1 HTTP/1.1" 200 2676 "https://uslconsultation.com/lightboxes/" "Mozilla/5.0 (Macintosh; Intel Mac OS X 10_15_7) AppleWebKit/605.1.15 (KHTML, like Gecko) Version/17.4 Safari/605.1.15 (Applebot/0.1; +http://www.apple.com/go/applebot)"
17.166.237.170 - - [31/Aug/2026:16:11:58 +0000] "GET /wp-includes/js/dist/hooks.min.js?ver=f0f188028580e8dc1255 HTTP/1.1" 200 1872 "https://uslconsultation.com/lightboxes/" "Mozilla/5.0 (Macintosh; Intel Mac OS X 10_15_7) AppleWebKit/605.1.15 (KHTML, like Gecko) Version/17.4 Safari/605.1.15 (Applebot/0.1; +http://www.apple.com/go/applebot)"
17.166.237.170 - - [31/Aug/2026:16:12:00 +0000] "GET /wp-includes/js/dist/i18n.min.js?ver=1dfe7db3940c23ea9216 HTTP/1.1" 200 2506 "https://uslconsultation.com/lightboxes/" "Mozilla/5.0 (Macintosh; Intel Mac OS X 10_15_7) AppleWebKit/605.1.15 (KHTML, like Gecko) Version/17.4 Safari/605.1.15 (Applebot/0.1; +http://www.apple.com/go/applebot)"
17.166.237.170 - - [31/Aug/2026:16:12:01 +0000] "GET /wp-content/plugins/contact-form-7/includes/swv/js/index.js?ver=6.1.7 HTTP/1.1" 200 3530 "https://uslconsultation.com/lightboxes/" "Mozilla/5.0 (Macintosh; Intel Mac OS X 10_15_7) AppleWebKit/605.1.15 (KHTML, like Gecko) Version/17.4 Safari/605.1.15 (Applebot/0.1; +http://www.apple.com/go/applebot)"
17.166.237.170 - - [31/Aug/2026:16:12:02 +0000] "GET /wp-content/plugins/contact-form-7/includes/js/index.js?ver=6.1.7 HTTP/1.1" 200 4290 "https://uslconsultation.com/lightboxes/" "Mozilla/5.0 (Macintosh; Intel Mac OS X 10_15_7) AppleWebKit/605.1.15 (KHTML, like Gecko) Version/17.4 Safari/605.1.15 (Applebot/0.1; +http://www.apple.com/go/applebot)"
17.166.237.170 - - [31/Aug/2026:16:12:04 +0000] "GET /wp-content/plugins/alpus-aprs/plugin-framework/assets/js/framework.min.js?ver=1.2.0 HTTP/1.1" 200 1291 "https://uslconsultation.com/lightboxes/" "Mozilla/5.0 (Macintosh; Intel Mac OS X 10_15_7) AppleWebKit/605.1.15 (KHTML, like Gecko) Version/17.4 Safari/605.1.15 (Applebot/0.1; +http://www.apple.com/go/applebot)"
17.166.237.170 - - [31/Aug/2026:16:12:05 +0000] "GET /wp-content/plugins/cookieadmin/assets/js/consent.js?ver=1.1.4 HTTP/1.1" 200 4791 "https://uslconsultation.com/lightboxes/" "Mozilla/5.0 (Macintosh; Intel Mac OS X 10_15_7) AppleWebKit/605.1.15 (KHTML, like Gecko) Version/17.4 Safari/605.1.15 (Applebot/0.1; +http://www.apple.com/go/applebot)"
17.166.237.170 - - [31/Aug/2026:16:12:07 +0000] "GET /wp-content/themes/porto/inc/lib/live-search/live-search.min.js?ver=7.7.2 HTTP/1.1" 200 4961 "https://uslconsultation.com/lightboxes/" "Mozilla/5.0 (Macintosh; Intel Mac OS X 10_15_7) AppleWebKit/605.1.15 (KHTML, like Gecko) Version/17.4 Safari/605.1.15 (Applebot/0.1; +http://www.apple.com/go/applebot)"
17.166.237.170 - - [31/Aug/2026:16:12:08 +0000] "GET /wp-content/plugins/woocommerce/assets/js/sourcebuster/sourcebuster.min.js?ver=11.0.1 HTTP/1.1" 200 4830 "https://uslconsultation.com/lightboxes/" "Mozilla/5.0 (Macintosh; Intel Mac OS X 10_15_7) AppleWebKit/605.1.15 (KHTML, like Gecko) Version/17.4 Safari/605.1.15 (Applebot/0.1; +http://www.apple.com/go/applebot)"
17.166.237.170 - - [31/Aug/2026:16:12:10 +0000] "GET /wp-content/plugins/woocommerce/assets/js/frontend/order-attribution.min.js?ver=11.0.1 HTTP/1.1" 200 1162 "https://uslconsultation.com/lightboxes/" "Mozilla/5.0 (Macintosh; Intel Mac OS X 10_15_7) AppleWebKit/605.1.15 (KHTML, like Gecko) Version/17.4 Safari/605.1.15 (Applebot/0.1; +http://www.apple.com/go/applebot)"
17.166.237.170 - - [31/Aug/2026:16:12:11 +0000] "GET /wp-content/plugins/cookieadmin-pro/assets/js/consent.js?ver=1.1.4 HTTP/1.1" 200 624 "https://uslconsultation.com/lightboxes/" "Mozilla/5.0 (Macintosh; Intel Mac OS X 10_15_7) AppleWebKit/605.1.15 (KHTML, like Gecko) Version/17.4 Safari/605.1.15 (Applebot/0.1; +http://www.apple.com/go/applebot)"
17.166.237.170 - - [31/Aug/2026:16:12:13 +0000] "GET /wp-content/plugins/alpus-aprs/assets/js/alpus-aprs-frontend.min.js?ver=2.2.0 HTTP/1.1" 200 647 "https://uslconsultation.com/lightboxes/" "Mozilla/5.0 (Macintosh; Intel Mac OS X 10_15_7) AppleWebKit/605.1.15 (KHTML, like Gecko) Version/17.4 Safari/605.1.15 (Applebot/0.1; +http://www.apple.com/go/applebot)"
17.166.237.170 - - [31/Aug/2026:16:12:14 +0000] "GET /wp-content/plugins/elementor/assets/js/webpack.runtime.min.js?ver=4.2.3 HTTP/1.1" 200 2551 "https://uslconsultation.com/lightboxes/" "Mozilla/5.0 (Macintosh; Intel Mac OS X 10_15_7) AppleWebKit/605.1.15 (KHTML, like Gecko) Version/17.4 Safari/605.1.15 (Applebot/0.1; +http://www.apple.com/go/applebot)"
17.166.237.170 - - [31/Aug/2026:16:12:15 +0000] "GET /wp-content/plugins/elementor/assets/js/frontend-modules.min.js?ver=4.2.3 HTTP/1.1" 200 16189 "https://uslconsultation.com/lightboxes/" "Mozilla/5.0 (Macintosh; Intel Mac OS X 10_15_7) AppleWebKit/605.1.15 (KHTML, like Gecko) Version/17.4 Safari/605.1.15 (Applebot/0.1; +http://www.apple.com/go/applebot)"
17.166.237.170 - - [31/Aug/2026:16:12:17 +0000] "GET /wp-includes/js/jquery/ui/core.min.js?ver=1.14.2 HTTP/1.1" 200 6553 "https://uslconsultation.com/lightboxes/" "Mozilla/5.0 (Macintosh; Intel Mac OS X 10_15_7) AppleWebKit/605.1.15 (KHTML, like Gecko) Version/17.4 Safari/605.1.15 (Applebot/0.1; +http://www.apple.com/go/applebot)"
17.166.237.170 - - [31/Aug/2026:16:12:18 +0000] "GET /wp-content/plugins/elementor/assets/js/frontend.min.js?ver=4.2.3 HTTP/1.1" 200 10504 "https://uslconsultation.com/lightboxes/" "Mozilla/5.0 (Macintosh; Intel Mac OS X 10_15_7) AppleWebKit/605.1.15 (KHTML, like Gecko) Version/17.4 Safari/605.1.15 (Applebot/0.1; +http://www.apple.com/go/applebot)"
17.166.237.170 - - [31/Aug/2026:16:12:20 +0000] "GET /wp-content/themes/porto/js/bootstrap.js?ver=5.0.1 HTTP/1.1" 200 40539 "https://uslconsultation.com/lightboxes/" "Mozilla/5.0 (Macintosh; Intel Mac OS X 10_15_7) AppleWebKit/605.1.15 (KHTML, like Gecko) Version/17.4 Safari/605.1.15 (Applebot/0.1; +http://www.apple.com/go/applebot)"
17.166.237.170 - - [31/Aug/2026:16:12:21 +0000] "GET /wp-content/plugins/woocommerce/assets/js/jquery-cookie/jquery.cookie.min.js?ver=1.4.1-wc.11.0.1 HTTP/1.1" 200 781 "https://uslconsultation.com/lightboxes/" "Mozilla/5.0 (Macintosh; Intel Mac OS X 10_15_7) AppleWebKit/605.1.15 (KHTML, like Gecko) Version/17.4 Safari/605.1.15 (Applebot/0.1; +http://www.apple.com/go/applebot)"
17.166.237.170 - - [31/Aug/2026:16:12:23 +0000] "GET /wp-content/themes/porto/js/libs/owl.carousel.min.js?ver=2.3.4 HTTP/1.1" 200 11445 "https://uslconsultation.com/lightboxes/" "Mozilla/5.0 (Macintosh; Intel Mac OS X 10_15_7) AppleWebKit/605.1.15 (KHTML, like Gecko) Version/17.4 Safari/605.1.15 (Applebot/0.1; +http://www.apple.com/go/applebot)"
17.166.237.170 - - [31/Aug/2026:16:12:24 +0000] "GET /wp-includes/js/imagesloaded.min.js?ver=5.0.0 HTTP/1.1" 200 1824 "https://uslconsultation.com/lightboxes/" "Mozilla/5.0 (Macintosh; Intel Mac OS X 10_15_7) AppleWebKit/605.1.15 (KHTML, like Gecko) Version/17.4 Safari/605.1.15 (Applebot/0.1; +http://www.apple.com/go/applebot)"
17.166.237.170 - - [31/Aug/2026:16:12:25 +0000] "GET /wp-content/themes/porto/js/theme.js?ver=7.7.2 HTTP/1.1" 200 27928 "https://uslconsultation.com/lightboxes/" "Mozilla/5.0 (Macintosh; Intel Mac OS X 10_15_7) AppleWebKit/605.1.15 (KHTML, like Gecko) Version/17.4 Safari/605.1.15 (Applebot/0.1; +http://www.apple.com/go/applebot)"
17.166.237.170 - - [31/Aug/2026:16:12:27 +0000] "GET /wp-content/themes/porto/js/libs/smoothscroll.min.js?ver=7.7.2 HTTP/1.1" 200 3193 "https://uslconsultation.com/lightboxes/" "Mozilla/5.0 (Macintosh; Intel Mac OS X 10_15_7) AppleWebKit/605.1.15 (KHTML, like Gecko) Version/17.4 Safari/605.1.15 (Applebot/0.1; +http://www.apple.com/go/applebot)"
17.166.237.170 - - [31/Aug/2026:16:12:28 +0000] "GET /wp-content/themes/porto/js/woocommerce-theme.js?ver=7.7.2 HTTP/1.1" 200 22308 "https://uslconsultation.com/lightboxes/" "Mozilla/5.0 (Macintosh; Intel Mac OS X 10_15_7) AppleWebKit/605.1.15 (KHTML, like Gecko) Version/17.4 Safari/605.1.15 (Applebot/0.1; +http://www.apple.com/go/applebot)"
17.166.237.170 - - [31/Aug/2026:16:12:30 +0000] "GET /wp-content/plugins/porto-functionality/shortcodes/assets/js/porto-cursor-effect.min.js?ver=3.7.2 HTTP/1.1" 200 1733 "https://uslconsultation.com/lightboxes/" "Mozilla/5.0 (Macintosh; Intel Mac OS X 10_15_7) AppleWebKit/605.1.15 (KHTML, like Gecko) Version/17.4 Safari/605.1.15 (Applebot/0.1; +http://www.apple.com/go/applebot)"
17.166.237.170 - - [31/Aug/2026:16:12:31 +0000] "GET /wp-content/plugins/porto-functionality/shortcodes/assets/js/map-loader.min.js?ver=3.7.2 HTTP/1.1" 200 548 "https://uslconsultation.com/lightboxes/" "Mozilla/5.0 (Macintosh; Intel Mac OS X 10_15_7) AppleWebKit/605.1.15 (KHTML, like Gecko) Version/17.4 Safari/605.1.15 (Applebot/0.1; +http://www.apple.com/go/applebot)"
17.166.237.170 - - [31/Aug/2026:16:12:33 +0000] "GET /wp-content/plugins/elementor-pro/assets/js/webpack-pro.runtime.min.js?ver=4.2.2 HTTP/1.1" 200 2844 "https://uslconsultation.com/lightboxes/" "Mozilla/5.0 (Macintosh; Intel Mac OS X 10_15_7) AppleWebKit/605.1.15 (KHTML, like Gecko) Version/17.4 Safari/605.1.15 (Applebot/0.1; +http://www.apple.com/go/applebot)"
17.166.237.170 - - [31/Aug/2026:16:12:34 +0000] "GET /wp-content/plugins/elementor-pro/assets/js/frontend.min.js?ver=4.2.2 HTTP/1.1" 200 6481 "https://uslconsultation.com/lightboxes/" "Mozilla/5.0 (Macintosh; Intel Mac OS X 10_15_7) AppleWebKit/605.1.15 (KHTML, like Gecko) Version/17.4 Safari/605.1.15 (Applebot/0.1; +http://www.apple.com/go/applebot)"
17.166.237.170 - - [31/Aug/2026:16:12:35 +0000] "GET /wp-content/plugins/elementor-pro/assets/js/elements-handlers.min.js?ver=4.2.2 HTTP/1.1" 200 10661 "https://uslconsultation.com/lightboxes/" "Mozilla/5.0 (Macintosh; Intel Mac OS X 10_15_7) AppleWebKit/605.1.15 (KHTML, like Gecko) Version/17.4 Safari/605.1.15 (Applebot/0.1; +http://www.apple.com/go/applebot)"
17.166.237.170 - - [31/Aug/2026:16:12:37 +0000] "GET /wp-content/plugins/revslider/public/js/libs/tptools.js?ver=6.7.39 HTTP/1.1" 200 75409 "https://uslconsultation.com/lightboxes/" "Mozilla/5.0 (Macintosh; Intel Mac OS X 10_15_7) AppleWebKit/605.1.15 (KHTML, like Gecko) Version/17.4 Safari/605.1.15 (Applebot/0.1; +http://www.apple.com/go/applebot)"
17.166.237.170 - - [31/Aug/2026:16:12:38 +0000] "GET /wp-content/plugins/revslider/public/js/sr7.js?ver=6.7.39 HTTP/1.1" 200 97074 "https://uslconsultation.com/lightboxes/" "Mozilla/5.0 (Macintosh; Intel Mac OS X 10_15_7) AppleWebKit/605.1.15 (KHTML, like Gecko) Version/17.4 Safari/605.1.15 (Applebot/0.1; +http://www.apple.com/go/applebot)"
17.166.237.170 - - [31/Aug/2026:16:12:40 +0000] "GET /wp-content/themes/porto/js/libs/jquery.magnific-popup.min.js?ver=1.1.0 HTTP/1.1" 200 7382 "https://uslconsultation.com/lightboxes/" "Mozilla/5.0 (Macintosh; Intel Mac OS X 10_15_7) AppleWebKit/605.1.15 (KHTML, like Gecko) Version/17.4 Safari/605.1.15 (Applebot/0.1; +http://www.apple.com/go/applebot)"
17.166.237.170 - - [31/Aug/2026:16:12:41 +0000] "GET /wp-content/themes/porto/js/theme-async.js?ver=7.7.2 HTTP/1.1" 200 15921 "https://uslconsultation.com/lightboxes/" "Mozilla/5.0 (Macintosh; Intel Mac OS X 10_15_7) AppleWebKit/605.1.15 (KHTML, like Gecko) Version/17.4 Safari/605.1.15 (Applebot/0.1; +http://www.apple.com/go/applebot)"
17.166.237.170 - - [31/Aug/2026:16:12:43 +0000] "GET /wp-content/themes/porto/js/post-ajax-modal.min.js?ver=7.7.2 HTTP/1.1" 200 1597 "https://uslconsultation.com/lightboxes/" "Mozilla/5.0 (Macintosh; Intel Mac OS X 10_15_7) AppleWebKit/605.1.15 (KHTML, like Gecko) Version/17.4 Safari/605.1.15 (Applebot/0.1; +http://www.apple.com/go/applebot)"
17.166.237.170 - - [31/Aug/2026:16:12:44 +0000] "GET /wp-content/themes/porto/js/member-async.min.js?ver=7.7.2 HTTP/1.1" 200 1057 "https://uslconsultation.com/lightboxes/" "Mozilla/5.0 (Macintosh; Intel Mac OS X 10_15_7) AppleWebKit/605.1.15 (KHTML, like Gecko) Version/17.4 Safari/605.1.15 (Applebot/0.1; +http://www.apple.com/go/applebot)"
17.166.237.170 - - [31/Aug/2026:16:12:45 +0000] "GET /wp-includes/js/wp-emoji-release.min.js?ver=7.1 HTTP/1.1" 200 5498 "https://uslconsultation.com/lightboxes/" "Mozilla/5.0 (Macintosh; Intel Mac OS X 10_15_7) AppleWebKit/605.1.15 (KHTML, like Gecko) Version/17.4 Safari/605.1.15 (Applebot/0.1; +http://www.apple.com/go/applebot)"
17.166.237.170 - - [31/Aug/2026:16:12:47 +0000] "GET /wp-content/plugins/elementor/assets/js/section-frontend-handlers.d85ab872da118940910d.bundle.min.js HTTP/1.1" 200 281 "https://uslconsultation.com/lightboxes/" "Mozilla/5.0 (Macintosh; Intel Mac OS X 10_15_7) AppleWebKit/605.1.15 (KHTML, like Gecko) Version/17.4 Safari/605.1.15 (Applebot/0.1; +http://www.apple.com/go/applebot)"
17.166.237.20 - - [31/Aug/2026:16:12:49 +0000] "GET /wp-content/themes/porto/js/portfolio-async.min.js?ver=7.7.2 HTTP/1.1" 200 1335 "https://uslconsultation.com/lightboxes/" "Mozilla/5.0 (Macintosh; Intel Mac OS X 10_15_7) AppleWebKit/605.1.15 (KHTML, like Gecko) Version/17.4 Safari/605.1.15 (Applebot/0.1; +http://www.apple.com/go/applebot)"
17.166.237.20 - - [31/Aug/2026:16:12:50 +0000] "GET /wp-content/themes/porto/js/libs/webfont.js HTTP/1.1" 200 5452 "https://uslconsultation.com/lightboxes/" "Mozilla/5.0 (Macintosh; Intel Mac OS X 10_15_7) AppleWebKit/605.1.15 (KHTML, like Gecko) Version/17.4 Safari/605.1.15 (Applebot/0.1; +http://www.apple.com/go/applebot)"
17.166.237.20 - - [31/Aug/2026:16:12:51 +0000] "GET /wp-content/plugins/elementor/assets/js/shared-frontend-handlers.03caa53373b56d3bab67.bundle.min.js HTTP/1.1" 200 2672 "https://uslconsultation.com/lightboxes/" "Mozilla/5.0 (Macintosh; Intel Mac OS X 10_15_7) AppleWebKit/605.1.15 (KHTML, like Gecko) Version/17.4 Safari/605.1.15 (Applebot/0.1; +http://www.apple.com/go/applebot)"
17.166.237.20 - - [31/Aug/2026:16:12:52 +0000] "GET /wp-content/plugins/elementor/assets/js/section-frontend-handlers.d85ab872da118940910d.bundle.min.js HTTP/1.1" 200 281 "https://uslconsultation.com/lightboxes/" "Mozilla/5.0 (Macintosh; Intel Mac OS X 10_15_7) AppleWebKit/605.1.15 (KHTML, like Gecko) Version/17.4 Safari/605.1.15 (Applebot/0.1; +http://www.apple.com/go/applebot)"
17.166.237.20 - - [31/Aug/2026:16:12:54 +0000] "GET /wp-includes/js/wp-emoji-release.min.js?ver=7.1 HTTP/1.1" 200 5498 "https://uslconsultation.com/lightboxes/" "Mozilla/5.0 (Macintosh; Intel Mac OS X 10_15_7) AppleWebKit/605.1.15 (KHTML, like Gecko) Version/17.4 Safari/605.1.15 (Applebot/0.1; +http://www.apple.com/go/applebot)"
17.166.237.20 - - [31/Aug/2026:16:12:55 +0000] "GET /wp-content/themes/porto/css/part/media-mobile-sidebar.css?ver=7.7.2 HTTP/1.1" 200 526 "https://uslconsultation.com/lightboxes/" "Mozilla/5.0 (Macintosh; Intel Mac OS X 10_15_7) AppleWebKit/605.1.15 (KHTML, like Gecko) Version/17.4 Safari/605.1.15 (Applebot/0.1; +http://www.apple.com/go/applebot)"
72.167.149.90 - - [31/Aug/2026:16:22:38 +0000] "POST /wp-cron.php?doing_wp_cron=1788193357.3655679225921630859375 HTTP/1.1" 499 0 "-" "WordPress/7.1; https://uslconsultation.com"
47.128.31.39 - - [31/Aug/2026:16:22:38 +0000] "GET /robots.txt HTTP/1.1" 200 124 "-" "Mozilla/5.0 (Linux; Android 5.0) AppleWebKit/537.36 (KHTML, like Gecko) Mobile Safari/537.36 (compatible; Bytespider; spider-feedback@bytedance.com)"
129.151.27.132 - - [31/Aug/2026:16:40:14 +0000] "GET /member_cat/videos HTTP/1.1" 499 0 "-" "Mozilla/5.0 (X11; Linux aarch64) AppleWebKit/537.36 (KHTML, like Gecko) Chrome/139.0.0.0 Safari/537.36"
72.167.149.90 - - [31/Aug/2026:16:40:14 +0000] "POST /wp-cron.php?doing_wp_cron=1788194413.9606308937072753906250 HTTP/1.1" 499 0 "-" "WordPress/7.1; https://uslconsultation.com"
129.151.27.132 - - [31/Aug/2026:16:40:17 +0000] "GET /member_cat/videos HTTP/1.1" 301 5 "-" "Mozilla/5.0 (X11; Linux aarch64) AppleWebKit/537.36 (KHTML, like Gecko) Chrome/139.0.0.0 Safari/537.36"
129.151.27.132 - - [31/Aug/2026:16:40:21 +0000] "GET /member_cat/videos/ HTTP/1.1" 499 0 "https://uslconsultation.com/member_cat/videos" "Mozilla/5.0 (X11; Linux aarch64) AppleWebKit/537.36 (KHTML, like Gecko) Chrome/139.0.0.0 Safari/537.36"
68.183.6.132 - - [31/Aug/2026:16:45:57 +0000] "GET / HTTP/1.1" 499 0 "-" "Mozilla/5.0 (compatible; ForestEngine/1.0; +https://forestengine.net/)"
72.167.149.90 - - [31/Aug/2026:16:45:58 +0000] "POST /wp-cron.php?doing_wp_cron=1788194756.9880890846252441406250 HTTP/1.1" 499 0 "-" "WordPress/7.1; https://uslconsultation.com"
101.32.49.171 - - [31/Aug/2026:17:10:13 +0000] "GET / HTTP/1.1" 200 69088 "http://www.uslconsultation.com" "Mozilla/5.0 (iPhone; CPU iPhone OS 13_2_3 like Mac OS X) AppleWebKit/605.1.15 (KHTML, like Gecko) Version/13.0.3 Mobile/15E148 Safari/604.1"
72.167.149.90 - - [31/Aug/2026:17:11:31 +0000] "POST /wp-cron.php?doing_wp_cron=1788196290.2292699813842773437500 HTTP/1.1" 499 0 "-" "WordPress/7.1; https://uslconsultation.com"
51.8.102.90 - - [31/Aug/2026:17:11:31 +0000] "GET /robots.txt HTTP/1.1" 200 124 "-" "Mozilla/5.0 (Macintosh; Intel Mac OS X 10_15_7) AppleWebKit/537.36 (KHTML, like Gecko) Chrome/131.0.0.0 Safari/537.36; compatible; OAI-SearchBot/1.0; +https://openai.com/searchbot"
132.226.151.255 - - [31/Aug/2026:17:11:35 +0000] "GET /?p=3916 HTTP/1.1" 301 5 "-" "Mozilla/5.0 (X11; Linux aarch64) AppleWebKit/537.36 (KHTML, like Gecko) Chrome/139.0.0.0 Safari/537.36"
72.167.149.90 - - [31/Aug/2026:17:11:38 +0000] "GET /wp-content/uploads/2021/02/services-3.jpg HTTP/1.1" 200 37838 "-" "-"
132.226.151.255 - - [31/Aug/2026:17:11:39 +0000] "GET /service/operations-manuals-sops/ HTTP/1.1" 200 55651 "https://uslconsultation.com/?p=3916" "Mozilla/5.0 (X11; Linux aarch64) AppleWebKit/537.36 (KHTML, like Gecko) Chrome/139.0.0.0 Safari/537.36"
175.27.171.245 - - [31/Aug/2026:17:13:09 +0000] "GET / HTTP/1.1" 200 48719 "http://www.uslconsultation.com" "Mozilla/5.0 (iPhone; CPU iPhone OS 13_2_3 like Mac OS X) AppleWebKit/605.1.15 (KHTML, like Gecko) Version/13.0.3 Mobile/15E148 Safari/604.1"
72.167.149.90 - - [31/Aug/2026:17:13:09 +0000] "POST /wp-cron.php?doing_wp_cron=1788196388.7916409969329833984375 HTTP/1.1" 499 0 "-" "WordPress/7.1; https://uslconsultation.com"
101.32.15.141 - - [31/Aug/2026:17:13:26 +0000] "GET /comments/feed/ HTTP/1.1" 200 438 "-" "Mozilla/5.0 (iPhone; CPU iPhone OS 13_2_3 like Mac OS X) AppleWebKit/605.1.15 (KHTML, like Gecko) Version/13.0.3 Mobile/15E148 Safari/604.1"
129.146.120.124 - - [31/Aug/2026:17:15:42 +0000] "GET /ar/wp-json/wp/v2/member/289 HTTP/1.1" 499 0 "-" "Mozilla/5.0 (X11; Linux aarch64) AppleWebKit/537.36 (KHTML, like Gecko) Chrome/139.0.0.0 Safari/537.36"
72.167.149.90 - - [31/Aug/2026:17:15:43 +0000] "POST /wp-cron.php?doing_wp_cron=1788196542.1873660087585449218750 HTTP/1.1" 499 0 "-" "WordPress/7.1; https://uslconsultation.com/ar"
129.146.120.124 - - [31/Aug/2026:17:15:46 +0000] "GET /ar/wp-json/wp/v2/member/289 HTTP/1.1" 200 1480 "-" "Mozilla/5.0 (X11; Linux aarch64) AppleWebKit/537.36 (KHTML, like Gecko) Chrome/139.0.0.0 Safari/537.36"
152.233.20.39 - - [31/Aug/2026:17:19:29 +0000] "GET /blog/ HTTP/1.1" 200 55418 "-" "Mozilla/5.0 (Windows NT 10.0; Win64; x64) AppleWebKit/537.36"
72.167.149.90 - - [31/Aug/2026:17:19:29 +0000] "POST /wp-cron.php?doing_wp_cron=1788196768.8975861072540283203125 HTTP/1.1" 499 0 "-" "WordPress/7.1; https://uslconsultation.com"
152.233.20.39 - - [31/Aug/2026:17:19:30 +0000] "GET /contact-us/ HTTP/1.1" 200 54035 "-" "Mozilla/5.0 (Windows NT 10.0; Win64; x64) AppleWebKit/537.36"
129.153.209.48 - - [31/Aug/2026:17:23:02 +0000] "GET /ar/wp-json/oembed/1.0/embed?url=https%3A%2F%2Fuslconsultation.com%2Far%2Fservice%2Fstrategic-planning%2F HTTP/1.1" 499 0 "-" "Mozilla/5.0 (X11; Linux aarch64) AppleWebKit/537.36 (KHTML, like Gecko) Chrome/139.0.0.0 Safari/537.36"
72.167.149.90 - - [31/Aug/2026:17:23:03 +0000] "POST /wp-cron.php?doing_wp_cron=1788196982.9427831172943115234375 HTTP/1.1" 499 0 "-" "WordPress/7.1; https://uslconsultation.com/ar"
129.153.209.48 - - [31/Aug/2026:17:23:06 +0000] "GET /ar/wp-json/oembed/1.0/embed?url=https%3A%2F%2Fuslconsultation.com%2Far%2Fservice%2Fstrategic-planning%2F HTTP/1.1" 499 0 "-" "Mozilla/5.0 (X11; Linux aarch64) AppleWebKit/537.36 (KHTML, like Gecko) Chrome/139.0.0.0 Safari/537.36"
43.130.154.56 - - [31/Aug/2026:17:25:55 +0000] "GET /about-us/ HTTP/1.1" 200 32329 "-" "Mozilla/5.0 (iPhone; CPU iPhone OS 13_2_3 like Mac OS X) AppleWebKit/605.1.15 (KHTML, like Gecko) Version/13.0.3 Mobile/15E148 Safari/604.1"
72.167.149.90 - - [31/Aug/2026:17:25:55 +0000] "POST /wp-cron.php?doing_wp_cron=1788197154.5814149379730224609375 HTTP/1.1" 499 0 "-" "WordPress/7.1; https://uslconsultation.com"
72.167.149.90 - - [31/Aug/2026:17:33:32 +0000] "GET /wp-content/uploads/2021/02/services-4.jpg HTTP/1.1" 200 35338 "-" "-"
72.167.149.90 - - [31/Aug/2026:17:33:34 +0000] "POST /wp-cron.php?doing_wp_cron=1788197613.1066200733184814453125 HTTP/1.1" 499 0 "-" "WordPress/7.1; https://uslconsultation.com"
43.164.196.47 - - [31/Aug/2026:17:33:34 +0000] "GET /service/feasibility-studes-financial-planning/ HTTP/1.1" 200 55647 "-" "Mozilla/5.0 (iPhone; CPU iPhone OS 13_2_3 like Mac OS X) AppleWebKit/605.1.15 (KHTML, like Gecko) Version/13.0.3 Mobile/15E148 Safari/604.1"
72.167.149.90 - - [31/Aug/2026:17:36:32 +0000] "POST /wp-cron.php?doing_wp_cron=1788197791.7974998950958251953125 HTTP/1.1" 499 0 "-" "WordPress/7.1; https://uslconsultation.com"
216.73.216.146 - - [31/Aug/2026:17:36:32 +0000] "GET /robots.txt HTTP/1.1" 200 124 "-" "Mozilla/5.0 AppleWebKit/537.36 (KHTML, like Gecko; compatible; ClaudeBot/1.0; +claudebot@anthropic.com)"
216.73.216.146 - - [31/Aug/2026:17:36:34 +0000] "GET /sitemaps.xml HTTP/1.1" 200 285 "-" "Mozilla/5.0 AppleWebKit/537.36 (KHTML, like Gecko; compatible; ClaudeBot/1.0; +claudebot@anthropic.com)"
72.167.149.90 - - [31/Aug/2026:17:44:54 +0000] "GET /wp-content/uploads/2021/02/services-2.jpg HTTP/1.1" 200 30833 "-" "-"
72.167.149.90 - - [31/Aug/2026:17:44:55 +0000] "POST /wp-cron.php?doing_wp_cron=1788198294.7468149662017822265625 HTTP/1.1" 499 0 "-" "WordPress/7.1; https://uslconsultation.com"
43.131.243.61 - - [31/Aug/2026:17:44:55 +0000] "GET /service/strategic-planning/ HTTP/1.1" 200 55593 "-" "Mozilla/5.0 (iPhone; CPU iPhone OS 13_2_3 like Mac OS X) AppleWebKit/605.1.15 (KHTML, like Gecko) Version/13.0.3 Mobile/15E148 Safari/604.1"
202.47.50.160 - - [31/Aug/2026:17:55:52 +0000] "POST /xmlrpc.php HTTP/1.1" 499 0 "-" "Mozilla/5.0 (Windows NT 6.3; x86) AppleWebKit/537.36 (KHTML, like Gecko) Chrome/99.0.0.0 Safari/537.36"
72.167.149.90 - - [31/Aug/2026:17:55:53 +0000] "POST /wp-cron.php?doing_wp_cron=1788198952.3442919254302978515625 HTTP/1.1" 499 0 "-" "WordPress/7.1; https://uslconsultation.com"
72.167.149.90 - - [31/Aug/2026:17:56:15 +0000] "POST /wp-cron.php?doing_wp_cron=1788198974.4013199806213378906250 HTTP/1.1" 499 0 "-" "WordPress/7.1; https://uslconsultation.com"
202.47.50.160 - - [31/Aug/2026:17:56:15 +0000] "POST /xmlrpc.php HTTP/1.1" 200 415 "-" "Mozilla/5.0 (X11; Ubuntu; Linux x86_64; x64) AppleWebKit/537.36 (KHTML, like Gecko) Edge/94.0.0.0 Safari/537.36"
202.47.50.160 - - [31/Aug/2026:17:56:40 +0000] "POST /xmlrpc.php HTTP/1.1" 499 0 "-" "Mozilla/5.0 (Linux; Android 10; x64) AppleWebKit/537.36 (KHTML, like Gecko) Safari/14.0.0.0 Safari/537.36"
72.167.149.90 - - [31/Aug/2026:17:57:10 +0000] "POST /wp-cron.php?doing_wp_cron=1788199029.8966660499572753906250 HTTP/1.1" 499 0 "-" "WordPress/7.1; https://uslconsultation.com"
202.47.50.160 - - [31/Aug/2026:17:57:11 +0000] "POST /xmlrpc.php HTTP/1.1" 200 415 "-" "Mozilla/5.0 (Windows NT 10.0; x86) AppleWebKit/537.36 (KHTML, like Gecko) Firefox/100.0.0.0 Safari/537.36"
43.130.72.177 - - [31/Aug/2026:17:57:28 +0000] "GET /cases/ HTTP/1.1" 200 59284 "-" "Mozilla/5.0 (iPhone; CPU iPhone OS 13_2_3 like Mac OS X) AppleWebKit/605.1.15 (KHTML, like Gecko) Version/13.0.3 Mobile/15E148 Safari/604.1"
202.47.50.160 - - [31/Aug/2026:17:57:36 +0000] "POST /xmlrpc.php HTTP/1.1" 200 415 "-" "Mozilla/5.0 (Macintosh; Intel Mac OS X 10_15_7; x86) AppleWebKit/537.36 (KHTML, like Gecko) Edge/92.0.0.0 Safari/537.36"
202.47.50.160 - - [31/Aug/2026:17:57:59 +0000] "POST /xmlrpc.php HTTP/1.1" 200 415 "-" "Mozilla/5.0 (Macintosh; Intel Mac OS X 10_15_7; x86) AppleWebKit/537.36 (KHTML, like Gecko) Opera/62.0.0.0 Safari/537.36"
72.167.149.90 - - [31/Aug/2026:17:58:24 +0000] "POST /wp-cron.php?doing_wp_cron=1788199103.1857280731201171875000 HTTP/1.1" 499 0 "-" "WordPress/7.1; https://uslconsultation.com"
202.47.50.160 - - [31/Aug/2026:17:58:24 +0000] "POST /xmlrpc.php HTTP/1.1" 200 415 "-" "Mozilla/5.0 (Windows NT 10.0; x64) AppleWebKit/537.36 (KHTML, like Gecko) Chrome/96.0.0.0 Safari/537.36"
202.47.50.160 - - [31/Aug/2026:17:58:52 +0000] "POST /xmlrpc.php HTTP/1.1" 200 415 "-" "Mozilla/5.0 (Windows NT 10.0; x64) AppleWebKit/537.36 (KHTML, like Gecko) Chrome/87.0.0.0 Safari/537.36"
202.47.50.160 - - [31/Aug/2026:17:59:16 +0000] "POST /xmlrpc.php HTTP/1.1" 499 0 "-" "Mozilla/5.0 (Windows NT 10.0; x64) AppleWebKit/537.36 (KHTML, like Gecko) Firefox/89.0.0.0 Safari/537.36"
72.167.149.90 - - [31/Aug/2026:17:59:18 +0000] "POST /wp-cron.php?doing_wp_cron=1788199157.2566030025482177734375 HTTP/1.1" 499 0 "-" "WordPress/7.1; https://uslconsultation.com"
202.47.50.160 - - [31/Aug/2026:17:59:40 +0000] "POST /xmlrpc.php HTTP/1.1" 499 0 "-" "Mozilla/5.0 (X11; Ubuntu; Linux x86_64; x64) AppleWebKit/537.36 (KHTML, like Gecko) Safari/10.0.0.0 Safari/537.36"
202.47.50.160 - - [31/Aug/2026:18:00:08 +0000] "POST /xmlrpc.php HTTP/1.1" 499 0 "-" "Mozilla/5.0 (Windows NT 10.0; x86) AppleWebKit/537.36 (KHTML, like Gecko) Edge/97.0.0.0 Safari/537.36"
72.167.149.90 - - [31/Aug/2026:18:00:09 +0000] "POST /wp-cron.php?doing_wp_cron=1788199208.5813860893249511718750 HTTP/1.1" 499 0 "-" "WordPress/7.1; https://uslconsultation.com"
202.47.50.160 - - [31/Aug/2026:18:00:40 +0000] "POST /xmlrpc.php HTTP/1.1" 499 0 "-" "Mozilla/5.0 (Macintosh; Intel Mac OS X 10_15_7; arm64) AppleWebKit/537.36 (KHTML, like Gecko) Safari/12.0.0.0 Safari/537.36"
72.167.149.90 - - [31/Aug/2026:18:01:03 +0000] "POST /wp-cron.php?doing_wp_cron=1788199262.5828158855438232421875 HTTP/1.1" 499 0 "-" "WordPress/7.1; https://uslconsultation.com"
202.47.50.160 - - [31/Aug/2026:18:01:03 +0000] "POST /xmlrpc.php HTTP/1.1" 200 415 "-" "Mozilla/5.0 (Macintosh; Intel Mac OS X 10_15_7; x64) AppleWebKit/537.36 (KHTML, like Gecko) Edge/87.0.0.0 Safari/537.36"
202.47.50.160 - - [31/Aug/2026:18:01:24 +0000] "POST /xmlrpc.php HTTP/1.1" 200 415 "-" "Mozilla/5.0 (X11; Ubuntu; Linux x86_64; x64) AppleWebKit/537.36 (KHTML, like Gecko) Chrome/85.0.0.0 Safari/537.36"
202.47.50.160 - - [31/Aug/2026:18:01:46 +0000] "POST /xmlrpc.php HTTP/1.1" 200 415 "-" "Mozilla/5.0 (Windows NT 10.0; x86) AppleWebKit/537.36 (KHTML, like Gecko) Opera/67.0.0.0 Safari/537.36"
202.47.50.160 - - [31/Aug/2026:18:02:08 +0000] "POST /xmlrpc.php HTTP/1.1" 499 0 "-" "Mozilla/5.0 (Windows NT 6.2; x64) AppleWebKit/537.36 (KHTML, like Gecko) Edge/90.0.0.0 Safari/537.36"
72.167.149.90 - - [31/Aug/2026:18:02:11 +0000] "POST /wp-cron.php?doing_wp_cron=1788199329.9749760627746582031250 HTTP/1.1" 499 0 "-" "WordPress/7.1; https://uslconsultation.com"
202.47.50.160 - - [31/Aug/2026:18:02:28 +0000] "POST /xmlrpc.php HTTP/1.1" 499 0 "-" "Mozilla/5.0 (Windows NT 6.2; arm64) AppleWebKit/537.36 (KHTML, like Gecko) Safari/15.0.0.0 Safari/537.36"
202.47.50.160 - - [31/Aug/2026:18:02:51 +0000] "POST /xmlrpc.php HTTP/1.1" 200 415 "-" "Mozilla/5.0 (Windows NT 10.0; x86) AppleWebKit/537.36 (KHTML, like Gecko) Edge/91.0.0.0 Safari/537.36"
202.47.50.160 - - [31/Aug/2026:18:03:12 +0000] "POST /xmlrpc.php HTTP/1.1" 499 0 "-" "Mozilla/5.0 (Windows NT 6.2; arm64) AppleWebKit/537.36 (KHTML, like Gecko) Safari/12.0.0.0 Safari/537.36"
72.167.149.90 - - [31/Aug/2026:18:03:13 +0000] "POST /wp-cron.php?doing_wp_cron=1788199392.3041770458221435546875 HTTP/1.1" 499 0 "-" "WordPress/7.1; https://uslconsultation.com"
202.47.50.160 - - [31/Aug/2026:18:03:32 +0000] "POST /xmlrpc.php HTTP/1.1" 499 0 "-" "Mozilla/5.0 (Macintosh; Intel Mac OS X 10_15_7; arm64) AppleWebKit/537.36 (KHTML, like Gecko) Edge/85.0.0.0 Safari/537.36"
202.47.50.160 - - [31/Aug/2026:18:03:52 +0000] "POST /xmlrpc.php HTTP/1.1" 200 415 "-" "Mozilla/5.0 (Windows NT 6.3; x86) AppleWebKit/537.36 (KHTML, like Gecko) Safari/13.0.0.0 Safari/537.36"
202.47.50.160 - - [31/Aug/2026:18:04:12 +0000] "POST /xmlrpc.php HTTP/1.1" 499 0 "-" "Mozilla/5.0 (X11; Ubuntu; Linux x86_64; x64) AppleWebKit/537.36 (KHTML, like Gecko) Chrome/87.0.0.0 Safari/537.36"
72.167.149.90 - - [31/Aug/2026:18:04:15 +0000] "POST /wp-cron.php?doing_wp_cron=1788199454.5510730743408203125000 HTTP/1.1" 499 0 "-" "WordPress/7.1; https://uslconsultation.com"
202.47.50.160 - - [31/Aug/2026:18:04:32 +0000] "POST /xmlrpc.php HTTP/1.1" 499 0 "-" "Mozilla/5.0 (Linux; Android 10; x86) AppleWebKit/537.36 (KHTML, like Gecko) Edge/96.0.0.0 Safari/537.36"
202.47.50.160 - - [31/Aug/2026:18:04:51 +0000] "POST /xmlrpc.php HTTP/1.1" 200 415 "-" "Mozilla/5.0 (Windows NT 10.0; x86) AppleWebKit/537.36 (KHTML, like Gecko) Safari/13.0.0.0 Safari/537.36"
202.47.50.160 - - [31/Aug/2026:18:05:08 +0000] "POST /xmlrpc.php HTTP/1.1" 499 0 "-" "Mozilla/5.0 (Linux; Android 10; x86) AppleWebKit/537.36 (KHTML, like Gecko) Safari/10.0.0.0 Safari/537.36"
72.167.149.90 - - [31/Aug/2026:18:05:12 +0000] "POST /wp-cron.php?doing_wp_cron=1788199511.7483599185943603515625 HTTP/1.1" 499 0 "-" "WordPress/7.1; https://uslconsultation.com"
57.141.14.26 - - [31/Aug/2026:18:05:29 +0000] "GET /contact-us/ HTTP/1.1" 200 54035 "-" "Mozilla/5.0 (X11; Linux x86_64) AppleWebKit/537.36 (KHTML, like Gecko) Chrome/145.0.0.0 Safari/537.36 (compatible; meta-externalagent/1.1 (+https://developers.facebook.com/docs/sharing/webmasters/crawler))"
202.47.50.160 - - [31/Aug/2026:18:05:32 +0000] "POST /xmlrpc.php HTTP/1.1" 200 415 "-" "Mozilla/5.0 (Windows NT 6.2; x64) AppleWebKit/537.36 (KHTML, like Gecko) Chrome/104.0.0.0 Safari/537.36"
202.47.50.160 - - [31/Aug/2026:18:05:52 +0000] "POST /xmlrpc.php HTTP/1.1" 499 0 "-" "Mozilla/5.0 (Windows NT 6.2; x86) AppleWebKit/537.36 (KHTML, like Gecko) Edge/89.0.0.0 Safari/537.36"
202.47.50.160 - - [31/Aug/2026:18:06:12 +0000] "POST /xmlrpc.php HTTP/1.1" 499 0 "-" "Mozilla/5.0 (X11; Ubuntu; Linux x86_64; x64) AppleWebKit/537.36 (KHTML, like Gecko) Opera/80.0.0.0 Safari/537.36"
72.167.149.90 - - [31/Aug/2026:18:06:12 +0000] "POST /wp-cron.php?doing_wp_cron=1788199571.6673998832702636718750 HTTP/1.1" 499 0 "-" "WordPress/7.1; https://uslconsultation.com"
202.47.50.160 - - [31/Aug/2026:18:06:32 +0000] "POST /xmlrpc.php HTTP/1.1" 499 0 "-" "Mozilla/5.0 (Windows NT 10.0; x64) AppleWebKit/537.36 (KHTML, like Gecko) Edge/82.0.0.0 Safari/537.36"
119.28.140.106 - - [31/Aug/2026:18:06:44 +0000] "GET /xmlrpc.php?rsd HTTP/1.1" 200 319 "-" "Mozilla/5.0 (iPhone; CPU iPhone OS 13_2_3 like Mac OS X) AppleWebKit/605.1.15 (KHTML, like Gecko) Version/13.0.3 Mobile/15E148 Safari/604.1"
202.47.50.160 - - [31/Aug/2026:18:06:56 +0000] "POST /xmlrpc.php HTTP/1.1" 200 415 "-" "Mozilla/5.0 (Windows NT 6.2; arm64) AppleWebKit/537.36 (KHTML, like Gecko) Firefox/80.0.0.0 Safari/537.36"
72.167.149.90 - - [31/Aug/2026:18:07:15 +0000] "POST /wp-cron.php?doing_wp_cron=1788199634.6659500598907470703125 HTTP/1.1" 499 0 "-" "WordPress/7.1; https://uslconsultation.com"
202.47.50.160 - - [31/Aug/2026:18:07:15 +0000] "POST /xmlrpc.php HTTP/1.1" 200 415 "-" "Mozilla/5.0 (Macintosh; Intel Mac OS X 10_15_7; x86) AppleWebKit/537.36 (KHTML, like Gecko) Firefox/94.0.0.0 Safari/537.36"
202.47.50.160 - - [31/Aug/2026:18:07:32 +0000] "POST /xmlrpc.php HTTP/1.1" 499 0 "-" "Mozilla/5.0 (Linux; Android 10; x86) AppleWebKit/537.36 (KHTML, like Gecko) Opera/69.0.0.0 Safari/537.36"
72.167.149.90 - - [31/Aug/2026:18:07:34 +0000] "POST /wp-cron.php?doing_wp_cron=1788199653.8302419185638427734375 HTTP/1.1" 499 0 "-" "WordPress/7.1; https://uslconsultation.com"
93.89.225.85 - - [31/Aug/2026:18:07:39 +0000] "GET /wp-login.php HTTP/1.1" 200 4192 "-" "Mozilla/5.0 (Windows NT 10.0; Win64; x64) AppleWebKit/537.36 (KHTML, like Gecko) Chrome/151.0.0.0 Safari/537.36"
93.89.225.85 - - [31/Aug/2026:18:07:43 +0000] "POST /wp-login.php HTTP/1.1" 200 4295 "https://uslconsultation.com/wp-login.php" "Mozilla/5.0 (Windows NT 10.0; Win64; x64) AppleWebKit/537.36 (KHTML, like Gecko) Chrome/151.0.0.0 Safari/537.36"
202.47.50.160 - - [31/Aug/2026:18:07:51 +0000] "POST /xmlrpc.php HTTP/1.1" 200 415 "-" "Mozilla/5.0 (Windows NT 6.3; x86) AppleWebKit/537.36 (KHTML, like Gecko) Chrome/105.0.0.0 Safari/537.36"
72.167.149.90 - - [31/Aug/2026:18:08:16 +0000] "POST /wp-cron.php?doing_wp_cron=1788199695.4279680252075195312500 HTTP/1.1" 499 0 "-" "WordPress/7.1; https://uslconsultation.com"
202.47.50.160 - - [31/Aug/2026:18:08:16 +0000] "POST /xmlrpc.php HTTP/1.1" 200 415 "-" "Mozilla/5.0 (Windows NT 6.3; arm64) AppleWebKit/537.36 (KHTML, like Gecko) Firefox/73.0.0.0 Safari/537.36"
202.47.50.160 - - [31/Aug/2026:18:08:35 +0000] "POST /xmlrpc.php HTTP/1.1" 200 415 "-" "Mozilla/5.0 (Macintosh; Intel Mac OS X 10_15_7; arm64) AppleWebKit/537.36 (KHTML, like Gecko) Edge/99.0.0.0 Safari/537.36"
202.47.50.160 - - [31/Aug/2026:18:08:56 +0000] "POST /xmlrpc.php HTTP/1.1" 499 0 "-" "Mozilla/5.0 (Windows NT 6.2; x64) AppleWebKit/537.36 (KHTML, like Gecko) Opera/65.0.0.0 Safari/537.36"
202.47.50.160 - - [31/Aug/2026:18:09:16 +0000] "POST /xmlrpc.php HTTP/1.1" 499 0 "-" "Mozilla/5.0 (Macintosh; Intel Mac OS X 10_15_7; x64) AppleWebKit/537.36 (KHTML, like Gecko) Edge/87.0.0.0 Safari/537.36"
72.167.149.90 - - [31/Aug/2026:18:09:17 +0000] "POST /wp-cron.php?doing_wp_cron=1788199756.0127480030059814453125 HTTP/1.1" 499 0 "-" "WordPress/7.1; https://uslconsultation.com"
202.47.50.160 - - [31/Aug/2026:18:09:33 +0000] "POST /xmlrpc.php HTTP/1.1" 200 415 "-" "Mozilla/5.0 (Windows NT 6.3; x64) AppleWebKit/537.36 (KHTML, like Gecko) Firefox/94.0.0.0 Safari/537.36"
202.47.50.160 - - [31/Aug/2026:18:09:49 +0000] "POST /xmlrpc.php HTTP/1.1" 200 415 "-" "Mozilla/5.0 (Macintosh; Intel Mac OS X 10_15_7; x64) AppleWebKit/537.36 (KHTML, like Gecko) Safari/14.0.0.0 Safari/537.36"
202.47.50.160 - - [31/Aug/2026:18:10:08 +0000] "POST /xmlrpc.php HTTP/1.1" 499 0 "-" "Mozilla/5.0 (Windows NT 6.2; arm64) AppleWebKit/537.36 (KHTML, like Gecko) Opera/79.0.0.0 Safari/537.36"
72.167.149.90 - - [31/Aug/2026:18:10:12 +0000] "POST /wp-cron.php?doing_wp_cron=1788199811.6118769645690917968750 HTTP/1.1" 499 0 "-" "WordPress/7.1; https://uslconsultation.com"
141.148.160.246 - - [31/Aug/2026:18:10:22 +0000] "GET /wp-json/wp/v2/posts/5269 HTTP/1.1" 499 0 "-" "Mozilla/5.0 (X11; Linux aarch64) AppleWebKit/537.36 (KHTML, like Gecko) Chrome/139.0.0.0 Safari/537.36"
141.148.160.246 - - [31/Aug/2026:18:10:27 +0000] "GET /wp-json/wp/v2/posts/5269 HTTP/1.1" 499 0 "-" "Mozilla/5.0 (X11; Linux aarch64) AppleWebKit/537.36 (KHTML, like Gecko) Chrome/139.0.0.0 Safari/537.36"
202.47.50.160 - - [31/Aug/2026:18:10:28 +0000] "POST /xmlrpc.php HTTP/1.1" 499 0 "-" "Mozilla/5.0 (Macintosh; Intel Mac OS X 10_15_7; arm64) AppleWebKit/537.36 (KHTML, like Gecko) Firefox/81.0.0.0 Safari/537.36"
202.47.50.160 - - [31/Aug/2026:18:10:46 +0000] "POST /xmlrpc.php HTTP/1.1" 200 415 "-" "Mozilla/5.0 (Linux; Android 10; x64) AppleWebKit/537.36 (KHTML, like Gecko) Firefox/76.0.0.0 Safari/537.36"
