72.167.149.90 - - [29/Aug/2026:19:21:32 +0000] "POST /wp-cron.php?doing_wp_cron=1788031291.5068340301513671875000 HTTP/1.1" 499 0 "-" "WordPress/7.1; https://uslconsultation.com"
57.141.14.82 - - [29/Aug/2026:19:21:32 +0000] "GET /about-us/ HTTP/1.1" 200 56189 "-" "Mozilla/5.0 (Macintosh; Intel Mac OS X 10_15_7) AppleWebKit/537.36 (KHTML, like Gecko) Chrome/145.0.0.0 Safari/537.36 (compatible; meta-externalagent/1.1 (+https://developers.facebook.com/docs/sharing/webmasters/crawler))"
57.141.14.37 - - [29/Aug/2026:19:21:32 +0000] "GET /wp-content/plugins/alpus-aprs/assets/js/alpus-aprs-frontend.min.js?ver=2.2.0 HTTP/1.1" 200 647 "https://uslconsultation.com/about-us/" "Mozilla/5.0 (Macintosh; Intel Mac OS X 10_15_7) AppleWebKit/537.36 (KHTML, like Gecko) Chrome/145.0.0.0 Safari/537.36 (compatible; meta-externalagent/1.1 (+https://developers.facebook.com/docs/sharing/webmasters/crawler))"
57.141.14.30 - - [29/Aug/2026:19:21:33 +0000] "GET /wp-content/plugins/elementor/assets/js/shared-frontend-handlers.03caa53373b56d3bab67.bundle.min.js HTTP/1.1" 200 2672 "https://uslconsultation.com/about-us/" "Mozilla/5.0 (Macintosh; Intel Mac OS X 10_15_7) AppleWebKit/537.36 (KHTML, like Gecko) Chrome/145.0.0.0 Safari/537.36 (compatible; meta-externalagent/1.1 (+https://developers.facebook.com/docs/sharing/webmasters/crawler))"
57.141.14.67 - - [29/Aug/2026:19:21:33 +0000] "GET /wp-content/plugins/elementor/assets/js/tabs.18344b05d8d1ea0702bc.bundle.min.js HTTP/1.1" 200 1371 "https://uslconsultation.com/about-us/" "Mozilla/5.0 (Macintosh; Intel Mac OS X 10_15_7) AppleWebKit/537.36 (KHTML, like Gecko) Chrome/145.0.0.0 Safari/537.36 (compatible; meta-externalagent/1.1 (+https://developers.facebook.com/docs/sharing/webmasters/crawler))"
57.141.14.90 - - [29/Aug/2026:19:21:35 +0000] "POST /?wc-ajax=get_refreshed_fragments HTTP/1.1" 200 589 "https://uslconsultation.com/about-us/" "Mozilla/5.0 (Macintosh; Intel Mac OS X 10_15_7) AppleWebKit/537.36 (KHTML, like Gecko) Chrome/145.0.0.0 Safari/537.36 (compatible; meta-externalagent/1.1 (+https://developers.facebook.com/docs/sharing/webmasters/crawler))"
57.141.14.53 - - [29/Aug/2026:19:21:40 +0000] "GET /about-us/null HTTP/1.1" 404 50936 "https://uslconsultation.com/about-us/" "Mozilla/5.0 (Macintosh; Intel Mac OS X 10_15_7) AppleWebKit/537.36 (KHTML, like Gecko) Chrome/145.0.0.0 Safari/537.36 (compatible; meta-externalagent/1.1 (+https://developers.facebook.com/docs/sharing/webmasters/crawler))"
72.167.149.90 - - [29/Aug/2026:19:30:27 +0000] "POST /wp-cron.php?doing_wp_cron=1788031826.2424960136413574218750 HTTP/1.1" 499 0 "-" "WordPress/7.1; https://uslconsultation.com"
106.63.26.155 - - [29/Aug/2026:19:30:27 +0000] "GET / HTTP/1.1" 301 5 "-" "Mozilla/5.0 (Macintosh; Intel Mac OS X 10_15_7) AppleWebKit/537.36 (KHTML, like Gecko) Chrome/120.0.0.0 Safari/537.36 Edg/120.0.0.0"
72.167.149.90 - - [29/Aug/2026:19:39:12 +0000] "GET /wp-content/uploads/2025/11/Supply-chain-and-logistics-scaled-e1766401500298.jpg HTTP/1.1" 200 68166 "-" "-"
57.141.14.51 - - [29/Aug/2026:19:39:13 +0000] "GET /wp-content/uploads/2025/11/Supply-chain-and-logistics-scaled-e1766401500298.jpg HTTP/1.1" 200 68166 "https://uslconsultation.com/service/supply-chain-and-logistics/" "Mozilla/5.0 (Windows NT 10.0; Win64; x64) AppleWebKit/537.36 (KHTML, like Gecko) Chrome/145.0.0.0 Safari/537.36 (compatible; meta-externalagent/1.1 (+https://developers.facebook.com/docs/sharing/webmasters/crawler))"
72.167.149.90 - - [29/Aug/2026:19:39:13 +0000] "POST /wp-cron.php?doing_wp_cron=1788032352.7448489665985107421875 HTTP/1.1" 499 0 "-" "WordPress/7.1; https://uslconsultation.com"
57.141.14.33 - - [29/Aug/2026:19:39:13 +0000] "GET /service/supply-chain-and-logistics/ HTTP/1.1" 200 55039 "-" "Mozilla/5.0 (Windows NT 10.0; Win64; x64) AppleWebKit/537.36 (KHTML, like Gecko) Chrome/145.0.0.0 Safari/537.36 (compatible; meta-externalagent/1.1 (+https://developers.facebook.com/docs/sharing/webmasters/crawler))"
57.141.14.60 - - [29/Aug/2026:19:39:14 +0000] "GET /wp-content/themes/porto/js/libs/smoothscroll.min.js?ver=7.7.2 HTTP/1.1" 200 3193 "https://uslconsultation.com/service/supply-chain-and-logistics/" "Mozilla/5.0 (Windows NT 10.0; Win64; x64) AppleWebKit/537.36 (KHTML, like Gecko) Chrome/145.0.0.0 Safari/537.36 (compatible; meta-externalagent/1.1 (+https://developers.facebook.com/docs/sharing/webmasters/crawler))"
57.141.14.74 - - [29/Aug/2026:19:39:17 +0000] "POST /?wc-ajax=get_refreshed_fragments HTTP/1.1" 200 589 "https://uslconsultation.com/service/supply-chain-and-logistics/" "Mozilla/5.0 (Windows NT 10.0; Win64; x64) AppleWebKit/537.36 (KHTML, like Gecko) Chrome/145.0.0.0 Safari/537.36 (compatible; meta-externalagent/1.1 (+https://developers.facebook.com/docs/sharing/webmasters/crawler))"
57.141.14.66 - - [29/Aug/2026:19:39:24 +0000] "GET /service/supply-chain-and-logistics/null HTTP/1.1" 404 50975 "https://uslconsultation.com/service/supply-chain-and-logistics/" "Mozilla/5.0 (Windows NT 10.0; Win64; x64) AppleWebKit/537.36 (KHTML, like Gecko) Chrome/145.0.0.0 Safari/537.36 (compatible; meta-externalagent/1.1 (+https://developers.facebook.com/docs/sharing/webmasters/crawler))"
72.167.149.90 - - [29/Aug/2026:19:44:09 +0000] "POST /wp-cron.php?doing_wp_cron=1788032648.9678330421447753906250 HTTP/1.1" 499 0 "-" "WordPress/7.1; https://uslconsultation.com"
216.73.216.122 - - [29/Aug/2026:19:44:10 +0000] "GET /robots.txt HTTP/1.1" 200 124 "-" "Mozilla/5.0 AppleWebKit/537.36 (KHTML, like Gecko; compatible; ClaudeBot/1.0; +claudebot@anthropic.com)"
216.73.216.122 - - [29/Aug/2026:19:44:13 +0000] "GET /sitemaps.xml HTTP/1.1" 200 284 "-" "Mozilla/5.0 AppleWebKit/537.36 (KHTML, like Gecko; compatible; ClaudeBot/1.0; +claudebot@anthropic.com)"
72.167.149.90 - - [29/Aug/2026:19:45:22 +0000] "POST /wp-cron.php?doing_wp_cron=1788032721.1520130634307861328125 HTTP/1.1" 499 0 "-" "WordPress/7.1; https://uslconsultation.com/ar"
197.95.98.235 - - [29/Aug/2026:19:45:22 +0000] "GET /ar/maintenance/ HTTP/1.1" 200 72963 "-" "Mozilla/5.0 (Macintosh; Intel Mac OS X 15_3_1) AppleWebKit/537.36 (KHTML, like Gecko) Chrome/125.0.6422.176 Safari/537.36"
72.167.149.90 - - [29/Aug/2026:19:54:48 +0000] "POST /wp-cron.php?doing_wp_cron=1788033287.1918089389801025390625 HTTP/1.1" 499 0 "-" "WordPress/7.1; https://uslconsultation.com"
138.246.253.24 - - [29/Aug/2026:19:54:48 +0000] "GET /robots.txt HTTP/1.1" 301 5 "-" "Mozilla/5.0 (Windows NT 10.0; Win64; x64) AppleWebKit/537.36 (KHTML, like Gecko) Chrome/103.0.5060.134 Safari/537.36"
72.167.149.90 - - [29/Aug/2026:19:54:54 +0000] "POST /wp-admin/admin-ajax.php?action=wp_1_wc_privacy_cleanup&nonce=63dfbe491d HTTP/1.1" 499 0 "-" "WordPress/7.1; https://uslconsultation.com"
72.167.149.90 - - [29/Aug/2026:19:55:40 +0000] "POST /wp-cron.php?doing_wp_cron=1788033339.8004870414733886718750 HTTP/1.1" 499 0 "-" "WordPress/7.1; https://uslconsultation.com"
95.111.234.226 - - [29/Aug/2026:19:55:40 +0000] "POST /xmlrpc.php HTTP/1.1" 200 217 "-" "Mozilla/5.0 (Windows NT 10.0) AppleWebKit/537.36 (KHTML, like Gecko) Chrome/140.0.0.0 Safari/537.36 Edg/140.0.0.0"
72.167.149.90 - - [29/Aug/2026:20:02:25 +0000] "POST /wp-cron.php?doing_wp_cron=1788033744.8330268859863281250000 HTTP/1.1" 499 0 "-" "WordPress/7.1; https://uslconsultation.com"
52.167.144.66 - - [29/Aug/2026:20:02:25 +0000] "GET /robots.txt HTTP/1.1" 301 5 "-" "Mozilla/5.0 AppleWebKit/537.36 (KHTML, like Gecko; compatible; bingbot/2.0; +http://www.bing.com/bingbot.htm) Chrome/116.0.1938.76 Safari/537.36"
52.167.144.66 - - [29/Aug/2026:20:02:29 +0000] "GET /robots.txt HTTP/1.1" 200 124 "-" "Mozilla/5.0 AppleWebKit/537.36 (KHTML, like Gecko; compatible; bingbot/2.0; +http://www.bing.com/bingbot.htm) Chrome/116.0.1938.76 Safari/537.36"
52.167.144.186 - - [29/Aug/2026:20:02:42 +0000] "GET /event/designing-club-culture/ HTTP/1.1" 301 5 "-" "Mozilla/5.0 AppleWebKit/537.36 (KHTML, like Gecko; compatible; bingbot/2.0; +http://www.bing.com/bingbot.htm) Chrome/116.0.1938.76 Safari/537.36"
72.167.149.90 - - [29/Aug/2026:20:04:14 +0000] "POST /wp-cron.php?doing_wp_cron=1788033853.0236110687255859375000 HTTP/1.1" 499 0 "-" "WordPress/7.1; https://uslconsultation.com"
52.167.144.186 - - [29/Aug/2026:20:04:14 +0000] "GET /event/designing-club-culture/ HTTP/1.1" 301 5 "-" "Mozilla/5.0 AppleWebKit/537.36 (KHTML, like Gecko; compatible; bingbot/2.0; +http://www.bing.com/bingbot.htm) Chrome/116.0.1938.76 Safari/537.36"
138.199.29.193 - - [29/Aug/2026:20:19:21 +0000] "GET / HTTP/1.1" 200 68910 "-" "Python/3.11 aiohttp/3.13.3"
138.199.29.193 - - [29/Aug/2026:20:19:23 +0000] "GET / HTTP/1.1" 200 68909 "-" "Python/3.11 aiohttp/3.13.3"
138.199.29.193 - - [29/Aug/2026:20:19:23 +0000] "GET / HTTP/1.1" 200 68907 "-" "Python/3.11 aiohttp/3.13.3"
72.167.149.90 - - [29/Aug/2026:20:28:03 +0000] "POST /wp-cron.php?doing_wp_cron=1788035282.1344549655914306640625 HTTP/1.1" 499 0 "-" "WordPress/7.1; https://uslconsultation.com"
195.2.79.165 - - [29/Aug/2026:20:28:03 +0000] "GET /2025/11/05/hello-world/ HTTP/1.0" 404 184529 "https://uslconsultation.com/2025/11/05/hello-world/#comment-168" "Mozilla/5.0 (Windows NT 10.0; Win64; x64) AppleWebKit/537.36 (KHTML, like Gecko) Chrome/129.0.0.0 Safari/537.36"
195.2.79.165 - - [29/Aug/2026:20:28:08 +0000] "GET /blog/ HTTP/1.0" 200 203550 "https://uslconsultation.com/blog/" "Mozilla/5.0 (Windows NT 10.0; Win64; x64) AppleWebKit/537.36 (KHTML, like Gecko) Chrome/129.0.0.0 Safari/537.36"
43.134.15.174 - - [29/Aug/2026:20:28:10 +0000] "GET / HTTP/1.1" 200 69088 "http://uslconsultation.com" "Mozilla/5.0 (iPhone; CPU iPhone OS 13_2_3 like Mac OS X) AppleWebKit/605.1.15 (KHTML, like Gecko) Version/13.0.3 Mobile/15E148 Safari/604.1"
195.2.79.165 - - [29/Aug/2026:20:28:12 +0000] "GET /contact-us/ HTTP/1.0" 200 204851 "https://uslconsultation.com/contact-us/" "Mozilla/5.0 (Windows NT 10.0; Win64; x64) AppleWebKit/537.36 (KHTML, like Gecko) Chrome/129.0.0.0 Safari/537.36"
195.2.79.165 - - [29/Aug/2026:20:28:18 +0000] "POST /contact-us/ HTTP/1.0" 200 204941 "https://uslconsultation.com/contact-us/" "Mozilla/5.0 (Windows NT 10.0; Win64; x64) AppleWebKit/537.36 (KHTML, like Gecko) Chrome/129.0.0.0 Safari/537.36"
72.167.149.90 - - [29/Aug/2026:20:32:56 +0000] "POST /wp-cron.php?doing_wp_cron=1788035575.8877620697021484375000 HTTP/1.1" 499 0 "-" "WordPress/7.1; https://uslconsultation.com"
178.20.45.128 - - [29/Aug/2026:20:32:57 +0000] "GET /2025/11/05/hello-world/ HTTP/1.0" 404 184529 "https://uslconsultation.com/2025/11/05/hello-world/#comment-168" "Mozilla/5.0 (Windows NT 10.0; Win64; x64) AppleWebKit/537.36 (KHTML, like Gecko) Chrome/130.0.0.0 Safari/537.36"
178.20.45.128 - - [29/Aug/2026:20:33:01 +0000] "GET /blog/ HTTP/1.0" 200 203550 "https://uslconsultation.com/blog/" "Mozilla/5.0 (Windows NT 10.0; Win64; x64) AppleWebKit/537.36 (KHTML, like Gecko) Chrome/130.0.0.0 Safari/537.36"
72.167.149.90 - - [29/Aug/2026:20:33:08 +0000] "POST /wp-cron.php?doing_wp_cron=1788035587.6329379081726074218750 HTTP/1.1" 499 0 "-" "WordPress/7.1; https://uslconsultation.com"
178.20.45.128 - - [29/Aug/2026:20:33:08 +0000] "GET /contact-us/ HTTP/1.0" 200 204851 "https://uslconsultation.com/contact-us/" "Mozilla/5.0 (Windows NT 10.0; Win64; x64) AppleWebKit/537.36 (KHTML, like Gecko) Chrome/130.0.0.0 Safari/537.36"
178.20.45.128 - - [29/Aug/2026:20:33:14 +0000] "POST /contact-us/ HTTP/1.0" 200 204941 "https://uslconsultation.com/contact-us/" "Mozilla/5.0 (Windows NT 10.0; Win64; x64) AppleWebKit/537.36 (KHTML, like Gecko) Chrome/130.0.0.0 Safari/537.36"
72.167.149.90 - - [29/Aug/2026:20:37:11 +0000] "POST /wp-cron.php?doing_wp_cron=1788035830.4872210025787353515625 HTTP/1.1" 499 0 "-" "WordPress/7.1; https://uslconsultation.com"
85.208.96.204 - - [29/Aug/2026:20:37:11 +0000] "GET /robots.txt HTTP/1.1" 200 124 "-" "Mozilla/5.0 (compatible; SemrushBot/7~bl; +http://www.semrush.com/bot.html)"
72.167.149.90 - - [29/Aug/2026:20:37:13 +0000] "GET /wp-content/uploads/2025/12/frustrated-business-people-and-laptop-with-stress-scaled-e1766360245100.jpg HTTP/1.1" 200 119657 "-" "-"
85.208.96.212 - - [29/Aug/2026:20:37:14 +0000] "GET /2025/12/21/common-mistakes-companies-make-before-scaling-internationally/ HTTP/1.1" 200 57114 "-" "Mozilla/5.0 (compatible; SemrushBot/7~bl; +http://www.semrush.com/bot.html)"
178.238.10.83 - - [29/Aug/2026:20:40:43 +0000] "GET / HTTP/1.1" 301 5 "-" "Python/3.11 aiohttp/3.13.3"
72.167.149.90 - - [29/Aug/2026:20:40:43 +0000] "POST /wp-cron.php?doing_wp_cron=1788036042.5600070953369140625000 HTTP/1.1" 499 0 "-" "WordPress/7.1; https://uslconsultation.com"
178.238.10.83 - - [29/Aug/2026:20:40:43 +0000] "GET / HTTP/1.1" 301 5 "-" "Python/3.11 aiohttp/3.13.3"
72.167.149.90 - - [29/Aug/2026:20:40:47 +0000] "POST /wp-cron.php?doing_wp_cron=1788036046.8582310676574707031250 HTTP/1.1" 499 0 "-" "WordPress/7.1; https://uslconsultation.com"
178.238.10.83 - - [29/Aug/2026:20:40:48 +0000] "GET / HTTP/1.1" 200 68913 "-" "Python/3.11 aiohttp/3.13.3"
178.238.10.83 - - [29/Aug/2026:20:40:48 +0000] "GET / HTTP/1.1" 200 68911 "-" "Python/3.11 aiohttp/3.13.3"
178.238.10.83 - - [29/Aug/2026:20:40:49 +0000] "GET / HTTP/1.1" 200 68909 "-" "Python/3.11 aiohttp/3.13.3"
72.167.149.90 - - [29/Aug/2026:21:02:22 +0000] "POST /wp-cron.php?doing_wp_cron=1788037341.4326539039611816406250 HTTP/1.1" 499 0 "-" "WordPress/7.1; https://uslconsultation.com"
57.141.14.32 - - [29/Aug/2026:21:02:22 +0000] "GET /cart/ HTTP/1.1" 200 72732 "-" "Mozilla/5.0 (Windows NT 10.0; Win64; x64) AppleWebKit/537.36 (KHTML, like Gecko) Chrome/145.0.0.0 Safari/537.36 (compatible; meta-externalagent/1.1 (+https://developers.facebook.com/docs/sharing/webmasters/crawler))"
72.167.149.90 - - [29/Aug/2026:21:06:06 +0000] "POST /wp-cron.php?doing_wp_cron=1788037565.6583809852600097656250 HTTP/1.1" 499 0 "-" "WordPress/7.1; https://uslconsultation.com"
57.141.14.48 - - [29/Aug/2026:21:06:06 +0000] "GET /category/financial-consultation/ HTTP/1.1" 200 53884 "-" "Mozilla/5.0 (Windows NT 10.0; Win64; x64) AppleWebKit/537.36 (KHTML, like Gecko) Chrome/145.0.0.0 Safari/537.36 (compatible; meta-externalagent/1.1 (+https://developers.facebook.com/docs/sharing/webmasters/crawler))"
72.167.149.90 - - [29/Aug/2026:21:10:45 +0000] "POST /wp-cron.php?doing_wp_cron=1788037844.9446480274200439453125 HTTP/1.1" 499 0 "-" "WordPress/7.1; https://uslconsultation.com"
66.29.132.86 - - [29/Aug/2026:21:10:46 +0000] "GET /wp-login.php HTTP/1.1" 200 4199 "-" "Mozilla/5.0 (Windows NT 10.0; Win64; x64) AppleWebKit/537.36 (KHTML, like Gecko) Chrome/151.0.0.0 Safari/537.36"
66.29.132.86 - - [29/Aug/2026:21:10:47 +0000] "POST /wp-login.php HTTP/1.1" 200 4302 "https://mail.uslconsultation.com/wp-login.php" "Mozilla/5.0 (Windows NT 10.0; Win64; x64) AppleWebKit/537.36 (KHTML, like Gecko) Chrome/151.0.0.0 Safari/537.36"
72.167.149.90 - - [29/Aug/2026:21:11:09 +0000] "POST /wp-cron.php?doing_wp_cron=1788037868.2071158885955810546875 HTTP/1.1" 499 0 "-" "WordPress/7.1; https://uslconsultation.com"
84.54.44.204 - - [29/Aug/2026:21:11:09 +0000] "GET /2025/11/05/hello-world/ HTTP/1.0" 404 184529 "https://uslconsultation.com/2025/11/05/hello-world/#comment-168" "Mozilla/5.0 (Windows NT 10.0; Win64; x64) AppleWebKit/537.36 (KHTML, like Gecko) Chrome/129.0.0.0 Safari/537.36"
84.54.44.204 - - [29/Aug/2026:21:11:13 +0000] "GET /blog/ HTTP/1.0" 200 203550 "https://uslconsultation.com/blog/" "Mozilla/5.0 (Windows NT 10.0; Win64; x64) AppleWebKit/537.36 (KHTML, like Gecko) Chrome/129.0.0.0 Safari/537.36"
84.54.44.204 - - [29/Aug/2026:21:11:17 +0000] "GET /contact-us/ HTTP/1.0" 200 204851 "https://uslconsultation.com/contact-us/" "Mozilla/5.0 (Windows NT 10.0; Win64; x64) AppleWebKit/537.36 (KHTML, like Gecko) Chrome/129.0.0.0 Safari/537.36"
84.54.44.204 - - [29/Aug/2026:21:11:22 +0000] "POST /contact-us/ HTTP/1.0" 200 204941 "https://uslconsultation.com/contact-us/" "Mozilla/5.0 (Windows NT 10.0; Win64; x64) AppleWebKit/537.36 (KHTML, like Gecko) Chrome/129.0.0.0 Safari/537.36"
72.167.149.90 - - [29/Aug/2026:21:12:18 +0000] "POST /wp-cron.php?doing_wp_cron=1788037937.7979800701141357421875 HTTP/1.1" 499 0 "-" "WordPress/7.1; https://uslconsultation.com"
72.167.149.90 - - [29/Aug/2026:21:13:06 +0000] "POST /wp-cron.php?doing_wp_cron=1788037985.8839008808135986328125 HTTP/1.1" 499 0 "-" "WordPress/7.1; https://uslconsultation.com"
178.20.43.173 - - [29/Aug/2026:21:13:06 +0000] "GET /2025/11/05/hello-world/ HTTP/1.0" 404 184529 "https://uslconsultation.com/2025/11/05/hello-world/#comment-168" "Mozilla/5.0 (Windows NT 10.0; Win64; x64) AppleWebKit/537.36 (KHTML, like Gecko) Chrome/130.0.0.0 Safari/537.36 CCleaner/130.0.0.0"
178.20.43.173 - - [29/Aug/2026:21:13:10 +0000] "GET /blog/ HTTP/1.0" 200 203550 "https://uslconsultation.com/blog/" "Mozilla/5.0 (Windows NT 10.0; Win64; x64) AppleWebKit/537.36 (KHTML, like Gecko) Chrome/130.0.0.0 Safari/537.36 CCleaner/130.0.0.0"
178.20.43.173 - - [29/Aug/2026:21:13:15 +0000] "GET /contact-us/ HTTP/1.0" 200 204851 "https://uslconsultation.com/contact-us/" "Mozilla/5.0 (Windows NT 10.0; Win64; x64) AppleWebKit/537.36 (KHTML, like Gecko) Chrome/130.0.0.0 Safari/537.36 CCleaner/130.0.0.0"
178.20.43.173 - - [29/Aug/2026:21:13:20 +0000] "POST /contact-us/ HTTP/1.0" 200 204941 "https://uslconsultation.com/contact-us/" "Mozilla/5.0 (Windows NT 10.0; Win64; x64) AppleWebKit/537.36 (KHTML, like Gecko) Chrome/130.0.0.0 Safari/537.36 CCleaner/130.0.0.0"
72.167.149.90 - - [29/Aug/2026:21:14:45 +0000] "POST /wp-cron.php?doing_wp_cron=1788038084.3086249828338623046875 HTTP/1.1" 499 0 "-" "WordPress/7.1; https://uslconsultation.com"
195.2.84.198 - - [29/Aug/2026:21:14:45 +0000] "GET /uncategorized/hello-world/ HTTP/1.0" 404 184541 "https://uslconsultation.com/uncategorized/hello-world/#comment-614" "Mozilla/5.0 (Windows NT 10.0; Win64; x64) AppleWebKit/537.36 (KHTML, like Gecko) Chrome/130.0.0.0 Safari/537.36 CCleaner/130.0.0.0"
195.2.84.198 - - [29/Aug/2026:21:14:48 +0000] "GET /blog/ HTTP/1.0" 200 203550 "https://uslconsultation.com/blog/" "Mozilla/5.0 (Windows NT 10.0; Win64; x64) AppleWebKit/537.36 (KHTML, like Gecko) Chrome/130.0.0.0 Safari/537.36 CCleaner/130.0.0.0"
195.2.84.198 - - [29/Aug/2026:21:14:53 +0000] "GET /contact-us/ HTTP/1.0" 200 204851 "https://uslconsultation.com/contact-us/" "Mozilla/5.0 (Windows NT 10.0; Win64; x64) AppleWebKit/537.36 (KHTML, like Gecko) Chrome/130.0.0.0 Safari/537.36 CCleaner/130.0.0.0"
195.2.84.198 - - [29/Aug/2026:21:14:56 +0000] "POST /contact-us/ HTTP/1.0" 200 204941 "https://uslconsultation.com/contact-us/" "Mozilla/5.0 (Windows NT 10.0; Win64; x64) AppleWebKit/537.36 (KHTML, like Gecko) Chrome/130.0.0.0 Safari/537.36 CCleaner/130.0.0.0"
72.167.149.90 - - [29/Aug/2026:21:18:58 +0000] "POST /wp-cron.php?doing_wp_cron=1788038337.3729529380798339843750 HTTP/1.1" 499 0 "-" "WordPress/7.1; https://uslconsultation.com"
195.2.67.184 - - [29/Aug/2026:21:18:58 +0000] "GET /uncategorized/hello-world/ HTTP/1.0" 404 184541 "https://uslconsultation.com/uncategorized/hello-world/#comment-614" "Mozilla/5.0 (Windows NT 10.0; Win64; x64) AppleWebKit/537.36 (KHTML, like Gecko) Chrome/131.0.0.0 Safari/537.36 Avast/131.0.0.0"
72.167.149.90 - - [29/Aug/2026:21:19:03 +0000] "POST /wp-cron.php?doing_wp_cron=1788038342.3368899822235107421875 HTTP/1.1" 499 0 "-" "WordPress/7.1; https://uslconsultation.com"
195.2.67.184 - - [29/Aug/2026:21:19:03 +0000] "GET /blog/ HTTP/1.0" 200 203550 "https://uslconsultation.com/blog/" "Mozilla/5.0 (Windows NT 10.0; Win64; x64) AppleWebKit/537.36 (KHTML, like Gecko) Chrome/131.0.0.0 Safari/537.36 Avast/131.0.0.0"
195.2.67.184 - - [29/Aug/2026:21:19:09 +0000] "GET /contact-us/ HTTP/1.0" 200 204851 "https://uslconsultation.com/contact-us/" "Mozilla/5.0 (Windows NT 10.0; Win64; x64) AppleWebKit/537.36 (KHTML, like Gecko) Chrome/131.0.0.0 Safari/537.36 Avast/131.0.0.0"
195.2.67.184 - - [29/Aug/2026:21:19:13 +0000] "POST /contact-us/ HTTP/1.0" 200 204941 "https://uslconsultation.com/contact-us/" "Mozilla/5.0 (Windows NT 10.0; Win64; x64) AppleWebKit/537.36 (KHTML, like Gecko) Chrome/131.0.0.0 Safari/537.36 Avast/131.0.0.0"
43.167.232.38 - - [29/Aug/2026:21:28:21 +0000] "GET / HTTP/1.1" 200 69089 "http://www.uslconsultation.com" "Mozilla/5.0 (iPhone; CPU iPhone OS 13_2_3 like Mac OS X) AppleWebKit/605.1.15 (KHTML, like Gecko) Version/13.0.3 Mobile/15E148 Safari/604.1"
72.167.149.90 - - [29/Aug/2026:21:30:19 +0000] "POST /wp-cron.php?doing_wp_cron=1788039018.3637681007385253906250 HTTP/1.1" 499 0 "-" "WordPress/7.1; https://uslconsultation.com"
216.73.216.122 - - [29/Aug/2026:21:30:19 +0000] "GET /robots.txt HTTP/1.1" 200 124 "-" "Mozilla/5.0 AppleWebKit/537.36 (KHTML, like Gecko; compatible; ClaudeBot/1.0; +claudebot@anthropic.com)"
216.73.216.122 - - [29/Aug/2026:21:30:21 +0000] "GET /sitemaps.xml HTTP/1.1" 200 284 "-" "Mozilla/5.0 AppleWebKit/537.36 (KHTML, like Gecko; compatible; ClaudeBot/1.0; +claudebot@anthropic.com)"
72.167.149.90 - - [29/Aug/2026:21:41:24 +0000] "POST /wp-cron.php?doing_wp_cron=1788039683.2934091091156005859375 HTTP/1.1" 499 0 "-" "WordPress/7.1; https://uslconsultation.com"
112.86.225.216 - - [29/Aug/2026:21:41:24 +0000] "GET /2025/11/05/hello-world/ HTTP/1.1" 404 50951 "-" "Sogou web spider/4.0(+http://www.sogou.com/docs/help/webmasters.htm#07)"
72.167.149.90 - - [29/Aug/2026:21:50:02 +0000] "POST /wp-cron.php?doing_wp_cron=1788040201.0316829681396484375000 HTTP/1.1" 499 0 "-" "WordPress/7.1; https://uslconsultation.com"
74.7.241.146 - - [29/Aug/2026:21:50:02 +0000] "GET /robots.txt HTTP/1.1" 200 124 "-" "Mozilla/5.0 (Macintosh; Intel Mac OS X 10_15_7) AppleWebKit/537.36 (KHTML, like Gecko) Chrome/131.0.0.0 Safari/537.36; compatible; OAI-SearchBot/1.4; robots.txt; +https://openai.com/searchbot"
51.68.111.202 - - [29/Aug/2026:22:34:54 +0000] "GET /robots.txt HTTP/1.1" 200 124 "-" "Mozilla/5.0 (compatible; MJ12bot/v2.0.5; http://mj12bot.com/)"
51.68.111.202 - - [29/Aug/2026:22:34:57 +0000] "GET / HTTP/1.1" 200 68910 "-" "Mozilla/5.0 (compatible; MJ12bot/v2.0.5; http://mj12bot.com/)"
139.155.126.16 - - [29/Aug/2026:22:54:52 +0000] "GET / HTTP/1.1" 200 69089 "http://www.uslconsultation.com" "Mozilla/5.0 (iPhone; CPU iPhone OS 13_2_3 like Mac OS X) AppleWebKit/605.1.15 (KHTML, like Gecko) Version/13.0.3 Mobile/15E148 Safari/604.1"
57.141.14.9 - - [29/Aug/2026:23:01:49 +0000] "GET /service/consulting-services-in-networking-and-cybersecurity/ HTTP/1.1" 499 0 "-" "Mozilla/5.0 (Macintosh; Intel Mac OS X 10_15_7) AppleWebKit/537.36 (KHTML, like Gecko) Chrome/145.0.0.0 Safari/537.36 (compatible; meta-externalagent/1.1 (+https://developers.facebook.com/docs/sharing/webmasters/crawler))"
72.167.149.90 - - [29/Aug/2026:23:01:59 +0000] "GET /wp-content/uploads/2025/11/Networking-and-cybersecurity-scaled-e1766398835906.jpg HTTP/1.1" 200 123626 "-" "-"
83.217.213.120 - - [29/Aug/2026:23:31:51 +0000] "GET /blog/ HTTP/1.0" 200 203550 "https://uslconsultation.com/blog/" "Mozilla/5.0 (Windows NT 10.0; Win64; x64) AppleWebKit/537.36 (KHTML, like Gecko) Chrome/130.0.0.0 Safari/537.36 CCleaner/130.0.0.0"
83.217.213.120 - - [29/Aug/2026:23:31:55 +0000] "GET /contact-us/ HTTP/1.0" 200 204851 "https://uslconsultation.com/contact-us/" "Mozilla/5.0 (Windows NT 10.0; Win64; x64) AppleWebKit/537.36 (KHTML, like Gecko) Chrome/130.0.0.0 Safari/537.36 CCleaner/130.0.0.0"
72.167.149.90 - - [29/Aug/2026:23:32:02 +0000] "POST /wp-cron.php?doing_wp_cron=1788046321.0453910827636718750000 HTTP/1.1" 499 0 "-" "WordPress/7.1; https://uslconsultation.com"
83.217.213.120 - - [29/Aug/2026:23:32:02 +0000] "POST /contact-us/ HTTP/1.0" 200 204941 "https://uslconsultation.com/contact-us/" "Mozilla/5.0 (Windows NT 10.0; Win64; x64) AppleWebKit/537.36 (KHTML, like Gecko) Chrome/130.0.0.0 Safari/537.36 CCleaner/130.0.0.0"
9.151.198.182 - - [29/Aug/2026:23:32:03 +0000] "GET /wp-content/uploads/2025/12/New2025-BLU-NAAMA-Full-logo-400x150.png HTTP/1.1" 200 36748 "-" "Mozilla/5.0 (compatible; crawler)"
72.167.149.90 - - [29/Aug/2026:23:34:54 +0000] "POST /wp-cron.php?doing_wp_cron=1788046493.0041909217834472656250 HTTP/1.1" 499 0 "-" "WordPress/7.1; https://uslconsultation.com"
54.174.62.152 - - [29/Aug/2026:23:34:54 +0000] "HEAD / HTTP/1.1" 200 0 "-" "Mozilla/5.0 (Windows NT 10.0; Win64; x64) AppleWebKit/537.36 (KHTML, like Gecko) Chrome/144.0.0.0 Safari/537.36 (compatible; HubSpot DataHub; +https://www.hubspot.com)"
72.167.149.90 - - [29/Aug/2026:23:45:03 +0000] "POST /wp-cron.php?doing_wp_cron=1788047102.9046080112457275390625 HTTP/1.1" 499 0 "-" "WordPress/7.1; https://uslconsultation.com"
57.141.14.44 - - [29/Aug/2026:23:45:04 +0000] "GET /wp-sitemap.xml HTTP/1.1" 301 5 "-" "Mozilla/5.0 (Macintosh; Intel Mac OS X 10_15_7) AppleWebKit/537.36 (KHTML, like Gecko) Chrome/145.0.0.0 Safari/537.36 (compatible; meta-externalagent/1.1 (+https://developers.facebook.com/docs/sharing/webmasters/crawler))"
57.141.14.6 - - [29/Aug/2026:23:45:08 +0000] "GET /sitemaps.xml HTTP/1.1" 200 283 "-" "Mozilla/5.0 (Macintosh; Intel Mac OS X 10_15_7) AppleWebKit/537.36 (KHTML, like Gecko) Chrome/145.0.0.0 Safari/537.36 (compatible; meta-externalagent/1.1 (+https://developers.facebook.com/docs/sharing/webmasters/crawler))"
72.167.149.90 - - [29/Aug/2026:23:48:08 +0000] "POST /wp-cron.php?doing_wp_cron=1788047287.2013709545135498046875 HTTP/1.1" 499 0 "-" "WordPress/7.1; https://uslconsultation.com"
153.75.90.146 - - [29/Aug/2026:23:48:08 +0000] "GET / HTTP/1.1" 200 68909 "-" "Mozilla/5.0 (Windows NT 10.0; Win64; x64) AppleWebKit/537.36 (KHTML, like Gecko) Chrome/126.0.0.0 Safari/537.36"
153.75.90.146 - - [29/Aug/2026:23:48:13 +0000] "GET /ar/ HTTP/1.1" 200 91000 "-" "Mozilla/5.0 (Windows NT 10.0; Win64; x64) AppleWebKit/537.36 (KHTML, like Gecko) Chrome/126.0.0.0 Safari/537.36"
153.75.90.146 - - [29/Aug/2026:23:48:15 +0000] "POST /wp-admin/admin-ajax.php HTTP/1.1" 400 11 "-" "Mozilla/5.0 (Windows NT 10.0; Win64; x64) AppleWebKit/537.36 (KHTML, like Gecko) Chrome/126.0.0.0 Safari/537.36"
153.75.90.146 - - [29/Aug/2026:23:48:20 +0000] "GET /wp-json/wp/v2/users?per_page=100 HTTP/1.1" 200 678 "-" "Mozilla/5.0 (Windows NT 10.0; Win64; x64) AppleWebKit/537.36 (KHTML, like Gecko) Chrome/126.0.0.0 Safari/537.36"
153.75.90.146 - - [29/Aug/2026:23:48:24 +0000] "GET /?author=1 HTTP/1.1" 301 5 "-" "Mozilla/5.0 (Windows NT 10.0; Win64; x64) AppleWebKit/537.36 (KHTML, like Gecko) Chrome/126.0.0.0 Safari/537.36"
153.75.90.146 - - [29/Aug/2026:23:48:26 +0000] "GET /?author=2 HTTP/1.1" 200 53853 "-" "Mozilla/5.0 (Windows NT 10.0; Win64; x64) AppleWebKit/537.36 (KHTML, like Gecko) Chrome/126.0.0.0 Safari/537.36"
153.75.90.146 - - [29/Aug/2026:23:48:29 +0000] "GET /?author=3 HTTP/1.1" 404 50933 "-" "Mozilla/5.0 (Windows NT 10.0; Win64; x64) AppleWebKit/537.36 (KHTML, like Gecko) Chrome/126.0.0.0 Safari/537.36"
153.75.90.146 - - [29/Aug/2026:23:48:32 +0000] "GET /?author=4 HTTP/1.1" 404 50933 "-" "Mozilla/5.0 (Windows NT 10.0; Win64; x64) AppleWebKit/537.36 (KHTML, like Gecko) Chrome/126.0.0.0 Safari/537.36"
153.75.90.146 - - [29/Aug/2026:23:48:35 +0000] "GET /?author=5 HTTP/1.1" 404 50933 "-" "Mozilla/5.0 (Windows NT 10.0; Win64; x64) AppleWebKit/537.36 (KHTML, like Gecko) Chrome/126.0.0.0 Safari/537.36"
153.75.90.146 - - [29/Aug/2026:23:48:41 +0000] "GET /?author=6 HTTP/1.1" 404 50933 "-" "Mozilla/5.0 (Windows NT 10.0; Win64; x64) AppleWebKit/537.36 (KHTML, like Gecko) Chrome/126.0.0.0 Safari/537.36"
153.75.90.146 - - [29/Aug/2026:23:48:45 +0000] "GET /?author=7 HTTP/1.1" 404 50933 "-" "Mozilla/5.0 (Windows NT 10.0; Win64; x64) AppleWebKit/537.36 (KHTML, like Gecko) Chrome/126.0.0.0 Safari/537.36"
153.75.90.146 - - [29/Aug/2026:23:48:48 +0000] "GET /?author=8 HTTP/1.1" 404 50933 "-" "Mozilla/5.0 (Windows NT 10.0; Win64; x64) AppleWebKit/537.36 (KHTML, like Gecko) Chrome/126.0.0.0 Safari/537.36"
153.75.90.146 - - [29/Aug/2026:23:48:51 +0000] "GET /?author=9 HTTP/1.1" 404 50933 "-" "Mozilla/5.0 (Windows NT 10.0; Win64; x64) AppleWebKit/537.36 (KHTML, like Gecko) Chrome/126.0.0.0 Safari/537.36"
153.75.90.146 - - [29/Aug/2026:23:48:55 +0000] "GET /?author=10 HTTP/1.1" 404 50934 "-" "Mozilla/5.0 (Windows NT 10.0; Win64; x64) AppleWebKit/537.36 (KHTML, like Gecko) Chrome/126.0.0.0 Safari/537.36"
153.75.90.146 - - [29/Aug/2026:23:48:59 +0000] "GET /?author=11 HTTP/1.1" 404 50933 "-" "Mozilla/5.0 (Windows NT 10.0; Win64; x64) AppleWebKit/537.36 (KHTML, like Gecko) Chrome/126.0.0.0 Safari/537.36"
72.167.149.90 - - [29/Aug/2026:23:49:06 +0000] "POST /wp-cron.php?doing_wp_cron=1788047345.6948769092559814453125 HTTP/1.1" 499 0 "-" "WordPress/7.1; https://uslconsultation.com"
153.75.90.146 - - [29/Aug/2026:23:49:06 +0000] "GET /?author=12 HTTP/1.1" 404 50934 "-" "Mozilla/5.0 (Windows NT 10.0; Win64; x64) AppleWebKit/537.36 (KHTML, like Gecko) Chrome/126.0.0.0 Safari/537.36"
153.75.90.146 - - [29/Aug/2026:23:49:14 +0000] "GET /?author=13 HTTP/1.1" 404 50934 "-" "Mozilla/5.0 (Windows NT 10.0; Win64; x64) AppleWebKit/537.36 (KHTML, like Gecko) Chrome/126.0.0.0 Safari/537.36"
153.75.90.146 - - [29/Aug/2026:23:49:18 +0000] "GET /?author=14 HTTP/1.1" 404 50934 "-" "Mozilla/5.0 (Windows NT 10.0; Win64; x64) AppleWebKit/537.36 (KHTML, like Gecko) Chrome/126.0.0.0 Safari/537.36"
153.75.90.146 - - [29/Aug/2026:23:49:21 +0000] "GET /wp-json/wp/v2/users?per_page=100&page=1&context=embed HTTP/1.1" 200 619 "-" "Mozilla/5.0 (Windows NT 10.0; Win64; x64) AppleWebKit/537.36 (KHTML, like Gecko) Chrome/126.0.0.0 Safari/537.36"
153.75.90.146 - - [29/Aug/2026:23:49:23 +0000] "GET /wp-login.php?action=lostpassword HTTP/1.1" 200 1493 "-" "Mozilla/5.0 (Windows NT 10.0; Win64; x64) AppleWebKit/537.36 (KHTML, like Gecko) Chrome/126.0.0.0 Safari/537.36"
153.75.90.146 - - [29/Aug/2026:23:49:26 +0000] "POST /wp-login.php?action=lostpassword HTTP/1.1" 302 5 "-" "Mozilla/5.0 (Windows NT 10.0; Win64; x64) AppleWebKit/537.36 (KHTML, like Gecko) Chrome/126.0.0.0 Safari/537.36"
153.75.90.146 - - [29/Aug/2026:23:49:28 +0000] "GET /wp-login.php?action=lostpassword HTTP/1.1" 200 1493 "-" "Mozilla/5.0 (Windows NT 10.0; Win64; x64) AppleWebKit/537.36 (KHTML, like Gecko) Chrome/126.0.0.0 Safari/537.36"
216.73.217.6 - - [29/Aug/2026:23:49:30 +0000] "GET /robots.txt HTTP/1.1" 200 124 "-" "Mozilla/5.0 AppleWebKit/537.36 (KHTML, like Gecko; compatible; ClaudeBot/1.0; +claudebot@anthropic.com)"
153.75.90.146 - - [29/Aug/2026:23:49:31 +0000] "POST /wp-login.php?action=lostpassword HTTP/1.1" 200 1585 "-" "Mozilla/5.0 (Windows NT 10.0; Win64; x64) AppleWebKit/537.36 (KHTML, like Gecko) Chrome/126.0.0.0 Safari/537.36"
153.75.90.146 - - [29/Aug/2026:23:49:33 +0000] "GET /wp-login.php?action=lostpassword HTTP/1.1" 200 1493 "-" "Mozilla/5.0 (Windows NT 10.0; Win64; x64) AppleWebKit/537.36 (KHTML, like Gecko) Chrome/126.0.0.0 Safari/537.36"
216.73.217.6 - - [29/Aug/2026:23:49:33 +0000] "GET /sitemaps.xml HTTP/1.1" 200 284 "-" "Mozilla/5.0 AppleWebKit/537.36 (KHTML, like Gecko; compatible; ClaudeBot/1.0; +claudebot@anthropic.com)"
153.75.90.146 - - [29/Aug/2026:23:49:35 +0000] "POST /wp-login.php?action=lostpassword HTTP/1.1" 200 1577 "-" "Mozilla/5.0 (Windows NT 10.0; Win64; x64) AppleWebKit/537.36 (KHTML, like Gecko) Chrome/126.0.0.0 Safari/537.36"
153.75.90.146 - - [29/Aug/2026:23:49:38 +0000] "GET /wp-login.php?action=lostpassword HTTP/1.1" 200 1493 "-" "Mozilla/5.0 (Windows NT 10.0; Win64; x64) AppleWebKit/537.36 (KHTML, like Gecko) Chrome/126.0.0.0 Safari/537.36"
153.75.90.146 - - [29/Aug/2026:23:49:41 +0000] "POST /wp-login.php?action=lostpassword HTTP/1.1" 302 5 "-" "Mozilla/5.0 (Windows NT 10.0; Win64; x64) AppleWebKit/537.36 (KHTML, like Gecko) Chrome/126.0.0.0 Safari/537.36"
153.75.90.146 - - [29/Aug/2026:23:49:44 +0000] "POST /wp-content/plugins/translatepress-multilingual/includes/trp-ajax.php HTTP/1.1" 200 31 "-" "Mozilla/5.0 (Windows NT 10.0; Win64; x64) AppleWebKit/537.36 (KHTML, like Gecko) Chrome/126.0.0.0 Safari/537.36"
153.75.90.146 - - [29/Aug/2026:23:49:47 +0000] "POST /wp-content/plugins/translatepress/includes/trp-ajax.php HTTP/1.1" 404 50945 "-" "Mozilla/5.0 (Windows NT 10.0; Win64; x64) AppleWebKit/537.36 (KHTML, like Gecko) Chrome/126.0.0.0 Safari/537.36"
153.75.90.146 - - [29/Aug/2026:23:49:49 +0000] "GET /wp-login.php?action=lostpassword HTTP/1.1" 200 1493 "-" "Mozilla/5.0 (Windows NT 10.0; Win64; x64) AppleWebKit/537.36 (KHTML, like Gecko) Chrome/126.0.0.0 Safari/537.36"
153.75.90.146 - - [29/Aug/2026:23:49:54 +0000] "POST /wp-login.php?action=lostpassword HTTP/1.1" 302 5 "-" "Mozilla/5.0 (Windows NT 10.0; Win64; x64) AppleWebKit/537.36 (KHTML, like Gecko) Chrome/126.0.0.0 Safari/537.36"
153.75.90.146 - - [29/Aug/2026:23:49:58 +0000] "GET /wp-login.php?action=lostpassword HTTP/1.1" 200 1493 "-" "Mozilla/5.0 (Windows NT 10.0; Win64; x64) AppleWebKit/537.36 (KHTML, like Gecko) Chrome/126.0.0.0 Safari/537.36"
72.167.149.90 - - [29/Aug/2026:23:50:02 +0000] "POST /wp-cron.php?doing_wp_cron=1788047401.1483349800109863281250 HTTP/1.1" 499 0 "-" "WordPress/7.1; https://uslconsultation.com"
153.75.90.146 - - [29/Aug/2026:23:50:02 +0000] "POST /wp-login.php?action=lostpassword HTTP/1.1" 200 1585 "-" "Mozilla/5.0 (Windows NT 10.0; Win64; x64) AppleWebKit/537.36 (KHTML, like Gecko) Chrome/126.0.0.0 Safari/537.36"
153.75.90.146 - - [29/Aug/2026:23:50:08 +0000] "GET /wp-login.php?action=lostpassword HTTP/1.1" 200 1493 "-" "Mozilla/5.0 (Windows NT 10.0; Win64; x64) AppleWebKit/537.36 (KHTML, like Gecko) Chrome/126.0.0.0 Safari/537.36"
153.75.90.146 - - [29/Aug/2026:23:50:11 +0000] "POST /wp-login.php?action=lostpassword HTTP/1.1" 200 1577 "-" "Mozilla/5.0 (Windows NT 10.0; Win64; x64) AppleWebKit/537.36 (KHTML, like Gecko) Chrome/126.0.0.0 Safari/537.36"
153.75.90.146 - - [29/Aug/2026:23:50:14 +0000] "GET /wp-login.php?action=lostpassword HTTP/1.1" 200 1493 "-" "Mozilla/5.0 (Windows NT 10.0; Win64; x64) AppleWebKit/537.36 (KHTML, like Gecko) Chrome/126.0.0.0 Safari/537.36"
153.75.90.146 - - [29/Aug/2026:23:50:19 +0000] "POST /wp-login.php?action=lostpassword HTTP/1.1" 302 5 "-" "Mozilla/5.0 (Windows NT 10.0; Win64; x64) AppleWebKit/537.36 (KHTML, like Gecko) Chrome/126.0.0.0 Safari/537.36"
153.75.90.146 - - [29/Aug/2026:23:50:24 +0000] "POST /wp-content/plugins/translatepress-multilingual/includes/trp-ajax.php HTTP/1.1" 200 31 "-" "Mozilla/5.0 (Windows NT 10.0; Win64; x64) AppleWebKit/537.36 (KHTML, like Gecko) Chrome/126.0.0.0 Safari/537.36"
153.75.90.146 - - [29/Aug/2026:23:50:27 +0000] "POST /wp-content/plugins/translatepress/includes/trp-ajax.php HTTP/1.1" 404 50945 "-" "Mozilla/5.0 (Windows NT 10.0; Win64; x64) AppleWebKit/537.36 (KHTML, like Gecko) Chrome/126.0.0.0 Safari/537.36"
153.75.90.146 - - [29/Aug/2026:23:50:29 +0000] "GET /wp-login.php?action=lostpassword HTTP/1.1" 200 1493 "-" "Mozilla/5.0 (Windows NT 10.0; Win64; x64) AppleWebKit/537.36 (KHTML, like Gecko) Chrome/126.0.0.0 Safari/537.36"
153.75.90.146 - - [29/Aug/2026:23:50:31 +0000] "POST /wp-login.php?action=lostpassword HTTP/1.1" 302 5 "-" "Mozilla/5.0 (Windows NT 10.0; Win64; x64) AppleWebKit/537.36 (KHTML, like Gecko) Chrome/126.0.0.0 Safari/537.36"
153.75.90.146 - - [29/Aug/2026:23:50:33 +0000] "GET /wp-login.php?action=lostpassword HTTP/1.1" 200 1493 "-" "Mozilla/5.0 (Windows NT 10.0; Win64; x64) AppleWebKit/537.36 (KHTML, like Gecko) Chrome/126.0.0.0 Safari/537.36"
153.75.90.146 - - [29/Aug/2026:23:50:34 +0000] "POST /wp-login.php?action=lostpassword HTTP/1.1" 200 1585 "-" "Mozilla/5.0 (Windows NT 10.0; Win64; x64) AppleWebKit/537.36 (KHTML, like Gecko) Chrome/126.0.0.0 Safari/537.36"
153.75.90.146 - - [29/Aug/2026:23:50:36 +0000] "GET /wp-login.php?action=lostpassword HTTP/1.1" 200 1493 "-" "Mozilla/5.0 (Windows NT 10.0; Win64; x64) AppleWebKit/537.36 (KHTML, like Gecko) Chrome/126.0.0.0 Safari/537.36"
153.75.90.146 - - [29/Aug/2026:23:50:37 +0000] "POST /wp-login.php?action=lostpassword HTTP/1.1" 200 1577 "-" "Mozilla/5.0 (Windows NT 10.0; Win64; x64) AppleWebKit/537.36 (KHTML, like Gecko) Chrome/126.0.0.0 Safari/537.36"
153.75.90.146 - - [29/Aug/2026:23:50:38 +0000] "GET /wp-login.php?action=lostpassword HTTP/1.1" 200 1493 "-" "Mozilla/5.0 (Windows NT 10.0; Win64; x64) AppleWebKit/537.36 (KHTML, like Gecko) Chrome/126.0.0.0 Safari/537.36"
153.75.90.146 - - [29/Aug/2026:23:50:40 +0000] "POST /wp-login.php?action=lostpassword HTTP/1.1" 302 5 "-" "Mozilla/5.0 (Windows NT 10.0; Win64; x64) AppleWebKit/537.36 (KHTML, like Gecko) Chrome/126.0.0.0 Safari/537.36"
153.75.90.146 - - [29/Aug/2026:23:50:46 +0000] "POST /wp-content/plugins/translatepress-multilingual/includes/trp-ajax.php HTTP/1.1" 200 0 "-" "Mozilla/5.0 (Windows NT 10.0; Win64; x64) AppleWebKit/537.36 (KHTML, like Gecko) Chrome/126.0.0.0 Safari/537.36"
153.75.90.146 - - [29/Aug/2026:23:50:48 +0000] "POST /wp-content/plugins/translatepress/includes/trp-ajax.php HTTP/1.1" 404 50945 "-" "Mozilla/5.0 (Windows NT 10.0; Win64; x64) AppleWebKit/537.36 (KHTML, like Gecko) Chrome/126.0.0.0 Safari/537.36"
57.141.14.34 - - [30/Aug/2026:00:09:42 +0000] "GET /wp-content/uploads/elementor/css/custom-frontend.min.css?ver=1787884610 HTTP/1.1" 200 7463 "https://uslconsultation.com/team/" "Mozilla/5.0 (Windows NT 10.0; Win64; x64) AppleWebKit/537.36 (KHTML, like Gecko) Chrome/145.0.0.0 Safari/537.36 (compatible; meta-externalagent/1.1 (+https://developers.facebook.com/docs/sharing/webmasters/crawler))"
57.141.14.37 - - [30/Aug/2026:00:09:42 +0000] "GET /wp-content/plugins/alpus-aprs/plugin-framework/assets/css/base.min.css?ver=1.2.0 HTTP/1.1" 200 4336 "https://uslconsultation.com/team/" "Mozilla/5.0 (Windows NT 10.0; Win64; x64) AppleWebKit/537.36 (KHTML, like Gecko) Chrome/145.0.0.0 Safari/537.36 (compatible; meta-externalagent/1.1 (+https://developers.facebook.com/docs/sharing/webmasters/crawler))"
57.141.14.96 - - [30/Aug/2026:00:09:42 +0000] "GET /wp-content/plugins/porto-functionality/builders/assets/type-builder.css?ver=3.7.2 HTTP/1.1" 200 2484 "https://uslconsultation.com/team/" "Mozilla/5.0 (Windows NT 10.0; Win64; x64) AppleWebKit/537.36 (KHTML, like Gecko) Chrome/145.0.0.0 Safari/537.36 (compatible; meta-externalagent/1.1 (+https://developers.facebook.com/docs/sharing/webmasters/crawler))"
57.141.14.68 - - [30/Aug/2026:00:09:42 +0000] "GET /wp-content/plugins/elementor/assets/lib/animations/styles/e-animation-grow.min.css?ver=4.2.3 HTTP/1.1" 200 198 "https://uslconsultation.com/team/" "Mozilla/5.0 (Windows NT 10.0; Win64; x64) AppleWebKit/537.36 (KHTML, like Gecko) Chrome/145.0.0.0 Safari/537.36 (compatible; meta-externalagent/1.1 (+https://developers.facebook.com/docs/sharing/webmasters/crawler))"
57.141.14.34 - - [30/Aug/2026:00:09:42 +0000] "GET /wp-includes/js/jquery/jquery-migrate.min.js?ver=3.4.1 HTTP/1.1" 200 4894 "https://uslconsultation.com/team/" "Mozilla/5.0 (Windows NT 10.0; Win64; x64) AppleWebKit/537.36 (KHTML, like Gecko) Chrome/145.0.0.0 Safari/537.36 (compatible; meta-externalagent/1.1 (+https://developers.facebook.com/docs/sharing/webmasters/crawler))"
57.141.14.21 - - [30/Aug/2026:00:09:43 +0000] "GET /wp-content/uploads/2021/02/Omar-new-photo-3-e1766587268315.jpg HTTP/1.1" 200 37571 "https://uslconsultation.com/team/" "Mozilla/5.0 (Windows NT 10.0; Win64; x64) AppleWebKit/537.36 (KHTML, like Gecko) Chrome/145.0.0.0 Safari/537.36 (compatible; meta-externalagent/1.1 (+https://developers.facebook.com/docs/sharing/webmasters/crawler))"
57.141.14.34 - - [30/Aug/2026:00:09:43 +0000] "GET /wp-content/uploads/2021/02/Basel.png HTTP/1.1" 200 1292739 "https://uslconsultation.com/team/" "Mozilla/5.0 (Windows NT 10.0; Win64; x64) AppleWebKit/537.36 (KHTML, like Gecko) Chrome/145.0.0.0 Safari/537.36 (compatible; meta-externalagent/1.1 (+https://developers.facebook.com/docs/sharing/webmasters/crawler))"
57.141.14.14 - - [30/Aug/2026:00:09:43 +0000] "GET /wp-content/uploads/2021/02/Yahya-Alhassan.png HTTP/1.1" 200 522967 "https://uslconsultation.com/team/" "Mozilla/5.0 (Windows NT 10.0; Win64; x64) AppleWebKit/537.36 (KHTML, like Gecko) Chrome/145.0.0.0 Safari/537.36 (compatible; meta-externalagent/1.1 (+https://developers.facebook.com/docs/sharing/webmasters/crawler))"
57.141.14.13 - - [30/Aug/2026:00:09:43 +0000] "GET /wp-content/uploads/2021/02/Manal-Kalfa.png HTTP/1.1" 200 508131 "https://uslconsultation.com/team/" "Mozilla/5.0 (Windows NT 10.0; Win64; x64) AppleWebKit/537.36 (KHTML, like Gecko) Chrome/145.0.0.0 Safari/537.36 (compatible; meta-externalagent/1.1 (+https://developers.facebook.com/docs/sharing/webmasters/crawler))"
57.141.14.27 - - [30/Aug/2026:00:09:43 +0000] "GET /wp-content/uploads/2021/02/samer.png HTTP/1.1" 200 339425 "https://uslconsultation.com/team/" "Mozilla/5.0 (Windows NT 10.0; Win64; x64) AppleWebKit/537.36 (KHTML, like Gecko) Chrome/145.0.0.0 Safari/537.36 (compatible; meta-externalagent/1.1 (+https://developers.facebook.com/docs/sharing/webmasters/crawler))"
72.167.149.90 - - [30/Aug/2026:00:09:43 +0000] "POST /wp-cron.php?doing_wp_cron=1788048582.2456600666046142578125 HTTP/1.1" 499 0 "-" "WordPress/7.1; https://uslconsultation.com"
57.141.14.62 - - [30/Aug/2026:00:09:43 +0000] "GET /team/ HTTP/1.1" 200 59578 "-" "Mozilla/5.0 (Windows NT 10.0; Win64; x64) AppleWebKit/537.36 (KHTML, like Gecko) Chrome/145.0.0.0 Safari/537.36 (compatible; meta-externalagent/1.1 (+https://developers.facebook.com/docs/sharing/webmasters/crawler))"
57.141.14.26 - - [30/Aug/2026:00:09:43 +0000] "GET /wp-content/uploads/elementor/css/post-3952.css?ver=1787904531 HTTP/1.1" 200 223 "https://uslconsultation.com/team/" "Mozilla/5.0 (Windows NT 10.0; Win64; x64) AppleWebKit/537.36 (KHTML, like Gecko) Chrome/145.0.0.0 Safari/537.36 (compatible; meta-externalagent/1.1 (+https://developers.facebook.com/docs/sharing/webmasters/crawler))"
57.141.14.19 - - [30/Aug/2026:00:09:43 +0000] "GET /wp-content/themes/porto/js/libs/isotope.pkgd.min.js?ver=3.0.6 HTTP/1.1" 200 9989 "https://uslconsultation.com/team/" "Mozilla/5.0 (Windows NT 10.0; Win64; x64) AppleWebKit/537.36 (KHTML, like Gecko) Chrome/145.0.0.0 Safari/537.36 (compatible; meta-externalagent/1.1 (+https://developers.facebook.com/docs/sharing/webmasters/crawler))"
57.141.14.5 - - [30/Aug/2026:00:09:43 +0000] "GET /wp-content/themes/porto/js/member-async.min.js?ver=7.7.2 HTTP/1.1" 200 1057 "https://uslconsultation.com/team/" "Mozilla/5.0 (Windows NT 10.0; Win64; x64) AppleWebKit/537.36 (KHTML, like Gecko) Chrome/145.0.0.0 Safari/537.36 (compatible; meta-externalagent/1.1 (+https://developers.facebook.com/docs/sharing/webmasters/crawler))"
57.141.14.31 - - [30/Aug/2026:00:09:43 +0000] "GET /wp-content/themes/porto/inc/lib/infinite-scroll/infinite-scroll.min.js?ver=7.7.2 HTTP/1.1" 200 3393 "https://uslconsultation.com/team/" "Mozilla/5.0 (Windows NT 10.0; Win64; x64) AppleWebKit/537.36 (KHTML, like Gecko) Chrome/145.0.0.0 Safari/537.36 (compatible; meta-externalagent/1.1 (+https://developers.facebook.com/docs/sharing/webmasters/crawler))"
57.141.14.44 - - [30/Aug/2026:00:09:44 +0000] "GET /wp-content/uploads/2025/11/cropped-USL-NEW-May-2023-Gray-32x32.png HTTP/1.1" 200 1321 "https://uslconsultation.com/team/" "Mozilla/5.0 (Windows NT 10.0; Win64; x64) AppleWebKit/537.36 (KHTML, like Gecko) Chrome/145.0.0.0 Safari/537.36 (compatible; meta-externalagent/1.1 (+https://developers.facebook.com/docs/sharing/webmasters/crawler))"
57.141.14.56 - - [30/Aug/2026:00:09:45 +0000] "POST /?wc-ajax=get_refreshed_fragments HTTP/1.1" 200 589 "https://uslconsultation.com/team/" "Mozilla/5.0 (Windows NT 10.0; Win64; x64) AppleWebKit/537.36 (KHTML, like Gecko) Chrome/145.0.0.0 Safari/537.36 (compatible; meta-externalagent/1.1 (+https://developers.facebook.com/docs/sharing/webmasters/crawler))"
57.141.14.113 - - [30/Aug/2026:00:09:59 +0000] "GET /team/null HTTP/1.1" 404 50935 "https://uslconsultation.com/team/" "Mozilla/5.0 (Windows NT 10.0; Win64; x64) AppleWebKit/537.36 (KHTML, like Gecko) Chrome/145.0.0.0 Safari/537.36 (compatible; meta-externalagent/1.1 (+https://developers.facebook.com/docs/sharing/webmasters/crawler))"
72.167.149.90 - - [30/Aug/2026:00:11:54 +0000] "GET /wp-content/uploads/2025/12/business-people-meeting-business-team-ma--scaled-e1766359954146.jpg HTTP/1.1" 200 253003 "-" "-"
72.167.149.90 - - [30/Aug/2026:00:11:55 +0000] "POST /wp-cron.php?doing_wp_cron=1788048714.7223000526428222656250 HTTP/1.1" 499 0 "-" "WordPress/7.1; https://uslconsultation.com"
57.141.14.45 - - [30/Aug/2026:00:11:55 +0000] "GET /2025/12/21/how-to-structure-a-business-expansion-strategy-in-emerging-markets-2/ HTTP/1.1" 200 57543 "-" "Mozilla/5.0 (Windows NT 10.0; Win64; x64) AppleWebKit/537.36 (KHTML, like Gecko) Chrome/145.0.0.0 Safari/537.36 (compatible; meta-externalagent/1.1 (+https://developers.facebook.com/docs/sharing/webmasters/crawler))"
72.167.149.90 - - [30/Aug/2026:00:15:38 +0000] "POST /wp-cron.php?doing_wp_cron=1788048937.4912021160125732421875 HTTP/1.1" 499 0 "-" "WordPress/7.1; https://uslconsultation.com"
162.0.232.67 - - [30/Aug/2026:00:15:38 +0000] "GET /wp-login.php HTTP/1.1" 200 4200 "-" "Mozilla/5.0 (Windows NT 10.0; Win64; x64) AppleWebKit/537.36 (KHTML, like Gecko) Chrome/151.0.0.0 Safari/537.36"
162.0.232.67 - - [30/Aug/2026:00:15:43 +0000] "POST /wp-login.php HTTP/1.1" 200 4303 "https://mail.uslconsultation.com/wp-login.php" "Mozilla/5.0 (Windows NT 10.0; Win64; x64) AppleWebKit/537.36 (KHTML, like Gecko) Chrome/151.0.0.0 Safari/537.36"
72.167.149.90 - - [30/Aug/2026:00:20:23 +0000] "POST /wp-cron.php?doing_wp_cron=1788049222.4572710990905761718750 HTTP/1.1" 499 0 "-" "WordPress/7.1; https://uslconsultation.com"
74.7.241.37 - - [30/Aug/2026:00:20:23 +0000] "GET /sitemaps.xml HTTP/1.1" 200 283 "-" "Mozilla/5.0 AppleWebKit/537.36 (KHTML, like Gecko; compatible; GPTBot/1.4; +https://openai.com/gptbot)"
72.167.149.90 - - [30/Aug/2026:00:21:39 +0000] "POST /wp-cron.php?doing_wp_cron=1788049297.9948680400848388671875 HTTP/1.1" 499 0 "-" "WordPress/7.1; https://uslconsultation.com"
207.180.19.106 - - [30/Aug/2026:00:21:39 +0000] "GET / HTTP/1.1" 200 68913 "-" "Mozilla/5.0 (Windows NT 10.0; Win64; x64) AppleWebKit/537.36 (KHTML, like Gecko) Chrome/126.0.0.0 Safari/537.36"
207.180.19.106 - - [30/Aug/2026:00:21:45 +0000] "GET /ar/ HTTP/1.1" 200 90999 "-" "Mozilla/5.0 (Windows NT 10.0; Win64; x64) AppleWebKit/537.36 (KHTML, like Gecko) Chrome/126.0.0.0 Safari/537.36"
207.180.19.106 - - [30/Aug/2026:00:21:49 +0000] "POST /wp-admin/admin-ajax.php HTTP/1.1" 400 11 "-" "Mozilla/5.0 (Windows NT 10.0; Win64; x64) AppleWebKit/537.36 (KHTML, like Gecko) Chrome/126.0.0.0 Safari/537.36"
207.180.19.106 - - [30/Aug/2026:00:21:54 +0000] "GET /wp-json/wp/v2/users?per_page=100 HTTP/1.1" 200 678 "-" "Mozilla/5.0 (Windows NT 10.0; Win64; x64) AppleWebKit/537.36 (KHTML, like Gecko) Chrome/126.0.0.0 Safari/537.36"
207.180.19.106 - - [30/Aug/2026:00:21:57 +0000] "GET /?author=1 HTTP/1.1" 301 5 "-" "Mozilla/5.0 (Windows NT 10.0; Win64; x64) AppleWebKit/537.36 (KHTML, like Gecko) Chrome/126.0.0.0 Safari/537.36"
72.167.149.90 - - [30/Aug/2026:00:22:05 +0000] "POST /wp-cron.php?doing_wp_cron=1788049324.6720778942108154296875 HTTP/1.1" 499 0 "-" "WordPress/7.1; https://uslconsultation.com"
207.180.19.106 - - [30/Aug/2026:00:22:05 +0000] "GET /?author=2 HTTP/1.1" 200 53849 "-" "Mozilla/5.0 (Windows NT 10.0; Win64; x64) AppleWebKit/537.36 (KHTML, like Gecko) Chrome/126.0.0.0 Safari/537.36"
207.180.19.106 - - [30/Aug/2026:00:22:14 +0000] "GET /?author=3 HTTP/1.1" 404 50933 "-" "Mozilla/5.0 (Windows NT 10.0; Win64; x64) AppleWebKit/537.36 (KHTML, like Gecko) Chrome/126.0.0.0 Safari/537.36"
207.180.19.106 - - [30/Aug/2026:00:22:19 +0000] "GET /?author=4 HTTP/1.1" 404 50933 "-" "Mozilla/5.0 (Windows NT 10.0; Win64; x64) AppleWebKit/537.36 (KHTML, like Gecko) Chrome/126.0.0.0 Safari/537.36"
207.180.19.106 - - [30/Aug/2026:00:22:22 +0000] "GET /?author=5 HTTP/1.1" 404 50933 "-" "Mozilla/5.0 (Windows NT 10.0; Win64; x64) AppleWebKit/537.36 (KHTML, like Gecko) Chrome/126.0.0.0 Safari/537.36"
207.180.19.106 - - [30/Aug/2026:00:22:25 +0000] "GET /?author=6 HTTP/1.1" 404 50933 "-" "Mozilla/5.0 (Windows NT 10.0; Win64; x64) AppleWebKit/537.36 (KHTML, like Gecko) Chrome/126.0.0.0 Safari/537.36"
207.180.19.106 - - [30/Aug/2026:00:22:29 +0000] "GET /?author=7 HTTP/1.1" 404 50933 "-" "Mozilla/5.0 (Windows NT 10.0; Win64; x64) AppleWebKit/537.36 (KHTML, like Gecko) Chrome/126.0.0.0 Safari/537.36"
207.180.19.106 - - [30/Aug/2026:00:22:34 +0000] "GET /?author=8 HTTP/1.1" 404 50933 "-" "Mozilla/5.0 (Windows NT 10.0; Win64; x64) AppleWebKit/537.36 (KHTML, like Gecko) Chrome/126.0.0.0 Safari/537.36"
207.180.19.106 - - [30/Aug/2026:00:22:38 +0000] "GET /?author=9 HTTP/1.1" 404 50933 "-" "Mozilla/5.0 (Windows NT 10.0; Win64; x64) AppleWebKit/537.36 (KHTML, like Gecko) Chrome/126.0.0.0 Safari/537.36"
207.180.19.106 - - [30/Aug/2026:00:22:42 +0000] "GET /?author=10 HTTP/1.1" 404 50934 "-" "Mozilla/5.0 (Windows NT 10.0; Win64; x64) AppleWebKit/537.36 (KHTML, like Gecko) Chrome/126.0.0.0 Safari/537.36"
207.180.19.106 - - [30/Aug/2026:00:22:45 +0000] "GET /?author=11 HTTP/1.1" 404 50933 "-" "Mozilla/5.0 (Windows NT 10.0; Win64; x64) AppleWebKit/537.36 (KHTML, like Gecko) Chrome/126.0.0.0 Safari/537.36"
207.180.19.106 - - [30/Aug/2026:00:22:49 +0000] "GET /?author=12 HTTP/1.1" 404 50934 "-" "Mozilla/5.0 (Windows NT 10.0; Win64; x64) AppleWebKit/537.36 (KHTML, like Gecko) Chrome/126.0.0.0 Safari/537.36"
207.180.19.106 - - [30/Aug/2026:00:22:53 +0000] "GET /?author=13 HTTP/1.1" 404 50934 "-" "Mozilla/5.0 (Windows NT 10.0; Win64; x64) AppleWebKit/537.36 (KHTML, like Gecko) Chrome/126.0.0.0 Safari/537.36"
207.180.19.106 - - [30/Aug/2026:00:22:58 +0000] "GET /?author=14 HTTP/1.1" 404 50934 "-" "Mozilla/5.0 (Windows NT 10.0; Win64; x64) AppleWebKit/537.36 (KHTML, like Gecko) Chrome/126.0.0.0 Safari/537.36"
72.167.149.90 - - [30/Aug/2026:00:23:03 +0000] "POST /wp-cron.php?doing_wp_cron=1788049382.3580920696258544921875 HTTP/1.1" 499 0 "-" "WordPress/7.1; https://uslconsultation.com"
207.180.19.106 - - [30/Aug/2026:00:23:03 +0000] "GET /wp-json/wp/v2/users?per_page=100&page=1&context=embed HTTP/1.1" 200 619 "-" "Mozilla/5.0 (Windows NT 10.0; Win64; x64) AppleWebKit/537.36 (KHTML, like Gecko) Chrome/126.0.0.0 Safari/537.36"
