74.7.227.50 - - [02/Sep/2026:21:37:19 +0000] "GET /wp-content/uploads/elementor/css/custom-apple-webkit.min.css?ver=1788318013 HTTP/1.1" 200 567 "https://uslconsultation.com/" "Mozilla/5.0 AppleWebKit/537.36 (KHTML, like Gecko; compatible; GPTBot/1.4; +https://openai.com/gptbot)"
74.7.227.50 - - [02/Sep/2026:21:37:20 +0000] "GET /wp-content/uploads/elementor/css/post-9.css?ver=1788318017 HTTP/1.1" 200 6157 "https://uslconsultation.com/" "Mozilla/5.0 AppleWebKit/537.36 (KHTML, like Gecko; compatible; GPTBot/1.4; +https://openai.com/gptbot)"
72.167.149.90 - - [02/Sep/2026:21:42:51 +0000] "POST /wp-cron.php?doing_wp_cron=1788385370.4191370010375976562500 HTTP/1.1" 499 0 "-" "WordPress/7.1; https://uslconsultation.com"
216.73.217.0 - - [02/Sep/2026:21:42:51 +0000] "GET /robots.txt HTTP/1.1" 200 124 "-" "Mozilla/5.0 AppleWebKit/537.36 (KHTML, like Gecko; compatible; ClaudeBot/1.0; +claudebot@anthropic.com)"
216.73.217.0 - - [02/Sep/2026:21:42:53 +0000] "GET /sitemaps.xml HTTP/1.1" 200 284 "-" "Mozilla/5.0 AppleWebKit/537.36 (KHTML, like Gecko; compatible; ClaudeBot/1.0; +claudebot@anthropic.com)"
72.167.149.90 - - [02/Sep/2026:21:44:04 +0000] "POST /wp-cron.php?doing_wp_cron=1788385443.4100799560546875000000 HTTP/1.1" 499 0 "-" "WordPress/7.1; https://uslconsultation.com"
24.199.119.224 - - [02/Sep/2026:21:44:04 +0000] "GET /contact-us/ HTTP/1.1" 200 54039 "https://www.google.com/search?q=uslconsultation" "Mozilla/5.0 (Macintosh; Intel Mac OS X 10_15_7) AppleWebKit/537.36 (KHTML, like Gecko) Chrome/136.0.0.0 Safari/537.36"
195.2.79.165 - - [02/Sep/2026:21:44:47 +0000] "GET /2025/11/05/hello-world/ HTTP/1.0" 404 184529 "https://uslconsultation.com/2025/11/05/hello-world/#comment-168" "Mozilla/5.0 (Windows NT 10.0; Win64; x64) AppleWebKit/537.36 (KHTML, like Gecko) Chrome/130.0.0.0 Safari/537.36"
195.2.79.165 - - [02/Sep/2026:21:44:52 +0000] "GET /blog/ HTTP/1.0" 200 203550 "https://uslconsultation.com/blog/" "Mozilla/5.0 (Windows NT 10.0; Win64; x64) AppleWebKit/537.36 (KHTML, like Gecko) Chrome/130.0.0.0 Safari/537.36"
195.2.79.165 - - [02/Sep/2026:21:44:56 +0000] "GET /contact-us/ HTTP/1.0" 200 204846 "https://uslconsultation.com/contact-us/" "Mozilla/5.0 (Windows NT 10.0; Win64; x64) AppleWebKit/537.36 (KHTML, like Gecko) Chrome/130.0.0.0 Safari/537.36"
195.2.79.165 - - [02/Sep/2026:21:45:01 +0000] "POST /contact-us/ HTTP/1.0" 200 204936 "https://uslconsultation.com/contact-us/" "Mozilla/5.0 (Windows NT 10.0; Win64; x64) AppleWebKit/537.36 (KHTML, like Gecko) Chrome/130.0.0.0 Safari/537.36"
175.27.163.171 - - [02/Sep/2026:21:46:55 +0000] "GET / HTTP/1.1" 200 69132 "http://www.uslconsultation.com" "Mozilla/5.0 (iPhone; CPU iPhone OS 13_2_3 like Mac OS X) AppleWebKit/605.1.15 (KHTML, like Gecko) Version/13.0.3 Mobile/15E148 Safari/604.1"
51.81.165.209 - - [02/Sep/2026:22:04:25 +0000] "GET /buttons/ HTTP/1.1" 404 32367 "-" "Mozilla/5.0 (compatible; AhrefsBot/7.0; +http://ahrefs.com/robot/)"
72.167.149.90 - - [02/Sep/2026:22:04:26 +0000] "POST /wp-cron.php?doing_wp_cron=1788386665.3244540691375732421875 HTTP/1.1" 499 0 "-" "WordPress/7.1; https://uslconsultation.com"
72.167.149.90 - - [02/Sep/2026:22:20:37 +0000] "POST /wp-cron.php?doing_wp_cron=1788387636.7244400978088378906250 HTTP/1.1" 499 0 "-" "WordPress/7.1; https://uslconsultation.com/ar"
147.182.199.109 - - [02/Sep/2026:22:20:37 +0000] "GET /ar/ HTTP/1.1" 200 91030 "https://www.google.com/search?q=uslconsultation" "Mozilla/5.0 (Macintosh; Intel Mac OS X 10_15_7) AppleWebKit/537.36 (KHTML, like Gecko) Chrome/138.0.0.0 Safari/537.36"
129.146.167.164 - - [02/Sep/2026:22:21:06 +0000] "GET /wp-json/wp/v2/posts/5257 HTTP/1.1" 499 0 "-" "Mozilla/5.0 (X11; Linux aarch64) AppleWebKit/537.36 (KHTML, like Gecko) Chrome/139.0.0.0 Safari/537.36"
72.167.149.90 - - [02/Sep/2026:22:21:10 +0000] "POST /wp-cron.php?doing_wp_cron=1788387669.3167209625244140625000 HTTP/1.1" 499 0 "-" "WordPress/7.1; https://uslconsultation.com"
72.167.149.90 - - [02/Sep/2026:22:31:52 +0000] "POST /wp-cron.php?doing_wp_cron=1788388311.3420488834381103515625 HTTP/1.1" 499 0 "-" "WordPress/7.1; https://uslconsultation.com/ar"
51.81.170.7 - - [02/Sep/2026:22:31:52 +0000] "GET /ar/comments/feed/ HTTP/1.1" 304 0 "-" "Mozilla/5.0 (compatible; AhrefsBot/7.0; +http://ahrefs.com/robot/)"
72.167.149.90 - - [02/Sep/2026:22:34:57 +0000] "GET /wp-content/uploads/2025/12/Measurable-Growth-scaled-e1766361107230.jpg HTTP/1.1" 200 79111 "-" "-"
72.167.149.90 - - [02/Sep/2026:22:34:59 +0000] "POST /wp-cron.php?doing_wp_cron=1788388498.5533709526062011718750 HTTP/1.1" 499 0 "-" "WordPress/7.1; https://uslconsultation.com"
188.80.92.154 - - [02/Sep/2026:22:34:59 +0000] "GET /2025/12/21/how-consulting-firms-drive-measurable-growth-for-smes/ HTTP/1.1" 200 56870 "-" "Mozilla/5.0 (Macintosh; Intel Mac OS X 14_5_0) AppleWebKit/537.36 (KHTML, like Gecko) Chrome/133.0.6943.98 Safari/537.36"
72.167.149.90 - - [02/Sep/2026:22:37:13 +0000] "GET /wp-content/uploads/2025/12/KPIs-scaled-e1766361387995.jpg HTTP/1.1" 200 132397 "-" "-"
72.167.149.90 - - [02/Sep/2026:22:37:14 +0000] "POST /wp-cron.php?doing_wp_cron=1788388633.7627520561218261718750 HTTP/1.1" 499 0 "-" "WordPress/7.1; https://uslconsultation.com"
165.232.153.130 - - [02/Sep/2026:22:37:14 +0000] "GET /2025/12/21/building-kpis-that-actually-improve-performance/ HTTP/1.1" 200 56700 "https://www.google.com/search?q=uslconsultation" "Mozilla/5.0 (Macintosh; Intel Mac OS X 10_15_7) AppleWebKit/537.36 (KHTML, like Gecko) Chrome/141.0.0.0 Safari/537.36"
72.167.149.90 - - [02/Sep/2026:22:41:17 +0000] "POST /wp-cron.php?doing_wp_cron=1788388876.2603170871734619140625 HTTP/1.1" 499 0 "-" "WordPress/7.1; https://uslconsultation.com/ar"
141.148.151.77 - - [02/Sep/2026:22:41:17 +0000] "GET /ar/wp-json/wp/v2/posts/5266 HTTP/1.1" 200 3211 "-" "Mozilla/5.0 (X11; Linux aarch64) AppleWebKit/537.36 (KHTML, like Gecko) Chrome/139.0.0.0 Safari/537.36"
141.148.151.77 - - [02/Sep/2026:22:41:20 +0000] "GET /ar/wp-json/wp/v2/posts/5266 HTTP/1.1" 200 3211 "-" "Mozilla/5.0 (X11; Linux aarch64) AppleWebKit/537.36 (KHTML, like Gecko) Chrome/139.0.0.0 Safari/537.36"
72.167.149.90 - - [02/Sep/2026:22:57:30 +0000] "POST /wp-cron.php?doing_wp_cron=1788389849.3121058940887451171875 HTTP/1.1" 499 0 "-" "WordPress/7.1; https://uslconsultation.com"
161.153.87.113 - - [02/Sep/2026:22:57:30 +0000] "GET /wp-json/oembed/1.0/embed?url=https%3A%2F%2Fuslconsultation.com%2Fservice%2Fconsulting-services-in-networking-and-cybersecurity%2F HTTP/1.1" 200 1191 "-" "Mozilla/5.0 (X11; Linux aarch64) AppleWebKit/537.36 (KHTML, like Gecko) Chrome/139.0.0.0 Safari/537.36"
161.153.87.113 - - [02/Sep/2026:23:00:05 +0000] "GET /wp-json/oembed/1.0/embed?url=https%3A%2F%2Fuslconsultation.com%2Fservice%2Fconsulting-services-in-networking-and-cybersecurity%2F HTTP/1.1" 499 0 "-" "Mozilla/5.0 (X11; Linux aarch64) AppleWebKit/537.36 (KHTML, like Gecko) Chrome/139.0.0.0 Safari/537.36"
72.167.149.90 - - [02/Sep/2026:23:00:07 +0000] "POST /wp-cron.php?doing_wp_cron=1788390005.9796299934387207031250 HTTP/1.1" 499 0 "-" "WordPress/7.1; https://uslconsultation.com"
72.167.149.90 - - [02/Sep/2026:23:12:05 +0000] "POST /wp-cron.php?doing_wp_cron=1788390724.0786490440368652343750 HTTP/1.1" 499 0 "-" "WordPress/7.1; https://uslconsultation.com"
57.141.14.61 - - [02/Sep/2026:23:12:05 +0000] "GET /category/uncategorized/ HTTP/1.1" 200 53869 "-" "Mozilla/5.0 (Windows NT 10.0; Win64; x64) AppleWebKit/537.36 (KHTML, like Gecko) Chrome/145.0.0.0 Safari/537.36 (compatible; meta-externalagent/1.1 (+https://developers.facebook.com/docs/sharing/webmasters/crawler))"
35.205.235.152 - - [02/Sep/2026:23:15:56 +0000] "GET / HTTP/1.1" 200 68948 "-" "python-requests/2.32.5"
72.167.149.90 - - [02/Sep/2026:23:16:18 +0000] "POST /wp-cron.php?doing_wp_cron=1788390977.2759990692138671875000 HTTP/1.1" 499 0 "-" "WordPress/7.1; https://uslconsultation.com"
57.141.14.90 - - [02/Sep/2026:23:16:18 +0000] "GET /blog/ HTTP/1.1" 200 55416 "-" "Mozilla/5.0 (Windows NT 10.0; Win64; x64) AppleWebKit/537.36 (KHTML, like Gecko) Chrome/145.0.0.0 Safari/537.36 (compatible; meta-externalagent/1.1 (+https://developers.facebook.com/docs/sharing/webmasters/crawler))"
72.167.149.90 - - [02/Sep/2026:23:19:39 +0000] "POST /wp-cron.php?doing_wp_cron=1788391178.6170980930328369140625 HTTP/1.1" 499 0 "-" "WordPress/7.1; https://uslconsultation.com"
57.141.14.48 - - [02/Sep/2026:23:19:39 +0000] "GET /category/restaurant-business/ HTTP/1.1" 200 54911 "-" "Mozilla/5.0 (Macintosh; Intel Mac OS X 10_15_7) AppleWebKit/537.36 (KHTML, like Gecko) Chrome/145.0.0.0 Safari/537.36 (compatible; meta-externalagent/1.1 (+https://developers.facebook.com/docs/sharing/webmasters/crawler))"
72.167.149.90 - - [02/Sep/2026:23:22:25 +0000] "POST /wp-cron.php?doing_wp_cron=1788391344.1439609527587890625000 HTTP/1.1" 499 0 "-" "WordPress/7.1; https://uslconsultation.com"
178.20.43.173 - - [02/Sep/2026:23:22:25 +0000] "GET /2025/11/05/hello-world/ HTTP/1.0" 404 184529 "https://uslconsultation.com/2025/11/05/hello-world/#comment-168" "Mozilla/5.0 (Windows NT 10.0; Win64; x64) AppleWebKit/537.36 (KHTML, like Gecko) Chrome/130.0.0.0 Safari/537.36"
178.20.43.173 - - [02/Sep/2026:23:22:31 +0000] "GET /blog/ HTTP/1.0" 200 203550 "https://uslconsultation.com/blog/" "Mozilla/5.0 (Windows NT 10.0; Win64; x64) AppleWebKit/537.36 (KHTML, like Gecko) Chrome/130.0.0.0 Safari/537.36"
178.20.43.173 - - [02/Sep/2026:23:22:35 +0000] "GET /contact-us/ HTTP/1.0" 200 204846 "https://uslconsultation.com/contact-us/" "Mozilla/5.0 (Windows NT 10.0; Win64; x64) AppleWebKit/537.36 (KHTML, like Gecko) Chrome/130.0.0.0 Safari/537.36"
178.20.43.173 - - [02/Sep/2026:23:22:40 +0000] "POST /contact-us/ HTTP/1.0" 200 204936 "https://uslconsultation.com/contact-us/" "Mozilla/5.0 (Windows NT 10.0; Win64; x64) AppleWebKit/537.36 (KHTML, like Gecko) Chrome/130.0.0.0 Safari/537.36"
72.167.149.90 - - [02/Sep/2026:23:26:38 +0000] "POST /wp-cron.php?doing_wp_cron=1788391597.5210490226745605468750 HTTP/1.1" 499 0 "-" "WordPress/7.1; https://uslconsultation.com"
216.73.217.0 - - [02/Sep/2026:23:26:38 +0000] "GET /robots.txt HTTP/1.1" 200 124 "-" "Mozilla/5.0 AppleWebKit/537.36 (KHTML, like Gecko; compatible; ClaudeBot/1.0; +claudebot@anthropic.com)"
216.73.217.0 - - [02/Sep/2026:23:26:41 +0000] "GET /sitemaps.xml HTTP/1.1" 200 284 "-" "Mozilla/5.0 AppleWebKit/537.36 (KHTML, like Gecko; compatible; ClaudeBot/1.0; +claudebot@anthropic.com)"
72.167.149.90 - - [02/Sep/2026:23:40:12 +0000] "POST /wp-cron.php?doing_wp_cron=1788392411.6435799598693847656250 HTTP/1.1" 499 0 "-" "WordPress/7.1; https://uslconsultation.com/ar"
144.24.53.59 - - [02/Sep/2026:23:40:12 +0000] "GET /ar/member_cat/videos HTTP/1.1" 301 5 "-" "Mozilla/5.0 (X11; Linux aarch64) AppleWebKit/537.36 (KHTML, like Gecko) Chrome/139.0.0.0 Safari/537.36"
72.167.149.90 - - [02/Sep/2026:23:55:13 +0000] "POST /wp-cron.php?doing_wp_cron=1788393312.7835259437561035156250 HTTP/1.1" 499 0 "-" "WordPress/7.1; https://uslconsultation.com"
84.54.44.204 - - [02/Sep/2026:23:55:13 +0000] "GET /2025/11/05/hello-world/ HTTP/1.0" 404 184529 "https://uslconsultation.com/2025/11/05/hello-world/#comment-168" "Mozilla/5.0 (Windows NT 10.0; Win64; x64) AppleWebKit/537.36 (KHTML, like Gecko) Chrome/129.0.0.0 Safari/537.36"
84.54.44.204 - - [02/Sep/2026:23:55:16 +0000] "GET /blog/ HTTP/1.0" 200 203550 "https://uslconsultation.com/blog/" "Mozilla/5.0 (Windows NT 10.0; Win64; x64) AppleWebKit/537.36 (KHTML, like Gecko) Chrome/129.0.0.0 Safari/537.36"
84.54.44.204 - - [02/Sep/2026:23:55:20 +0000] "GET /contact-us/ HTTP/1.0" 200 204846 "https://uslconsultation.com/contact-us/" "Mozilla/5.0 (Windows NT 10.0; Win64; x64) AppleWebKit/537.36 (KHTML, like Gecko) Chrome/129.0.0.0 Safari/537.36"
84.54.44.204 - - [02/Sep/2026:23:55:25 +0000] "POST /contact-us/ HTTP/1.0" 200 204936 "https://uslconsultation.com/contact-us/" "Mozilla/5.0 (Windows NT 10.0; Win64; x64) AppleWebKit/537.36 (KHTML, like Gecko) Chrome/129.0.0.0 Safari/537.36"
72.167.149.90 - - [03/Sep/2026:00:03:57 +0000] "POST /wp-cron.php?doing_wp_cron=1788393836.3745019435882568359375 HTTP/1.1" 499 0 "-" "WordPress/7.1; https://uslconsultation.com/ar"
144.24.53.59 - - [03/Sep/2026:00:03:57 +0000] "GET /ar/member_cat/videos HTTP/1.1" 301 5 "-" "Mozilla/5.0 (X11; Linux aarch64) AppleWebKit/537.36 (KHTML, like Gecko) Chrome/139.0.0.0 Safari/537.36"
72.167.149.90 - - [03/Sep/2026:00:04:31 +0000] "POST /wp-cron.php?doing_wp_cron=1788393870.7958469390869140625000 HTTP/1.1" 499 0 "-" "WordPress/7.1; https://uslconsultation.com"
52.167.144.169 - - [03/Sep/2026:00:04:31 +0000] "GET /product-category/video-films/ HTTP/1.1" 404 50954 "-" "Mozilla/5.0 AppleWebKit/537.36 (KHTML, like Gecko; compatible; bingbot/2.0; +http://www.bing.com/bingbot.htm) Chrome/116.0.1938.76 Safari/537.36"
72.167.149.90 - - [03/Sep/2026:00:08:04 +0000] "POST /wp-cron.php?doing_wp_cron=1788394083.9449410438537597656250 HTTP/1.1" 499 0 "-" "WordPress/7.1; https://uslconsultation.com"
20.75.217.64 - - [03/Sep/2026:00:08:04 +0000] "GET /?author=1 HTTP/1.1" 301 5 "-" "Mozilla/5.0 (Windows NT 10.0; Win64; x64) AppleWebKit/537.36 (KHTML, like Gecko) Chrome/151.0.0.0 Safari/537.36"
20.75.217.64 - - [03/Sep/2026:00:08:07 +0000] "GET /author/beso4u/ HTTP/1.1" 200 55491 "https://uslconsultation.com/?author=1" "Mozilla/5.0 (Windows NT 10.0; Win64; x64) AppleWebKit/537.36 (KHTML, like Gecko) Chrome/151.0.0.0 Safari/537.36"
20.75.217.64 - - [03/Sep/2026:00:08:10 +0000] "GET /?author=2 HTTP/1.1" 200 53853 "-" "Mozilla/5.0 (Windows NT 10.0; Win64; x64) AppleWebKit/537.36 (KHTML, like Gecko) Chrome/151.0.0.0 Safari/537.36"
20.75.217.64 - - [03/Sep/2026:00:08:13 +0000] "GET /?author=3 HTTP/1.1" 404 50934 "-" "Mozilla/5.0 (Windows NT 10.0; Win64; x64) AppleWebKit/537.36 (KHTML, like Gecko) Chrome/151.0.0.0 Safari/537.36"
20.75.217.64 - - [03/Sep/2026:00:08:16 +0000] "GET /?author=4 HTTP/1.1" 404 50934 "-" "Mozilla/5.0 (Windows NT 10.0; Win64; x64) AppleWebKit/537.36 (KHTML, like Gecko) Chrome/151.0.0.0 Safari/537.36"
20.75.217.64 - - [03/Sep/2026:00:08:20 +0000] "GET /?author=5 HTTP/1.1" 404 50934 "-" "Mozilla/5.0 (Windows NT 10.0; Win64; x64) AppleWebKit/537.36 (KHTML, like Gecko) Chrome/151.0.0.0 Safari/537.36"
20.75.217.64 - - [03/Sep/2026:00:08:23 +0000] "GET /?author=6 HTTP/1.1" 404 50934 "-" "Mozilla/5.0 (Windows NT 10.0; Win64; x64) AppleWebKit/537.36 (KHTML, like Gecko) Chrome/151.0.0.0 Safari/537.36"
20.75.217.64 - - [03/Sep/2026:00:08:25 +0000] "GET /?author=7 HTTP/1.1" 404 50934 "-" "Mozilla/5.0 (Windows NT 10.0; Win64; x64) AppleWebKit/537.36 (KHTML, like Gecko) Chrome/151.0.0.0 Safari/537.36"
20.75.217.64 - - [03/Sep/2026:00:08:27 +0000] "GET /?author=8 HTTP/1.1" 404 50934 "-" "Mozilla/5.0 (Windows NT 10.0; Win64; x64) AppleWebKit/537.36 (KHTML, like Gecko) Chrome/151.0.0.0 Safari/537.36"
20.75.217.64 - - [03/Sep/2026:00:08:30 +0000] "GET /?author=9 HTTP/1.1" 404 50934 "-" "Mozilla/5.0 (Windows NT 10.0; Win64; x64) AppleWebKit/537.36 (KHTML, like Gecko) Chrome/151.0.0.0 Safari/537.36"
20.75.217.64 - - [03/Sep/2026:00:08:33 +0000] "GET /?author=10 HTTP/1.1" 404 50935 "-" "Mozilla/5.0 (Windows NT 10.0; Win64; x64) AppleWebKit/537.36 (KHTML, like Gecko) Chrome/151.0.0.0 Safari/537.36"
20.75.217.64 - - [03/Sep/2026:00:08:37 +0000] "GET /?author=11 HTTP/1.1" 404 50934 "-" "Mozilla/5.0 (Windows NT 10.0; Win64; x64) AppleWebKit/537.36 (KHTML, like Gecko) Chrome/151.0.0.0 Safari/537.36"
20.75.217.64 - - [03/Sep/2026:00:08:40 +0000] "GET /?author=12 HTTP/1.1" 404 50935 "-" "Mozilla/5.0 (Windows NT 10.0; Win64; x64) AppleWebKit/537.36 (KHTML, like Gecko) Chrome/151.0.0.0 Safari/537.36"
20.75.217.64 - - [03/Sep/2026:00:08:42 +0000] "GET /?author=13 HTTP/1.1" 404 50935 "-" "Mozilla/5.0 (Windows NT 10.0; Win64; x64) AppleWebKit/537.36 (KHTML, like Gecko) Chrome/151.0.0.0 Safari/537.36"
20.75.217.64 - - [03/Sep/2026:00:08:45 +0000] "GET /?author=14 HTTP/1.1" 404 50935 "-" "Mozilla/5.0 (Windows NT 10.0; Win64; x64) AppleWebKit/537.36 (KHTML, like Gecko) Chrome/151.0.0.0 Safari/537.36"
20.75.217.64 - - [03/Sep/2026:00:08:48 +0000] "GET /?author=15 HTTP/1.1" 404 50935 "-" "Mozilla/5.0 (Windows NT 10.0; Win64; x64) AppleWebKit/537.36 (KHTML, like Gecko) Chrome/151.0.0.0 Safari/537.36"
20.75.217.64 - - [03/Sep/2026:00:08:51 +0000] "GET /?author=16 HTTP/1.1" 404 50935 "-" "Mozilla/5.0 (Windows NT 10.0; Win64; x64) AppleWebKit/537.36 (KHTML, like Gecko) Chrome/151.0.0.0 Safari/537.36"
20.75.217.64 - - [03/Sep/2026:00:08:55 +0000] "GET /?author=17 HTTP/1.1" 404 50935 "-" "Mozilla/5.0 (Windows NT 10.0; Win64; x64) AppleWebKit/537.36 (KHTML, like Gecko) Chrome/151.0.0.0 Safari/537.36"
20.75.217.64 - - [03/Sep/2026:00:08:57 +0000] "GET /?author=18 HTTP/1.1" 404 50935 "-" "Mozilla/5.0 (Windows NT 10.0; Win64; x64) AppleWebKit/537.36 (KHTML, like Gecko) Chrome/151.0.0.0 Safari/537.36"
20.75.217.64 - - [03/Sep/2026:00:09:00 +0000] "GET /?author=19 HTTP/1.1" 404 50935 "-" "Mozilla/5.0 (Windows NT 10.0; Win64; x64) AppleWebKit/537.36 (KHTML, like Gecko) Chrome/151.0.0.0 Safari/537.36"
72.167.149.90 - - [03/Sep/2026:00:09:07 +0000] "POST /wp-cron.php?doing_wp_cron=1788394146.1506609916687011718750 HTTP/1.1" 499 0 "-" "WordPress/7.1; https://uslconsultation.com"
20.75.217.64 - - [03/Sep/2026:00:09:07 +0000] "GET /?author=20 HTTP/1.1" 404 50935 "-" "Mozilla/5.0 (Windows NT 10.0; Win64; x64) AppleWebKit/537.36 (KHTML, like Gecko) Chrome/151.0.0.0 Safari/537.36"
43.155.26.193 - - [03/Sep/2026:00:22:09 +0000] "GET / HTTP/1.1" 200 69128 "http://uslconsultation.com" "Mozilla/5.0 (iPhone; CPU iPhone OS 13_2_3 like Mac OS X) AppleWebKit/605.1.15 (KHTML, like Gecko) Version/13.0.3 Mobile/15E148 Safari/604.1"
72.167.149.90 - - [03/Sep/2026:00:28:06 +0000] "POST /wp-cron.php?doing_wp_cron=1788395285.7204399108886718750000 HTTP/1.1" 499 0 "-" "WordPress/7.1; https://uslconsultation.com"
74.7.227.50 - - [03/Sep/2026:00:28:06 +0000] "GET /sitemaps.xml HTTP/1.1" 200 283 "-" "Mozilla/5.0 AppleWebKit/537.36 (KHTML, like Gecko; compatible; GPTBot/1.4; +https://openai.com/gptbot)"
72.167.149.90 - - [03/Sep/2026:00:37:36 +0000] "POST /wp-cron.php?doing_wp_cron=1788395855.6399219036102294921875 HTTP/1.1" 499 0 "-" "WordPress/7.1; https://uslconsultation.com"
72.167.149.90 - - [03/Sep/2026:00:45:29 +0000] "POST /wp-cron.php?doing_wp_cron=1788396328.8720169067382812500000 HTTP/1.1" 499 0 "-" "WordPress/7.1; https://uslconsultation.com"
4.232.64.120 - - [03/Sep/2026:00:45:29 +0000] "GET / HTTP/1.1" 200 68948 "-" "Mozilla/5.0 (Windows NT 10.0; Win64; x64) AppleWebKit/537.36 (KHTML, like Gecko) Chrome/131.0.0.0 Safari/537.36"
49.51.196.42 - - [03/Sep/2026:01:26:04 +0000] "GET / HTTP/1.1" 200 69128 "http://www.uslconsultation.com" "Mozilla/5.0 (iPhone; CPU iPhone OS 13_2_3 like Mac OS X) AppleWebKit/605.1.15 (KHTML, like Gecko) Version/13.0.3 Mobile/15E148 Safari/604.1"
72.167.149.90 - - [03/Sep/2026:01:28:57 +0000] "POST /wp-cron.php?doing_wp_cron=1788398936.5817909240722656250000 HTTP/1.1" 499 0 "-" "WordPress/7.1; https://uslconsultation.com"
216.73.217.0 - - [03/Sep/2026:01:28:57 +0000] "GET /robots.txt HTTP/1.1" 200 124 "-" "Mozilla/5.0 AppleWebKit/537.36 (KHTML, like Gecko; compatible; ClaudeBot/1.0; +claudebot@anthropic.com)"
216.73.217.0 - - [03/Sep/2026:01:29:00 +0000] "GET /sitemaps.xml HTTP/1.1" 200 284 "-" "Mozilla/5.0 AppleWebKit/537.36 (KHTML, like Gecko; compatible; ClaudeBot/1.0; +claudebot@anthropic.com)"
72.167.149.90 - - [03/Sep/2026:01:39:10 +0000] "POST /wp-cron.php?doing_wp_cron=1788399549.0011019706726074218750 HTTP/1.1" 499 0 "-" "WordPress/7.1; https://uslconsultation.com"
63.141.253.98 - - [03/Sep/2026:01:39:10 +0000] "GET / HTTP/1.1" 200 68949 "-" "Mozilla/5.0 (Windows NT 10.0; Win64; x64) AppleWebKit/537.36 (KHTML, like Gecko) Chrome/103.0.0.0 Safari/537.36"
63.141.253.98 - - [03/Sep/2026:01:39:15 +0000] "GET / HTTP/1.1" 200 68952 "-" "Googlebot/2.1 (+http://www.googlebot.com/bot.html)"
72.167.149.90 - - [03/Sep/2026:01:39:35 +0000] "GET /wp-content/uploads/2025/12/the-franchise-decision-scaled-e1766360688802.jpg HTTP/1.1" 200 146678 "-" "-"
47.128.31.60 - - [03/Sep/2026:01:39:36 +0000] "GET /2025/12/21/choosing-the-right-market-entry-model-branch-franchise-or-license/ HTTP/1.1" 200 56932 "-" "Mozilla/5.0 (Linux; Android 5.0) AppleWebKit/537.36 (KHTML, like Gecko) Mobile Safari/537.36 (compatible; Bytespider; spider-feedback@bytedance.com)"
47.128.31.60 - - [03/Sep/2026:01:39:36 +0000] "GET /wp-includes/css/dist/block-library/style.min.css?ver=7.1 HTTP/1.1" 200 19656 "https://uslconsultation.com/2025/12/21/choosing-the-right-market-entry-model-branch-franchise-or-license/" "Mozilla/5.0 (Linux; Android 5.0) AppleWebKit/537.36 (KHTML, like Gecko) Mobile Safari/537.36 (compatible; Bytespider; spider-feedback@bytedance.com)"
47.128.31.60 - - [03/Sep/2026:01:39:37 +0000] "GET /wp-content/uploads/porto_styles/shortcodes.css?ver=7.7.2 HTTP/1.1" 200 27166 "https://uslconsultation.com/2025/12/21/choosing-the-right-market-entry-model-branch-franchise-or-license/" "Mozilla/5.0 (Linux; Android 5.0) AppleWebKit/537.36 (KHTML, like Gecko) Mobile Safari/537.36 (compatible; Bytespider; spider-feedback@bytedance.com)"
47.128.31.60 - - [03/Sep/2026:01:39:38 +0000] "GET /wp-content/uploads/elementor/css/post-4003.css?ver=7.7.2 HTTP/1.1" 200 705 "https://uslconsultation.com/2025/12/21/choosing-the-right-market-entry-model-branch-franchise-or-license/" "Mozilla/5.0 (Linux; Android 5.0) AppleWebKit/537.36 (KHTML, like Gecko) Mobile Safari/537.36 (compatible; Bytespider; spider-feedback@bytedance.com)"
47.128.31.60 - - [03/Sep/2026:01:39:38 +0000] "GET /wp-content/uploads/2025/12/the-franchise-decision-scaled-e1766360688802-600x401.jpg HTTP/1.1" 206 500 "https://uslconsultation.com/2025/12/21/choosing-the-right-market-entry-model-branch-franchise-or-license/" "Mozilla/5.0 (Linux; Android 5.0) AppleWebKit/537.36 (KHTML, like Gecko) Mobile Safari/537.36 (compatible; Bytespider; spider-feedback@bytedance.com)"
47.128.31.60 - - [03/Sep/2026:01:39:38 +0000] "GET /wp-content/plugins/cookieadmin/assets/images/cookieadmin_icon.svg HTTP/1.1" 206 500 "https://uslconsultation.com/2025/12/21/choosing-the-right-market-entry-model-branch-franchise-or-license/" "Mozilla/5.0 (Linux; Android 5.0) AppleWebKit/537.36 (KHTML, like Gecko) Mobile Safari/537.36 (compatible; Bytespider; spider-feedback@bytedance.com)"
47.128.31.60 - - [03/Sep/2026:01:39:38 +0000] "GET /wp-content/uploads/2025/11/Untitled-6-400x91.png HTTP/1.1" 206 500 "https://uslconsultation.com/2025/12/21/choosing-the-right-market-entry-model-branch-franchise-or-license/" "Mozilla/5.0 (Linux; Android 5.0) AppleWebKit/537.36 (KHTML, like Gecko) Mobile Safari/537.36 (compatible; Bytespider; spider-feedback@bytedance.com)"
47.128.31.60 - - [03/Sep/2026:01:39:38 +0000] "GET /wp-content/uploads/2021/02/background-4.jpg HTTP/1.1" 206 500 "https://uslconsultation.com/wp-content/uploads/elementor/css/post-335.css?ver=7.7.2" "Mozilla/5.0 (Linux; Android 5.0) AppleWebKit/537.36 (KHTML, like Gecko) Mobile Safari/537.36 (compatible; Bytespider; spider-feedback@bytedance.com)"
47.128.31.60 - - [03/Sep/2026:01:39:39 +0000] "GET /wp-content/uploads/2021/02/background-5.jpg HTTP/1.1" 206 500 "https://uslconsultation.com/wp-content/uploads/elementor/css/post-393.css?ver=7.7.2" "Mozilla/5.0 (Linux; Android 5.0) AppleWebKit/537.36 (KHTML, like Gecko) Mobile Safari/537.36 (compatible; Bytespider; spider-feedback@bytedance.com)"
47.128.31.60 - - [03/Sep/2026:01:39:39 +0000] "GET /wp-content/plugins/cookieadmin/assets/images/cookieadmin_icon.svg HTTP/1.1" 200 334 "https://uslconsultation.com/2025/12/21/choosing-the-right-market-entry-model-branch-franchise-or-license/" "Mozilla/5.0 (Linux; Android 5.0) AppleWebKit/537.36 (KHTML, like Gecko) Mobile Safari/537.36 (compatible; Bytespider; spider-feedback@bytedance.com)"
47.128.31.60 - - [03/Sep/2026:01:39:39 +0000] "GET /wp-content/plugins/translatepress-multilingual/assets/flags/4x3/ar.svg HTTP/1.1" 206 500 "https://uslconsultation.com/2025/12/21/choosing-the-right-market-entry-model-branch-franchise-or-license/" "Mozilla/5.0 (Linux; Android 5.0) AppleWebKit/537.36 (KHTML, like Gecko) Mobile Safari/537.36 (compatible; Bytespider; spider-feedback@bytedance.com)"
47.128.31.60 - - [03/Sep/2026:01:39:39 +0000] "GET /wp-content/plugins/translatepress-multilingual/assets/flags/4x3/en_US.svg HTTP/1.1" 206 500 "https://uslconsultation.com/2025/12/21/choosing-the-right-market-entry-model-branch-franchise-or-license/" "Mozilla/5.0 (Linux; Android 5.0) AppleWebKit/537.36 (KHTML, like Gecko) Mobile Safari/537.36 (compatible; Bytespider; spider-feedback@bytedance.com)"
47.128.31.60 - - [03/Sep/2026:01:39:39 +0000] "GET /wp-content/plugins/translatepress-multilingual/assets/flags/4x3/ar.svg HTTP/1.1" 200 4333 "https://uslconsultation.com/2025/12/21/choosing-the-right-market-entry-model-branch-franchise-or-license/" "Mozilla/5.0 (Linux; Android 5.0) AppleWebKit/537.36 (KHTML, like Gecko) Mobile Safari/537.36 (compatible; Bytespider; spider-feedback@bytedance.com)"
47.128.31.60 - - [03/Sep/2026:01:39:39 +0000] "GET /wp-content/plugins/translatepress-multilingual/assets/flags/4x3/en_US.svg HTTP/1.1" 200 345 "https://uslconsultation.com/2025/12/21/choosing-the-right-market-entry-model-branch-franchise-or-license/" "Mozilla/5.0 (Linux; Android 5.0) AppleWebKit/537.36 (KHTML, like Gecko) Mobile Safari/537.36 (compatible; Bytespider; spider-feedback@bytedance.com)"
111.225.149.66 - - [03/Sep/2026:01:39:46 +0000] "GET /robots.txt HTTP/1.1" 200 124 "-" "Mozilla/5.0 (Linux; Android 5.0) AppleWebKit/537.36 (KHTML, like Gecko) Mobile Safari/537.36 (compatible; Bytespider; https://zhanzhang.toutiao.com/)"
72.167.149.90 - - [03/Sep/2026:01:40:28 +0000] "POST /wp-cron.php?doing_wp_cron=1788399627.8650040626525878906250 HTTP/1.1" 499 0 "-" "WordPress/7.1; https://uslconsultation.com"
216.73.217.0 - - [03/Sep/2026:01:40:28 +0000] "GET /sitemaps.xml HTTP/1.1" 200 284 "-" "Mozilla/5.0 AppleWebKit/537.36 (KHTML, like Gecko; compatible; ClaudeBot/1.0; +claudebot@anthropic.com)"
72.167.149.90 - - [03/Sep/2026:01:42:18 +0000] "POST /wp-cron.php?doing_wp_cron=1788399737.2113170623779296875000 HTTP/1.1" 499 0 "-" "WordPress/7.1; https://uslconsultation.com"
20.232.65.209 - - [03/Sep/2026:01:42:18 +0000] "GET /wp-json/wp/v2/users?_jsonp=callback&per_page=100&_fields=id,slug HTTP/1.1" 200 71 "-" "Mozilla/5.0 (Windows NT 10.0; Win64; x64) AppleWebKit/537.36 (KHTML, like Gecko) Chrome/151.0.0.0 Safari/537.36, Mozilla/5.0 (Macintosh; Intel Mac OS X 10_15_7) AppleWebKit/537.36 (KHTML, like Gecko) Chrome/151.0.0.0 Safari/537.36"
72.167.149.90 - - [03/Sep/2026:01:43:24 +0000] "POST /wp-cron.php?doing_wp_cron=1788399803.7274200916290283203125 HTTP/1.1" 499 0 "-" "WordPress/7.1; https://uslconsultation.com"
20.232.65.209 - - [03/Sep/2026:01:43:24 +0000] "GET /wp-json/wp/v2/users?capabilities=publish_posts&per_page=100&_fields=slug HTTP/1.1" 401 135 "-" "Mozilla/5.0 (Windows NT 10.0; Win64; x64) AppleWebKit/537.36 (KHTML, like Gecko) Chrome/151.0.0.0 Safari/537.36, Mozilla/5.0 (Macintosh; Intel Mac OS X 10_15_7) AppleWebKit/537.36 (KHTML, like Gecko) Chrome/151.0.0.0 Safari/537.36"
83.217.213.120 - - [03/Sep/2026:01:49:56 +0000] "GET /blog/ HTTP/1.0" 200 203550 "https://uslconsultation.com/blog/" "Mozilla/5.0 (Windows NT 10.0; Win64; x64) AppleWebKit/537.36 (KHTML, like Gecko) Chrome/131.0.0.0 Safari/537.36"
72.167.149.90 - - [03/Sep/2026:01:50:03 +0000] "POST /wp-cron.php?doing_wp_cron=1788400201.9917039871215820312500 HTTP/1.1" 499 0 "-" "WordPress/7.1; https://uslconsultation.com"
83.217.213.120 - - [03/Sep/2026:01:50:03 +0000] "GET /contact-us/ HTTP/1.0" 200 204846 "https://uslconsultation.com/contact-us/" "Mozilla/5.0 (Windows NT 10.0; Win64; x64) AppleWebKit/537.36 (KHTML, like Gecko) Chrome/131.0.0.0 Safari/537.36"
83.217.213.120 - - [03/Sep/2026:01:50:09 +0000] "POST /contact-us/ HTTP/1.0" 200 204936 "https://uslconsultation.com/contact-us/" "Mozilla/5.0 (Windows NT 10.0; Win64; x64) AppleWebKit/537.36 (KHTML, like Gecko) Chrome/131.0.0.0 Safari/537.36"
72.167.149.90 - - [03/Sep/2026:02:17:12 +0000] "POST /wp-cron.php?doing_wp_cron=1788401831.8794100284576416015625 HTTP/1.1" 499 0 "-" "WordPress/7.1; https://uslconsultation.com"
63.141.253.98 - - [03/Sep/2026:02:17:12 +0000] "GET / HTTP/1.1" 200 68949 "-" "Mozilla/5.0 (Windows NT 10.0; Win64; x64) AppleWebKit/537.36 (KHTML, like Gecko) Chrome/103.0.0.0 Safari/537.36"
63.141.253.98 - - [03/Sep/2026:02:17:16 +0000] "GET / HTTP/1.1" 200 68949 "-" "Googlebot/2.1 (+http://www.googlebot.com/bot.html)"
72.167.149.90 - - [03/Sep/2026:02:36:10 +0000] "POST /wp-cron.php?doing_wp_cron=1788402969.8137309551239013671875 HTTP/1.1" 499 0 "-" "WordPress/7.1; https://uslconsultation.com"
178.239.163.88 - - [03/Sep/2026:02:38:36 +0000] "GET / HTTP/1.1" 200 68952 "-" "Python/3.11 aiohttp/3.13.3"
178.239.163.88 - - [03/Sep/2026:02:38:36 +0000] "GET / HTTP/1.1" 200 68951 "-" "Python/3.11 aiohttp/3.13.3"
178.239.163.88 - - [03/Sep/2026:02:38:39 +0000] "GET / HTTP/1.1" 200 68949 "-" "Python/3.11 aiohttp/3.13.3"
74.7.242.63 - - [03/Sep/2026:02:40:54 +0000] "GET / HTTP/1.1" 301 5 "-" "Mozilla/5.0 AppleWebKit/537.36 (KHTML, like Gecko; compatible; GPTBot/1.4; +https://openai.com/gptbot)"
72.167.149.90 - - [03/Sep/2026:02:40:55 +0000] "POST /wp-cron.php?doing_wp_cron=1788403254.1453928947448730468750 HTTP/1.1" 499 0 "-" "WordPress/7.1; https://uslconsultation.com"
74.7.244.52 - - [03/Sep/2026:02:40:55 +0000] "GET /robots.txt HTTP/1.1" 301 5 "-" "Mozilla/5.0 (Macintosh; Intel Mac OS X 10_15_7) AppleWebKit/537.36 (KHTML, like Gecko) Chrome/131.0.0.0 Safari/537.36; compatible; OAI-SearchBot/1.4; robots.txt; +https://openai.com/searchbot"
74.7.244.52 - - [03/Sep/2026:02:40:56 +0000] "GET /robots.txt HTTP/1.1" 200 124 "https://www.uslconsultation.com/robots.txt" "Mozilla/5.0 (Macintosh; Intel Mac OS X 10_15_7) AppleWebKit/537.36 (KHTML, like Gecko) Chrome/131.0.0.0 Safari/537.36; compatible; OAI-SearchBot/1.4; robots.txt; +https://openai.com/searchbot"
72.167.149.90 - - [03/Sep/2026:02:52:13 +0000] "POST /wp-cron.php?doing_wp_cron=1788403932.2856121063232421875000 HTTP/1.1" 499 0 "-" "WordPress/7.1; https://uslconsultation.com"
148.113.139.225 - - [03/Sep/2026:02:52:13 +0000] "GET / HTTP/1.1" 200 68949 "-" "Mozilla/5.0 (compatible; GlobRadarBot/1.0; +https://globradar.com/bot)"
148.113.139.225 - - [03/Sep/2026:02:52:18 +0000] "GET /contactos HTTP/1.1" 404 50931 "-" "Mozilla/5.0 (compatible; GlobRadarBot/1.0; +https://globradar.com/bot)"
148.113.139.225 - - [03/Sep/2026:02:52:21 +0000] "GET /contacto HTTP/1.1" 404 50929 "-" "Mozilla/5.0 (compatible; GlobRadarBot/1.0; +https://globradar.com/bot)"
148.113.139.225 - - [03/Sep/2026:02:52:25 +0000] "GET /contact HTTP/1.1" 301 5 "-" "Mozilla/5.0 (compatible; GlobRadarBot/1.0; +https://globradar.com/bot)"
148.113.139.225 - - [03/Sep/2026:02:52:29 +0000] "GET /contact-us/ HTTP/1.1" 200 54045 "-" "Mozilla/5.0 (compatible; GlobRadarBot/1.0; +https://globradar.com/bot)"
72.167.149.90 - - [03/Sep/2026:02:53:52 +0000] "POST /wp-cron.php?doing_wp_cron=1788404031.5422220230102539062500 HTTP/1.1" 499 0 "-" "WordPress/7.1; https://uslconsultation.com"
17.166.234.7 - - [03/Sep/2026:02:53:52 +0000] "GET /robots.txt HTTP/1.1" 200 124 "-" "Mozilla/5.0 (Macintosh; Intel Mac OS X 10_15_7) AppleWebKit/605.1.15 (KHTML, like Gecko) Version/17.4 Safari/605.1.15 (Applebot/0.1; +http://www.apple.com/go/applebot)"
17.166.234.7 - - [03/Sep/2026:02:53:55 +0000] "GET / HTTP/1.1" 200 68951 "-" "Mozilla/5.0 (Macintosh; Intel Mac OS X 10_15_7) AppleWebKit/605.1.15 (KHTML, like Gecko) Version/17.4 Safari/605.1.15 (Applebot/0.1; +http://www.apple.com/go/applebot)"
17.166.236.58 - - [03/Sep/2026:02:56:30 +0000] "GET /wp-content/plugins/alpus-aprs/plugin-framework/assets/css/framework.min.css?ver=1.2.0 HTTP/1.1" 200 671 "https://uslconsultation.com/" "Mozilla/5.0 (Macintosh; Intel Mac OS X 10_15_7) AppleWebKit/605.1.15 (KHTML, like Gecko) Version/17.4 Safari/605.1.15 (Applebot/0.1; +http://www.apple.com/go/applebot)"
17.166.236.58 - - [03/Sep/2026:02:56:32 +0000] "GET /wp-content/plugins/contact-form-7/includes/css/styles.css?ver=6.1.7 HTTP/1.1" 200 1050 "https://uslconsultation.com/" "Mozilla/5.0 (Macintosh; Intel Mac OS X 10_15_7) AppleWebKit/605.1.15 (KHTML, like Gecko) Version/17.4 Safari/605.1.15 (Applebot/0.1; +http://www.apple.com/go/applebot)"
17.166.236.58 - - [03/Sep/2026:02:56:35 +0000] "GET /wp-content/plugins/translatepress-multilingual/assets/css/trp-language-switcher-v2.css?ver=3.3.4 HTTP/1.1" 200 2315 "https://uslconsultation.com/" "Mozilla/5.0 (Macintosh; Intel Mac OS X 10_15_7) AppleWebKit/605.1.15 (KHTML, like Gecko) Version/17.4 Safari/605.1.15 (Applebot/0.1; +http://www.apple.com/go/applebot)"
17.166.236.58 - - [03/Sep/2026:02:56:37 +0000] "GET /wp-content/plugins/cookieadmin/assets/css/consent.css?ver=1.1.4 HTTP/1.1" 200 2667 "https://uslconsultation.com/" "Mozilla/5.0 (Macintosh; Intel Mac OS X 10_15_7) AppleWebKit/605.1.15 (KHTML, like Gecko) Version/17.4 Safari/605.1.15 (Applebot/0.1; +http://www.apple.com/go/applebot)"
17.166.236.58 - - [03/Sep/2026:02:56:40 +0000] "GET /wp-content/uploads/elementor/css/custom-frontend.min.css?ver=1788318013 HTTP/1.1" 200 7463 "https://uslconsultation.com/" "Mozilla/5.0 (Macintosh; Intel Mac OS X 10_15_7) AppleWebKit/605.1.15 (KHTML, like Gecko) Version/17.4 Safari/605.1.15 (Applebot/0.1; +http://www.apple.com/go/applebot)"
17.166.236.58 - - [03/Sep/2026:02:56:42 +0000] "GET /wp-content/plugins/elementor/assets/css/widget-image.min.css?ver=4.2.4 HTTP/1.1" 200 214 "https://uslconsultation.com/" "Mozilla/5.0 (Macintosh; Intel Mac OS X 10_15_7) AppleWebKit/605.1.15 (KHTML, like Gecko) Version/17.4 Safari/605.1.15 (Applebot/0.1; +http://www.apple.com/go/applebot)"
17.166.236.58 - - [03/Sep/2026:02:56:45 +0000] "GET /wp-content/themes/porto/css/plugins.css?ver=7.7.2 HTTP/1.1" 200 33153 "https://uslconsultation.com/" "Mozilla/5.0 (Macintosh; Intel Mac OS X 10_15_7) AppleWebKit/605.1.15 (KHTML, like Gecko) Version/17.4 Safari/605.1.15 (Applebot/0.1; +http://www.apple.com/go/applebot)"
17.166.236.58 - - [03/Sep/2026:02:56:48 +0000] "GET /wp-content/uploads/porto_styles/shortcodes.css?ver=7.7.2 HTTP/1.1" 200 27166 "https://uslconsultation.com/" "Mozilla/5.0 (Macintosh; Intel Mac OS X 10_15_7) AppleWebKit/605.1.15 (KHTML, like Gecko) Version/17.4 Safari/605.1.15 (Applebot/0.1; +http://www.apple.com/go/applebot)"
17.166.236.58 - - [03/Sep/2026:02:56:50 +0000] "GET /wp-content/uploads/elementor/css/post-9.css?ver=1788318017 HTTP/1.1" 200 6157 "https://uslconsultation.com/" "Mozilla/5.0 (Macintosh; Intel Mac OS X 10_15_7) AppleWebKit/605.1.15 (KHTML, like Gecko) Version/17.4 Safari/605.1.15 (Applebot/0.1; +http://www.apple.com/go/applebot)"
17.166.236.58 - - [03/Sep/2026:02:56:53 +0000] "GET /wp-includes/js/jquery/jquery-migrate.min.js?ver=3.4.1 HTTP/1.1" 200 4894 "https://uslconsultation.com/" "Mozilla/5.0 (Macintosh; Intel Mac OS X 10_15_7) AppleWebKit/605.1.15 (KHTML, like Gecko) Version/17.4 Safari/605.1.15 (Applebot/0.1; +http://www.apple.com/go/applebot)"
17.166.236.58 - - [03/Sep/2026:02:56:55 +0000] "GET /wp-includes/js/dist/hooks.min.js?ver=f0f188028580e8dc1255 HTTP/1.1" 200 1872 "https://uslconsultation.com/" "Mozilla/5.0 (Macintosh; Intel Mac OS X 10_15_7) AppleWebKit/605.1.15 (KHTML, like Gecko) Version/17.4 Safari/605.1.15 (Applebot/0.1; +http://www.apple.com/go/applebot)"
17.166.236.58 - - [03/Sep/2026:02:56:58 +0000] "GET /wp-content/plugins/cookieadmin-pro/assets/js/consent.js?ver=1.1.4 HTTP/1.1" 200 624 "https://uslconsultation.com/" "Mozilla/5.0 (Macintosh; Intel Mac OS X 10_15_7) AppleWebKit/605.1.15 (KHTML, like Gecko) Version/17.4 Safari/605.1.15 (Applebot/0.1; +http://www.apple.com/go/applebot)"
17.166.236.58 - - [03/Sep/2026:02:57:01 +0000] "GET /wp-content/themes/porto/js/libs/smoothscroll.min.js?ver=7.7.2 HTTP/1.1" 200 3193 "https://uslconsultation.com/" "Mozilla/5.0 (Macintosh; Intel Mac OS X 10_15_7) AppleWebKit/605.1.15 (KHTML, like Gecko) Version/17.4 Safari/605.1.15 (Applebot/0.1; +http://www.apple.com/go/applebot)"
17.166.236.58 - - [03/Sep/2026:02:57:03 +0000] "GET /wp-content/plugins/elementor-pro/assets/js/elements-handlers.min.js?ver=4.2.3 HTTP/1.1" 200 10661 "https://uslconsultation.com/" "Mozilla/5.0 (Macintosh; Intel Mac OS X 10_15_7) AppleWebKit/605.1.15 (KHTML, like Gecko) Version/17.4 Safari/605.1.15 (Applebot/0.1; +http://www.apple.com/go/applebot)"
17.166.236.58 - - [03/Sep/2026:02:57:06 +0000] "GET /wp-content/themes/porto/css/part/media-mobile-sidebar.css?ver=7.7.2 HTTP/1.1" 200 526 "https://uslconsultation.com/" "Mozilla/5.0 (Macintosh; Intel Mac OS X 10_15_7) AppleWebKit/605.1.15 (KHTML, like Gecko) Version/17.4 Safari/605.1.15 (Applebot/0.1; +http://www.apple.com/go/applebot)"
17.166.236.58 - - [03/Sep/2026:02:57:08 +0000] "GET /wp-includes/js/wp-emoji-release.min.js?ver=7.1 HTTP/1.1" 200 5498 "https://uslconsultation.com/" "Mozilla/5.0 (Macintosh; Intel Mac OS X 10_15_7) AppleWebKit/605.1.15 (KHTML, like Gecko) Version/17.4 Safari/605.1.15 (Applebot/0.1; +http://www.apple.com/go/applebot)"
72.167.149.90 - - [03/Sep/2026:03:05:39 +0000] "POST /wp-cron.php?doing_wp_cron=1788404738.7243659496307373046875 HTTP/1.1" 499 0 "-" "WordPress/7.1; https://uslconsultation.com"
129.146.5.89 - - [03/Sep/2026:03:05:39 +0000] "GET /?p=5082 HTTP/1.1" 301 5 "-" "Mozilla/5.0 (X11; Linux aarch64) AppleWebKit/537.36 (KHTML, like Gecko) Chrome/139.0.0.0 Safari/537.36"
72.167.149.90 - - [03/Sep/2026:03:05:41 +0000] "GET /wp-content/uploads/2025/11/Brand-and-franchise-consulting-services-scaled-e1766398516651.jpg HTTP/1.1" 200 99487 "-" "-"
129.146.5.89 - - [03/Sep/2026:03:05:41 +0000] "GET /service/branding-rebranding/ HTTP/1.1" 200 57076 "https://uslconsultation.com/?p=5082" "Mozilla/5.0 (X11; Linux aarch64) AppleWebKit/537.36 (KHTML, like Gecko) Chrome/139.0.0.0 Safari/537.36"
72.167.149.90 - - [03/Sep/2026:03:10:22 +0000] "POST /wp-cron.php?doing_wp_cron=1788405021.6079399585723876953125 HTTP/1.1" 499 0 "-" "WordPress/7.1; https://uslconsultation.com"
38.147.104.201 - - [03/Sep/2026:03:10:22 +0000] "GET / HTTP/1.1" 200 68910 "-" "Mozilla/5.0 (compatible; KeyScanner/1.0)"
72.167.149.90 - - [03/Sep/2026:03:26:15 +0000] "POST /wp-cron.php?doing_wp_cron=1788405974.8909549713134765625000 HTTP/1.1" 499 0 "-" "WordPress/7.1; https://uslconsultation.com"
144.24.42.252 - - [03/Sep/2026:03:26:15 +0000] "GET /wp-json/oembed/1.0/embed?url=https%3A%2F%2Fuslconsultation.com%2Fmember%2Fyahya%2F HTTP/1.1" 200 1142 "-" "Mozilla/5.0 (X11; Linux aarch64) AppleWebKit/537.36 (KHTML, like Gecko) Chrome/139.0.0.0 Safari/537.36"
72.167.149.90 - - [03/Sep/2026:03:30:25 +0000] "GET /wp-content/uploads/2021/02/Omar-new-photo-3-e1766587268315.jpg HTTP/1.1" 200 37571 "-" "-"
72.167.149.90 - - [03/Sep/2026:03:30:27 +0000] "POST /wp-cron.php?doing_wp_cron=1788406226.3248291015625000000000 HTTP/1.1" 499 0 "-" "WordPress/7.1; https://uslconsultation.com/ar"
117.99.135.238 - - [03/Sep/2026:03:30:27 +0000] "GET /ar/member/oliver-kayal/ HTTP/1.1" 200 75057 "-" "Mozilla/5.0 (Windows NT 10.0; WOW64; rv:131.0) Gecko/20100101 Firefox/131.0"
72.167.149.90 - - [03/Sep/2026:03:30:59 +0000] "GET /wp-content/uploads/2025/12/KPIs-scaled-e1766361387995.jpg HTTP/1.1" 200 132397 "-" "-"
57.141.14.19 - - [03/Sep/2026:03:30:59 +0000] "GET /2025/12/21/building-kpis-that-actually-improve-performance/ HTTP/1.1" 200 56702 "-" "Mozilla/5.0 (Windows NT 10.0; Win64; x64) AppleWebKit/537.36 (KHTML, like Gecko) Chrome/145.0.0.0 Safari/537.36 (compatible; meta-externalagent/1.1 (+https://developers.facebook.com/docs/sharing/webmasters/crawler))"
72.167.149.90 - - [03/Sep/2026:03:34:11 +0000] "POST /wp-cron.php?doing_wp_cron=1788406450.7105879783630371093750 HTTP/1.1" 499 0 "-" "WordPress/7.1; https://uslconsultation.com"
198.204.240.42 - - [03/Sep/2026:03:34:11 +0000] "GET / HTTP/1.1" 200 319765 "-" "Mozilla/5.0 (Windows NT 10.0; Win64; x64) AppleWebKit/537.36 (KHTML, like Gecko) Chrome/131.0.0.0 Safari/537.36"
198.204.240.42 - - [03/Sep/2026:03:34:14 +0000] "GET / HTTP/1.1" 200 319749 "-" "Mozilla/5.0 (compatible; Googlebot/2.1; +http://www.google.com/bot.html)"
198.204.240.42 - - [03/Sep/2026:03:34:18 +0000] "GET /?params=1 HTTP/1.1" 200 319802 "-" "Mozilla/5.0 (Windows NT 10.0; Win64; x64) AppleWebKit/537.36 (KHTML, like Gecko) Chrome/131.0.0.0 Safari/537.36"
72.167.149.90 - - [03/Sep/2026:03:40:03 +0000] "GET /wp-content/uploads/2021/02/Omar-new-photo-3-e1766587268315.jpg HTTP/1.1" 200 37571 "-" "-"
72.167.149.90 - - [03/Sep/2026:03:40:05 +0000] "POST /wp-cron.php?doing_wp_cron=1788406804.0824830532073974609375 HTTP/1.1" 499 0 "-" "WordPress/7.1; https://uslconsultation.com"
66.249.64.160 - - [03/Sep/2026:03:40:05 +0000] "GET /member/oliver-kayal/ HTTP/1.1" 200 54481 "-" "Mozilla/5.0 AppleWebKit/537.36 (KHTML, like Gecko; compatible; GoogleOther) Chrome/152.0.7977.64 Safari/537.36"
66.249.64.174 - - [03/Sep/2026:03:40:11 +0000] "GET /wp-content/plugins/alpus-aprs/plugin-framework/assets/css/base.min.css?ver=1.2.0 HTTP/1.1" 200 4336 "https://uslconsultation.com/member/oliver-kayal/" "Mozilla/5.0 AppleWebKit/537.36 (KHTML, like Gecko; compatible; GoogleOther) Chrome/152.0.7977.64 Safari/537.36"
66.249.64.174 - - [03/Sep/2026:03:40:20 +0000] "GET /wp-includes/css/dist/block-library/style.min.css?ver=7.1 HTTP/1.1" 200 19656 "https://uslconsultation.com/member/oliver-kayal/" "Mozilla/5.0 AppleWebKit/537.36 (KHTML, like Gecko; compatible; GoogleOther) Chrome/152.0.7977.64 Safari/537.36"
66.249.64.174 - - [03/Sep/2026:03:40:28 +0000] "GET /wp-content/uploads/elementor/css/post-4908.css?ver=1788318015 HTTP/1.1" 200 491 "https://uslconsultation.com/member/oliver-kayal/" "Mozilla/5.0 AppleWebKit/537.36 (KHTML, like Gecko; compatible; GoogleOther) Chrome/152.0.7977.64 Safari/537.36"
66.249.64.174 - - [03/Sep/2026:03:40:35 +0000] "GET /wp-content/themes/porto/css/plugins.css?ver=7.7.2 HTTP/1.1" 200 33153 "https://uslconsultation.com/member/oliver-kayal/" "Mozilla/5.0 AppleWebKit/537.36 (KHTML, like Gecko; compatible; GoogleOther) Chrome/152.0.7977.64 Safari/537.36"
198.204.240.42 - - [03/Sep/2026:03:40:41 +0000] "GET / HTTP/1.1" 200 68906 "-" "Mozilla/5.0 (compatible; Googlebot/2.1; +http://www.google.com/bot.html)"
66.249.64.174 - - [03/Sep/2026:03:40:41 +0000] "GET /wp-content/plugins/elementor/assets/css/widget-heading.min.css?ver=4.2.4 HTTP/1.1" 200 171 "https://uslconsultation.com/member/oliver-kayal/" "Mozilla/5.0 AppleWebKit/537.36 (KHTML, like Gecko; compatible; GoogleOther) Chrome/152.0.7977.64 Safari/537.36"
198.204.240.42 - - [03/Sep/2026:03:40:42 +0000] "GET /wp-content/plugins/contact-form-7/includes/css/styles.css?ver=6.1.7 HTTP/1.1" 200 1050 "https://uslconsultation.com/" "Mozilla/5.0 (compatible; Googlebot/2.1; +http://www.google.com/bot.html)"
198.204.240.42 - - [03/Sep/2026:03:40:42 +0000] "GET /wp-content/plugins/revslider/public/css/sr7.css?ver=6.7.39 HTTP/1.1" 200 1581 "https://uslconsultation.com/" "Mozilla/5.0 (compatible; Googlebot/2.1; +http://www.google.com/bot.html)"
198.204.240.42 - - [03/Sep/2026:03:40:42 +0000] "GET /wp-content/themes/porto/inc/lib/woocommerce-shipping-progress-bar/shipping-progress-bar.css?ver=7.7.2 HTTP/1.1" 200 525 "https://uslconsultation.com/" "Mozilla/5.0 (compatible; Googlebot/2.1; +http://www.google.com/bot.html)"
198.204.240.42 - - [03/Sep/2026:03:40:42 +0000] "GET /wp-content/uploads/elementor/css/custom-frontend.min.css?ver=1788318013 HTTP/1.1" 200 7463 "https://uslconsultation.com/" "Mozilla/5.0 (compatible; Googlebot/2.1; +http://www.google.com/bot.html)"
198.204.240.42 - - [03/Sep/2026:03:40:42 +0000] "GET /wp-content/uploads/elementor/css/post-4908.css?ver=1788318015 HTTP/1.1" 200 491 "https://uslconsultation.com/" "Mozilla/5.0 (compatible; Googlebot/2.1; +http://www.google.com/bot.html)"
198.204.240.42 - - [03/Sep/2026:03:40:42 +0000] "GET /wp-content/plugins/alpus-aprs/plugin-framework/assets/css/base.min.css?ver=1.2.0 HTTP/1.1" 200 4336 "https://uslconsultation.com/" "Mozilla/5.0 (compatible; Googlebot/2.1; +http://www.google.com/bot.html)"
198.204.240.42 - - [03/Sep/2026:03:40:42 +0000] "GET /wp-content/plugins/alpus-aprs/plugin-framework/assets/css/framework.min.css?ver=1.2.0 HTTP/1.1" 200 671 "https://uslconsultation.com/" "Mozilla/5.0 (compatible; Googlebot/2.1; +http://www.google.com/bot.html)"
198.204.240.42 - - [03/Sep/2026:03:40:42 +0000] "GET /wp-content/plugins/translatepress-multilingual/assets/css/trp-language-switcher-v2.css?ver=3.3.4 HTTP/1.1" 200 2315 "https://uslconsultation.com/" "Mozilla/5.0 (compatible; Googlebot/2.1; +http://www.google.com/bot.html)"
198.204.240.42 - - [03/Sep/2026:03:40:42 +0000] "GET /wp-content/plugins/cookieadmin/assets/css/consent.css?ver=1.1.4 HTTP/1.1" 200 2667 "https://uslconsultation.com/" "Mozilla/5.0 (compatible; Googlebot/2.1; +http://www.google.com/bot.html)"
198.204.240.42 - - [03/Sep/2026:03:40:42 +0000] "GET /wp-content/themes/porto/css/part/fadeInUp.css?ver=7.7.2 HTTP/1.1" 200 132 "https://uslconsultation.com/" "Mozilla/5.0 (compatible; Googlebot/2.1; +http://www.google.com/bot.html)"
198.204.240.42 - - [03/Sep/2026:03:40:42 +0000] "GET /wp-content/plugins/elementor/assets/css/widget-heading.min.css?ver=4.2.4 HTTP/1.1" 200 171 "https://uslconsultation.com/" "Mozilla/5.0 (compatible; Googlebot/2.1; +http://www.google.com/bot.html)"
198.204.240.42 - - [03/Sep/2026:03:40:42 +0000] "GET /wp-content/plugins/elementor/assets/lib/animations/styles/fadeIn.min.css?ver=4.2.4 HTTP/1.1" 200 77 "https://uslconsultation.com/" "Mozilla/5.0 (compatible; Googlebot/2.1; +http://www.google.com/bot.html)"
198.204.240.42 - - [03/Sep/2026:03:40:42 +0000] "GET /wp-content/plugins/elementor/assets/css/widget-image.min.css?ver=4.2.4 HTTP/1.1" 200 214 "https://uslconsultation.com/" "Mozilla/5.0 (compatible; Googlebot/2.1; +http://www.google.com/bot.html)"
198.204.240.42 - - [03/Sep/2026:03:40:42 +0000] "GET /wp-content/plugins/elementor/assets/css/conditionals/shapes.min.css?ver=4.2.4 HTTP/1.1" 200 300 "https://uslconsultation.com/" "Mozilla/5.0 (compatible; Googlebot/2.1; +http://www.google.com/bot.html)"
198.204.240.42 - - [03/Sep/2026:03:40:42 +0000] "GET /wp-content/uploads/elementor/css/custom-widget-progress.min.css?ver=1788318013 HTTP/1.1" 200 416 "https://uslconsultation.com/" "Mozilla/5.0 (compatible; Googlebot/2.1; +http://www.google.com/bot.html)"
198.204.240.42 - - [03/Sep/2026:03:40:42 +0000] "GET /wp-content/plugins/elementor/assets/css/widget-divider.min.css?ver=4.2.4 HTTP/1.1" 200 764 "https://uslconsultation.com/" "Mozilla/5.0 (compatible; Googlebot/2.1; +http://www.google.com/bot.html)"
198.204.240.42 - - [03/Sep/2026:03:40:42 +0000] "GET /wp-content/uploads/porto_styles/theme_css_vars.css?ver=7.7.2 HTTP/1.1" 200 1627 "https://uslconsultation.com/" "Mozilla/5.0 (compatible; Googlebot/2.1; +http://www.google.com/bot.html)"
198.204.240.42 - - [03/Sep/2026:03:40:42 +0000] "GET /wp-content/uploads/porto_styles/bootstrap.css?ver=7.7.2 HTTP/1.1" 200 25393 "https://uslconsultation.com/" "Mozilla/5.0 (compatible; Googlebot/2.1; +http://www.google.com/bot.html)"
198.204.240.42 - - [03/Sep/2026:03:40:42 +0000] "GET /wp-content/plugins/elementor/assets/css/widget-testimonial.min.css?ver=4.2.4 HTTP/1.1" 200 360 "https://uslconsultation.com/" "Mozilla/5.0 (compatible; Googlebot/2.1; +http://www.google.com/bot.html)"
198.204.240.42 - - [03/Sep/2026:03:40:42 +0000] "GET /wp-content/plugins/alpus-aprs/assets/css/alpus-aprs-frontend.min.css?ver=2.2.0 HTTP/1.1" 200 1226 "https://uslconsultation.com/" "Mozilla/5.0 (compatible; Googlebot/2.1; +http://www.google.com/bot.html)"
198.204.240.42 - - [03/Sep/2026:03:40:42 +0000] "GET /wp-content/themes/porto/css/plugins.css?ver=7.7.2 HTTP/1.1" 200 33153 "https://uslconsultation.com/" "Mozilla/5.0 (compatible; Googlebot/2.1; +http://www.google.com/bot.html)"
198.204.240.42 - - [03/Sep/2026:03:40:42 +0000] "GET /wp-content/themes/porto/css/theme.css?ver=7.7.2 HTTP/1.1" 200 38390 "https://uslconsultation.com/" "Mozilla/5.0 (compatible; Googlebot/2.1; +http://www.google.com/bot.html)"
198.204.240.42 - - [03/Sep/2026:03:40:42 +0000] "GET /wp-content/themes/porto/css/part/header-shop.css?ver=7.7.2 HTTP/1.1" 200 2513 "https://uslconsultation.com/" "Mozilla/5.0 (compatible; Googlebot/2.1; +http://www.google.com/bot.html)"
198.204.240.42 - - [03/Sep/2026:03:40:42 +0000] "GET /wp-content/themes/porto/css/part/nav-panel.css?ver=7.7.2 HTTP/1.1" 200 787 "https://uslconsultation.com/" "Mozilla/5.0 (compatible; Googlebot/2.1; +http://www.google.com/bot.html)"
198.204.240.42 - - [03/Sep/2026:03:40:42 +0000] "GET /wp-content/themes/porto/css/part/revslider.css?ver=7.7.2 HTTP/1.1" 200 947 "https://uslconsultation.com/" "Mozilla/5.0 (compatible; Googlebot/2.1; +http://www.google.com/bot.html)"
198.204.240.42 - - [03/Sep/2026:03:40:42 +0000] "GET /wp-content/themes/porto/css/theme_portfolio.css?ver=7.7.2 HTTP/1.1" 200 2826 "https://uslconsultation.com/" "Mozilla/5.0 (compatible; Googlebot/2.1; +http://www.google.com/bot.html)"
198.204.240.42 - - [03/Sep/2026:03:40:42 +0000] "GET /wp-content/themes/porto/css/theme_member.css?ver=7.7.2 HTTP/1.1" 200 1256 "https://uslconsultation.com/" "Mozilla/5.0 (compatible; Googlebot/2.1; +http://www.google.com/bot.html)"
198.204.240.42 - - [03/Sep/2026:03:40:42 +0000] "GET /wp-content/themes/porto/css/theme_event.css?ver=7.7.2 HTTP/1.1" 200 333 "https://uslconsultation.com/" "Mozilla/5.0 (compatible; Googlebot/2.1; +http://www.google.com/bot.html)"
198.204.240.42 - - [03/Sep/2026:03:40:42 +0000] "GET /wp-content/uploads/porto_styles/shortcodes.css?ver=7.7.2 HTTP/1.1" 200 27166 "https://uslconsultation.com/" "Mozilla/5.0 (compatible; Googlebot/2.1; +http://www.google.com/bot.html)"
198.204.240.42 - - [03/Sep/2026:03:40:42 +0000] "GET /wp-content/themes/porto/css/theme_shop.css?ver=7.7.2 HTTP/1.1" 200 14002 "https://uslconsultation.com/" "Mozilla/5.0 (compatible; Googlebot/2.1; +http://www.google.com/bot.html)"
