36.85.216.104 - - [02/Sep/2026:11:23:16 +0000] "POST /xmlrpc.php HTTP/1.1" 200 415 "-" "Mozilla/5.0 (Macintosh; Intel Mac OS X 10_15_7; x86) AppleWebKit/537.36 (KHTML, like Gecko) Chrome/100.0.0.0 Safari/537.36"
36.85.216.104 - - [02/Sep/2026:11:23:38 +0000] "POST /xmlrpc.php HTTP/1.1" 499 0 "-" "Mozilla/5.0 (Macintosh; Intel Mac OS X 10_15_7; x86) AppleWebKit/537.36 (KHTML, like Gecko) Chrome/115.0.0.0 Safari/537.36"
36.85.216.104 - - [02/Sep/2026:11:23:59 +0000] "POST /xmlrpc.php HTTP/1.1" 200 415 "-" "Mozilla/5.0 (Windows NT 6.2; arm64) AppleWebKit/537.36 (KHTML, like Gecko) Chrome/86.0.0.0 Safari/537.36"
72.167.149.90 - - [02/Sep/2026:11:24:21 +0000] "POST /wp-cron.php?doing_wp_cron=1788348260.5156559944152832031250 HTTP/1.1" 499 0 "-" "WordPress/7.1; https://uslconsultation.com"
36.85.216.104 - - [02/Sep/2026:11:24:21 +0000] "POST /xmlrpc.php HTTP/1.1" 200 415 "-" "Mozilla/5.0 (Linux; Android 10; x64) AppleWebKit/537.36 (KHTML, like Gecko) Safari/14.0.0.0 Safari/537.36"
36.85.216.104 - - [02/Sep/2026:11:24:40 +0000] "POST /xmlrpc.php HTTP/1.1" 200 415 "-" "Mozilla/5.0 (X11; Ubuntu; Linux x86_64; x86) AppleWebKit/537.36 (KHTML, like Gecko) Opera/64.0.0.0 Safari/537.36"
36.85.216.104 - - [02/Sep/2026:11:24:58 +0000] "POST /xmlrpc.php HTTP/1.1" 200 415 "-" "Mozilla/5.0 (Windows NT 10.0; x86) AppleWebKit/537.36 (KHTML, like Gecko) Edge/97.0.0.0 Safari/537.36"
36.85.216.104 - - [02/Sep/2026:11:25:18 +0000] "POST /xmlrpc.php HTTP/1.1" 499 0 "-" "Mozilla/5.0 (Macintosh; Intel Mac OS X 10_15_7; x64) AppleWebKit/537.36 (KHTML, like Gecko) Chrome/113.0.0.0 Safari/537.36"
72.167.149.90 - - [02/Sep/2026:11:25:19 +0000] "POST /wp-cron.php?doing_wp_cron=1788348318.5146830081939697265625 HTTP/1.1" 499 0 "-" "WordPress/7.1; https://uslconsultation.com"
195.2.78.191 - - [02/Sep/2026:11:25:32 +0000] "GET /2025/11/05/hello-world/ HTTP/1.0" 404 184529 "https://uslconsultation.com/2025/11/05/hello-world/#comment-168" "Mozilla/5.0 (Windows NT 10.0; Win64; x64) AppleWebKit/537.36 (KHTML, like Gecko) Chrome/131.0.0.0 Safari/537.36 Avast/131.0.0.0"
195.2.78.191 - - [02/Sep/2026:11:25:38 +0000] "GET /blog/ HTTP/1.0" 200 203550 "https://uslconsultation.com/blog/" "Mozilla/5.0 (Windows NT 10.0; Win64; x64) AppleWebKit/537.36 (KHTML, like Gecko) Chrome/131.0.0.0 Safari/537.36 Avast/131.0.0.0"
36.85.216.104 - - [02/Sep/2026:11:25:40 +0000] "POST /xmlrpc.php HTTP/1.1" 200 415 "-" "Mozilla/5.0 (Windows NT 6.2; x86) AppleWebKit/537.36 (KHTML, like Gecko) Edge/90.0.0.0 Safari/537.36"
195.2.78.191 - - [02/Sep/2026:11:25:44 +0000] "GET /contact-us/ HTTP/1.0" 200 204846 "https://uslconsultation.com/contact-us/" "Mozilla/5.0 (Windows NT 10.0; Win64; x64) AppleWebKit/537.36 (KHTML, like Gecko) Chrome/131.0.0.0 Safari/537.36 Avast/131.0.0.0"
195.2.78.191 - - [02/Sep/2026:11:25:53 +0000] "POST /contact-us/ HTTP/1.0" 200 204936 "https://uslconsultation.com/contact-us/" "Mozilla/5.0 (Windows NT 10.0; Win64; x64) AppleWebKit/537.36 (KHTML, like Gecko) Chrome/131.0.0.0 Safari/537.36 Avast/131.0.0.0"
36.85.216.104 - - [02/Sep/2026:11:26:06 +0000] "POST /xmlrpc.php HTTP/1.1" 499 0 "-" "Mozilla/5.0 (Windows NT 6.2; x86) AppleWebKit/537.36 (KHTML, like Gecko) Safari/11.0.0.0 Safari/537.36"
72.167.149.90 - - [02/Sep/2026:11:26:06 +0000] "POST /wp-cron.php?doing_wp_cron=1788348365.7828381061553955078125 HTTP/1.1" 499 0 "-" "WordPress/7.1; https://uslconsultation.com"
36.85.216.104 - - [02/Sep/2026:11:26:27 +0000] "POST /xmlrpc.php HTTP/1.1" 200 415 "-" "Mozilla/5.0 (Linux; Android 10; x64) AppleWebKit/537.36 (KHTML, like Gecko) Safari/13.0.0.0 Safari/537.36"
36.85.216.104 - - [02/Sep/2026:11:26:49 +0000] "POST /xmlrpc.php HTTP/1.1" 200 415 "-" "Mozilla/5.0 (Windows NT 6.3; x64) AppleWebKit/537.36 (KHTML, like Gecko) Chrome/81.0.0.0 Safari/537.36"
72.167.149.90 - - [02/Sep/2026:11:27:06 +0000] "POST /wp-cron.php?doing_wp_cron=1788348425.1137590408325195312500 HTTP/1.1" 499 0 "-" "WordPress/7.1; https://uslconsultation.com"
36.85.216.104 - - [02/Sep/2026:11:27:06 +0000] "POST /xmlrpc.php HTTP/1.1" 200 415 "-" "Mozilla/5.0 (Windows NT 6.2; x86) AppleWebKit/537.36 (KHTML, like Gecko) Opera/61.0.0.0 Safari/537.36"
36.85.216.104 - - [02/Sep/2026:11:27:25 +0000] "POST /xmlrpc.php HTTP/1.1" 200 415 "-" "Mozilla/5.0 (Windows NT 10.0; arm64) AppleWebKit/537.36 (KHTML, like Gecko) Chrome/80.0.0.0 Safari/537.36"
167.94.146.49 - - [02/Sep/2026:11:27:40 +0000] "GET / HTTP/1.1" 200 68954 "-" "Mozilla/5.0 (compatible; CensysInspect/1.1; +https://about.censys.io/)"
167.94.146.49 - - [02/Sep/2026:11:27:44 +0000] "GET /wp-content/uploads/2025/11/USL-NEW-May-2023-Gray.png HTTP/1.1" 200 18612 "-" "Mozilla/5.0 (compatible; CensysInspect/1.1; +https://about.censys.io/)"
36.85.216.104 - - [02/Sep/2026:11:27:44 +0000] "POST /xmlrpc.php HTTP/1.1" 200 415 "-" "Mozilla/5.0 (Windows NT 6.3; x64) AppleWebKit/537.36 (KHTML, like Gecko) Opera/74.0.0.0 Safari/537.36"
167.94.146.49 - - [02/Sep/2026:11:27:44 +0000] "GET /wp-content/uploads/2025/11/cropped-USL-NEW-May-2023-Gray-32x32.png HTTP/1.1" 200 1321 "-" "Mozilla/5.0 (compatible; CensysInspect/1.1; +https://about.censys.io/)"
72.167.149.90 - - [02/Sep/2026:11:28:02 +0000] "POST /wp-cron.php?doing_wp_cron=1788348481.3373150825500488281250 HTTP/1.1" 499 0 "-" "WordPress/7.1; https://uslconsultation.com"
212.34.135.234 - - [02/Sep/2026:11:28:02 +0000] "GET /contact-us/ HTTP/1.0" 200 204846 "-" "Mozilla/5.0 (Windows NT 6.3; Win64; x64) AppleWebKit/537.36 (KHTML, like Gecko) Chrome/75.0.3770.100 Safari/537.36"
36.85.216.104 - - [02/Sep/2026:11:28:04 +0000] "POST /xmlrpc.php HTTP/1.1" 200 415 "-" "Mozilla/5.0 (Linux; Android 10; x64) AppleWebKit/537.36 (KHTML, like Gecko) Opera/69.0.0.0 Safari/537.36"
51.81.163.20 - - [02/Sep/2026:11:28:25 +0000] "GET /sitemaps.xml HTTP/1.1" 200 284 "-" "Mozilla/5.0 (compatible; AhrefsBot/7.0; +http://ahrefs.com/robot/)"
36.85.216.104 - - [02/Sep/2026:11:28:25 +0000] "POST /xmlrpc.php HTTP/1.1" 200 415 "-" "Mozilla/5.0 (Windows NT 6.2; x86) AppleWebKit/537.36 (KHTML, like Gecko) Firefox/77.0.0.0 Safari/537.36"
51.81.170.1 - - [02/Sep/2026:11:28:28 +0000] "GET /post-sitemap1.xml HTTP/1.1" 200 884 "-" "Mozilla/5.0 (compatible; AhrefsBot/7.0; +http://ahrefs.com/robot/)"
51.81.169.197 - - [02/Sep/2026:11:28:31 +0000] "GET /page-sitemap1.xml HTTP/1.1" 200 544 "-" "Mozilla/5.0 (compatible; AhrefsBot/7.0; +http://ahrefs.com/robot/)"
51.81.165.87 - - [02/Sep/2026:11:28:35 +0000] "GET /category-sitemap1.xml HTTP/1.1" 200 337 "-" "Mozilla/5.0 (compatible; AhrefsBot/7.0; +http://ahrefs.com/robot/)"
36.85.216.104 - - [02/Sep/2026:11:28:44 +0000] "POST /xmlrpc.php HTTP/1.1" 200 415 "-" "Mozilla/5.0 (Windows NT 6.3; x64) AppleWebKit/537.36 (KHTML, like Gecko) Firefox/73.0.0.0 Safari/537.36"
72.167.149.90 - - [02/Sep/2026:11:29:05 +0000] "POST /wp-cron.php?doing_wp_cron=1788348544.4419751167297363281250 HTTP/1.1" 499 0 "-" "WordPress/7.1; https://uslconsultation.com"
36.85.216.104 - - [02/Sep/2026:11:29:05 +0000] "POST /xmlrpc.php HTTP/1.1" 200 415 "-" "Mozilla/5.0 (X11; Ubuntu; Linux x86_64; x86) AppleWebKit/537.36 (KHTML, like Gecko) Opera/74.0.0.0 Safari/537.36"
36.85.216.104 - - [02/Sep/2026:11:29:25 +0000] "POST /xmlrpc.php HTTP/1.1" 200 415 "-" "Mozilla/5.0 (Windows NT 10.0; arm64) AppleWebKit/537.36 (KHTML, like Gecko) Edge/84.0.0.0 Safari/537.36"
36.85.216.104 - - [02/Sep/2026:11:29:46 +0000] "POST /xmlrpc.php HTTP/1.1" 200 415 "-" "Mozilla/5.0 (X11; Ubuntu; Linux x86_64; x86) AppleWebKit/537.36 (KHTML, like Gecko) Opera/70.0.0.0 Safari/537.36"
72.167.149.90 - - [02/Sep/2026:11:30:02 +0000] "POST /wp-cron.php?doing_wp_cron=1788348601.0784099102020263671875 HTTP/1.1" 499 0 "-" "WordPress/7.1; https://uslconsultation.com"
36.85.216.104 - - [02/Sep/2026:11:30:02 +0000] "POST /xmlrpc.php HTTP/1.1" 200 415 "-" "Mozilla/5.0 (Windows NT 10.0; x86) AppleWebKit/537.36 (KHTML, like Gecko) Firefox/76.0.0.0 Safari/537.36"
36.85.216.104 - - [02/Sep/2026:11:30:20 +0000] "POST /xmlrpc.php HTTP/1.1" 200 415 "-" "Mozilla/5.0 (X11; Ubuntu; Linux x86_64; arm64) AppleWebKit/537.36 (KHTML, like Gecko) Safari/15.0.0.0 Safari/537.36"
36.85.216.104 - - [02/Sep/2026:11:30:37 +0000] "POST /xmlrpc.php HTTP/1.1" 200 415 "-" "Mozilla/5.0 (Macintosh; Intel Mac OS X 10_15_7; x64) AppleWebKit/537.36 (KHTML, like Gecko) Edge/90.0.0.0 Safari/537.36"
72.167.149.90 - - [02/Sep/2026:11:39:00 +0000] "POST /wp-cron.php?doing_wp_cron=1788349139.3158318996429443359375 HTTP/1.1" 499 0 "-" "WordPress/7.1; https://uslconsultation.com"
51.8.102.17 - - [02/Sep/2026:11:39:00 +0000] "GET /robots.txt HTTP/1.1" 200 124 "-" "Mozilla/5.0 (Macintosh; Intel Mac OS X 10_15_7) AppleWebKit/537.36 (KHTML, like Gecko) Chrome/131.0.0.0 Safari/537.36; compatible; OAI-SearchBot/1.0; +https://openai.com/searchbot"
178.105.183.10 - - [02/Sep/2026:11:42:57 +0000] "GET / HTTP/1.1" 200 68954 "http://uslconsultation.com" "2ip bot/1.1 (+https://2ip.io/bot/)"
72.167.149.90 - - [02/Sep/2026:11:44:09 +0000] "POST /wp-cron.php?doing_wp_cron=1788349448.2428929805755615234375 HTTP/1.1" 499 0 "-" "WordPress/7.1; https://uslconsultation.com"
34.31.203.120 - - [02/Sep/2026:11:44:09 +0000] "HEAD /member/monica-doe HTTP/1.1" 301 0 "-" "Mozilla/5.0 AppleWebKit/537.36 (KHTML, like Gecko); compatible; ShapBot/0.1.0"
34.31.203.120 - - [02/Sep/2026:11:44:10 +0000] "HEAD /member/monica-doe HTTP/1.1" 301 0 "-" "Mozilla/5.0 AppleWebKit/537.36 (KHTML, like Gecko); compatible; ShapBot/0.1.0"
34.31.203.120 - - [02/Sep/2026:11:44:12 +0000] "HEAD /member/monica-doe/ HTTP/1.1" 200 0 "-" "Mozilla/5.0 AppleWebKit/537.36 (KHTML, like Gecko); compatible; ShapBot/0.1.0"
34.31.203.120 - - [02/Sep/2026:11:44:13 +0000] "GET /member/monica-doe HTTP/1.1" 301 5 "-" "Mozilla/5.0 AppleWebKit/537.36 (KHTML, like Gecko); compatible; ShapBot/0.1.0"
72.167.149.90 - - [02/Sep/2026:11:44:15 +0000] "GET /wp-content/uploads/2021/02/Manal-Kalfa.png HTTP/1.1" 200 508131 "-" "-"
34.31.203.120 - - [02/Sep/2026:11:44:16 +0000] "GET /member/monica-doe/ HTTP/1.1" 200 54435 "-" "Mozilla/5.0 AppleWebKit/537.36 (KHTML, like Gecko); compatible; ShapBot/0.1.0"
23.251.146.115 - - [02/Sep/2026:11:44:18 +0000] "HEAD /robots.txt HTTP/1.1" 200 0 "-" "Mozilla/5.0 (X11; Linux x86_64) AppleWebKit/537.36 (KHTML, like Gecko) Chrome/136.0.0.0 Safari/537.36"
23.251.146.115 - - [02/Sep/2026:11:44:20 +0000] "GET /robots.txt HTTP/1.1" 200 124 "-" "Mozilla/5.0 (X11; Linux x86_64) AppleWebKit/537.36 (KHTML, like Gecko) Chrome/136.0.0.0 Safari/537.36"
34.44.142.114 - - [02/Sep/2026:11:44:22 +0000] "HEAD /about-us HTTP/1.1" 301 0 "-" "Mozilla/5.0 AppleWebKit/537.36 (KHTML, like Gecko); compatible; ShapBot/0.1.0"
34.31.203.120 - - [02/Sep/2026:11:44:22 +0000] "HEAD /services HTTP/1.1" 301 0 "-" "Mozilla/5.0 AppleWebKit/537.36 (KHTML, like Gecko); compatible; ShapBot/0.1.0"
34.46.138.166 - - [02/Sep/2026:11:44:22 +0000] "HEAD / HTTP/1.1" 200 0 "-" "Mozilla/5.0 AppleWebKit/537.36 (KHTML, like Gecko); compatible; ShapBot/0.1.0"
34.31.203.120 - - [02/Sep/2026:11:44:24 +0000] "HEAD /services HTTP/1.1" 301 0 "-" "Mozilla/5.0 AppleWebKit/537.36 (KHTML, like Gecko); compatible; ShapBot/0.1.0"
34.44.142.114 - - [02/Sep/2026:11:44:24 +0000] "HEAD /about-us HTTP/1.1" 301 0 "-" "Mozilla/5.0 AppleWebKit/537.36 (KHTML, like Gecko); compatible; ShapBot/0.1.0"
34.31.203.120 - - [02/Sep/2026:11:44:26 +0000] "HEAD /services/ HTTP/1.1" 200 0 "-" "Mozilla/5.0 AppleWebKit/537.36 (KHTML, like Gecko); compatible; ShapBot/0.1.0"
34.44.142.114 - - [02/Sep/2026:11:44:26 +0000] "HEAD /about-us/ HTTP/1.1" 200 0 "-" "Mozilla/5.0 AppleWebKit/537.36 (KHTML, like Gecko); compatible; ShapBot/0.1.0"
34.46.138.166 - - [02/Sep/2026:11:44:26 +0000] "GET / HTTP/1.1" 200 68953 "-" "Mozilla/5.0 AppleWebKit/537.36 (KHTML, like Gecko); compatible; ShapBot/0.1.0"
34.31.203.120 - - [02/Sep/2026:11:44:27 +0000] "GET /services HTTP/1.1" 301 5 "-" "Mozilla/5.0 AppleWebKit/537.36 (KHTML, like Gecko); compatible; ShapBot/0.1.0"
34.44.142.114 - - [02/Sep/2026:11:44:27 +0000] "GET /about-us HTTP/1.1" 301 5 "-" "Mozilla/5.0 AppleWebKit/537.36 (KHTML, like Gecko); compatible; ShapBot/0.1.0"
34.31.203.120 - - [02/Sep/2026:11:44:30 +0000] "GET /services/ HTTP/1.1" 200 59841 "-" "Mozilla/5.0 AppleWebKit/537.36 (KHTML, like Gecko); compatible; ShapBot/0.1.0"
34.44.142.114 - - [02/Sep/2026:11:44:30 +0000] "GET /about-us/ HTTP/1.1" 200 56190 "-" "Mozilla/5.0 AppleWebKit/537.36 (KHTML, like Gecko); compatible; ShapBot/0.1.0"
34.122.173.216 - - [02/Sep/2026:11:44:32 +0000] "HEAD /team HTTP/1.1" 301 0 "-" "Mozilla/5.0 AppleWebKit/537.36 (KHTML, like Gecko); compatible; ShapBot/0.1.0"
34.31.203.120 - - [02/Sep/2026:11:44:32 +0000] "HEAD /cases HTTP/1.1" 301 0 "-" "Mozilla/5.0 AppleWebKit/537.36 (KHTML, like Gecko); compatible; ShapBot/0.1.0"
34.31.203.120 - - [02/Sep/2026:11:44:33 +0000] "HEAD /blog HTTP/1.1" 301 0 "-" "Mozilla/5.0 AppleWebKit/537.36 (KHTML, like Gecko); compatible; ShapBot/0.1.0"
34.31.203.120 - - [02/Sep/2026:11:44:34 +0000] "HEAD /cases HTTP/1.1" 301 0 "-" "Mozilla/5.0 AppleWebKit/537.36 (KHTML, like Gecko); compatible; ShapBot/0.1.0"
34.122.173.216 - - [02/Sep/2026:11:44:34 +0000] "HEAD /team HTTP/1.1" 301 0 "-" "Mozilla/5.0 AppleWebKit/537.36 (KHTML, like Gecko); compatible; ShapBot/0.1.0"
34.31.203.120 - - [02/Sep/2026:11:44:35 +0000] "HEAD /blog HTTP/1.1" 301 0 "-" "Mozilla/5.0 AppleWebKit/537.36 (KHTML, like Gecko); compatible; ShapBot/0.1.0"
34.122.173.216 - - [02/Sep/2026:11:44:36 +0000] "HEAD /team/ HTTP/1.1" 200 0 "-" "Mozilla/5.0 AppleWebKit/537.36 (KHTML, like Gecko); compatible; ShapBot/0.1.0"
34.31.203.120 - - [02/Sep/2026:11:44:37 +0000] "HEAD /cases/ HTTP/1.1" 200 0 "-" "Mozilla/5.0 AppleWebKit/537.36 (KHTML, like Gecko); compatible; ShapBot/0.1.0"
34.31.203.120 - - [02/Sep/2026:11:44:37 +0000] "HEAD /blog/ HTTP/1.1" 200 0 "-" "Mozilla/5.0 AppleWebKit/537.36 (KHTML, like Gecko); compatible; ShapBot/0.1.0"
34.31.203.120 - - [02/Sep/2026:11:44:39 +0000] "GET /cases HTTP/1.1" 301 5 "-" "Mozilla/5.0 AppleWebKit/537.36 (KHTML, like Gecko); compatible; ShapBot/0.1.0"
34.31.203.120 - - [02/Sep/2026:11:44:39 +0000] "GET /blog HTTP/1.1" 301 5 "-" "Mozilla/5.0 AppleWebKit/537.36 (KHTML, like Gecko); compatible; ShapBot/0.1.0"
34.122.173.216 - - [02/Sep/2026:11:44:39 +0000] "GET /team HTTP/1.1" 301 5 "-" "Mozilla/5.0 AppleWebKit/537.36 (KHTML, like Gecko); compatible; ShapBot/0.1.0"
34.31.203.120 - - [02/Sep/2026:11:44:41 +0000] "GET /blog/ HTTP/1.1" 200 55417 "-" "Mozilla/5.0 AppleWebKit/537.36 (KHTML, like Gecko); compatible; ShapBot/0.1.0"
34.122.173.216 - - [02/Sep/2026:11:44:41 +0000] "GET /team/ HTTP/1.1" 200 59612 "-" "Mozilla/5.0 AppleWebKit/537.36 (KHTML, like Gecko); compatible; ShapBot/0.1.0"
34.31.203.120 - - [02/Sep/2026:11:44:41 +0000] "GET /cases/ HTTP/1.1" 200 59278 "-" "Mozilla/5.0 AppleWebKit/537.36 (KHTML, like Gecko); compatible; ShapBot/0.1.0"
34.122.173.216 - - [02/Sep/2026:11:44:43 +0000] "HEAD /contact-us HTTP/1.1" 301 0 "-" "Mozilla/5.0 AppleWebKit/537.36 (KHTML, like Gecko); compatible; ShapBot/0.1.0"
34.122.173.216 - - [02/Sep/2026:11:44:44 +0000] "HEAD /contact-us HTTP/1.1" 301 0 "-" "Mozilla/5.0 AppleWebKit/537.36 (KHTML, like Gecko); compatible; ShapBot/0.1.0"
34.122.173.216 - - [02/Sep/2026:11:44:46 +0000] "HEAD /contact-us/ HTTP/1.1" 200 0 "-" "Mozilla/5.0 AppleWebKit/537.36 (KHTML, like Gecko); compatible; ShapBot/0.1.0"
34.122.173.216 - - [02/Sep/2026:11:44:47 +0000] "GET /contact-us HTTP/1.1" 301 5 "-" "Mozilla/5.0 AppleWebKit/537.36 (KHTML, like Gecko); compatible; ShapBot/0.1.0"
34.122.173.216 - - [02/Sep/2026:11:44:49 +0000] "GET /contact-us/ HTTP/1.1" 200 54039 "-" "Mozilla/5.0 AppleWebKit/537.36 (KHTML, like Gecko); compatible; ShapBot/0.1.0"
144.24.37.10 - - [02/Sep/2026:12:06:44 +0000] "GET /?p=5082 HTTP/1.1" 499 0 "-" "Mozilla/5.0 (X11; Linux aarch64) AppleWebKit/537.36 (KHTML, like Gecko) Chrome/139.0.0.0 Safari/537.36"
72.167.149.90 - - [02/Sep/2026:12:06:49 +0000] "POST /wp-cron.php?doing_wp_cron=1788350808.5675799846649169921875 HTTP/1.1" 499 0 "-" "WordPress/7.1; https://uslconsultation.com"
144.24.37.10 - - [02/Sep/2026:12:11:25 +0000] "GET /?p=5082 HTTP/1.1" 499 0 "-" "Mozilla/5.0 (X11; Linux aarch64) AppleWebKit/537.36 (KHTML, like Gecko) Chrome/139.0.0.0 Safari/537.36"
72.167.149.90 - - [02/Sep/2026:12:11:29 +0000] "POST /wp-cron.php?doing_wp_cron=1788351087.9788498878479003906250 HTTP/1.1" 499 0 "-" "WordPress/7.1; https://uslconsultation.com"
72.167.149.90 - - [02/Sep/2026:12:19:47 +0000] "POST /wp-cron.php?doing_wp_cron=1788351586.9464581012725830078125 HTTP/1.1" 499 0 "-" "WordPress/7.1; https://uslconsultation.com"
190.107.177.233 - - [02/Sep/2026:12:19:48 +0000] "GET /wp-sitemap-users-1.xml HTTP/1.1" 404 51156 "-" "Mozilla/5.0 (Windows NT 10.0; Win64; x64) AppleWebKit/537.36 (KHTML, like Gecko) Chrome/151.0.0.0 Safari/537.36"
190.107.177.233 - - [02/Sep/2026:12:19:51 +0000] "GET /?rest_route=/Wp/V2/users HTTP/1.1" 200 439 "-" "Mozilla/5.0 (Windows NT 10.0; Win64; x64) AppleWebKit/537.36 (KHTML, like Gecko) Chrome/151.0.0.0 Safari/537.36"
72.167.149.90 - - [02/Sep/2026:12:20:15 +0000] "GET /wp-content/uploads/2021/02/samer.png HTTP/1.1" 200 339425 "-" "-"
72.167.149.90 - - [02/Sep/2026:12:20:16 +0000] "POST /wp-cron.php?doing_wp_cron=1788351615.5421259403228759765625 HTTP/1.1" 499 0 "-" "WordPress/7.1; https://uslconsultation.com"
64.227.104.62 - - [02/Sep/2026:12:20:16 +0000] "GET /member/samer-alyasin/ HTTP/1.1" 200 54546 "https://www.google.com/search?q=uslconsultation" "Mozilla/5.0 (Macintosh; Intel Mac OS X 10_15_7) AppleWebKit/537.36 (KHTML, like Gecko) Chrome/137.0.0.0 Safari/537.36"
72.167.149.90 - - [02/Sep/2026:12:37:08 +0000] "POST /wp-cron.php?doing_wp_cron=1788352627.0159230232238769531250 HTTP/1.1" 499 0 "-" "WordPress/7.1; https://uslconsultation.com"
52.80.60.64 - - [02/Sep/2026:12:37:08 +0000] "GET / HTTP/1.1" 200 69132 "-" "Mozilla/5.0 (Linux; Android 15; SM-S938B) AppleWebKit/537.36 (KHTML, like Gecko) Chrome/150.0.0.0 Mobile Safari/537.36"
54.222.182.145 - - [02/Sep/2026:12:37:13 +0000] "GET /wp-content/plugins/revslider/public/css/sr7.css?ver=6.7.39 HTTP/1.1" 200 1581 "https://uslconsultation.com/" "Mozilla/5.0 (Linux; Android 15; SM-S938B) AppleWebKit/537.36 (KHTML, like Gecko) Chrome/150.0.0.0 Mobile Safari/537.36"
54.222.182.145 - - [02/Sep/2026:12:37:13 +0000] "GET /wp-content/plugins/contact-form-7/includes/css/styles.css?ver=6.1.7 HTTP/1.1" 200 1050 "https://uslconsultation.com/" "Mozilla/5.0 (Linux; Android 15; SM-S938B) AppleWebKit/537.36 (KHTML, like Gecko) Chrome/150.0.0.0 Mobile Safari/537.36"
52.81.7.61 - - [02/Sep/2026:12:37:14 +0000] "GET /wp-content/plugins/alpus-aprs/plugin-framework/assets/css/framework.min.css?ver=1.2.0 HTTP/1.1" 200 671 "https://uslconsultation.com/" "Mozilla/5.0 (Linux; Android 15; SM-S938B) AppleWebKit/537.36 (KHTML, like Gecko) Chrome/150.0.0.0 Mobile Safari/537.36"
54.222.182.145 - - [02/Sep/2026:12:37:14 +0000] "GET /wp-content/plugins/cookieadmin/assets/css/consent.css?ver=1.1.4 HTTP/1.1" 200 2667 "https://uslconsultation.com/" "Mozilla/5.0 (Linux; Android 15; SM-S938B) AppleWebKit/537.36 (KHTML, like Gecko) Chrome/150.0.0.0 Mobile Safari/537.36"
54.222.182.145 - - [02/Sep/2026:12:37:15 +0000] "GET /wp-content/uploads/elementor/css/custom-frontend.min.css?ver=1788318013 HTTP/1.1" 200 7463 "https://uslconsultation.com/" "Mozilla/5.0 (Linux; Android 15; SM-S938B) AppleWebKit/537.36 (KHTML, like Gecko) Chrome/150.0.0.0 Mobile Safari/537.36"
52.81.14.90 - - [02/Sep/2026:12:37:15 +0000] "GET /wp-content/themes/porto/inc/lib/woocommerce-shipping-progress-bar/shipping-progress-bar.css?ver=7.7.2 HTTP/1.1" 200 525 "https://uslconsultation.com/" "Mozilla/5.0 (Linux; Android 15; SM-S938B) AppleWebKit/537.36 (KHTML, like Gecko) Chrome/150.0.0.0 Mobile Safari/537.36"
54.222.162.44 - - [02/Sep/2026:12:37:15 +0000] "GET /wp-content/uploads/elementor/css/post-4908.css?ver=1788318015 HTTP/1.1" 200 491 "https://uslconsultation.com/" "Mozilla/5.0 (Linux; Android 15; SM-S938B) AppleWebKit/537.36 (KHTML, like Gecko) Chrome/150.0.0.0 Mobile Safari/537.36"
52.81.7.61 - - [02/Sep/2026:12:37:15 +0000] "GET /wp-content/plugins/translatepress-multilingual/assets/css/trp-language-switcher-v2.css?ver=3.3.4 HTTP/1.1" 200 2315 "https://uslconsultation.com/" "Mozilla/5.0 (Linux; Android 15; SM-S938B) AppleWebKit/537.36 (KHTML, like Gecko) Chrome/150.0.0.0 Mobile Safari/537.36"
54.223.123.52 - - [02/Sep/2026:12:37:15 +0000] "GET /wp-content/plugins/alpus-aprs/plugin-framework/assets/css/base.min.css?ver=1.2.0 HTTP/1.1" 200 4336 "https://uslconsultation.com/" "Mozilla/5.0 (Linux; Android 15; SM-S938B) AppleWebKit/537.36 (KHTML, like Gecko) Chrome/150.0.0.0 Mobile Safari/537.36"
52.81.14.90 - - [02/Sep/2026:12:37:16 +0000] "GET /wp-content/themes/porto/css/part/fadeInUp.css?ver=7.7.2 HTTP/1.1" 200 132 "https://uslconsultation.com/" "Mozilla/5.0 (Linux; Android 15; SM-S938B) AppleWebKit/537.36 (KHTML, like Gecko) Chrome/150.0.0.0 Mobile Safari/537.36"
54.222.162.44 - - [02/Sep/2026:12:37:16 +0000] "GET /wp-content/plugins/elementor/assets/css/widget-heading.min.css?ver=4.2.4 HTTP/1.1" 200 171 "https://uslconsultation.com/" "Mozilla/5.0 (Linux; Android 15; SM-S938B) AppleWebKit/537.36 (KHTML, like Gecko) Chrome/150.0.0.0 Mobile Safari/537.36"
54.222.162.44 - - [02/Sep/2026:12:37:17 +0000] "GET /wp-content/plugins/elementor/assets/lib/animations/styles/fadeIn.min.css?ver=4.2.4 HTTP/1.1" 200 77 "https://uslconsultation.com/" "Mozilla/5.0 (Linux; Android 15; SM-S938B) AppleWebKit/537.36 (KHTML, like Gecko) Chrome/150.0.0.0 Mobile Safari/537.36"
52.81.7.61 - - [02/Sep/2026:12:37:17 +0000] "GET /wp-content/uploads/elementor/css/custom-widget-progress.min.css?ver=1788318013 HTTP/1.1" 200 416 "https://uslconsultation.com/" "Mozilla/5.0 (Linux; Android 15; SM-S938B) AppleWebKit/537.36 (KHTML, like Gecko) Chrome/150.0.0.0 Mobile Safari/537.36"
52.81.7.61 - - [02/Sep/2026:12:37:18 +0000] "GET /wp-content/plugins/elementor/assets/css/conditionals/shapes.min.css?ver=4.2.4 HTTP/1.1" 200 300 "https://uslconsultation.com/" "Mozilla/5.0 (Linux; Android 15; SM-S938B) AppleWebKit/537.36 (KHTML, like Gecko) Chrome/150.0.0.0 Mobile Safari/537.36"
54.223.123.52 - - [02/Sep/2026:12:37:18 +0000] "GET /wp-content/plugins/elementor/assets/css/widget-testimonial.min.css?ver=4.2.4 HTTP/1.1" 200 360 "https://uslconsultation.com/" "Mozilla/5.0 (Linux; Android 15; SM-S938B) AppleWebKit/537.36 (KHTML, like Gecko) Chrome/150.0.0.0 Mobile Safari/537.36"
54.222.162.44 - - [02/Sep/2026:12:37:18 +0000] "GET /wp-content/plugins/elementor/assets/css/widget-divider.min.css?ver=4.2.4 HTTP/1.1" 200 764 "https://uslconsultation.com/" "Mozilla/5.0 (Linux; Android 15; SM-S938B) AppleWebKit/537.36 (KHTML, like Gecko) Chrome/150.0.0.0 Mobile Safari/537.36"
54.223.123.52 - - [02/Sep/2026:12:37:19 +0000] "GET /wp-content/uploads/porto_styles/theme_css_vars.css?ver=7.7.2 HTTP/1.1" 200 1627 "https://uslconsultation.com/" "Mozilla/5.0 (Linux; Android 15; SM-S938B) AppleWebKit/537.36 (KHTML, like Gecko) Chrome/150.0.0.0 Mobile Safari/537.36"
54.222.162.44 - - [02/Sep/2026:12:37:19 +0000] "GET /wp-content/plugins/alpus-aprs/assets/css/alpus-aprs-frontend.min.css?ver=2.2.0 HTTP/1.1" 200 1226 "https://uslconsultation.com/" "Mozilla/5.0 (Linux; Android 15; SM-S938B) AppleWebKit/537.36 (KHTML, like Gecko) Chrome/150.0.0.0 Mobile Safari/537.36"
54.223.123.52 - - [02/Sep/2026:12:37:19 +0000] "GET /wp-content/themes/porto/css/plugins.css?ver=7.7.2 HTTP/1.1" 200 33153 "https://uslconsultation.com/" "Mozilla/5.0 (Linux; Android 15; SM-S938B) AppleWebKit/537.36 (KHTML, like Gecko) Chrome/150.0.0.0 Mobile Safari/537.36"
52.81.7.61 - - [02/Sep/2026:12:37:19 +0000] "GET /wp-content/uploads/porto_styles/bootstrap.css?ver=7.7.2 HTTP/1.1" 200 25393 "https://uslconsultation.com/" "Mozilla/5.0 (Linux; Android 15; SM-S938B) AppleWebKit/537.36 (KHTML, like Gecko) Chrome/150.0.0.0 Mobile Safari/537.36"
52.81.14.90 - - [02/Sep/2026:12:37:21 +0000] "GET /wp-content/plugins/elementor/assets/css/widget-image.min.css?ver=4.2.4 HTTP/1.1" 200 214 "https://uslconsultation.com/" "Mozilla/5.0 (Linux; Android 15; SM-S938B) AppleWebKit/537.36 (KHTML, like Gecko) Chrome/150.0.0.0 Mobile Safari/537.36"
52.81.14.90 - - [02/Sep/2026:12:37:21 +0000] "GET /wp-content/themes/porto/css/theme.css?ver=7.7.2 HTTP/1.1" 200 38390 "https://uslconsultation.com/" "Mozilla/5.0 (Linux; Android 15; SM-S938B) AppleWebKit/537.36 (KHTML, like Gecko) Chrome/150.0.0.0 Mobile Safari/537.36"
54.222.162.44 - - [02/Sep/2026:12:37:21 +0000] "GET /wp-content/themes/porto/css/part/header-shop.css?ver=7.7.2 HTTP/1.1" 200 2513 "https://uslconsultation.com/" "Mozilla/5.0 (Linux; Android 15; SM-S938B) AppleWebKit/537.36 (KHTML, like Gecko) Chrome/150.0.0.0 Mobile Safari/537.36"
52.80.60.64 - - [02/Sep/2026:12:37:23 +0000] "GET /wp-content/themes/porto/css/part/revslider.css?ver=7.7.2 HTTP/1.1" 200 947 "https://uslconsultation.com/" "Mozilla/5.0 (Linux; Android 15; SM-S938B) AppleWebKit/537.36 (KHTML, like Gecko) Chrome/150.0.0.0 Mobile Safari/537.36"
52.80.60.64 - - [02/Sep/2026:12:37:24 +0000] "GET /wp-content/themes/porto/css/theme_portfolio.css?ver=7.7.2 HTTP/1.1" 200 2826 "https://uslconsultation.com/" "Mozilla/5.0 (Linux; Android 15; SM-S938B) AppleWebKit/537.36 (KHTML, like Gecko) Chrome/150.0.0.0 Mobile Safari/537.36"
54.222.162.44 - - [02/Sep/2026:12:37:25 +0000] "GET /wp-content/themes/porto/css/part/nav-panel.css?ver=7.7.2 HTTP/1.1" 200 787 "https://uslconsultation.com/" "Mozilla/5.0 (Linux; Android 15; SM-S938B) AppleWebKit/537.36 (KHTML, like Gecko) Chrome/150.0.0.0 Mobile Safari/537.36"
52.81.7.61 - - [02/Sep/2026:12:37:25 +0000] "GET /wp-content/themes/porto/css/part/media-mobile-sidebar.css?ver=7.7.2 HTTP/1.1" 200 526 "https://uslconsultation.com/" "Mozilla/5.0 (Linux; Android 15; SM-S938B) AppleWebKit/537.36 (KHTML, like Gecko) Chrome/150.0.0.0 Mobile Safari/537.36"
52.81.7.61 - - [02/Sep/2026:12:37:25 +0000] "GET /wp-content/themes/porto/css/theme_member.css?ver=7.7.2 HTTP/1.1" 200 1256 "https://uslconsultation.com/" "Mozilla/5.0 (Linux; Android 15; SM-S938B) AppleWebKit/537.36 (KHTML, like Gecko) Chrome/150.0.0.0 Mobile Safari/537.36"
54.222.162.44 - - [02/Sep/2026:12:37:25 +0000] "GET /wp-content/themes/porto/css/theme_event.css?ver=7.7.2 HTTP/1.1" 200 333 "https://uslconsultation.com/" "Mozilla/5.0 (Linux; Android 15; SM-S938B) AppleWebKit/537.36 (KHTML, like Gecko) Chrome/150.0.0.0 Mobile Safari/537.36"
52.80.60.64 - - [02/Sep/2026:12:37:26 +0000] "GET /wp-content/themes/porto/css/theme_shop.css?ver=7.7.2 HTTP/1.1" 200 14002 "https://uslconsultation.com/" "Mozilla/5.0 (Linux; Android 15; SM-S938B) AppleWebKit/537.36 (KHTML, like Gecko) Chrome/150.0.0.0 Mobile Safari/537.36"
54.222.162.44 - - [02/Sep/2026:12:37:27 +0000] "GET /wp-content/uploads/porto_styles/shortcodes.css?ver=7.7.2 HTTP/1.1" 200 27166 "https://uslconsultation.com/" "Mozilla/5.0 (Linux; Android 15; SM-S938B) AppleWebKit/537.36 (KHTML, like Gecko) Chrome/150.0.0.0 Mobile Safari/537.36"
54.222.182.145 - - [02/Sep/2026:12:37:27 +0000] "GET /wp-content/uploads/porto_styles/dynamic_style.css?ver=7.7.2 HTTP/1.1" 200 7266 "https://uslconsultation.com/" "Mozilla/5.0 (Linux; Android 15; SM-S938B) AppleWebKit/537.36 (KHTML, like Gecko) Chrome/150.0.0.0 Mobile Safari/537.36"
52.81.7.61 - - [02/Sep/2026:12:37:27 +0000] "GET /wp-content/themes/porto/css/theme_elementor.css?ver=7.7.2 HTTP/1.1" 200 1855 "https://uslconsultation.com/" "Mozilla/5.0 (Linux; Android 15; SM-S938B) AppleWebKit/537.36 (KHTML, like Gecko) Chrome/150.0.0.0 Mobile Safari/537.36"
52.81.7.61 - - [02/Sep/2026:12:37:28 +0000] "GET /wp-content/plugins/porto-functionality/builders/assets/type-builder.css?ver=3.7.2 HTTP/1.1" 200 2484 "https://uslconsultation.com/" "Mozilla/5.0 (Linux; Android 15; SM-S938B) AppleWebKit/537.36 (KHTML, like Gecko) Chrome/150.0.0.0 Mobile Safari/537.36"
54.222.182.145 - - [02/Sep/2026:12:37:28 +0000] "GET /wp-content/themes/porto/css/theme/shop/login-style/account-login.css?ver=7.7.2 HTTP/1.1" 200 1026 "https://uslconsultation.com/" "Mozilla/5.0 (Linux; Android 15; SM-S938B) AppleWebKit/537.36 (KHTML, like Gecko) Chrome/150.0.0.0 Mobile Safari/537.36"
52.81.7.61 - - [02/Sep/2026:12:37:29 +0000] "GET /wp-content/themes/porto/css/theme/blog/type/modern.css?ver=7.7.2 HTTP/1.1" 200 1047 "https://uslconsultation.com/" "Mozilla/5.0 (Linux; Android 15; SM-S938B) AppleWebKit/537.36 (KHTML, like Gecko) Chrome/150.0.0.0 Mobile Safari/537.36"
54.223.123.52 - - [02/Sep/2026:12:37:29 +0000] "GET /wp-content/themes/porto/css/theme/shop/other/woopage.css?ver=7.7.2 HTTP/1.1" 200 4798 "https://uslconsultation.com/" "Mozilla/5.0 (Linux; Android 15; SM-S938B) AppleWebKit/537.36 (KHTML, like Gecko) Chrome/150.0.0.0 Mobile Safari/537.36"
52.81.7.61 - - [02/Sep/2026:12:37:29 +0000] "GET /wp-content/uploads/elementor/css/post-9.css?ver=1788318017 HTTP/1.1" 200 6157 "https://uslconsultation.com/" "Mozilla/5.0 (Linux; Android 15; SM-S938B) AppleWebKit/537.36 (KHTML, like Gecko) Chrome/150.0.0.0 Mobile Safari/537.36"
54.222.182.145 - - [02/Sep/2026:12:37:30 +0000] "GET /wp-content/themes/porto/css/theme/blog/single-post/modern.css?ver=7.7.2 HTTP/1.1" 200 599 "https://uslconsultation.com/" "Mozilla/5.0 (Linux; Android 15; SM-S938B) AppleWebKit/537.36 (KHTML, like Gecko) Chrome/150.0.0.0 Mobile Safari/537.36"
54.223.123.52 - - [02/Sep/2026:12:37:33 +0000] "GET /wp-content/plugins/elementor/assets/lib/animations/styles/e-animation-grow.min.css?ver=4.2.4 HTTP/1.1" 200 198 "https://uslconsultation.com/" "Mozilla/5.0 (Linux; Android 15; SM-S938B) AppleWebKit/537.36 (KHTML, like Gecko) Chrome/150.0.0.0 Mobile Safari/537.36"
54.223.123.52 - - [02/Sep/2026:12:37:33 +0000] "GET /wp-content/uploads/elementor/css/post-5.css?ver=7.7.2 HTTP/1.1" 200 1038 "https://uslconsultation.com/" "Mozilla/5.0 (Linux; Android 15; SM-S938B) AppleWebKit/537.36 (KHTML, like Gecko) Chrome/150.0.0.0 Mobile Safari/537.36"
52.81.7.61 - - [02/Sep/2026:12:37:33 +0000] "GET /wp-content/uploads/elementor/css/custom-apple-webkit.min.css?ver=1788318013 HTTP/1.1" 200 567 "https://uslconsultation.com/" "Mozilla/5.0 (Linux; Android 15; SM-S938B) AppleWebKit/537.36 (KHTML, like Gecko) Chrome/150.0.0.0 Mobile Safari/537.36"
54.223.123.52 - - [02/Sep/2026:12:37:34 +0000] "GET /wp-content/plugins/elementor/assets/css/widget-social-icons.min.css?ver=4.2.4 HTTP/1.1" 200 1155 "https://uslconsultation.com/" "Mozilla/5.0 (Linux; Android 15; SM-S938B) AppleWebKit/537.36 (KHTML, like Gecko) Chrome/150.0.0.0 Mobile Safari/537.36"
52.81.7.61 - - [02/Sep/2026:12:37:34 +0000] "GET /wp-content/uploads/elementor/css/post-393.css?ver=7.7.2 HTTP/1.1" 200 320 "https://uslconsultation.com/" "Mozilla/5.0 (Linux; Android 15; SM-S938B) AppleWebKit/537.36 (KHTML, like Gecko) Chrome/150.0.0.0 Mobile Safari/537.36"
52.81.7.61 - - [02/Sep/2026:12:37:34 +0000] "GET /wp-content/uploads/elementor/css/post-335.css?ver=7.7.2 HTTP/1.1" 200 1267 "https://uslconsultation.com/" "Mozilla/5.0 (Linux; Android 15; SM-S938B) AppleWebKit/537.36 (KHTML, like Gecko) Chrome/150.0.0.0 Mobile Safari/537.36"
54.223.123.52 - - [02/Sep/2026:12:37:34 +0000] "GET /wp-content/themes/porto-child/style.css?ver=7.1 HTTP/1.1" 200 472 "https://uslconsultation.com/" "Mozilla/5.0 (Linux; Android 15; SM-S938B) AppleWebKit/537.36 (KHTML, like Gecko) Chrome/150.0.0.0 Mobile Safari/537.36"
52.80.60.64 - - [02/Sep/2026:12:37:35 +0000] "GET /wp-content/themes/porto/style.css?ver=7.7.2 HTTP/1.1" 200 613 "https://uslconsultation.com/" "Mozilla/5.0 (Linux; Android 15; SM-S938B) AppleWebKit/537.36 (KHTML, like Gecko) Chrome/150.0.0.0 Mobile Safari/537.36"
52.81.7.61 - - [02/Sep/2026:12:37:35 +0000] "GET /wp-includes/js/jquery/jquery-migrate.min.js?ver=3.4.1 HTTP/1.1" 200 4894 "https://uslconsultation.com/" "Mozilla/5.0 (Linux; Android 15; SM-S938B) AppleWebKit/537.36 (KHTML, like Gecko) Chrome/150.0.0.0 Mobile Safari/537.36"
54.223.123.52 - - [02/Sep/2026:12:37:35 +0000] "GET /wp-includes/js/jquery/jquery.min.js?ver=3.7.1 HTTP/1.1" 200 30654 "https://uslconsultation.com/" "Mozilla/5.0 (Linux; Android 15; SM-S938B) AppleWebKit/537.36 (KHTML, like Gecko) Chrome/150.0.0.0 Mobile Safari/537.36"
54.222.182.145 - - [02/Sep/2026:12:37:35 +0000] "GET /wp-content/plugins/translatepress-multilingual/assets/js/trp-frontend-compatibility.js?ver=3.3.4 HTTP/1.1" 200 396 "https://uslconsultation.com/" "Mozilla/5.0 (Linux; Android 15; SM-S938B) AppleWebKit/537.36 (KHTML, like Gecko) Chrome/150.0.0.0 Mobile Safari/537.36"
52.80.60.64 - - [02/Sep/2026:12:37:35 +0000] "GET /wp-content/plugins/translatepress-multilingual/assets/js/trp-frontend-language-switcher.js?ver=3.3.4 HTTP/1.1" 200 4194 "https://uslconsultation.com/" "Mozilla/5.0 (Linux; Android 15; SM-S938B) AppleWebKit/537.36 (KHTML, like Gecko) Chrome/150.0.0.0 Mobile Safari/537.36"
54.222.182.145 - - [02/Sep/2026:12:37:35 +0000] "GET /wp-content/uploads/2021/02/background-woman-400x459.png HTTP/1.1" 206 500 "https://uslconsultation.com/" "Mozilla/5.0 (Linux; Android 15; SM-S938B) AppleWebKit/537.36 (KHTML, like Gecko) Chrome/150.0.0.0 Mobile Safari/537.36"
54.222.182.145 - - [02/Sep/2026:12:37:36 +0000] "GET /wp-content/uploads/2025/12/USL-NEW-May-2023-Gray.png HTTP/1.1" 206 500 "https://uslconsultation.com/" "Mozilla/5.0 (Linux; Android 15; SM-S938B) AppleWebKit/537.36 (KHTML, like Gecko) Chrome/150.0.0.0 Mobile Safari/537.36"
54.222.182.145 - - [02/Sep/2026:12:37:36 +0000] "GET /wp-content/uploads/2025/11/USL-Blue-trans.png HTTP/1.1" 206 500 "https://uslconsultation.com/" "Mozilla/5.0 (Linux; Android 15; SM-S938B) AppleWebKit/537.36 (KHTML, like Gecko) Chrome/150.0.0.0 Mobile Safari/537.36"
54.222.182.145 - - [02/Sep/2026:12:37:38 +0000] "GET /wp-content/plugins/woocommerce/assets/client/blocks/wc-blocks.css?ver=wc-11.0.1 HTTP/1.1" 200 2676 "https://uslconsultation.com/" "Mozilla/5.0 (Linux; Android 15; SM-S938B) AppleWebKit/537.36 (KHTML, like Gecko) Chrome/150.0.0.0 Mobile Safari/537.36"
54.222.182.145 - - [02/Sep/2026:12:37:39 +0000] "GET /wp-includes/js/dist/hooks.min.js?ver=f0f188028580e8dc1255 HTTP/1.1" 200 1872 "https://uslconsultation.com/" "Mozilla/5.0 (Linux; Android 15; SM-S938B) AppleWebKit/537.36 (KHTML, like Gecko) Chrome/150.0.0.0 Mobile Safari/537.36"
52.81.7.61 - - [02/Sep/2026:12:37:39 +0000] "GET /wp-includes/js/dist/i18n.min.js?ver=1dfe7db3940c23ea9216 HTTP/1.1" 200 2506 "https://uslconsultation.com/" "Mozilla/5.0 (Linux; Android 15; SM-S938B) AppleWebKit/537.36 (KHTML, like Gecko) Chrome/150.0.0.0 Mobile Safari/537.36"
54.222.182.145 - - [02/Sep/2026:12:37:39 +0000] "GET /wp-content/plugins/contact-form-7/includes/swv/js/index.js?ver=6.1.7 HTTP/1.1" 200 3530 "https://uslconsultation.com/" "Mozilla/5.0 (Linux; Android 15; SM-S938B) AppleWebKit/537.36 (KHTML, like Gecko) Chrome/150.0.0.0 Mobile Safari/537.36"
52.81.7.61 - - [02/Sep/2026:12:37:39 +0000] "GET /wp-content/plugins/contact-form-7/includes/js/index.js?ver=6.1.7 HTTP/1.1" 200 4290 "https://uslconsultation.com/" "Mozilla/5.0 (Linux; Android 15; SM-S938B) AppleWebKit/537.36 (KHTML, like Gecko) Chrome/150.0.0.0 Mobile Safari/537.36"
54.222.182.145 - - [02/Sep/2026:12:37:40 +0000] "GET /wp-content/plugins/alpus-aprs/plugin-framework/assets/js/framework.min.js?ver=1.2.0 HTTP/1.1" 200 1291 "https://uslconsultation.com/" "Mozilla/5.0 (Linux; Android 15; SM-S938B) AppleWebKit/537.36 (KHTML, like Gecko) Chrome/150.0.0.0 Mobile Safari/537.36"
52.81.7.61 - - [02/Sep/2026:12:37:40 +0000] "GET /wp-content/themes/porto/inc/lib/live-search/live-search.min.js?ver=7.7.2 HTTP/1.1" 200 4961 "https://uslconsultation.com/" "Mozilla/5.0 (Linux; Android 15; SM-S938B) AppleWebKit/537.36 (KHTML, like Gecko) Chrome/150.0.0.0 Mobile Safari/537.36"
52.81.14.90 - - [02/Sep/2026:12:37:41 +0000] "GET /wp-content/plugins/cookieadmin/assets/js/consent.js?ver=1.1.4 HTTP/1.1" 200 4791 "https://uslconsultation.com/" "Mozilla/5.0 (Linux; Android 15; SM-S938B) AppleWebKit/537.36 (KHTML, like Gecko) Chrome/150.0.0.0 Mobile Safari/537.36"
52.81.7.61 - - [02/Sep/2026:12:37:41 +0000] "GET /wp-content/plugins/woocommerce/assets/js/sourcebuster/sourcebuster.min.js?ver=11.0.1 HTTP/1.1" 200 4830 "https://uslconsultation.com/" "Mozilla/5.0 (Linux; Android 15; SM-S938B) AppleWebKit/537.36 (KHTML, like Gecko) Chrome/150.0.0.0 Mobile Safari/537.36"
52.81.7.61 - - [02/Sep/2026:12:37:42 +0000] "GET /wp-content/plugins/elementor/assets/js/webpack.runtime.min.js?ver=4.2.4 HTTP/1.1" 200 2551 "https://uslconsultation.com/" "Mozilla/5.0 (Linux; Android 15; SM-S938B) AppleWebKit/537.36 (KHTML, like Gecko) Chrome/150.0.0.0 Mobile Safari/537.36"
52.80.60.64 - - [02/Sep/2026:12:37:42 +0000] "GET /wp-content/plugins/woocommerce/assets/js/frontend/order-attribution.min.js?ver=11.0.1 HTTP/1.1" 200 1162 "https://uslconsultation.com/" "Mozilla/5.0 (Linux; Android 15; SM-S938B) AppleWebKit/537.36 (KHTML, like Gecko) Chrome/150.0.0.0 Mobile Safari/537.36"
52.81.14.90 - - [02/Sep/2026:12:37:42 +0000] "GET /wp-content/plugins/elementor/assets/js/frontend-modules.min.js?ver=4.2.4 HTTP/1.1" 200 16189 "https://uslconsultation.com/" "Mozilla/5.0 (Linux; Android 15; SM-S938B) AppleWebKit/537.36 (KHTML, like Gecko) Chrome/150.0.0.0 Mobile Safari/537.36"
52.81.7.61 - - [02/Sep/2026:12:37:42 +0000] "GET /wp-content/uploads/2022/05/background-1-mobile.jpg HTTP/1.1" 206 500 "https://uslconsultation.com/wp-content/uploads/elementor/css/post-9.css?ver=1788318017" "Mozilla/5.0 (Linux; Android 15; SM-S938B) AppleWebKit/537.36 (KHTML, like Gecko) Chrome/150.0.0.0 Mobile Safari/537.36"
52.81.7.61 - - [02/Sep/2026:12:37:42 +0000] "GET /wp-content/plugins/elementor/assets/js/frontend.min.js?ver=4.2.4 HTTP/1.1" 200 10504 "https://uslconsultation.com/" "Mozilla/5.0 (Linux; Android 15; SM-S938B) AppleWebKit/537.36 (KHTML, like Gecko) Chrome/150.0.0.0 Mobile Safari/537.36"
54.222.182.145 - - [02/Sep/2026:12:37:42 +0000] "GET /wp-content/plugins/cookieadmin-pro/assets/js/consent.js?ver=1.1.4 HTTP/1.1" 200 624 "https://uslconsultation.com/" "Mozilla/5.0 (Linux; Android 15; SM-S938B) AppleWebKit/537.36 (KHTML, like Gecko) Chrome/150.0.0.0 Mobile Safari/537.36"
54.222.182.145 - - [02/Sep/2026:12:37:43 +0000] "GET /wp-content/uploads/2022/05/background-1-mobile.jpg HTTP/1.1" 304 0 "https://uslconsultation.com/wp-content/uploads/elementor/css/post-9.css?ver=1788318017" "Mozilla/5.0 (Linux; Android 15; SM-S938B) AppleWebKit/537.36 (KHTML, like Gecko) Chrome/150.0.0.0 Mobile Safari/537.36"
52.81.7.61 - - [02/Sep/2026:12:37:43 +0000] "GET /wp-includes/js/jquery/ui/core.min.js?ver=1.14.2 HTTP/1.1" 200 6553 "https://uslconsultation.com/" "Mozilla/5.0 (Linux; Android 15; SM-S938B) AppleWebKit/537.36 (KHTML, like Gecko) Chrome/150.0.0.0 Mobile Safari/537.36"
54.222.182.145 - - [02/Sep/2026:12:37:44 +0000] "GET /wp-content/themes/porto/js/bootstrap.js?ver=5.0.1 HTTP/1.1" 200 40539 "https://uslconsultation.com/" "Mozilla/5.0 (Linux; Android 15; SM-S938B) AppleWebKit/537.36 (KHTML, like Gecko) Chrome/150.0.0.0 Mobile Safari/537.36"
52.80.60.64 - - [02/Sep/2026:12:37:45 +0000] "GET /wp-content/uploads/2022/05/background-1-mobile.jpg HTTP/1.1" 206 10435 "https://uslconsultation.com/wp-content/uploads/elementor/css/post-9.css?ver=1788318017" "Mozilla/5.0 (Linux; Android 15; SM-S938B) AppleWebKit/537.36 (KHTML, like Gecko) Chrome/150.0.0.0 Mobile Safari/537.36"
52.81.7.61 - - [02/Sep/2026:12:37:46 +0000] "GET /wp-includes/js/imagesloaded.min.js?ver=5.0.0 HTTP/1.1" 200 1824 "https://uslconsultation.com/" "Mozilla/5.0 (Linux; Android 15; SM-S938B) AppleWebKit/537.36 (KHTML, like Gecko) Chrome/150.0.0.0 Mobile Safari/537.36"
52.80.60.64 - - [02/Sep/2026:12:37:47 +0000] "GET /wp-content/themes/porto/js/libs/owl.carousel.min.js?ver=2.3.4 HTTP/1.1" 200 11445 "https://uslconsultation.com/" "Mozilla/5.0 (Linux; Android 15; SM-S938B) AppleWebKit/537.36 (KHTML, like Gecko) Chrome/150.0.0.0 Mobile Safari/537.36"
52.81.14.90 - - [02/Sep/2026:12:37:48 +0000] "GET /wp-content/themes/porto/js/theme.js?ver=7.7.2 HTTP/1.1" 200 27928 "https://uslconsultation.com/" "Mozilla/5.0 (Linux; Android 15; SM-S938B) AppleWebKit/537.36 (KHTML, like Gecko) Chrome/150.0.0.0 Mobile Safari/537.36"
52.81.7.61 - - [02/Sep/2026:12:37:48 +0000] "GET /wp-content/plugins/porto-functionality/shortcodes/assets/js/porto-cursor-effect.min.js?ver=3.7.2 HTTP/1.1" 200 1733 "https://uslconsultation.com/" "Mozilla/5.0 (Linux; Android 15; SM-S938B) AppleWebKit/537.36 (KHTML, like Gecko) Chrome/150.0.0.0 Mobile Safari/537.36"
54.223.195.208 - - [02/Sep/2026:12:37:48 +0000] "GET /wp-content/plugins/alpus-aprs/assets/js/alpus-aprs-frontend.min.js?ver=2.2.0 HTTP/1.1" 200 647 "https://uslconsultation.com/" "Mozilla/5.0 (Linux; Android 15; SM-S938B) AppleWebKit/537.36 (KHTML, like Gecko) Chrome/150.0.0.0 Mobile Safari/537.36"
52.81.7.61 - - [02/Sep/2026:12:37:49 +0000] "GET /wp-content/themes/porto/js/woocommerce-theme.js?ver=7.7.2 HTTP/1.1" 200 22308 "https://uslconsultation.com/" "Mozilla/5.0 (Linux; Android 15; SM-S938B) AppleWebKit/537.36 (KHTML, like Gecko) Chrome/150.0.0.0 Mobile Safari/537.36"
54.223.195.208 - - [02/Sep/2026:12:37:50 +0000] "GET /wp-content/themes/porto/js/libs/skrollr.min.js?ver=0.6.30 HTTP/1.1" 200 5619 "https://uslconsultation.com/" "Mozilla/5.0 (Linux; Android 15; SM-S938B) AppleWebKit/537.36 (KHTML, like Gecko) Chrome/150.0.0.0 Mobile Safari/537.36"
54.222.162.44 - - [02/Sep/2026:12:37:51 +0000] "GET /wp-content/themes/porto/js/libs/smoothscroll.min.js?ver=7.7.2 HTTP/1.1" 200 3193 "https://uslconsultation.com/" "Mozilla/5.0 (Linux; Android 15; SM-S938B) AppleWebKit/537.36 (KHTML, like Gecko) Chrome/150.0.0.0 Mobile Safari/537.36"
72.167.149.90 - - [02/Sep/2026:12:44:01 +0000] "POST /wp-cron.php?doing_wp_cron=1788353040.9660348892211914062500 HTTP/1.1" 499 0 "-" "WordPress/7.1; https://uslconsultation.com"
57.141.14.99 - - [02/Sep/2026:12:44:02 +0000] "GET /category/business-consulting/ HTTP/1.1" 200 55482 "-" "Mozilla/5.0 (Windows NT 10.0; Win64; x64) AppleWebKit/537.36 (KHTML, like Gecko) Chrome/145.0.0.0 Safari/537.36 Edg/145.0.0.0 (compatible; meta-externalagent/1.1 (+https://developers.facebook.com/docs/sharing/webmasters/crawler))"
20.232.65.209 - - [02/Sep/2026:12:44:09 +0000] "GET /wp-json/wp/v2/users?_fields=slug&per_page=100&page=1 HTTP/1.1" 200 50 "-" "Mozilla/5.0 (Windows NT 10.0; Win64; x64) AppleWebKit/537.36 (KHTML, like Gecko) Chrome/151.0.0.0 Safari/537.36, Mozilla/5.0 (X11; Linux x86_64) AppleWebKit/537.36 (KHTML, like Gecko) Chrome/151.0.0.0 Safari/537.36"
65.181.113.236 - - [02/Sep/2026:12:44:10 +0000] "GET /wp-json/buddyboss/v1/members?per_page=100&_fields=user_login HTTP/1.1" 404 128 "-" "Mozilla/5.0 (Windows NT 10.0; Win64; x64) AppleWebKit/537.36 (KHTML, like Gecko) Chrome/151.0.0.0 Safari/537.36, Mozilla/5.0 (X11; Linux x86_64) AppleWebKit/537.36 (KHTML, like Gecko) Chrome/151.0.0.0 Safari/537.36"
72.167.149.90 - - [02/Sep/2026:12:53:58 +0000] "POST /wp-cron.php?doing_wp_cron=1788353637.6271619796752929687500 HTTP/1.1" 499 0 "-" "WordPress/7.1; https://uslconsultation.com"
129.146.147.32 - - [02/Sep/2026:12:53:58 +0000] "GET /service/digital-marketing-social-media HTTP/1.1" 301 5 "-" "Mozilla/5.0 (X11; Linux aarch64) AppleWebKit/537.36 (KHTML, like Gecko) Chrome/139.0.0.0 Safari/537.36"
72.167.149.90 - - [02/Sep/2026:12:54:45 +0000] "POST /wp-cron.php?doing_wp_cron=1788353684.3876850605010986328125 HTTP/1.1" 499 0 "-" "WordPress/7.1; https://uslconsultation.com"
129.146.167.71 - - [02/Sep/2026:12:54:45 +0000] "GET /wp-json/wp/v2/member_cat/56 HTTP/1.1" 200 310 "-" "Mozilla/5.0 (X11; Linux aarch64) AppleWebKit/537.36 (KHTML, like Gecko) Chrome/139.0.0.0 Safari/537.36"
199.244.88.229 - - [02/Sep/2026:12:55:16 +0000] "GET / HTTP/1.1" 200 68949 "http://uslconsultation.com" "Mozilla/5.0 (X11; Linux x86_64) AppleWebKit/537.36 (KHTML, like Gecko) Chrome/105.0.0.0 Safari/537.36"
72.167.149.90 - - [02/Sep/2026:12:58:29 +0000] "POST /wp-cron.php?doing_wp_cron=1788353908.7428390979766845703125 HTTP/1.1" 499 0 "-" "WordPress/7.1; https://uslconsultation.com"
129.146.167.71 - - [02/Sep/2026:12:58:29 +0000] "GET /wp-json/wp/v2/member_cat/56 HTTP/1.1" 200 310 "-" "Mozilla/5.0 (X11; Linux aarch64) AppleWebKit/537.36 (KHTML, like Gecko) Chrome/139.0.0.0 Safari/537.36"
49.124.145.58 - - [02/Sep/2026:13:00:50 +0000] "GET /wp-login.php HTTP/1.1" 499 0 "-" "Mozilla/5.0 (Windows NT 10.0; Win64; x64) AppleWebKit/537.36 (KHTML, like Gecko) Chrome/151.0.0.0 Safari/537.36"
72.167.149.90 - - [02/Sep/2026:13:00:51 +0000] "POST /wp-cron.php?doing_wp_cron=1788354050.3881630897521972656250 HTTP/1.1" 499 0 "-" "WordPress/7.1; https://uslconsultation.com"
49.124.145.58 - beso4u [02/Sep/2026:13:00:56 +0000] "GET /wp-json/wp/v2/users/me HTTP/1.1" 401 107 "-" "Mozilla/5.0 (Windows NT 10.0; Win64; x64) AppleWebKit/537.36 (KHTML, like Gecko) Chrome/151.0.0.0 Safari/537.36"
72.167.149.90 - - [02/Sep/2026:13:02:45 +0000] "POST /wp-cron.php?doing_wp_cron=1788354164.1326758861541748046875 HTTP/1.1" 499 0 "-" "WordPress/7.1; https://uslconsultation.com"
129.146.147.32 - - [02/Sep/2026:13:02:45 +0000] "GET /service/digital-marketing-social-media HTTP/1.1" 301 5 "-" "Mozilla/5.0 (X11; Linux aarch64) AppleWebKit/537.36 (KHTML, like Gecko) Chrome/139.0.0.0 Safari/537.36"
119.28.177.175 - - [02/Sep/2026:13:06:10 +0000] "GET / HTTP/1.1" 200 69132 "http://uslconsultation.com" "Mozilla/5.0 (iPhone; CPU iPhone OS 13_2_3 like Mac OS X) AppleWebKit/605.1.15 (KHTML, like Gecko) Version/13.0.3 Mobile/15E148 Safari/604.1"
129.146.147.32 - - [02/Sep/2026:13:09:13 +0000] "GET /service/digital-marketing-social-media/ HTTP/1.1" 499 0 "https://uslconsultation.com/service/digital-marketing-social-media" "Mozilla/5.0 (X11; Linux aarch64) AppleWebKit/537.36 (KHTML, like Gecko) Chrome/139.0.0.0 Safari/537.36"
72.167.149.90 - - [02/Sep/2026:13:09:14 +0000] "GET /wp-content/uploads/2021/02/services-5.jpg HTTP/1.1" 200 16234 "-" "-"
72.167.149.90 - - [02/Sep/2026:13:14:12 +0000] "POST /wp-cron.php?doing_wp_cron=1788354851.0937800407409667968750 HTTP/1.1" 499 0 "-" "WordPress/7.1; https://uslconsultation.com"
216.73.217.0 - - [02/Sep/2026:13:14:12 +0000] "GET /robots.txt HTTP/1.1" 200 124 "-" "Mozilla/5.0 AppleWebKit/537.36 (KHTML, like Gecko; compatible; ClaudeBot/1.0; +claudebot@anthropic.com)"
216.73.217.0 - - [02/Sep/2026:13:14:17 +0000] "GET /sitemaps.xml HTTP/1.1" 200 283 "-" "Mozilla/5.0 AppleWebKit/537.36 (KHTML, like Gecko; compatible; ClaudeBot/1.0; +claudebot@anthropic.com)"
129.153.207.36 - - [02/Sep/2026:13:17:11 +0000] "GET /wp-json/oembed/1.0/embed?url=https%3A%2F%2Fuslconsultation.com%2F2025%2F12%2F21%2Fhow-consulting-firms-drive-measurable-growth-for-smes%2F HTTP/1.1" 499 0 "-" "Mozilla/5.0 (X11; Linux aarch64) AppleWebKit/537.36 (KHTML, like Gecko) Chrome/139.0.0.0 Safari/537.36"
72.167.149.90 - - [02/Sep/2026:13:17:17 +0000] "POST /wp-cron.php?doing_wp_cron=1788355036.3573279380798339843750 HTTP/1.1" 499 0 "-" "WordPress/7.1; https://uslconsultation.com"
129.153.207.36 - - [02/Sep/2026:13:24:50 +0000] "GET /wp-json/oembed/1.0/embed?url=https%3A%2F%2Fuslconsultation.com%2F2025%2F12%2F21%2Fhow-consulting-firms-drive-measurable-growth-for-smes%2F HTTP/1.1" 499 0 "-" "Mozilla/5.0 (X11; Linux aarch64) AppleWebKit/537.36 (KHTML, like Gecko) Chrome/139.0.0.0 Safari/537.36"
72.167.149.90 - - [02/Sep/2026:13:24:51 +0000] "POST /wp-cron.php?doing_wp_cron=1788355490.5147299766540527343750 HTTP/1.1" 499 0 "-" "WordPress/7.1; https://uslconsultation.com"
72.167.149.90 - - [02/Sep/2026:13:46:05 +0000] "POST /wp-cron.php?doing_wp_cron=1788356764.8849589824676513671875 HTTP/1.1" 499 0 "-" "WordPress/7.1; https://uslconsultation.com"
82.160.203.157 - - [02/Sep/2026:13:46:05 +0000] "GET /wp-login.php HTTP/1.1" 200 4194 "-" "Mozilla/5.0 (Windows NT 10.0; Win64; x64) AppleWebKit/537.36 (KHTML, like Gecko) Chrome/151.0.0.0 Safari/537.36"
82.160.203.157 - - [02/Sep/2026:13:46:07 +0000] "POST /wp-login.php HTTP/1.1" 200 4296 "https://uslconsultation.com/wp-login.php" "Mozilla/5.0 (Windows NT 10.0; Win64; x64) AppleWebKit/537.36 (KHTML, like Gecko) Chrome/151.0.0.0 Safari/537.36"
72.167.149.90 - - [02/Sep/2026:13:48:36 +0000] "POST /wp-cron.php?doing_wp_cron=1788356915.1717751026153564453125 HTTP/1.1" 499 0 "-" "WordPress/7.1; https://uslconsultation.com"
57.141.14.109 - - [02/Sep/2026:13:48:36 +0000] "GET /cart/ HTTP/1.1" 200 72734 "-" "Mozilla/5.0 (Windows NT 10.0; Win64; x64) AppleWebKit/537.36 (KHTML, like Gecko) Chrome/145.0.0.0 Safari/537.36 (compatible; meta-externalagent/1.1 (+https://developers.facebook.com/docs/sharing/webmasters/crawler))"
72.167.149.90 - - [02/Sep/2026:13:49:35 +0000] "POST /wp-cron.php?doing_wp_cron=1788356974.4719839096069335937500 HTTP/1.1" 499 0 "-" "WordPress/7.1; https://uslconsultation.com"
129.146.112.66 - - [02/Sep/2026:13:49:35 +0000] "GET /wp-json/oembed/1.0/embed?url=https%3A%2F%2Fuslconsultation.com%2Fservice%2Fbranding-rebranding%2F HTTP/1.1" 200 1192 "-" "Mozilla/5.0 (X11; Linux aarch64) AppleWebKit/537.36 (KHTML, like Gecko) Chrome/139.0.0.0 Safari/537.36"
72.167.149.90 - - [02/Sep/2026:13:50:24 +0000] "POST /wp-cron.php?doing_wp_cron=1788357023.7654728889465332031250 HTTP/1.1" 499 0 "-" "WordPress/7.1; https://uslconsultation.com"
129.146.112.66 - - [02/Sep/2026:13:50:24 +0000] "GET /wp-json/oembed/1.0/embed?url=https%3A%2F%2Fuslconsultation.com%2Fservice%2Fbranding-rebranding%2F HTTP/1.1" 200 1192 "-" "Mozilla/5.0 (X11; Linux aarch64) AppleWebKit/537.36 (KHTML, like Gecko) Chrome/139.0.0.0 Safari/537.36"
43.159.136.201 - - [02/Sep/2026:14:00:49 +0000] "GET / HTTP/1.1" 200 69129 "http://www.uslconsultation.com" "Mozilla/5.0 (iPhone; CPU iPhone OS 13_2_3 like Mac OS X) AppleWebKit/605.1.15 (KHTML, like Gecko) Version/13.0.3 Mobile/15E148 Safari/604.1"
199.244.88.222 - - [02/Sep/2026:14:28:47 +0000] "GET /wp-content/uploads/2025/11/cropped-USL-NEW-May-2023-Gray-32x32.png HTTP/1.1" 200 1321 "-" "Mozilla/5.0 (Macintosh; Intel Mac OS X 10_15_7) AppleWebKit/537.36 (KHTML, like Gecko) Chrome/120.0.0.0 Safari/537.36"
