40.77.167.131 - - [28/Aug/2026:18:26:37 +0000] "GET /sitemaps.xml HTTP/1.1" 200 284 "-" "Mozilla/5.0 AppleWebKit/537.36 (KHTML, like Gecko; compatible; bingbot/2.0; +http://www.bing.com/bingbot.htm) Chrome/116.0.1938.76 Safari/537.36"
72.167.149.90 - - [28/Aug/2026:18:41:20 +0000] "POST /wp-cron.php?doing_wp_cron=1787942479.7964570522308349609375 HTTP/1.1" 499 0 "-" "WordPress/7.1; https://uslconsultation.com"
13.58.105.187 - - [28/Aug/2026:18:41:20 +0000] "GET / HTTP/1.1" 200 68952 "-" "Mozilla/5.0 (Windows NT 10.0; Win64; x64) AppleWebKit/537.36 (KHTML, like Gecko) Chrome/131.0.0.0 Safari/537.36 Edg/131.0.0.0"
72.167.149.90 - - [28/Aug/2026:18:50:47 +0000] "POST /wp-cron.php?doing_wp_cron=1787943046.4556000232696533203125 HTTP/1.1" 499 0 "-" "WordPress/7.1; https://uslconsultation.com"
39.194.0.211 - - [28/Aug/2026:18:50:47 +0000] "GET / HTTP/1.1" 200 68948 "-" "Mozilla/5.0 (Windows NT 10.0; Win64; x64) AppleWebKit/537.36 (KHTML, like Gecko) Chrome/126.0 Safari/537.36"
39.194.0.211 - - [28/Aug/2026:18:50:47 +0000] "GET /wp-content/plugins/translatepress-multilingual/readme.txt HTTP/1.1" 200 4865 "-" "Mozilla/5.0 (Windows NT 10.0; Win64; x64) AppleWebKit/537.36 (KHTML, like Gecko) Chrome/126.0 Safari/537.36"
39.194.0.211 - - [28/Aug/2026:18:50:52 +0000] "GET /about-us/ HTTP/1.1" 200 56197 "-" "Mozilla/5.0 (Windows NT 10.0; Win64; x64) AppleWebKit/537.36 (KHTML, like Gecko) Chrome/126.0 Safari/537.36"
39.194.0.211 - - [28/Aug/2026:18:50:56 +0000] "GET /services/ HTTP/1.1" 200 59841 "-" "Mozilla/5.0 (Windows NT 10.0; Win64; x64) AppleWebKit/537.36 (KHTML, like Gecko) Chrome/126.0 Safari/537.36"
72.167.149.90 - - [28/Aug/2026:18:51:00 +0000] "GET /wp-content/uploads/2021/02/services-6.jpg HTTP/1.1" 200 12635 "-" "-"
39.194.0.211 - - [28/Aug/2026:18:51:01 +0000] "GET /service/licensing-franchising/ HTTP/1.1" 200 32320 "-" "Mozilla/5.0 (Windows NT 10.0; Win64; x64) AppleWebKit/537.36 (KHTML, like Gecko) Chrome/126.0 Safari/537.36"
72.167.149.90 - - [28/Aug/2026:18:51:02 +0000] "POST /wp-cron.php?doing_wp_cron=1787943061.1450760364532470703125 HTTP/1.1" 499 0 "-" "WordPress/7.1; https://uslconsultation.com"
13.58.105.187 - - [28/Aug/2026:19:05:34 +0000] "GET /wp-content/uploads/2025/11/cropped-USL-NEW-May-2023-Gray-32x32.png HTTP/1.1" 200 1321 "-" "Python/3.12 aiohttp/3.14.3"
13.58.105.187 - - [28/Aug/2026:19:05:37 +0000] "GET /robots.txt HTTP/1.1" 200 124 "-" "Python/3.12 aiohttp/3.14.3"
13.58.105.187 - - [28/Aug/2026:19:05:37 +0000] "GET /ads.txt HTTP/1.1" 404 50932 "-" "Python/3.12 aiohttp/3.14.3"
72.167.149.90 - - [28/Aug/2026:19:05:38 +0000] "POST /wp-cron.php?doing_wp_cron=1787943937.2680790424346923828125 HTTP/1.1" 499 0 "-" "WordPress/7.1; https://uslconsultation.com"
13.58.105.187 - - [28/Aug/2026:19:05:38 +0000] "GET /.well-known/security.txt HTTP/1.1" 404 50956 "-" "Python/3.12 aiohttp/3.14.3"
57.131.49.232 - - [28/Aug/2026:19:05:59 +0000] "GET /images/images/cache.php HTTP/1.1" 404 50941 "www.google.com" "Mozlila/5.0 (Linux; Android 7.0; SM-G892A Bulid/NRD90M; wv) AppleWebKit/537.36 (KHTML, like Gecko) Version/4.0 Chrome/60.0.3112.107 Moblie Safari/537.36"
72.167.149.90 - - [28/Aug/2026:19:07:03 +0000] "POST /wp-cron.php?doing_wp_cron=1787944022.5505399703979492187500 HTTP/1.1" 499 0 "-" "WordPress/7.1; https://uslconsultation.com"
217.160.232.220 - - [28/Aug/2026:19:07:03 +0000] "POST /xmlrpc.php HTTP/1.1" 200 217 "-" "Mozilla/5.0 (Windows NT 10.0; rv:145.0) Gecko/20100101 Firefox/145.0"
72.167.149.90 - - [28/Aug/2026:19:13:00 +0000] "POST /wp-cron.php?doing_wp_cron=1787944379.5074560642242431640625 HTTP/1.1" 499 0 "-" "WordPress/7.1; https://uslconsultation.com"
104.210.140.136 - - [28/Aug/2026:19:13:00 +0000] "GET /robots.txt HTTP/1.1" 200 124 "-" "Mozilla/5.0 (Macintosh; Intel Mac OS X 10_15_7) AppleWebKit/537.36 (KHTML, like Gecko) Chrome/131.0.0.0 Safari/537.36; compatible; OAI-SearchBot/1.0; +https://openai.com/searchbot"
72.167.149.90 - - [28/Aug/2026:19:24:22 +0000] "POST /wp-cron.php?doing_wp_cron=1787945061.2867150306701660156250 HTTP/1.1" 499 0 "-" "WordPress/7.1; https://uslconsultation.com"
57.141.14.98 - - [28/Aug/2026:19:24:22 +0000] "GET /sitemaps.xml HTTP/1.1" 200 284 "-" "Mozilla/5.0 (Macintosh; Intel Mac OS X 10_15_7) AppleWebKit/537.36 (KHTML, like Gecko) Chrome/145.0.0.0 Safari/537.36 (compatible; meta-externalagent/1.1 (+https://developers.facebook.com/docs/sharing/webmasters/crawler))"
72.167.149.90 - - [28/Aug/2026:19:26:43 +0000] "POST /wp-cron.php?doing_wp_cron=1787945202.5992019176483154296875 HTTP/1.1" 499 0 "-" "WordPress/7.1; https://uslconsultation.com"
40.77.167.157 - - [28/Aug/2026:19:26:43 +0000] "GET /category-sitemap1.xml HTTP/1.1" 200 337 "-" "Mozilla/5.0 AppleWebKit/537.36 (KHTML, like Gecko; compatible; bingbot/2.0; +http://www.bing.com/bingbot.htm) Chrome/116.0.1938.76 Safari/537.36"
72.167.149.90 - - [28/Aug/2026:19:27:25 +0000] "POST /wp-cron.php?doing_wp_cron=1787945244.4358069896697998046875 HTTP/1.1" 499 0 "-" "WordPress/7.1; https://uslconsultation.com"
37.148.202.182 - - [28/Aug/2026:19:27:25 +0000] "GET /contact-us HTTP/1.1" 301 5 "-" "Mozilla/5.0 (compatible; AkoniLeadHuntBot/1.0; +https://www.recruiting-systems.com) AppleWebKit/537.36 (KHTML, like Gecko) Chrome/126.0 Safari/537.36"
37.148.202.182 - - [28/Aug/2026:19:27:29 +0000] "GET /contact-us/ HTTP/1.1" 200 54034 "-" "Mozilla/5.0 (compatible; AkoniLeadHuntBot/1.0; +https://www.recruiting-systems.com) AppleWebKit/537.36 (KHTML, like Gecko) Chrome/126.0 Safari/537.36"
72.167.149.90 - - [28/Aug/2026:19:28:57 +0000] "POST /wp-cron.php?doing_wp_cron=1787945336.0904450416564941406250 HTTP/1.1" 499 0 "-" "WordPress/7.1; https://uslconsultation.com"
57.141.14.40 - - [28/Aug/2026:19:28:57 +0000] "GET /category-sitemap1.xml HTTP/1.1" 200 337 "-" "Mozilla/5.0 (Macintosh; Intel Mac OS X 10_15_7) AppleWebKit/537.36 (KHTML, like Gecko) Chrome/145.0.0.0 Safari/537.36 (compatible; meta-externalagent/1.1 (+https://developers.facebook.com/docs/sharing/webmasters/crawler))"
72.167.149.90 - - [28/Aug/2026:19:29:45 +0000] "POST /wp-cron.php?doing_wp_cron=1787945384.1230969429016113281250 HTTP/1.1" 499 0 "-" "WordPress/7.1; https://uslconsultation.com"
37.148.202.182 - - [28/Aug/2026:19:29:45 +0000] "GET /about-us HTTP/1.1" 301 5 "-" "Mozilla/5.0 (compatible; AkoniLeadHuntBot/1.0; +https://www.recruiting-systems.com) AppleWebKit/537.36 (KHTML, like Gecko) Chrome/126.0 Safari/537.36"
37.148.202.182 - - [28/Aug/2026:19:29:49 +0000] "GET /about-us/ HTTP/1.1" 200 56191 "-" "Mozilla/5.0 (compatible; AkoniLeadHuntBot/1.0; +https://www.recruiting-systems.com) AppleWebKit/537.36 (KHTML, like Gecko) Chrome/126.0 Safari/537.36"
72.167.149.90 - - [28/Aug/2026:19:31:19 +0000] "POST /wp-cron.php?doing_wp_cron=1787945478.6423070430755615234375 HTTP/1.1" 499 0 "-" "WordPress/7.1; https://uslconsultation.com"
37.148.202.182 - - [28/Aug/2026:19:31:19 +0000] "GET /team HTTP/1.1" 301 5 "-" "Mozilla/5.0 (compatible; AkoniLeadHuntBot/1.0; +https://www.recruiting-systems.com) AppleWebKit/537.36 (KHTML, like Gecko) Chrome/126.0 Safari/537.36"
37.148.202.182 - - [28/Aug/2026:19:31:25 +0000] "GET /team/ HTTP/1.1" 200 59610 "-" "Mozilla/5.0 (compatible; AkoniLeadHuntBot/1.0; +https://www.recruiting-systems.com) AppleWebKit/537.36 (KHTML, like Gecko) Chrome/126.0 Safari/537.36"
72.167.149.90 - - [28/Aug/2026:19:33:14 +0000] "POST /wp-cron.php?doing_wp_cron=1787945593.2658839225769042968750 HTTP/1.1" 499 0 "-" "WordPress/7.1; https://uslconsultation.com"
94.154.43.122 - - [28/Aug/2026:19:33:14 +0000] "GET / HTTP/1.1" 301 5 "-" "Mozilla/5.0 (Windows NT 10.0; Win64; x64) AppleWebKit/537.36 (KHTML, like Gecko) Chrome/147.0.0.0 Safari/537.36"
94.154.43.129 - - [28/Aug/2026:19:33:18 +0000] "GET / HTTP/1.1" 200 319749 "-" "Mozilla/5.0 (Windows NT 10.0; Win64; x64) AppleWebKit/537.36 (KHTML, like Gecko) Chrome/147.0.0.0 Safari/537.36"
72.167.149.90 - - [28/Aug/2026:19:45:54 +0000] "POST /wp-cron.php?doing_wp_cron=1787946353.7453219890594482421875 HTTP/1.1" 499 0 "-" "WordPress/7.1; https://uslconsultation.com"
51.210.18.170 - - [28/Aug/2026:19:45:54 +0000] "GET /wp-login.php HTTP/1.1" 200 4199 "-" "Mozilla/5.0 (Windows NT 10.0; Win64; x64) AppleWebKit/537.36 (KHTML, like Gecko) Chrome/151.0.0.0 Safari/537.36"
51.210.18.170 - - [28/Aug/2026:19:45:57 +0000] "POST /wp-login.php HTTP/1.1" 200 4302 "https://mail.uslconsultation.com/wp-login.php" "Mozilla/5.0 (Windows NT 10.0; Win64; x64) AppleWebKit/537.36 (KHTML, like Gecko) Chrome/151.0.0.0 Safari/537.36"
72.167.149.90 - - [28/Aug/2026:19:46:02 +0000] "POST /wp-admin/admin-ajax.php?action=wp_1_wc_privacy_cleanup&nonce=3b9419dee4 HTTP/1.1" 499 0 "-" "WordPress/7.1; https://uslconsultation.com"
72.167.149.90 - - [28/Aug/2026:19:46:16 +0000] "POST /wp-admin/admin-ajax.php?action=as_async_request_queue_runner&nonce=f5a3e88f2f HTTP/1.1" 499 0 "-" "WordPress/7.1; https://uslconsultation.com"
72.167.149.90 - - [28/Aug/2026:19:46:23 +0000] "POST /wp-cron.php?doing_wp_cron=1787946382.5892748832702636718750 HTTP/1.1" 499 0 "-" "WordPress/7.1; https://uslconsultation.com"
178.62.204.82 - - [28/Aug/2026:19:50:26 +0000] "GET / HTTP/1.1" 200 48714 "-" "Mozilla/5.0 (compatible; ForestEngine/1.0; +https://forestengine.net/)"
72.167.149.90 - - [28/Aug/2026:19:50:27 +0000] "POST /wp-cron.php?doing_wp_cron=1787946626.6612670421600341796875 HTTP/1.1" 499 0 "-" "WordPress/7.1; https://uslconsultation.com"
72.167.149.90 - - [28/Aug/2026:19:57:28 +0000] "POST /wp-cron.php?doing_wp_cron=1787947047.2007870674133300781250 HTTP/1.1" 499 0 "-" "WordPress/7.1; https://uslconsultation.com"
103.130.216.163 - - [28/Aug/2026:19:57:28 +0000] "GET /wp-json/buddypress/v1/members HTTP/1.1" 404 128 "-" "Mozilla/5.0 (Windows NT 10.0; Win64; x64) AppleWebKit/537.36 (KHTML, like Gecko) Chrome/151.0.0.0 Safari/537.36, Mozilla/5.0 (Windows NT 10.0; Win64; x64) AppleWebKit/537.36 (KHTML, like Gecko) Chrome/151.0.0.0 Safari/537.36"
72.167.149.90 - - [28/Aug/2026:19:59:10 +0000] "POST /wp-cron.php?doing_wp_cron=1787947149.8904120922088623046875 HTTP/1.1" 499 0 "-" "WordPress/7.1; https://uslconsultation.com"
84.54.44.204 - - [28/Aug/2026:19:59:11 +0000] "GET /2025/11/05/hello-world/ HTTP/1.0" 404 184529 "https://uslconsultation.com/2025/11/05/hello-world/#comment-168" "Mozilla/5.0 (Windows NT 10.0; Win64; x64) AppleWebKit/537.36 (KHTML, like Gecko) Chrome/129.0.0.0 Safari/537.36"
84.54.44.204 - - [28/Aug/2026:19:59:15 +0000] "GET /blog/ HTTP/1.0" 200 203550 "https://uslconsultation.com/blog/" "Mozilla/5.0 (Windows NT 10.0; Win64; x64) AppleWebKit/537.36 (KHTML, like Gecko) Chrome/129.0.0.0 Safari/537.36"
84.54.44.204 - - [28/Aug/2026:19:59:21 +0000] "GET /contact-us/ HTTP/1.0" 200 204851 "https://uslconsultation.com/contact-us/" "Mozilla/5.0 (Windows NT 10.0; Win64; x64) AppleWebKit/537.36 (KHTML, like Gecko) Chrome/129.0.0.0 Safari/537.36"
84.54.44.204 - - [28/Aug/2026:19:59:27 +0000] "POST /contact-us/ HTTP/1.0" 200 204941 "https://uslconsultation.com/contact-us/" "Mozilla/5.0 (Windows NT 10.0; Win64; x64) AppleWebKit/537.36 (KHTML, like Gecko) Chrome/129.0.0.0 Safari/537.36"
72.167.149.90 - - [28/Aug/2026:20:04:02 +0000] "POST /wp-cron.php?doing_wp_cron=1787947441.1597850322723388671875 HTTP/1.1" 499 0 "-" "WordPress/7.1; https://uslconsultation.com"
17.166.236.80 - - [28/Aug/2026:20:04:02 +0000] "GET /robots.txt HTTP/1.1" 200 124 "-" "Mozilla/5.0 (Macintosh; Intel Mac OS X 10_15_7) AppleWebKit/605.1.15 (KHTML, like Gecko) Version/17.4 Safari/605.1.15 (Applebot/0.1; +http://www.apple.com/go/applebot)"
72.167.149.90 - - [28/Aug/2026:20:04:07 +0000] "GET /wp-content/uploads/2025/12/Franchise-a-Restaurant-Brand-A-Step-by-Step-Practical-Guide-scaled-e1766361718588.jpg HTTP/1.1" 200 251648 "-" "-"
17.166.236.80 - - [28/Aug/2026:20:04:09 +0000] "GET /ar/2025/12/22/how-to-franchise-a-restaurant-brand-a-step-by-step-practical-guide/ HTTP/1.1" 200 77676 "-" "Mozilla/5.0 (Macintosh; Intel Mac OS X 10_15_7) AppleWebKit/605.1.15 (KHTML, like Gecko) Version/17.4 Safari/605.1.15 (Applebot/0.1; +http://www.apple.com/go/applebot)"
72.167.149.90 - - [28/Aug/2026:20:12:04 +0000] "POST /wp-cron.php?doing_wp_cron=1787947923.2859849929809570312500 HTTP/1.1" 499 0 "-" "WordPress/7.1; https://uslconsultation.com"
198.54.126.229 - - [28/Aug/2026:20:12:04 +0000] "GET /wp-login.php HTTP/1.1" 200 4199 "-" "Mozilla/5.0 (Windows NT 10.0; Win64; x64) AppleWebKit/537.36 (KHTML, like Gecko) Chrome/151.0.0.0 Safari/537.36"
198.54.126.229 - - [28/Aug/2026:20:12:06 +0000] "POST /wp-login.php HTTP/1.1" 200 4302 "https://mail.uslconsultation.com/wp-login.php" "Mozilla/5.0 (Windows NT 10.0; Win64; x64) AppleWebKit/537.36 (KHTML, like Gecko) Chrome/151.0.0.0 Safari/537.36"
17.166.235.203 - - [28/Aug/2026:20:12:16 +0000] "GET /wp-includes/css/dist/block-library/style-rtl.min.css?ver=7.1 HTTP/1.1" 200 19690 "https://uslconsultation.com/ar/2025/12/22/how-to-franchise-a-restaurant-brand-a-step-by-step-practical-guide/" "Mozilla/5.0 (Macintosh; Intel Mac OS X 10_15_7) AppleWebKit/605.1.15 (KHTML, like Gecko) Version/17.4 Safari/605.1.15 (Applebot/0.1; +http://www.apple.com/go/applebot)"
17.166.235.203 - - [28/Aug/2026:20:12:18 +0000] "GET /wp-content/plugins/contact-form-7/includes/css/styles-rtl.css?ver=6.1.7 HTTP/1.1" 200 152 "https://uslconsultation.com/ar/2025/12/22/how-to-franchise-a-restaurant-brand-a-step-by-step-practical-guide/" "Mozilla/5.0 (Macintosh; Intel Mac OS X 10_15_7) AppleWebKit/605.1.15 (KHTML, like Gecko) Version/17.4 Safari/605.1.15 (Applebot/0.1; +http://www.apple.com/go/applebot)"
17.166.235.203 - - [28/Aug/2026:20:12:19 +0000] "GET /wp-content/plugins/alpus-aprs/plugin-framework/assets/css/base-rtl.min.css?ver=1.2.0 HTTP/1.1" 200 4335 "https://uslconsultation.com/ar/2025/12/22/how-to-franchise-a-restaurant-brand-a-step-by-step-practical-guide/" "Mozilla/5.0 (Macintosh; Intel Mac OS X 10_15_7) AppleWebKit/605.1.15 (KHTML, like Gecko) Version/17.4 Safari/605.1.15 (Applebot/0.1; +http://www.apple.com/go/applebot)"
17.166.235.203 - - [28/Aug/2026:20:12:21 +0000] "GET /wp-content/plugins/alpus-aprs/plugin-framework/assets/css/framework-rtl.min.css?ver=1.2.0 HTTP/1.1" 200 673 "https://uslconsultation.com/ar/2025/12/22/how-to-franchise-a-restaurant-brand-a-step-by-step-practical-guide/" "Mozilla/5.0 (Macintosh; Intel Mac OS X 10_15_7) AppleWebKit/605.1.15 (KHTML, like Gecko) Version/17.4 Safari/605.1.15 (Applebot/0.1; +http://www.apple.com/go/applebot)"
17.166.235.203 - - [28/Aug/2026:20:12:22 +0000] "GET /wp-content/uploads/porto_styles/bootstrap_rtl.css?ver=7.7.2 HTTP/1.1" 200 23454 "https://uslconsultation.com/ar/2025/12/22/how-to-franchise-a-restaurant-brand-a-step-by-step-practical-guide/" "Mozilla/5.0 (Macintosh; Intel Mac OS X 10_15_7) AppleWebKit/605.1.15 (KHTML, like Gecko) Version/17.4 Safari/605.1.15 (Applebot/0.1; +http://www.apple.com/go/applebot)"
17.166.235.203 - - [28/Aug/2026:20:12:24 +0000] "GET /wp-content/themes/porto/css/plugins_rtl.css?ver=7.7.2 HTTP/1.1" 200 33146 "https://uslconsultation.com/ar/2025/12/22/how-to-franchise-a-restaurant-brand-a-step-by-step-practical-guide/" "Mozilla/5.0 (Macintosh; Intel Mac OS X 10_15_7) AppleWebKit/605.1.15 (KHTML, like Gecko) Version/17.4 Safari/605.1.15 (Applebot/0.1; +http://www.apple.com/go/applebot)"
17.166.235.203 - - [28/Aug/2026:20:12:25 +0000] "GET /wp-content/themes/porto/css/theme_rtl.css?ver=7.7.2 HTTP/1.1" 200 38544 "https://uslconsultation.com/ar/2025/12/22/how-to-franchise-a-restaurant-brand-a-step-by-step-practical-guide/" "Mozilla/5.0 (Macintosh; Intel Mac OS X 10_15_7) AppleWebKit/605.1.15 (KHTML, like Gecko) Version/17.4 Safari/605.1.15 (Applebot/0.1; +http://www.apple.com/go/applebot)"
17.166.235.203 - - [28/Aug/2026:20:12:27 +0000] "GET /wp-content/themes/porto/css/part/header-shop_rtl.css?ver=7.7.2 HTTP/1.1" 200 2512 "https://uslconsultation.com/ar/2025/12/22/how-to-franchise-a-restaurant-brand-a-step-by-step-practical-guide/" "Mozilla/5.0 (Macintosh; Intel Mac OS X 10_15_7) AppleWebKit/605.1.15 (KHTML, like Gecko) Version/17.4 Safari/605.1.15 (Applebot/0.1; +http://www.apple.com/go/applebot)"
17.166.235.203 - - [28/Aug/2026:20:12:28 +0000] "GET /wp-content/themes/porto/css/part/nav-panel_rtl.css?ver=7.7.2 HTTP/1.1" 200 787 "https://uslconsultation.com/ar/2025/12/22/how-to-franchise-a-restaurant-brand-a-step-by-step-practical-guide/" "Mozilla/5.0 (Macintosh; Intel Mac OS X 10_15_7) AppleWebKit/605.1.15 (KHTML, like Gecko) Version/17.4 Safari/605.1.15 (Applebot/0.1; +http://www.apple.com/go/applebot)"
17.166.235.203 - - [28/Aug/2026:20:12:30 +0000] "GET /wp-content/themes/porto/css/part/revslider_rtl.css?ver=7.7.2 HTTP/1.1" 200 945 "https://uslconsultation.com/ar/2025/12/22/how-to-franchise-a-restaurant-brand-a-step-by-step-practical-guide/" "Mozilla/5.0 (Macintosh; Intel Mac OS X 10_15_7) AppleWebKit/605.1.15 (KHTML, like Gecko) Version/17.4 Safari/605.1.15 (Applebot/0.1; +http://www.apple.com/go/applebot)"
17.166.235.203 - - [28/Aug/2026:20:12:32 +0000] "GET /wp-content/themes/porto/css/theme_rtl_portfolio.css?ver=7.7.2 HTTP/1.1" 200 2825 "https://uslconsultation.com/ar/2025/12/22/how-to-franchise-a-restaurant-brand-a-step-by-step-practical-guide/" "Mozilla/5.0 (Macintosh; Intel Mac OS X 10_15_7) AppleWebKit/605.1.15 (KHTML, like Gecko) Version/17.4 Safari/605.1.15 (Applebot/0.1; +http://www.apple.com/go/applebot)"
17.166.235.203 - - [28/Aug/2026:20:12:33 +0000] "GET /wp-content/themes/porto/css/theme_rtl_member.css?ver=7.7.2 HTTP/1.1" 200 1256 "https://uslconsultation.com/ar/2025/12/22/how-to-franchise-a-restaurant-brand-a-step-by-step-practical-guide/" "Mozilla/5.0 (Macintosh; Intel Mac OS X 10_15_7) AppleWebKit/605.1.15 (KHTML, like Gecko) Version/17.4 Safari/605.1.15 (Applebot/0.1; +http://www.apple.com/go/applebot)"
17.166.235.203 - - [28/Aug/2026:20:12:35 +0000] "GET /wp-content/themes/porto/css/theme_rtl_event.css?ver=7.7.2 HTTP/1.1" 200 333 "https://uslconsultation.com/ar/2025/12/22/how-to-franchise-a-restaurant-brand-a-step-by-step-practical-guide/" "Mozilla/5.0 (Macintosh; Intel Mac OS X 10_15_7) AppleWebKit/605.1.15 (KHTML, like Gecko) Version/17.4 Safari/605.1.15 (Applebot/0.1; +http://www.apple.com/go/applebot)"
17.166.235.203 - - [28/Aug/2026:20:12:36 +0000] "GET /wp-content/uploads/porto_styles/shortcodes_rtl.css?ver=7.7.2 HTTP/1.1" 200 27184 "https://uslconsultation.com/ar/2025/12/22/how-to-franchise-a-restaurant-brand-a-step-by-step-practical-guide/" "Mozilla/5.0 (Macintosh; Intel Mac OS X 10_15_7) AppleWebKit/605.1.15 (KHTML, like Gecko) Version/17.4 Safari/605.1.15 (Applebot/0.1; +http://www.apple.com/go/applebot)"
17.166.235.203 - - [28/Aug/2026:20:12:38 +0000] "GET /wp-content/themes/porto/css/theme_rtl_shop.css?ver=7.7.2 HTTP/1.1" 200 13998 "https://uslconsultation.com/ar/2025/12/22/how-to-franchise-a-restaurant-brand-a-step-by-step-practical-guide/" "Mozilla/5.0 (Macintosh; Intel Mac OS X 10_15_7) AppleWebKit/605.1.15 (KHTML, like Gecko) Version/17.4 Safari/605.1.15 (Applebot/0.1; +http://www.apple.com/go/applebot)"
17.166.235.203 - - [28/Aug/2026:20:12:39 +0000] "GET /wp-content/themes/porto/css/theme_elementor_rtl.css?ver=7.7.2 HTTP/1.1" 200 1856 "https://uslconsultation.com/ar/2025/12/22/how-to-franchise-a-restaurant-brand-a-step-by-step-practical-guide/" "Mozilla/5.0 (Macintosh; Intel Mac OS X 10_15_7) AppleWebKit/605.1.15 (KHTML, like Gecko) Version/17.4 Safari/605.1.15 (Applebot/0.1; +http://www.apple.com/go/applebot)"
17.166.235.203 - - [28/Aug/2026:20:12:41 +0000] "GET /wp-content/uploads/porto_styles/dynamic_style_rtl.css?ver=7.7.2 HTTP/1.1" 200 7267 "https://uslconsultation.com/ar/2025/12/22/how-to-franchise-a-restaurant-brand-a-step-by-step-practical-guide/" "Mozilla/5.0 (Macintosh; Intel Mac OS X 10_15_7) AppleWebKit/605.1.15 (KHTML, like Gecko) Version/17.4 Safari/605.1.15 (Applebot/0.1; +http://www.apple.com/go/applebot)"
17.166.235.203 - - [28/Aug/2026:20:12:42 +0000] "GET /wp-content/themes/porto/css/theme/shop/login-style/account-login_rtl.css?ver=7.7.2 HTTP/1.1" 200 1026 "https://uslconsultation.com/ar/2025/12/22/how-to-franchise-a-restaurant-brand-a-step-by-step-practical-guide/" "Mozilla/5.0 (Macintosh; Intel Mac OS X 10_15_7) AppleWebKit/605.1.15 (KHTML, like Gecko) Version/17.4 Safari/605.1.15 (Applebot/0.1; +http://www.apple.com/go/applebot)"
17.166.235.203 - - [28/Aug/2026:20:12:44 +0000] "GET /wp-content/themes/porto/css/theme/shop/other/woopage_rtl.css?ver=7.7.2 HTTP/1.1" 200 4814 "https://uslconsultation.com/ar/2025/12/22/how-to-franchise-a-restaurant-brand-a-step-by-step-practical-guide/" "Mozilla/5.0 (Macintosh; Intel Mac OS X 10_15_7) AppleWebKit/605.1.15 (KHTML, like Gecko) Version/17.4 Safari/605.1.15 (Applebot/0.1; +http://www.apple.com/go/applebot)"
17.166.235.203 - - [28/Aug/2026:20:12:45 +0000] "GET /wp-content/themes/porto/css/theme/blog/type/modern_rtl.css?ver=7.7.2 HTTP/1.1" 200 1050 "https://uslconsultation.com/ar/2025/12/22/how-to-franchise-a-restaurant-brand-a-step-by-step-practical-guide/" "Mozilla/5.0 (Macintosh; Intel Mac OS X 10_15_7) AppleWebKit/605.1.15 (KHTML, like Gecko) Version/17.4 Safari/605.1.15 (Applebot/0.1; +http://www.apple.com/go/applebot)"
17.166.235.203 - - [28/Aug/2026:20:12:47 +0000] "GET /wp-content/themes/porto/css/theme/blog/single-post/modern_rtl.css?ver=7.7.2 HTTP/1.1" 200 599 "https://uslconsultation.com/ar/2025/12/22/how-to-franchise-a-restaurant-brand-a-step-by-step-practical-guide/" "Mozilla/5.0 (Macintosh; Intel Mac OS X 10_15_7) AppleWebKit/605.1.15 (KHTML, like Gecko) Version/17.4 Safari/605.1.15 (Applebot/0.1; +http://www.apple.com/go/applebot)"
17.166.235.203 - - [28/Aug/2026:20:12:48 +0000] "GET /wp-content/plugins/elementor/assets/css/widget-heading-rtl.min.css?ver=4.2.3 HTTP/1.1" 200 171 "https://uslconsultation.com/ar/2025/12/22/how-to-franchise-a-restaurant-brand-a-step-by-step-practical-guide/" "Mozilla/5.0 (Macintosh; Intel Mac OS X 10_15_7) AppleWebKit/605.1.15 (KHTML, like Gecko) Version/17.4 Safari/605.1.15 (Applebot/0.1; +http://www.apple.com/go/applebot)"
17.166.235.203 - - [28/Aug/2026:20:12:50 +0000] "GET /wp-content/plugins/elementor/assets/css/widget-divider-rtl.min.css?ver=4.2.3 HTTP/1.1" 200 764 "https://uslconsultation.com/ar/2025/12/22/how-to-franchise-a-restaurant-brand-a-step-by-step-practical-guide/" "Mozilla/5.0 (Macintosh; Intel Mac OS X 10_15_7) AppleWebKit/605.1.15 (KHTML, like Gecko) Version/17.4 Safari/605.1.15 (Applebot/0.1; +http://www.apple.com/go/applebot)"
17.166.235.203 - - [28/Aug/2026:20:12:52 +0000] "GET /wp-content/plugins/elementor/assets/css/widget-image-rtl.min.css?ver=4.2.3 HTTP/1.1" 200 214 "https://uslconsultation.com/ar/2025/12/22/how-to-franchise-a-restaurant-brand-a-step-by-step-practical-guide/" "Mozilla/5.0 (Macintosh; Intel Mac OS X 10_15_7) AppleWebKit/605.1.15 (KHTML, like Gecko) Version/17.4 Safari/605.1.15 (Applebot/0.1; +http://www.apple.com/go/applebot)"
17.166.235.203 - - [28/Aug/2026:20:12:53 +0000] "GET /wp-content/plugins/elementor/assets/css/widget-social-icons-rtl.min.css?ver=4.2.3 HTTP/1.1" 200 1155 "https://uslconsultation.com/ar/2025/12/22/how-to-franchise-a-restaurant-brand-a-step-by-step-practical-guide/" "Mozilla/5.0 (Macintosh; Intel Mac OS X 10_15_7) AppleWebKit/605.1.15 (KHTML, like Gecko) Version/17.4 Safari/605.1.15 (Applebot/0.1; +http://www.apple.com/go/applebot)"
17.166.235.203 - - [28/Aug/2026:20:12:55 +0000] "GET /wp-content/uploads/elementor/css/post-4003.css?ver=7.7.2 HTTP/1.1" 200 705 "https://uslconsultation.com/ar/2025/12/22/how-to-franchise-a-restaurant-brand-a-step-by-step-practical-guide/" "Mozilla/5.0 (Macintosh; Intel Mac OS X 10_15_7) AppleWebKit/605.1.15 (KHTML, like Gecko) Version/17.4 Safari/605.1.15 (Applebot/0.1; +http://www.apple.com/go/applebot)"
17.166.235.203 - - [28/Aug/2026:20:12:56 +0000] "GET /wp-content/themes/porto/style_rtl.css?ver=7.1 HTTP/1.1" 200 67 "https://uslconsultation.com/ar/2025/12/22/how-to-franchise-a-restaurant-brand-a-step-by-step-practical-guide/" "Mozilla/5.0 (Macintosh; Intel Mac OS X 10_15_7) AppleWebKit/605.1.15 (KHTML, like Gecko) Version/17.4 Safari/605.1.15 (Applebot/0.1; +http://www.apple.com/go/applebot)"
17.166.235.203 - - [28/Aug/2026:20:12:58 +0000] "GET /wp-content/themes/porto-child/style_rtl.css?ver=7.1 HTTP/1.1" 200 0 "https://uslconsultation.com/ar/2025/12/22/how-to-franchise-a-restaurant-brand-a-step-by-step-practical-guide/" "Mozilla/5.0 (Macintosh; Intel Mac OS X 10_15_7) AppleWebKit/605.1.15 (KHTML, like Gecko) Version/17.4 Safari/605.1.15 (Applebot/0.1; +http://www.apple.com/go/applebot)"
17.166.235.203 - - [28/Aug/2026:20:12:59 +0000] "GET /wp-content/plugins/woocommerce/assets/client/blocks/wc-blocks-rtl.css?ver=wc-11.0.1 HTTP/1.1" 200 2677 "https://uslconsultation.com/ar/2025/12/22/how-to-franchise-a-restaurant-brand-a-step-by-step-practical-guide/" "Mozilla/5.0 (Macintosh; Intel Mac OS X 10_15_7) AppleWebKit/605.1.15 (KHTML, like Gecko) Version/17.4 Safari/605.1.15 (Applebot/0.1; +http://www.apple.com/go/applebot)"
17.166.235.203 - - [28/Aug/2026:20:13:01 +0000] "GET /wp-content/plugins/translatepress-multilingual/assets/js/trp-translate-dom-changes.js?ver=3.3.4 HTTP/1.1" 200 5993 "https://uslconsultation.com/ar/2025/12/22/how-to-franchise-a-restaurant-brand-a-step-by-step-practical-guide/" "Mozilla/5.0 (Macintosh; Intel Mac OS X 10_15_7) AppleWebKit/605.1.15 (KHTML, like Gecko) Version/17.4 Safari/605.1.15 (Applebot/0.1; +http://www.apple.com/go/applebot)"
17.166.235.203 - - [28/Aug/2026:20:13:02 +0000] "GET /wp-content/themes/porto/js/sidebar-menu.min.js?ver=7.7.2 HTTP/1.1" 200 2533 "https://uslconsultation.com/ar/2025/12/22/how-to-franchise-a-restaurant-brand-a-step-by-step-practical-guide/" "Mozilla/5.0 (Macintosh; Intel Mac OS X 10_15_7) AppleWebKit/605.1.15 (KHTML, like Gecko) Version/17.4 Safari/605.1.15 (Applebot/0.1; +http://www.apple.com/go/applebot)"
17.166.235.203 - - [28/Aug/2026:20:13:04 +0000] "GET /wp-content/themes/porto/js/member-async.min.js?ver=7.7.2 HTTP/1.1" 200 1057 "https://uslconsultation.com/ar/2025/12/22/how-to-franchise-a-restaurant-brand-a-step-by-step-practical-guide/" "Mozilla/5.0 (Macintosh; Intel Mac OS X 10_15_7) AppleWebKit/605.1.15 (KHTML, like Gecko) Version/17.4 Safari/605.1.15 (Applebot/0.1; +http://www.apple.com/go/applebot)"
17.166.235.203 - - [28/Aug/2026:20:13:05 +0000] "GET /wp-content/themes/porto/js/portfolio-async.min.js?ver=7.7.2 HTTP/1.1" 200 1335 "https://uslconsultation.com/ar/2025/12/22/how-to-franchise-a-restaurant-brand-a-step-by-step-practical-guide/" "Mozilla/5.0 (Macintosh; Intel Mac OS X 10_15_7) AppleWebKit/605.1.15 (KHTML, like Gecko) Version/17.4 Safari/605.1.15 (Applebot/0.1; +http://www.apple.com/go/applebot)"
17.166.235.203 - - [28/Aug/2026:20:13:07 +0000] "GET /wp-content/themes/porto/js/libs/webfont.js HTTP/1.1" 200 5452 "https://uslconsultation.com/ar/2025/12/22/how-to-franchise-a-restaurant-brand-a-step-by-step-practical-guide/" "Mozilla/5.0 (Macintosh; Intel Mac OS X 10_15_7) AppleWebKit/605.1.15 (KHTML, like Gecko) Version/17.4 Safari/605.1.15 (Applebot/0.1; +http://www.apple.com/go/applebot)"
17.166.235.203 - - [28/Aug/2026:20:13:08 +0000] "POST /wp-content/plugins/translatepress-multilingual/includes/trp-ajax.php HTTP/1.1" 200 1656 "https://uslconsultation.com/ar/2025/12/22/how-to-franchise-a-restaurant-brand-a-step-by-step-practical-guide/" "Mozilla/5.0 (Macintosh; Intel Mac OS X 10_15_7) AppleWebKit/605.1.15 (KHTML, like Gecko) Version/17.4 Safari/605.1.15 (Applebot/0.1; +http://www.apple.com/go/applebot)"
17.166.234.173 - - [28/Aug/2026:20:13:12 +0000] "POST /wp-content/plugins/translatepress-multilingual/includes/trp-ajax.php HTTP/1.1" 200 2 "https://uslconsultation.com/ar/2025/12/22/how-to-franchise-a-restaurant-brand-a-step-by-step-practical-guide/" "Mozilla/5.0 (Macintosh; Intel Mac OS X 10_15_7) AppleWebKit/605.1.15 (KHTML, like Gecko) Version/17.4 Safari/605.1.15 (Applebot/0.1; +http://www.apple.com/go/applebot)"
17.166.234.173 - - [28/Aug/2026:20:13:13 +0000] "POST /wp-content/plugins/translatepress-multilingual/includes/trp-ajax.php HTTP/1.1" 200 33 "https://uslconsultation.com/ar/2025/12/22/how-to-franchise-a-restaurant-brand-a-step-by-step-practical-guide/" "Mozilla/5.0 (Macintosh; Intel Mac OS X 10_15_7) AppleWebKit/605.1.15 (KHTML, like Gecko) Version/17.4 Safari/605.1.15 (Applebot/0.1; +http://www.apple.com/go/applebot)"
17.166.234.173 - - [28/Aug/2026:20:13:14 +0000] "POST /wp-content/plugins/translatepress-multilingual/includes/trp-ajax.php HTTP/1.1" 200 258 "https://uslconsultation.com/ar/2025/12/22/how-to-franchise-a-restaurant-brand-a-step-by-step-practical-guide/" "Mozilla/5.0 (Macintosh; Intel Mac OS X 10_15_7) AppleWebKit/605.1.15 (KHTML, like Gecko) Version/17.4 Safari/605.1.15 (Applebot/0.1; +http://www.apple.com/go/applebot)"
72.167.149.90 - - [28/Aug/2026:20:13:15 +0000] "POST /wp-cron.php?doing_wp_cron=1787947994.0070650577545166015625 HTTP/1.1" 499 0 "-" "WordPress/7.1; https://uslconsultation.com/ar"
17.166.235.203 - - [28/Aug/2026:20:13:15 +0000] "POST /ar/?wc-ajax=get_refreshed_fragments HTTP/1.1" 200 699 "https://uslconsultation.com/ar/2025/12/22/how-to-franchise-a-restaurant-brand-a-step-by-step-practical-guide/" "Mozilla/5.0 (Macintosh; Intel Mac OS X 10_15_7) AppleWebKit/605.1.15 (KHTML, like Gecko) Version/17.4 Safari/605.1.15 (Applebot/0.1; +http://www.apple.com/go/applebot)"
17.166.234.173 - - [28/Aug/2026:20:13:16 +0000] "GET /wp-content/themes/porto/css/part/media-mobile-sidebar_rtl.css?ver=7.7.2 HTTP/1.1" 200 527 "https://uslconsultation.com/ar/2025/12/22/how-to-franchise-a-restaurant-brand-a-step-by-step-practical-guide/" "Mozilla/5.0 (Macintosh; Intel Mac OS X 10_15_7) AppleWebKit/605.1.15 (KHTML, like Gecko) Version/17.4 Safari/605.1.15 (Applebot/0.1; +http://www.apple.com/go/applebot)"
72.167.149.90 - - [28/Aug/2026:20:26:58 +0000] "POST /wp-cron.php?doing_wp_cron=1787948817.0900540351867675781250 HTTP/1.1" 499 0 "-" "WordPress/7.1; https://uslconsultation.com"
213.155.103.215 - - [28/Aug/2026:20:26:58 +0000] "POST /xmlrpc.php HTTP/1.1" 200 217 "-" "Mozilla/5.0 (Windows NT 10.0) AppleWebKit/537.36 (KHTML, like Gecko) Chrome/142.0.0.0 Safari/537.36 Edg/142.0.0.0"
72.167.149.90 - - [28/Aug/2026:20:29:15 +0000] "POST /wp-cron.php?doing_wp_cron=1787948954.1826620101928710937500 HTTP/1.1" 499 0 "-" "WordPress/7.1; https://uslconsultation.com"
51.222.136.226 - - [28/Aug/2026:20:29:15 +0000] "POST /xmlrpc.php HTTP/1.1" 200 217 "-" "Mozilla/5.0 (Windows NT 10.0) AppleWebKit/537.36 (KHTML, like Gecko) Chrome/141.0.0.0 Safari/537.36 Edg/141.0.0.0"
72.167.149.90 - - [28/Aug/2026:20:40:39 +0000] "POST /wp-cron.php?doing_wp_cron=1787949638.7923350334167480468750 HTTP/1.1" 499 0 "-" "WordPress/7.1; https://uslconsultation.com"
37.27.244.160 - - [28/Aug/2026:20:40:39 +0000] "POST /xmlrpc.php HTTP/1.1" 200 217 "-" "Mozilla/5.0 (Windows NT 10.0; rv:140.0) Gecko/20100101 Firefox/140.0"
72.167.149.90 - - [28/Aug/2026:20:43:10 +0000] "POST /wp-cron.php?doing_wp_cron=1787949789.1834468841552734375000 HTTP/1.1" 499 0 "-" "WordPress/7.1; https://uslconsultation.com"
195.2.78.191 - - [28/Aug/2026:20:43:10 +0000] "GET /2025/11/05/hello-world/ HTTP/1.0" 404 184529 "https://uslconsultation.com/2025/11/05/hello-world/#comment-168" "Mozilla/5.0 (Windows NT 10.0; Win64; x64) AppleWebKit/537.36 (KHTML, like Gecko) Chrome/130.0.0.0 Safari/537.36 CCleaner/130.0.0.0"
195.2.78.191 - - [28/Aug/2026:20:43:20 +0000] "GET /blog/ HTTP/1.0" 200 203550 "https://uslconsultation.com/blog/" "Mozilla/5.0 (Windows NT 10.0; Win64; x64) AppleWebKit/537.36 (KHTML, like Gecko) Chrome/130.0.0.0 Safari/537.36 CCleaner/130.0.0.0"
195.2.78.191 - - [28/Aug/2026:20:43:25 +0000] "GET /contact-us/ HTTP/1.0" 200 204851 "https://uslconsultation.com/contact-us/" "Mozilla/5.0 (Windows NT 10.0; Win64; x64) AppleWebKit/537.36 (KHTML, like Gecko) Chrome/130.0.0.0 Safari/537.36 CCleaner/130.0.0.0"
195.2.78.191 - - [28/Aug/2026:20:43:31 +0000] "POST /contact-us/ HTTP/1.0" 200 204941 "https://uslconsultation.com/contact-us/" "Mozilla/5.0 (Windows NT 10.0; Win64; x64) AppleWebKit/537.36 (KHTML, like Gecko) Chrome/130.0.0.0 Safari/537.36 CCleaner/130.0.0.0"
72.167.149.90 - - [28/Aug/2026:20:45:37 +0000] "POST /wp-cron.php?doing_wp_cron=1787949936.3164091110229492187500 HTTP/1.1" 499 0 "-" "WordPress/7.1; https://uslconsultation.com"
159.89.91.236 - - [28/Aug/2026:20:45:37 +0000] "POST /xmlrpc.php HTTP/1.1" 200 217 "-" "Mozilla/5.0 (Windows NT 10.0; WOW64; rv:143.0) Gecko/20100101 Firefox/143.0"
170.106.187.106 - - [28/Aug/2026:20:57:56 +0000] "GET / HTTP/1.1" 200 69135 "http://uslconsultation.com" "Mozilla/5.0 (iPhone; CPU iPhone OS 13_2_3 like Mac OS X) AppleWebKit/605.1.15 (KHTML, like Gecko) Version/13.0.3 Mobile/15E148 Safari/604.1"
72.167.149.90 - - [28/Aug/2026:21:02:43 +0000] "POST /wp-cron.php?doing_wp_cron=1787950962.5256350040435791015625 HTTP/1.1" 499 0 "-" "WordPress/7.1; https://uslconsultation.com"
43.153.79.218 - - [28/Aug/2026:21:02:43 +0000] "GET /cart/ HTTP/1.1" 200 72733 "-" "Mozilla/5.0 (iPhone; CPU iPhone OS 13_2_3 like Mac OS X) AppleWebKit/605.1.15 (KHTML, like Gecko) Version/13.0.3 Mobile/15E148 Safari/604.1"
72.167.149.90 - - [28/Aug/2026:21:07:23 +0000] "POST /wp-cron.php?doing_wp_cron=1787951242.5924799442291259765625 HTTP/1.1" 499 0 "-" "WordPress/7.1; https://uslconsultation.com"
157.66.27.63 - - [28/Aug/2026:21:07:23 +0000] "POST /xmlrpc.php HTTP/1.1" 200 217 "-" "Mozilla/5.0 (Windows NT 10.0; rv:142.0) Gecko/20100101 Firefox/142.0"
40.77.167.5 - - [28/Aug/2026:21:09:11 +0000] "GET /wp-content/uploads/2025/12/Franchise-a-Restaurant-Brand-A-Step-by-Step-Practical-Guide-scaled-e1766361718588-600x400.jpg HTTP/1.1" 200 44251 "-" "Mozilla/5.0 AppleWebKit/537.36 (KHTML, like Gecko; compatible; bingbot/2.0; +http://www.bing.com/bingbot.htm) Chrome/116.0.1938.76 Safari/537.36"
43.160.219.206 - - [28/Aug/2026:21:11:18 +0000] "GET /wp-content/plugins/woocommerce/assets/fonts/Inter-VariableFont_slnt,wght.woff2 HTTP/1.1" 200 326628 "-" "Mozilla/5.0 (iPhone; CPU iPhone OS 13_2_3 like Mac OS X) AppleWebKit/605.1.15 (KHTML, like Gecko) Version/13.0.3 Mobile/15E148 Safari/604.1"
72.167.149.90 - - [28/Aug/2026:21:20:54 +0000] "POST /wp-cron.php?doing_wp_cron=1787952053.6196169853210449218750 HTTP/1.1" 499 0 "-" "WordPress/7.1; https://uslconsultation.com"
85.215.51.208 - - [28/Aug/2026:21:20:54 +0000] "POST /xmlrpc.php HTTP/1.1" 200 217 "-" "Mozilla/5.0 (Windows NT 10.0; Win64; x64) AppleWebKit/537.36 (KHTML, like Gecko) Chrome/139.0.0.0 Safari/537.36 Edg/139.0.0.0"
72.167.149.90 - - [28/Aug/2026:21:21:36 +0000] "POST /wp-cron.php?doing_wp_cron=1787952095.0194458961486816406250 HTTP/1.1" 499 0 "-" "WordPress/7.1; https://uslconsultation.com"
194.163.133.118 - - [28/Aug/2026:21:21:36 +0000] "POST /xmlrpc.php HTTP/1.1" 200 217 "-" "Mozilla/5.0 (Windows NT 10.0) AppleWebKit/537.36 (KHTML, like Gecko) Chrome/138.0.0.0 Safari/537.36"
72.167.149.90 - - [28/Aug/2026:21:22:12 +0000] "POST /wp-cron.php?doing_wp_cron=1787952131.8850328922271728515625 HTTP/1.1" 499 0 "-" "WordPress/7.1; https://uslconsultation.com"
43.159.139.164 - - [28/Aug/2026:21:22:12 +0000] "GET /wp-admin/admin-ajax.php HTTP/1.1" 400 11 "-" "Mozilla/5.0 (iPhone; CPU iPhone OS 13_2_3 like Mac OS X) AppleWebKit/605.1.15 (KHTML, like Gecko) Version/13.0.3 Mobile/15E148 Safari/604.1"
43.160.225.169 - - [28/Aug/2026:21:32:18 +0000] "GET /wp-content/plugins/revslider/ HTTP/1.1" 200 31 "-" "Mozilla/5.0 (iPhone; CPU iPhone OS 13_2_3 like Mac OS X) AppleWebKit/605.1.15 (KHTML, like Gecko) Version/13.0.3 Mobile/15E148 Safari/604.1"
72.167.149.90 - - [28/Aug/2026:21:41:48 +0000] "POST /wp-cron.php?doing_wp_cron=1787953307.4400401115417480468750 HTTP/1.1" 499 0 "-" "WordPress/7.1; https://uslconsultation.com"
43.157.172.39 - - [28/Aug/2026:21:41:48 +0000] "GET /wp-json/oembed/1.0/embed?url=https%3A%2F%2Fuslconsultation.com%2F HTTP/1.1" 200 1069 "-" "Mozilla/5.0 (iPhone; CPU iPhone OS 13_2_3 like Mac OS X) AppleWebKit/605.1.15 (KHTML, like Gecko) Version/13.0.3 Mobile/15E148 Safari/604.1"
49.51.196.42 - - [28/Aug/2026:22:03:06 +0000] "GET /wp-json/oembed/1.0/embed?url=https%3A%2F%2Fuslconsultation.com%2Fcart%2F HTTP/1.1" 500 2494 "-" "Mozilla/5.0 (iPhone; CPU iPhone OS 13_2_3 like Mac OS X) AppleWebKit/605.1.15 (KHTML, like Gecko) Version/13.0.3 Mobile/15E148 Safari/604.1"
72.167.149.90 - - [28/Aug/2026:22:19:55 +0000] "POST /wp-cron.php?doing_wp_cron=1787955594.4616239070892333984375 HTTP/1.1" 499 0 "-" "WordPress/7.1; https://uslconsultation.com"
217.160.190.132 - - [28/Aug/2026:22:19:55 +0000] "POST /xmlrpc.php HTTP/1.1" 200 217 "-" "Mozilla/5.0 (Windows NT 10.0) AppleWebKit/537.43 (KHTML, like Gecko) Chrome/134.0.0.0 Safari/537.36 OPR/119.0.0.0"
97.74.87.194 - - [28/Aug/2026:22:22:16 +0000] "GET /readme.html HTTP/1.1" 200 3030 "-" "Mozilla/5.0 (Windows NT 10.0; Win64; x64) AppleWebKit/537.36 (KHTML, like Gecko) Chrome/151.0.0.0 Safari/537.36, Mozilla/5.0 (Macintosh; Intel Mac OS X 10_15_7) AppleWebKit/537.36 (KHTML, like Gecko) Chrome/151.0.0.0 Safari/537.36"
72.167.149.90 - - [28/Aug/2026:22:24:32 +0000] "POST /wp-cron.php?doing_wp_cron=1787955871.1866860389709472656250 HTTP/1.1" 499 0 "-" "WordPress/7.1; https://uslconsultation.com"
103.169.160.90 - - [28/Aug/2026:22:24:32 +0000] "POST /xmlrpc.php HTTP/1.1" 200 217 "-" "Mozilla/5.0 (Windows NT 10.0; Win64; x64) AppleWebKit/537.36 (KHTML, like Gecko) Chrome/151.0.0.0 Safari/537.36, Mozilla/5.0 (Windows NT 10.0; Win64; x64) AppleWebKit/537.36 (KHTML, like Gecko) Chrome/151.0.0.0 Safari/537.36"
72.167.149.90 - - [28/Aug/2026:22:32:06 +0000] "POST /wp-cron.php?doing_wp_cron=1787956325.5434079170227050781250 HTTP/1.1" 499 0 "-" "WordPress/7.1; https://uslconsultation.com"
44.231.156.167 - - [28/Aug/2026:22:32:06 +0000] "POST /xmlrpc.php HTTP/1.1" 200 217 "-" "Mozilla/5.0 (Windows NT 10.0) AppleWebKit/537.43 (KHTML, like Gecko) Chrome/135.0.0.0 Safari/537.36 OPR/120.0.0.0"
72.167.149.90 - - [28/Aug/2026:22:55:41 +0000] "POST /wp-cron.php?doing_wp_cron=1787957740.5068840980529785156250 HTTP/1.1" 499 0 "-" "WordPress/7.1; https://uslconsultation.com"
51.89.71.93 - - [28/Aug/2026:22:55:41 +0000] "GET /robots.txt HTTP/1.1" 200 124 "-" "Mozilla/5.0 (compatible; AhrefsBot/7.0; +http://ahrefs.com/robot/)"
51.81.163.63 - - [28/Aug/2026:22:55:45 +0000] "GET /ar/faq/feed/ HTTP/1.1" 304 0 "-" "Mozilla/5.0 (compatible; AhrefsBot/7.0; +http://ahrefs.com/robot/)"
72.167.149.90 - - [28/Aug/2026:22:58:28 +0000] "POST /wp-cron.php?doing_wp_cron=1787957907.4864649772644042968750 HTTP/1.1" 499 0 "-" "WordPress/7.1; https://uslconsultation.com"
66.249.64.160 - - [28/Aug/2026:22:58:28 +0000] "GET /robots.txt HTTP/1.1" 200 124 "-" "Mozilla/5.0 (compatible; Googlebot/2.1; +http://www.google.com/bot.html)"
72.167.149.90 - - [28/Aug/2026:22:58:32 +0000] "GET /wp-content/uploads/2021/02/Omar-new-photo-3-e1766587268315.jpg HTTP/1.1" 200 37571 "-" "-"
66.249.64.174 - - [28/Aug/2026:22:58:34 +0000] "GET /member/oliver-kayal/ HTTP/1.1" 200 54509 "-" "Mozilla/5.0 (Linux; Android 6.0.1; Nexus 5X Build/MMB29P) AppleWebKit/537.36 (KHTML, like Gecko) Chrome/151.0.7922.173 Mobile Safari/537.36 (compatible; Googlebot/2.1; +http://www.google.com/bot.html)"
66.249.64.174 - - [28/Aug/2026:22:58:45 +0000] "GET /wp-content/themes/porto/css/theme/blog/single-post/modern.css?ver=7.7.2 HTTP/1.1" 200 599 "https://uslconsultation.com/member/oliver-kayal/" "Mozilla/5.0 (Linux; Android 6.0.1; Nexus 5X Build/MMB29P) AppleWebKit/537.36 (KHTML, like Gecko) Chrome/151.0.7922.173 Mobile Safari/537.36 (compatible; Googlebot/2.1; +http://www.google.com/bot.html)"
66.249.64.160 - - [28/Aug/2026:22:58:46 +0000] "GET /wp-includes/css/dist/block-library/style.min.css?ver=7.1 HTTP/1.1" 200 19656 "https://uslconsultation.com/member/oliver-kayal/" "Mozilla/5.0 (Linux; Android 6.0.1; Nexus 5X Build/MMB29P) AppleWebKit/537.36 (KHTML, like Gecko) Chrome/151.0.7922.173 Mobile Safari/537.36 (compatible; Googlebot/2.1; +http://www.google.com/bot.html)"
66.249.64.160 - - [28/Aug/2026:22:58:48 +0000] "GET /wp-content/plugins/alpus-aprs/plugin-framework/assets/css/framework.min.css?ver=1.2.0 HTTP/1.1" 200 671 "https://uslconsultation.com/member/oliver-kayal/" "Mozilla/5.0 (Linux; Android 6.0.1; Nexus 5X Build/MMB29P) AppleWebKit/537.36 (KHTML, like Gecko) Chrome/151.0.7922.173 Mobile Safari/537.36 (compatible; Googlebot/2.1; +http://www.google.com/bot.html)"
66.249.64.174 - - [28/Aug/2026:22:58:50 +0000] "GET /wp-content/plugins/cookieadmin/assets/css/consent.css?ver=1.1.4 HTTP/1.1" 200 2667 "https://uslconsultation.com/member/oliver-kayal/" "Mozilla/5.0 (Linux; Android 6.0.1; Nexus 5X Build/MMB29P) AppleWebKit/537.36 (KHTML, like Gecko) Chrome/151.0.7922.173 Mobile Safari/537.36 (compatible; Googlebot/2.1; +http://www.google.com/bot.html)"
66.249.64.174 - - [28/Aug/2026:22:58:52 +0000] "GET /wp-content/themes/porto/css/part/nav-panel.css?ver=7.7.2 HTTP/1.1" 200 787 "https://uslconsultation.com/member/oliver-kayal/" "Mozilla/5.0 (Linux; Android 6.0.1; Nexus 5X Build/MMB29P) AppleWebKit/537.36 (KHTML, like Gecko) Chrome/151.0.7922.173 Mobile Safari/537.36 (compatible; Googlebot/2.1; +http://www.google.com/bot.html)"
66.249.64.174 - - [28/Aug/2026:22:58:55 +0000] "GET /wp-content/themes/porto/css/part/media-mobile-sidebar.css?ver=7.7.2 HTTP/1.1" 200 526 "https://uslconsultation.com/member/oliver-kayal/" "Mozilla/5.0 (Linux; Android 6.0.1; Nexus 5X Build/MMB29P) AppleWebKit/537.36 (KHTML, like Gecko) Chrome/151.0.7922.173 Mobile Safari/537.36 (compatible; Googlebot/2.1; +http://www.google.com/bot.html)"
66.249.64.160 - - [28/Aug/2026:22:59:01 +0000] "GET /wp-content/plugins/cookieadmin/assets/images/cookieadmin_icon.svg HTTP/1.1" 200 334 "https://uslconsultation.com/member/oliver-kayal/" "Mozilla/5.0 (Linux; Android 6.0.1; Nexus 5X Build/MMB29P) AppleWebKit/537.36 (KHTML, like Gecko) Chrome/151.0.7922.173 Mobile Safari/537.36 (compatible; Googlebot/2.1; +http://www.google.com/bot.html)"
66.249.64.161 - - [28/Aug/2026:22:59:02 +0000] "GET /wp-content/plugins/revslider/public/js/sr7.js?ver=6.7.39 HTTP/1.1" 200 97074 "https://uslconsultation.com/member/oliver-kayal/" "Mozilla/5.0 (Linux; Android 6.0.1; Nexus 5X Build/MMB29P) AppleWebKit/537.36 (KHTML, like Gecko) Chrome/151.0.7922.173 Mobile Safari/537.36 (compatible; Googlebot/2.1; +http://www.google.com/bot.html)"
66.249.64.174 - - [28/Aug/2026:22:59:04 +0000] "GET /wp-content/plugins/alpus-aprs/plugin-framework/assets/js/framework.min.js?ver=1.2.0 HTTP/1.1" 200 1291 "https://uslconsultation.com/member/oliver-kayal/" "Mozilla/5.0 (Linux; Android 6.0.1; Nexus 5X Build/MMB29P) AppleWebKit/537.36 (KHTML, like Gecko) Chrome/151.0.7922.173 Mobile Safari/537.36 (compatible; Googlebot/2.1; +http://www.google.com/bot.html)"
66.249.64.174 - - [28/Aug/2026:22:59:07 +0000] "GET /wp-includes/js/dist/i18n.min.js?ver=1dfe7db3940c23ea9216 HTTP/1.1" 200 2506 "https://uslconsultation.com/member/oliver-kayal/" "Mozilla/5.0 (Linux; Android 6.0.1; Nexus 5X Build/MMB29P) AppleWebKit/537.36 (KHTML, like Gecko) Chrome/151.0.7922.173 Mobile Safari/537.36 (compatible; Googlebot/2.1; +http://www.google.com/bot.html)"
66.249.64.160 - - [28/Aug/2026:22:59:09 +0000] "GET /wp-content/plugins/woocommerce/assets/js/frontend/cart-fragments.min.js?ver=11.0.1 HTTP/1.1" 200 1060 "https://uslconsultation.com/member/oliver-kayal/" "Mozilla/5.0 (Linux; Android 6.0.1; Nexus 5X Build/MMB29P) AppleWebKit/537.36 (KHTML, like Gecko) Chrome/151.0.7922.173 Mobile Safari/537.36 (compatible; Googlebot/2.1; +http://www.google.com/bot.html)"
66.249.64.174 - - [28/Aug/2026:22:59:16 +0000] "GET /wp-content/plugins/translatepress-multilingual/assets/flags/4x3/en_US.svg HTTP/1.1" 200 345 "https://uslconsultation.com/member/oliver-kayal/" "Mozilla/5.0 (Linux; Android 6.0.1; Nexus 5X Build/MMB29P) AppleWebKit/537.36 (KHTML, like Gecko) Chrome/151.0.7922.173 Mobile Safari/537.36 (compatible; Googlebot/2.1; +http://www.google.com/bot.html)"
72.167.149.90 - - [28/Aug/2026:23:20:23 +0000] "POST /wp-cron.php?doing_wp_cron=1787959222.8936510086059570312500 HTTP/1.1" 499 0 "-" "WordPress/7.1; https://uslconsultation.com"
85.245.90.202 - - [28/Aug/2026:23:20:24 +0000] "GET /my-account/ HTTP/1.1" 200 52347 "-" "Mozilla/5.0 (Macintosh; U; PPC Mac OS X; en-us) AppleWebKit/412 (KHTML, like Gecko) Safari/412 Privoxy/3.0"
74.7.228.35 - - [28/Aug/2026:23:20:48 +0000] "GET /robots.txt HTTP/1.1" 301 5 "-" "Mozilla/5.0 (Macintosh; Intel Mac OS X 10_15_7) AppleWebKit/537.36 (KHTML, like Gecko) Chrome/131.0.0.0 Safari/537.36; compatible; OAI-SearchBot/1.4; robots.txt; +https://openai.com/searchbot"
74.7.228.35 - - [28/Aug/2026:23:20:51 +0000] "GET /robots.txt HTTP/1.1" 200 124 "https://www.uslconsultation.com/robots.txt" "Mozilla/5.0 (Macintosh; Intel Mac OS X 10_15_7) AppleWebKit/537.36 (KHTML, like Gecko) Chrome/131.0.0.0 Safari/537.36; compatible; OAI-SearchBot/1.4; robots.txt; +https://openai.com/searchbot"
74.7.227.43 - - [28/Aug/2026:23:20:54 +0000] "GET / HTTP/1.1" 301 5 "-" "Mozilla/5.0 AppleWebKit/537.36 (KHTML, like Gecko; compatible; GPTBot/1.4; +https://openai.com/gptbot)"
72.167.149.90 - - [28/Aug/2026:23:32:33 +0000] "POST /wp-cron.php?doing_wp_cron=1787959952.6156289577484130859375 HTTP/1.1" 499 0 "-" "WordPress/7.1; https://uslconsultation.com"
198.235.24.22 - - [28/Aug/2026:23:32:33 +0000] "GET / HTTP/1.1" 301 5 "-" "Hello from Palo Alto Networks, find out more about our scans in https://docs-cortex.paloaltonetworks.com/r/1/Cortex-Xpanse/Scanning-activity"
198.235.24.22 - - [28/Aug/2026:23:32:37 +0000] "GET / HTTP/1.1" 200 319748 "-" "Hello from Palo Alto Networks, find out more about our scans in https://docs-cortex.paloaltonetworks.com/r/1/Cortex-Xpanse/Scanning-activity"
72.167.149.90 - - [28/Aug/2026:23:42:35 +0000] "POST /wp-cron.php?doing_wp_cron=1787960554.7131929397583007812500 HTTP/1.1" 499 0 "-" "WordPress/7.1; https://uslconsultation.com"
51.107.1.72 - - [28/Aug/2026:23:42:35 +0000] "GET / HTTP/1.1" 301 5 "-" "Mozilla/5.0 (Windows NT 10.0; Win64; x64) AppleWebKit/537.36 (KHTML, like Gecko) Chrome/131.0.0.0 Safari/537.36"
51.107.1.72 - - [28/Aug/2026:23:42:41 +0000] "GET / HTTP/1.1" 200 68953 "-" "Mozilla/5.0 (Windows NT 10.0; Win64; x64) AppleWebKit/537.36 (KHTML, like Gecko) Chrome/131.0.0.0 Safari/537.36"
198.38.83.46 - - [28/Aug/2026:23:42:51 +0000] "POST /xmlrpc.php HTTP/1.1" 200 217 "-" "Mozilla/5.0 (Windows NT 10.0; Win64; x64; rv:144.0) Gecko/20100101 Firefox/144.0"
72.167.149.90 - - [28/Aug/2026:23:50:23 +0000] "GET /wp-content/uploads/2025/12/KPIs-scaled-e1766361387995.jpg HTTP/1.1" 200 132397 "-" "-"
72.167.149.90 - - [28/Aug/2026:23:50:24 +0000] "POST /wp-cron.php?doing_wp_cron=1787961023.6276440620422363281250 HTTP/1.1" 499 0 "-" "WordPress/7.1; https://uslconsultation.com"
177.107.181.200 - - [28/Aug/2026:23:50:24 +0000] "GET /2025/12/21/building-kpis-that-actually-improve-performance/ HTTP/1.1" 200 56700 "-" "Mozilla/5.0 (Macintosh; Intel Mac OS X 12.5; rv:130.0) Gecko/20100101 Firefox/130.0"
72.167.149.90 - - [28/Aug/2026:23:53:28 +0000] "POST /wp-cron.php?doing_wp_cron=1787961207.5280280113220214843750 HTTP/1.1" 499 0 "-" "WordPress/7.1; https://uslconsultation.com"
85.208.96.195 - - [28/Aug/2026:23:53:28 +0000] "GET /robots.txt HTTP/1.1" 200 124 "-" "Mozilla/5.0 (compatible; SemrushBot/7~bl; +http://www.semrush.com/bot.html)"
66.132.186.192 - - [28/Aug/2026:23:57:57 +0000] "GET / HTTP/1.1" 200 48714 "-" "Mozilla/5.0 (compatible; CensysInspect/1.1; +https://about.censys.io/)"
72.167.149.90 - - [28/Aug/2026:23:57:58 +0000] "POST /wp-cron.php?doing_wp_cron=1787961477.5930700302124023437500 HTTP/1.1" 499 0 "-" "WordPress/7.1; https://uslconsultation.com"
66.132.186.192 - - [28/Aug/2026:23:58:06 +0000] "GET /wp-content/uploads/2025/11/USL-NEW-May-2023-Gray.png HTTP/1.1" 200 18612 "-" "Mozilla/5.0 (compatible; CensysInspect/1.1; +https://about.censys.io/)"
72.167.149.90 - - [28/Aug/2026:23:59:24 +0000] "POST /wp-cron.php?doing_wp_cron=1787961563.1251530647277832031250 HTTP/1.1" 499 0 "-" "WordPress/7.1; https://uslconsultation.com"
66.132.186.192 - - [28/Aug/2026:23:59:24 +0000] "GET /wp-json/?_fields=name,description,home,gmt_offset,timezone_string,namespaces HTTP/1.1" 200 390 "-" "Mozilla/5.0 (compatible; CensysInspect/1.1; +https://about.censys.io/)"
66.132.186.192 - - [28/Aug/2026:23:59:39 +0000] "GET / HTTP/1.1" 200 68951 "-" "Mozilla/5.0 (compatible; CensysInspect/1.1; +https://about.censys.io/)"
72.167.149.90 - - [29/Aug/2026:00:04:38 +0000] "GET /wp-content/uploads/2025/12/frustrated-business-people-and-laptop-with-stress-scaled-e1766360245100.jpg HTTP/1.1" 200 119657 "-" "-"
72.167.149.90 - - [29/Aug/2026:00:04:40 +0000] "POST /wp-cron.php?doing_wp_cron=1787961879.4344708919525146484375 HTTP/1.1" 499 0 "-" "WordPress/7.1; https://uslconsultation.com"
57.141.14.74 - - [29/Aug/2026:00:04:40 +0000] "GET /2025/12/21/common-mistakes-companies-make-before-scaling-internationally/ HTTP/1.1" 200 57114 "-" "Mozilla/5.0 (Windows NT 10.0; Win64; x64) AppleWebKit/537.36 (KHTML, like Gecko) Chrome/145.0.0.0 Safari/537.36 (compatible; meta-externalagent/1.1 (+https://developers.facebook.com/docs/sharing/webmasters/crawler))"
74.7.241.37 - - [29/Aug/2026:00:18:09 +0000] "GET /sitemaps.xml HTTP/1.1" 200 284 "-" "Mozilla/5.0 AppleWebKit/537.36 (KHTML, like Gecko; compatible; GPTBot/1.4; +https://openai.com/gptbot)"
72.167.149.90 - - [29/Aug/2026:00:18:10 +0000] "POST /wp-cron.php?doing_wp_cron=1787962689.2071681022644042968750 HTTP/1.1" 499 0 "-" "WordPress/7.1; https://uslconsultation.com"
74.7.241.146 - - [29/Aug/2026:00:18:10 +0000] "GET /robots.txt HTTP/1.1" 200 124 "-" "Mozilla/5.0 (Macintosh; Intel Mac OS X 10_15_7) AppleWebKit/537.36 (KHTML, like Gecko) Chrome/131.0.0.0 Safari/537.36; compatible; OAI-SearchBot/1.4; robots.txt; +https://openai.com/searchbot"
72.167.149.90 - - [29/Aug/2026:00:35:06 +0000] "POST /wp-cron.php?doing_wp_cron=1787963705.5761768817901611328125 HTTP/1.1" 499 0 "-" "WordPress/7.1; https://uslconsultation.com"
93.183.94.195 - - [29/Aug/2026:00:35:07 +0000] "GET /blog/ HTTP/1.0" 200 203550 "https://uslconsultation.com/blog/" "Mozilla/5.0 (Windows NT 10.0; Win64; x64) AppleWebKit/537.36 (KHTML, like Gecko) Chrome/129.0.0.0 Safari/537.36"
