72.167.149.90 - - [30/Aug/2026:19:55:26 +0000] "GET /wp-content/uploads/2021/02/samer.png HTTP/1.1" 200 339425 "-" "-"
72.167.149.90 - - [30/Aug/2026:19:55:27 +0000] "POST /wp-cron.php?doing_wp_cron=1788119726.8474340438842773437500 HTTP/1.1" 499 0 "-" "WordPress/7.1; https://uslconsultation.com"
43.157.168.43 - - [30/Aug/2026:19:55:27 +0000] "GET /member/samer-alyasin/ HTTP/1.1" 200 54509 "-" "Mozilla/5.0 (iPhone; CPU iPhone OS 13_2_3 like Mac OS X) AppleWebKit/605.1.15 (KHTML, like Gecko) Version/13.0.3 Mobile/15E148 Safari/604.1"
72.167.149.90 - - [30/Aug/2026:19:55:34 +0000] "POST /wp-admin/admin-ajax.php?action=wp_1_wc_privacy_cleanup&nonce=1eaea690bf HTTP/1.1" 499 0 "-" "WordPress/7.1; https://uslconsultation.com"
195.178.110.65 - - [30/Aug/2026:19:57:02 +0000] "GET /wp-content/themes/porto/js/member-async.min.js?ver=7.7.2 HTTP/1.1" 200 2444 "-" "Mozilla/5.0 (Windows NT 10.0; Win64; x64) AppleWebKit/537.0"
43.136.86.241 - - [30/Aug/2026:20:01:03 +0000] "GET / HTTP/1.1" 200 69088 "http://www.uslconsultation.com" "Mozilla/5.0 (iPhone; CPU iPhone OS 13_2_3 like Mac OS X) AppleWebKit/605.1.15 (KHTML, like Gecko) Version/13.0.3 Mobile/15E148 Safari/604.1"
195.178.110.65 - - [30/Aug/2026:20:01:10 +0000] "GET /wp-content/plugins/elementor/assets/js/webpack.runtime.min.js?ver=4.2.3 HTTP/1.1" 200 5819 "-" "Mozilla/5.0 (Windows NT 10.0; Win64; x64) AppleWebKit/537.0"
195.178.110.65 - - [30/Aug/2026:20:05:42 +0000] "GET /wp-content/themes/porto/js/bg-parallax.js?ver=7.7.2 HTTP/1.1" 200 6654 "-" "Mozilla/5.0 (Windows NT 10.0; Win64; x64) AppleWebKit/537.0"
195.178.110.65 - - [30/Aug/2026:20:06:28 +0000] "GET /wp-content/plugins/woocommerce/assets/js/frontend/add-to-cart.min.js?ver=11.0.1 HTTP/1.1" 200 4350 "-" "Mozilla/5.0 (Windows NT 10.0; Win64; x64) AppleWebKit/537.0"
72.167.149.90 - - [30/Aug/2026:20:07:30 +0000] "POST /wp-cron.php?doing_wp_cron=1788120449.2711200714111328125000 HTTP/1.1" 499 0 "-" "WordPress/7.1; https://uslconsultation.com"
57.141.14.27 - - [30/Aug/2026:20:07:30 +0000] "GET / HTTP/1.1" 200 68910 "-" "Mozilla/5.0 (Macintosh; Intel Mac OS X 10_15_7) AppleWebKit/537.36 (KHTML, like Gecko) Chrome/145.0.0.0 Safari/537.36 (compatible; meta-externalagent/1.1 (+https://developers.facebook.com/docs/sharing/webmasters/crawler))"
72.167.149.90 - - [30/Aug/2026:20:09:42 +0000] "POST /wp-cron.php?doing_wp_cron=1788120581.0279700756072998046875 HTTP/1.1" 499 0 "-" "WordPress/7.1; https://uslconsultation.com"
170.106.11.6 - - [30/Aug/2026:20:09:42 +0000] "GET /uslconsultation.com/ HTTP/1.1" 404 50923 "-" "Mozilla/5.0 (iPhone; CPU iPhone OS 13_2_3 like Mac OS X) AppleWebKit/605.1.15 (KHTML, like Gecko) Version/13.0.3 Mobile/15E148 Safari/604.1"
195.178.110.65 - - [30/Aug/2026:20:09:49 +0000] "GET /wp-content/themes/porto/js/theme-async.js?ver=7.7.2 HTTP/1.1" 200 76111 "-" "Mozilla/5.0 (Windows NT 10.0; Win64; x64) AppleWebKit/537.0"
195.178.110.65 - - [30/Aug/2026:20:11:15 +0000] "GET /wp-content/plugins/translatepress-multilingual/assets/js/trp-frontend-language-switcher.js?ver=3.3.4 HTTP/1.1" 200 16102 "-" "Mozilla/5.0 (Windows NT 10.0; Win64; x64) AppleWebKit/537.0"
195.178.110.65 - - [30/Aug/2026:20:14:41 +0000] "GET /wp-includes/js/imagesloaded.min.js?ver=5.0.0 HTTP/1.1" 200 5520 "-" "Mozilla/5.0 (Windows NT 10.0; Win64; x64) AppleWebKit/537.0"
43.164.196.47 - - [30/Aug/2026:20:16:29 +0000] "GET /ar/uslconsultation.com/ HTTP/1.1" 404 48753 "-" "Mozilla/5.0 (iPhone; CPU iPhone OS 13_2_3 like Mac OS X) AppleWebKit/605.1.15 (KHTML, like Gecko) Version/13.0.3 Mobile/15E148 Safari/604.1"
72.167.149.90 - - [30/Aug/2026:20:16:29 +0000] "POST /wp-cron.php?doing_wp_cron=1788120988.9603710174560546875000 HTTP/1.1" 499 0 "-" "WordPress/7.1; https://uslconsultation.com/ar"
195.178.110.65 - - [30/Aug/2026:20:19:04 +0000] "GET /wp-content/themes/porto/js/libs/smoothscroll.min.js?ver=7.7.2 HTTP/1.1" 200 7368 "-" "Mozilla/5.0 (Windows NT 10.0; Win64; x64) AppleWebKit/537.0"
195.178.110.65 - - [30/Aug/2026:20:20:47 +0000] "GET /wp-content/plugins/porto-functionality/shortcodes/assets/js/map-loader.min.js?ver=3.7.2 HTTP/1.1" 200 1276 "-" "Mozilla/5.0 (Windows NT 10.0; Win64; x64) AppleWebKit/537.0"
195.178.110.65 - - [30/Aug/2026:20:22:54 +0000] "GET /wp-includes/js/jquery/jquery.min.js?ver=3.7.1 HTTP/1.1" 200 87553 "-" "Mozilla/5.0 (Windows NT 10.0; Win64; x64) AppleWebKit/537.0"
72.167.149.90 - - [30/Aug/2026:20:25:37 +0000] "POST /wp-cron.php?doing_wp_cron=1788121536.1233279705047607421875 HTTP/1.1" 499 0 "-" "WordPress/7.1; https://uslconsultation.com"
85.208.96.211 - - [30/Aug/2026:20:25:37 +0000] "GET /robots.txt HTTP/1.1" 200 124 "-" "Mozilla/5.0 (compatible; SemrushBot/7~bl; +http://www.semrush.com/bot.html)"
72.167.149.90 - - [30/Aug/2026:20:25:40 +0000] "GET /wp-content/uploads/2025/11/Brand-and-franchise-consulting-services-scaled-e1766398516651.jpg HTTP/1.1" 200 99487 "-" "-"
185.191.171.1 - - [30/Aug/2026:20:25:40 +0000] "GET /service/branding-rebranding/ HTTP/1.1" 200 57039 "-" "Mozilla/5.0 (compatible; SemrushBot/7~bl; +http://www.semrush.com/bot.html)"
72.167.149.90 - - [30/Aug/2026:20:27:36 +0000] "POST /wp-cron.php?doing_wp_cron=1788121655.9305698871612548828125 HTTP/1.1" 499 0 "-" "WordPress/7.1; https://uslconsultation.com/ar"
43.157.95.131 - - [30/Aug/2026:20:27:37 +0000] "GET /ar/?p=5079 HTTP/1.1" 301 5 "-" "Mozilla/5.0 (iPhone; CPU iPhone OS 13_2_3 like Mac OS X) AppleWebKit/605.1.15 (KHTML, like Gecko) Version/13.0.3 Mobile/15E148 Safari/604.1"
72.167.149.90 - - [30/Aug/2026:20:27:44 +0000] "GET /wp-content/uploads/2025/11/governance-compliance-and-risk-management-scaled-e1766401328194.jpg HTTP/1.1" 200 115711 "-" "-"
43.157.95.131 - - [30/Aug/2026:20:27:45 +0000] "GET /ar/service/governance-compliance-and-risk-management/ HTTP/1.1" 200 75670 "https://uslconsultation.com/ar/?p=5079" "Mozilla/5.0 (iPhone; CPU iPhone OS 13_2_3 like Mac OS X) AppleWebKit/605.1.15 (KHTML, like Gecko) Version/13.0.3 Mobile/15E148 Safari/604.1"
72.167.149.90 - - [30/Aug/2026:20:37:37 +0000] "POST /wp-cron.php?doing_wp_cron=1788122256.7195129394531250000000 HTTP/1.1" 499 0 "-" "WordPress/7.1; https://uslconsultation.com/ar"
150.109.230.210 - - [30/Aug/2026:20:37:37 +0000] "GET /ar/wp-json/oembed/1.0/embed?url=https%3A%2F%2Fuslconsultation.com%2Far%2Fservice%2Fgovernance-compliance-and-risk-management%2F HTTP/1.1" 200 1246 "-" "Mozilla/5.0 (iPhone; CPU iPhone OS 13_2_3 like Mac OS X) AppleWebKit/605.1.15 (KHTML, like Gecko) Version/13.0.3 Mobile/15E148 Safari/604.1"
195.178.110.65 - - [30/Aug/2026:20:38:57 +0000] "GET /wp-content/plugins/elementor/assets/js/frontend-modules.min.js?ver=4.2.3 HTTP/1.1" 200 50602 "-" "Mozilla/5.0 (Windows NT 10.0; Win64; x64) AppleWebKit/537.0"
195.178.110.65 - - [30/Aug/2026:20:39:25 +0000] "GET /wp-includes/js/jquery/jquery-migrate.min.js?ver=3.4.1 HTTP/1.1" 200 13577 "-" "Mozilla/5.0 (Windows NT 10.0; Win64; x64) AppleWebKit/537.0"
195.178.110.65 - - [30/Aug/2026:20:46:21 +0000] "GET /wp-content/themes/porto/js/woocommerce-theme.js?ver=7.7.2 HTTP/1.1" 200 109386 "-" "Mozilla/5.0 (Windows NT 10.0; Win64; x64) AppleWebKit/537.0"
72.167.149.90 - - [30/Aug/2026:20:46:39 +0000] "POST /wp-cron.php?doing_wp_cron=1788122798.3203399181365966796875 HTTP/1.1" 499 0 "-" "WordPress/7.1; https://uslconsultation.com"
43.164.3.182 - - [30/Aug/2026:20:46:39 +0000] "GET /member_cat/videos/ HTTP/1.1" 200 58903 "-" "Mozilla/5.0 (iPhone; CPU iPhone OS 13_2_3 like Mac OS X) AppleWebKit/605.1.15 (KHTML, like Gecko) Version/13.0.3 Mobile/15E148 Safari/604.1"
72.167.149.90 - - [30/Aug/2026:20:48:20 +0000] "POST /wp-cron.php?doing_wp_cron=1788122899.5256409645080566406250 HTTP/1.1" 499 0 "-" "WordPress/7.1; https://uslconsultation.com"
202.47.50.160 - - [30/Aug/2026:20:48:20 +0000] "GET /wp-json/wp/v2/users HTTP/1.1" 200 1678 "-" "Mozilla/4.0 (compatible; Win32; WinHttp.WinHttpRequest.5)"
72.167.149.90 - - [30/Aug/2026:20:49:03 +0000] "POST /wp-cron.php?doing_wp_cron=1788122942.0859971046447753906250 HTTP/1.1" 499 0 "-" "WordPress/7.1; https://uslconsultation.com"
202.47.50.160 - - [30/Aug/2026:20:49:03 +0000] "POST /xmlrpc.php HTTP/1.1" 200 415 "-" "Mozilla/5.0 (Windows NT 6.3; x64) AppleWebKit/537.36 (KHTML, like Gecko) Edge/100.0.0.0 Safari/537.36"
202.47.50.160 - - [30/Aug/2026:20:49:38 +0000] "POST /xmlrpc.php HTTP/1.1" 200 415 "-" "Mozilla/5.0 (Macintosh; Intel Mac OS X 10_15_7; x86) AppleWebKit/537.36 (KHTML, like Gecko) Safari/11.0.0.0 Safari/537.36"
72.167.149.90 - - [30/Aug/2026:20:50:11 +0000] "POST /wp-cron.php?doing_wp_cron=1788123010.0271999835968017578125 HTTP/1.1" 499 0 "-" "WordPress/7.1; https://uslconsultation.com"
202.47.50.160 - - [30/Aug/2026:20:50:11 +0000] "POST /xmlrpc.php HTTP/1.1" 200 415 "-" "Mozilla/5.0 (Windows NT 6.3; arm64) AppleWebKit/537.36 (KHTML, like Gecko) Chrome/101.0.0.0 Safari/537.36"
202.47.50.160 - - [30/Aug/2026:20:50:41 +0000] "POST /xmlrpc.php HTTP/1.1" 200 415 "-" "Mozilla/5.0 (Windows NT 6.2; arm64) AppleWebKit/537.36 (KHTML, like Gecko) Edge/96.0.0.0 Safari/537.36"
72.167.149.90 - - [30/Aug/2026:20:51:10 +0000] "POST /wp-cron.php?doing_wp_cron=1788123069.4531309604644775390625 HTTP/1.1" 499 0 "-" "WordPress/7.1; https://uslconsultation.com"
202.47.50.160 - - [30/Aug/2026:20:51:10 +0000] "POST /xmlrpc.php HTTP/1.1" 200 415 "-" "Mozilla/5.0 (X11; Ubuntu; Linux x86_64; x86) AppleWebKit/537.36 (KHTML, like Gecko) Edge/98.0.0.0 Safari/537.36"
202.47.50.160 - - [30/Aug/2026:20:51:37 +0000] "POST /xmlrpc.php HTTP/1.1" 200 415 "-" "Mozilla/5.0 (Windows NT 6.2; arm64) AppleWebKit/537.36 (KHTML, like Gecko) Safari/12.0.0.0 Safari/537.36"
195.178.110.65 - - [30/Aug/2026:20:51:50 +0000] "GET /wp-content/plugins/cookieadmin/assets/js/consent.js?ver=1.1.4 HTTP/1.1" 200 18556 "-" "Mozilla/5.0 (Windows NT 10.0; Win64; x64) AppleWebKit/537.0"
72.167.149.90 - - [30/Aug/2026:20:52:10 +0000] "POST /wp-cron.php?doing_wp_cron=1788123129.4229590892791748046875 HTTP/1.1" 499 0 "-" "WordPress/7.1; https://uslconsultation.com"
202.47.50.160 - - [30/Aug/2026:20:52:10 +0000] "POST /xmlrpc.php HTTP/1.1" 200 415 "-" "Mozilla/5.0 (X11; Ubuntu; Linux x86_64; x86) AppleWebKit/537.36 (KHTML, like Gecko) Opera/73.0.0.0 Safari/537.36"
202.47.50.160 - - [30/Aug/2026:20:52:41 +0000] "POST /xmlrpc.php HTTP/1.1" 200 415 "-" "Mozilla/5.0 (Windows NT 6.2; arm64) AppleWebKit/537.36 (KHTML, like Gecko) Edge/87.0.0.0 Safari/537.36"
195.178.110.65 - - [30/Aug/2026:20:53:00 +0000] "GET /wp-content/plugins/cookieadmin-pro/assets/js/consent.js?ver=1.1.4 HTTP/1.1" 200 1236 "-" "Mozilla/5.0 (Windows NT 10.0; Win64; x64) AppleWebKit/537.0"
72.167.149.90 - - [30/Aug/2026:20:53:14 +0000] "POST /wp-cron.php?doing_wp_cron=1788123193.4948890209197998046875 HTTP/1.1" 499 0 "-" "WordPress/7.1; https://uslconsultation.com"
202.47.50.160 - - [30/Aug/2026:20:53:14 +0000] "POST /xmlrpc.php HTTP/1.1" 200 415 "-" "Mozilla/5.0 (X11; Ubuntu; Linux x86_64; x86) AppleWebKit/537.36 (KHTML, like Gecko) Safari/12.0.0.0 Safari/537.36"
202.47.50.160 - - [30/Aug/2026:20:53:45 +0000] "POST /xmlrpc.php HTTP/1.1" 200 415 "-" "Mozilla/5.0 (Macintosh; Intel Mac OS X 10_15_7; x86) AppleWebKit/537.36 (KHTML, like Gecko) Firefox/74.0.0.0 Safari/537.36"
72.167.149.90 - - [30/Aug/2026:20:54:19 +0000] "POST /wp-cron.php?doing_wp_cron=1788123258.5245499610900878906250 HTTP/1.1" 499 0 "-" "WordPress/7.1; https://uslconsultation.com"
202.47.50.160 - - [30/Aug/2026:20:54:19 +0000] "POST /xmlrpc.php HTTP/1.1" 200 415 "-" "Mozilla/5.0 (X11; Ubuntu; Linux x86_64; arm64) AppleWebKit/537.36 (KHTML, like Gecko) Edge/92.0.0.0 Safari/537.36"
157.90.95.245 - - [30/Aug/2026:20:54:38 +0000] "GET /wp-content/plugins/pods/readme.txt HTTP/1.1" 404 50948 "-" "Mozilla/5.0 (Macintosh; Intel Mac OS X 10_15_7) AppleWebKit/537.36 (KHTML, like Gecko) Chrome/124.0.0.0 Safari/537.36"
202.47.50.160 - - [30/Aug/2026:20:54:41 +0000] "POST /xmlrpc.php HTTP/1.1" 200 415 "-" "Mozilla/5.0 (Linux; Android 10; x64) AppleWebKit/537.36 (KHTML, like Gecko) Safari/12.0.0.0 Safari/537.36"
157.90.95.245 - - [30/Aug/2026:20:54:41 +0000] "GET /wp-content/plugins/pods/init.php HTTP/1.1" 404 50944 "-" "Mozilla/5.0 (Macintosh; Intel Mac OS X 10_15_7) AppleWebKit/537.36 (KHTML, like Gecko) Chrome/124.0.0.0 Safari/537.36"
72.167.149.90 - - [30/Aug/2026:20:55:02 +0000] "POST /wp-cron.php?doing_wp_cron=1788123301.5295870304107666015625 HTTP/1.1" 499 0 "-" "WordPress/7.1; https://uslconsultation.com"
202.47.50.160 - - [30/Aug/2026:20:55:02 +0000] "POST /xmlrpc.php HTTP/1.1" 200 415 "-" "Mozilla/5.0 (Windows NT 10.0; x86) AppleWebKit/537.36 (KHTML, like Gecko) Opera/73.0.0.0 Safari/537.36"
202.47.50.160 - - [30/Aug/2026:20:55:23 +0000] "POST /xmlrpc.php HTTP/1.1" 200 415 "-" "Mozilla/5.0 (X11; Ubuntu; Linux x86_64; x64) AppleWebKit/537.36 (KHTML, like Gecko) Opera/73.0.0.0 Safari/537.36"
202.47.50.160 - - [30/Aug/2026:20:55:43 +0000] "POST /xmlrpc.php HTTP/1.1" 200 415 "-" "Mozilla/5.0 (X11; Ubuntu; Linux x86_64; x64) AppleWebKit/537.36 (KHTML, like Gecko) Safari/11.0.0.0 Safari/537.36"
72.167.149.90 - - [30/Aug/2026:20:56:05 +0000] "POST /wp-cron.php?doing_wp_cron=1788123364.6309399604797363281250 HTTP/1.1" 499 0 "-" "WordPress/7.1; https://uslconsultation.com"
202.47.50.160 - - [30/Aug/2026:20:56:05 +0000] "POST /xmlrpc.php HTTP/1.1" 200 415 "-" "Mozilla/5.0 (Macintosh; Intel Mac OS X 10_15_7; x86) AppleWebKit/537.36 (KHTML, like Gecko) Edge/87.0.0.0 Safari/537.36"
195.178.110.65 - - [30/Aug/2026:20:56:13 +0000] "GET /wp-includes/js/wp-emoji-release.min.js?ver=7.1 HTTP/1.1" 200 22752 "-" "Mozilla/5.0 (Windows NT 10.0; Win64; x64) AppleWebKit/537.0"
202.47.50.160 - - [30/Aug/2026:20:56:28 +0000] "POST /xmlrpc.php HTTP/1.1" 200 415 "-" "Mozilla/5.0 (Windows NT 10.0; x86) AppleWebKit/537.36 (KHTML, like Gecko) Opera/61.0.0.0 Safari/537.36"
202.47.50.160 - - [30/Aug/2026:20:56:48 +0000] "POST /xmlrpc.php HTTP/1.1" 200 415 "-" "Mozilla/5.0 (Windows NT 6.3; arm64) AppleWebKit/537.36 (KHTML, like Gecko) Firefox/70.0.0.0 Safari/537.36"
72.167.149.90 - - [30/Aug/2026:20:57:57 +0000] "POST /wp-cron.php?doing_wp_cron=1788123476.4597060680389404296875 HTTP/1.1" 499 0 "-" "WordPress/7.1; https://uslconsultation.com"
170.106.73.216 - - [30/Aug/2026:20:57:57 +0000] "GET /wp-json/wp/v2/member/291 HTTP/1.1" 200 1156 "-" "Mozilla/5.0 (iPhone; CPU iPhone OS 13_2_3 like Mac OS X) AppleWebKit/605.1.15 (KHTML, like Gecko) Version/13.0.3 Mobile/15E148 Safari/604.1"
195.178.110.65 - - [30/Aug/2026:20:58:15 +0000] "GET /wp-content/plugins/woocommerce/assets/js/frontend/woocommerce.min.js?ver=11.0.1 HTTP/1.1" 200 4270 "-" "Mozilla/5.0 (Windows NT 10.0; Win64; x64) AppleWebKit/537.0"
72.167.149.90 - - [30/Aug/2026:21:06:10 +0000] "POST /wp-cron.php?doing_wp_cron=1788123969.2076330184936523437500 HTTP/1.1" 499 0 "-" "WordPress/7.1; https://uslconsultation.com"
185.191.171.4 - - [30/Aug/2026:21:06:10 +0000] "GET /events/category/seminars/day/2023-04-06/ HTTP/1.1" 404 50971 "-" "Mozilla/5.0 (compatible; SemrushBot/7~bl; +http://www.semrush.com/bot.html)"
195.178.110.65 - - [30/Aug/2026:21:06:24 +0000] "GET /wp-includes/js/jquery/ui/core.min.js?ver=1.14.2 HTTP/1.1" 200 18674 "-" "Mozilla/5.0 (Windows NT 10.0; Win64; x64) AppleWebKit/537.0"
195.178.110.65 - - [30/Aug/2026:21:09:55 +0000] "GET /wp-content/plugins/woocommerce/assets/js/sourcebuster/sourcebuster.min.js?ver=11.0.1 HTTP/1.1" 200 15315 "-" "Mozilla/5.0 (Windows NT 10.0; Win64; x64) AppleWebKit/537.0"
195.178.110.65 - - [30/Aug/2026:21:13:42 +0000] "GET /wp-content/themes/porto/js/libs/webfont.js HTTP/1.1" 200 13221 "-" "Mozilla/5.0 (Windows NT 10.0; Win64; x64) AppleWebKit/537.0"
72.167.149.90 - - [30/Aug/2026:21:17:33 +0000] "POST /wp-cron.php?doing_wp_cron=1788124652.2798209190368652343750 HTTP/1.1" 499 0 "-" "WordPress/7.1; https://uslconsultation.com/ar"
185.191.171.14 - - [30/Aug/2026:21:17:33 +0000] "GET /ar/blog/ HTTP/1.1" 200 76133 "-" "Mozilla/5.0 (compatible; SemrushBot/7~bl; +http://www.semrush.com/bot.html)"
72.167.149.90 - - [30/Aug/2026:21:34:07 +0000] "POST /wp-cron.php?doing_wp_cron=1788125645.9993669986724853515625 HTTP/1.1" 499 0 "-" "WordPress/7.1; https://uslconsultation.com"
37.139.53.80 - - [30/Aug/2026:21:34:07 +0000] "GET /contact-us/ HTTP/1.0" 200 204851 "https://uslconsultation.com/contact-us/" "Mozilla/5.0 (Windows NT 10.0; Win64; x64) AppleWebKit/537.36 (KHTML, like Gecko) Chrome/131.0.0.0 Safari/537.36 Avast/131.0.0.0"
37.139.53.80 - - [30/Aug/2026:21:34:14 +0000] "POST /contact-us/ HTTP/1.0" 200 204941 "https://uslconsultation.com/contact-us/" "Mozilla/5.0 (Windows NT 10.0; Win64; x64) AppleWebKit/537.36 (KHTML, like Gecko) Chrome/131.0.0.0 Safari/537.36 Avast/131.0.0.0"
195.2.67.184 - - [30/Aug/2026:21:34:23 +0000] "GET /uncategorized/hello-world/ HTTP/1.0" 404 184541 "https://uslconsultation.com/uncategorized/hello-world/#comment-614" "Mozilla/5.0 (Windows NT 10.0; Win64; x64) AppleWebKit/537.36 (KHTML, like Gecko) Chrome/129.0.0.0 Safari/537.36"
195.2.67.184 - - [30/Aug/2026:21:34:28 +0000] "GET /blog/ HTTP/1.0" 200 203550 "https://uslconsultation.com/blog/" "Mozilla/5.0 (Windows NT 10.0; Win64; x64) AppleWebKit/537.36 (KHTML, like Gecko) Chrome/129.0.0.0 Safari/537.36"
195.2.67.184 - - [30/Aug/2026:21:34:33 +0000] "GET /contact-us/ HTTP/1.0" 200 204851 "https://uslconsultation.com/contact-us/" "Mozilla/5.0 (Windows NT 10.0; Win64; x64) AppleWebKit/537.36 (KHTML, like Gecko) Chrome/129.0.0.0 Safari/537.36"
195.2.67.184 - - [30/Aug/2026:21:34:38 +0000] "POST /contact-us/ HTTP/1.0" 200 204941 "https://uslconsultation.com/contact-us/" "Mozilla/5.0 (Windows NT 10.0; Win64; x64) AppleWebKit/537.36 (KHTML, like Gecko) Chrome/129.0.0.0 Safari/537.36"
72.167.149.90 - - [30/Aug/2026:21:49:06 +0000] "POST /wp-cron.php?doing_wp_cron=1788126545.0679819583892822265625 HTTP/1.1" 499 0 "-" "WordPress/7.1; https://uslconsultation.com"
216.73.217.6 - - [30/Aug/2026:21:49:06 +0000] "GET /robots.txt HTTP/1.1" 200 124 "-" "Mozilla/5.0 AppleWebKit/537.36 (KHTML, like Gecko; compatible; ClaudeBot/1.0; +claudebot@anthropic.com)"
216.73.217.6 - - [30/Aug/2026:21:49:08 +0000] "GET /sitemaps.xml HTTP/1.1" 200 283 "-" "Mozilla/5.0 AppleWebKit/537.36 (KHTML, like Gecko; compatible; ClaudeBot/1.0; +claudebot@anthropic.com)"
72.167.149.90 - - [30/Aug/2026:21:54:37 +0000] "POST /wp-cron.php?doing_wp_cron=1788126876.4289069175720214843750 HTTP/1.1" 499 0 "-" "WordPress/7.1; https://uslconsultation.com"
43.153.122.30 - - [30/Aug/2026:22:01:19 +0000] "GET / HTTP/1.1" 200 69088 "http://uslconsultation.com" "Mozilla/5.0 (iPhone; CPU iPhone OS 13_2_3 like Mac OS X) AppleWebKit/605.1.15 (KHTML, like Gecko) Version/13.0.3 Mobile/15E148 Safari/604.1"
72.167.149.90 - - [30/Aug/2026:22:02:17 +0000] "POST /wp-cron.php?doing_wp_cron=1788127336.2044529914855957031250 HTTP/1.1" 499 0 "-" "WordPress/7.1; https://uslconsultation.com"
195.2.84.198 - - [30/Aug/2026:22:02:17 +0000] "GET /uncategorized/hello-world/ HTTP/1.0" 404 184541 "https://uslconsultation.com/uncategorized/hello-world/#comment-614" "Mozilla/5.0 (Windows NT 10.0; Win64; x64) AppleWebKit/537.36 (KHTML, like Gecko) Chrome/130.0.0.0 Safari/537.36 CCleaner/130.0.0.0"
195.2.84.198 - - [30/Aug/2026:22:02:24 +0000] "GET /blog/ HTTP/1.0" 200 203550 "https://uslconsultation.com/blog/" "Mozilla/5.0 (Windows NT 10.0; Win64; x64) AppleWebKit/537.36 (KHTML, like Gecko) Chrome/130.0.0.0 Safari/537.36 CCleaner/130.0.0.0"
195.2.84.198 - - [30/Aug/2026:22:02:28 +0000] "GET /contact-us/ HTTP/1.0" 200 204851 "https://uslconsultation.com/contact-us/" "Mozilla/5.0 (Windows NT 10.0; Win64; x64) AppleWebKit/537.36 (KHTML, like Gecko) Chrome/130.0.0.0 Safari/537.36 CCleaner/130.0.0.0"
195.2.84.198 - - [30/Aug/2026:22:02:34 +0000] "POST /contact-us/ HTTP/1.0" 200 204941 "https://uslconsultation.com/contact-us/" "Mozilla/5.0 (Windows NT 10.0; Win64; x64) AppleWebKit/537.36 (KHTML, like Gecko) Chrome/130.0.0.0 Safari/537.36 CCleaner/130.0.0.0"
72.167.149.90 - - [30/Aug/2026:22:04:06 +0000] "POST /wp-cron.php?doing_wp_cron=1788127445.4620978832244873046875 HTTP/1.1" 499 0 "-" "WordPress/7.1; https://uslconsultation.com"
24.69.174.169 - - [30/Aug/2026:22:04:06 +0000] "GET /payments/config.json HTTP/1.1" 404 50944 "-" "Mozilla/5.0 (Macintosh; Intel Mac OS X 10_15_7) AppleWebKit/537.36 (KHTML, like Gecko) Chrome/120.0.0.0 Safari/537.36"
72.167.149.90 - - [30/Aug/2026:22:10:28 +0000] "POST /wp-cron.php?doing_wp_cron=1788127827.5040850639343261718750 HTTP/1.1" 499 0 "-" "WordPress/7.1; https://uslconsultation.com"
51.8.102.139 - - [30/Aug/2026:22:10:28 +0000] "GET /robots.txt HTTP/1.1" 200 124 "-" "Mozilla/5.0 (Macintosh; Intel Mac OS X 10_15_7) AppleWebKit/537.36 (KHTML, like Gecko) Chrome/131.0.0.0 Safari/537.36; compatible; OAI-SearchBot/1.0; +https://openai.com/searchbot"
52.167.144.66 - - [30/Aug/2026:22:10:38 +0000] "GET /robots.txt HTTP/1.1" 200 124 "-" "Mozilla/5.0 AppleWebKit/537.36 (KHTML, like Gecko; compatible; bingbot/2.0; +http://www.bing.com/bingbot.htm) Chrome/116.0.1938.76 Safari/537.36"
40.77.167.10 - - [30/Aug/2026:22:10:42 +0000] "GET /sitemaps.xml HTTP/1.1" 200 284 "-" "Mozilla/5.0 AppleWebKit/537.36 (KHTML, like Gecko; compatible; bingbot/2.0; +http://www.bing.com/bingbot.htm) Chrome/116.0.1938.76 Safari/537.36"
38.25.186.14 - - [30/Aug/2026:22:10:53 +0000] "GET / HTTP/1.1" 200 68911 "-" "Mozilla/5.0 (Macintosh; Intel Mac OS X 13_3_0) AppleWebKit/537.36 (KHTML, like Gecko) Chrome/128.0.6613.84 Safari/537.36"
72.167.149.90 - - [30/Aug/2026:22:30:57 +0000] "POST /wp-cron.php?doing_wp_cron=1788129056.3641209602355957031250 HTTP/1.1" 499 0 "-" "WordPress/7.1; https://uslconsultation.com"
72.167.149.90 - - [30/Aug/2026:22:50:06 +0000] "POST /wp-cron.php?doing_wp_cron=1788130205.7442040443420410156250 HTTP/1.1" 499 0 "-" "WordPress/7.1; https://uslconsultation.com"
160.153.252.100 - - [30/Aug/2026:22:50:06 +0000] "GET /wp-login.php HTTP/1.1" 200 4194 "-" "160.153.252.100"
160.153.252.100 - - [30/Aug/2026:22:50:11 +0000] "POST /wp-login.php HTTP/1.1" 200 4297 "https://uslconsultation.com/wp-login.php" "160.153.252.100"
72.167.149.90 - - [30/Aug/2026:22:54:48 +0000] "POST /wp-cron.php?doing_wp_cron=1788130487.2738258838653564453125 HTTP/1.1" 499 0 "-" "WordPress/7.1; https://uslconsultation.com"
185.191.171.12 - - [30/Aug/2026:22:54:48 +0000] "GET /robots.txt HTTP/1.1" 200 124 "-" "Mozilla/5.0 (compatible; SemrushBot/7~bl; +http://www.semrush.com/bot.html)"
85.208.96.203 - - [30/Aug/2026:22:54:53 +0000] "GET /category/restaurant-business/ HTTP/1.1" 200 54903 "-" "Mozilla/5.0 (compatible; SemrushBot/7~bl; +http://www.semrush.com/bot.html)"
72.167.149.90 - - [30/Aug/2026:23:04:25 +0000] "POST /wp-cron.php?doing_wp_cron=1788131064.7653839588165283203125 HTTP/1.1" 499 0 "-" "WordPress/7.1; https://uslconsultation.com/ar"
85.208.96.210 - - [30/Aug/2026:23:04:25 +0000] "GET /ar/category/invest-in-syria/ HTTP/1.1" 200 74699 "-" "Mozilla/5.0 (compatible; SemrushBot/7~bl; +http://www.semrush.com/bot.html)"
47.89.129.126 - - [30/Aug/2026:23:08:55 +0000] "GET / HTTP/1.1" 200 69091 "http://www.uslconsultation.com" "Mozilla/5.0 (iPhone; CPU iPhone OS 13_2_3 like Mac OS X) AppleWebKit/605.1.15 (KHTML, like Gecko) Version/13.0.3 Mobile/15E148 Safari/604.1"
72.167.149.90 - - [30/Aug/2026:23:28:26 +0000] "POST /wp-cron.php?doing_wp_cron=1788132505.1636900901794433593750 HTTP/1.1" 499 0 "-" "WordPress/7.1; https://uslconsultation.com"
216.73.217.6 - - [30/Aug/2026:23:28:26 +0000] "GET /robots.txt HTTP/1.1" 200 124 "-" "Mozilla/5.0 AppleWebKit/537.36 (KHTML, like Gecko; compatible; ClaudeBot/1.0; +claudebot@anthropic.com)"
216.73.217.6 - - [30/Aug/2026:23:28:29 +0000] "GET /sitemaps.xml HTTP/1.1" 200 284 "-" "Mozilla/5.0 AppleWebKit/537.36 (KHTML, like Gecko; compatible; ClaudeBot/1.0; +claudebot@anthropic.com)"
72.167.149.90 - - [30/Aug/2026:23:55:37 +0000] "GET /wp-content/uploads/2025/12/businessmen-shaking-hands-on-modern-city-scaled-e1766360439535.jpg HTTP/1.1" 200 125276 "-" "-"
57.141.14.97 - - [30/Aug/2026:23:55:39 +0000] "GET /2025/12/21/from-idea-to-execution-turning-business-plans-into-profitable-reality/ HTTP/1.1" 200 32320 "-" "Mozilla/5.0 (Windows NT 10.0; Win64; x64) AppleWebKit/537.36 (KHTML, like Gecko) Chrome/145.0.0.0 Safari/537.36 (compatible; meta-externalagent/1.1 (+https://developers.facebook.com/docs/sharing/webmasters/crawler))"
72.167.149.90 - - [30/Aug/2026:23:55:39 +0000] "POST /wp-cron.php?doing_wp_cron=1788134138.8822081089019775390625 HTTP/1.1" 499 0 "-" "WordPress/7.1; https://uslconsultation.com"
72.167.149.90 - - [31/Aug/2026:00:00:10 +0000] "POST /wp-cron.php?doing_wp_cron=1788134409.0061180591583251953125 HTTP/1.1" 499 0 "-" "WordPress/7.1; https://uslconsultation.com"
185.191.171.18 - - [31/Aug/2026:00:00:10 +0000] "GET /robots.txt HTTP/1.1" 200 124 "-" "Mozilla/5.0 (compatible; SemrushBot/7~bl; +http://www.semrush.com/bot.html)"
85.208.96.194 - - [31/Aug/2026:00:00:17 +0000] "GET /ar/2022/09/ HTTP/1.1" 404 71450 "-" "Mozilla/5.0 (compatible; SemrushBot/7~bl; +http://www.semrush.com/bot.html)"
72.167.149.90 - - [31/Aug/2026:00:03:11 +0000] "POST /wp-cron.php?doing_wp_cron=1788134590.0856480598449707031250 HTTP/1.1" 499 0 "-" "WordPress/7.1; https://uslconsultation.com"
195.2.79.165 - - [31/Aug/2026:00:03:11 +0000] "GET /2025/11/05/hello-world/ HTTP/1.0" 404 184529 "https://uslconsultation.com/2025/11/05/hello-world/#comment-168" "Mozilla/5.0 (Windows NT 10.0; Win64; x64) AppleWebKit/537.36 (KHTML, like Gecko) Chrome/130.0.0.0 Safari/537.36 CCleaner/130.0.0.0"
195.2.79.165 - - [31/Aug/2026:00:03:21 +0000] "GET /blog/ HTTP/1.0" 200 203550 "https://uslconsultation.com/blog/" "Mozilla/5.0 (Windows NT 10.0; Win64; x64) AppleWebKit/537.36 (KHTML, like Gecko) Chrome/130.0.0.0 Safari/537.36 CCleaner/130.0.0.0"
195.2.79.165 - - [31/Aug/2026:00:03:30 +0000] "GET /contact-us/ HTTP/1.0" 200 204851 "https://uslconsultation.com/contact-us/" "Mozilla/5.0 (Windows NT 10.0; Win64; x64) AppleWebKit/537.36 (KHTML, like Gecko) Chrome/130.0.0.0 Safari/537.36 CCleaner/130.0.0.0"
195.2.79.165 - - [31/Aug/2026:00:03:39 +0000] "POST /contact-us/ HTTP/1.0" 200 204941 "https://uslconsultation.com/contact-us/" "Mozilla/5.0 (Windows NT 10.0; Win64; x64) AppleWebKit/537.36 (KHTML, like Gecko) Chrome/130.0.0.0 Safari/537.36 CCleaner/130.0.0.0"
72.167.149.90 - - [31/Aug/2026:00:22:27 +0000] "POST /wp-cron.php?doing_wp_cron=1788135746.6674859523773193359375 HTTP/1.1" 499 0 "-" "WordPress/7.1; https://uslconsultation.com"
74.7.244.43 - - [31/Aug/2026:00:22:27 +0000] "GET /robots.txt HTTP/1.1" 200 124 "-" "Mozilla/5.0 (Macintosh; Intel Mac OS X 10_15_7) AppleWebKit/537.36 (KHTML, like Gecko) Chrome/131.0.0.0 Safari/537.36; compatible; OAI-SearchBot/1.4; robots.txt; +https://openai.com/searchbot"
72.167.149.90 - - [31/Aug/2026:00:26:38 +0000] "POST /wp-cron.php?doing_wp_cron=1788135997.3805561065673828125000 HTTP/1.1" 499 0 "-" "WordPress/7.1; https://uslconsultation.com"
37.139.53.80 - - [31/Aug/2026:00:26:38 +0000] "GET /contact-us/ HTTP/1.0" 200 204851 "https://uslconsultation.com/contact-us/" "Mozilla/5.0 (Windows NT 10.0; Win64; x64) AppleWebKit/537.36 (KHTML, like Gecko) Chrome/130.0.0.0 Safari/537.36 CCleaner/130.0.0.0"
37.139.53.80 - - [31/Aug/2026:00:26:43 +0000] "POST /contact-us/ HTTP/1.0" 200 204941 "https://uslconsultation.com/contact-us/" "Mozilla/5.0 (Windows NT 10.0; Win64; x64) AppleWebKit/537.36 (KHTML, like Gecko) Chrome/130.0.0.0 Safari/537.36 CCleaner/130.0.0.0"
72.167.149.90 - - [31/Aug/2026:00:31:43 +0000] "POST /wp-cron.php?doing_wp_cron=1788136302.3310990333557128906250 HTTP/1.1" 499 0 "-" "WordPress/7.1; https://uslconsultation.com"
74.7.241.7 - - [31/Aug/2026:00:31:43 +0000] "GET /sitemaps.xml HTTP/1.1" 200 284 "-" "Mozilla/5.0 AppleWebKit/537.36 (KHTML, like Gecko; compatible; GPTBot/1.4; +https://openai.com/gptbot)"
72.167.149.90 - - [31/Aug/2026:00:34:13 +0000] "POST /wp-cron.php?doing_wp_cron=1788136452.3737530708312988281250 HTTP/1.1" 499 0 "-" "WordPress/7.1; https://uslconsultation.com"
200.94.139.48 - - [31/Aug/2026:00:34:13 +0000] "GET /category/invest-in-syria/ HTTP/1.1" 200 53945 "-" "Mozilla/5.0 (Macintosh; Intel Mac OS X 14_4_0) AppleWebKit/537.36 (KHTML, like Gecko) Chrome/134.0.6998.45"
72.167.149.90 - - [31/Aug/2026:00:36:43 +0000] "POST /wp-cron.php?doing_wp_cron=1788136602.2644670009613037109375 HTTP/1.1" 499 0 "-" "WordPress/7.1; https://uslconsultation.com"
168.63.79.147 - - [31/Aug/2026:00:36:43 +0000] "GET /wp-login.php HTTP/1.1" 200 4199 "-" "168.63.79.147"
168.63.79.147 - - [31/Aug/2026:00:36:45 +0000] "POST /wp-login.php HTTP/1.1" 200 4302 "https://mail.uslconsultation.com/wp-login.php" "168.63.79.147"
72.167.149.90 - - [31/Aug/2026:00:58:54 +0000] "POST /wp-cron.php?doing_wp_cron=1788137933.7159409523010253906250 HTTP/1.1" 499 0 "-" "WordPress/7.1; https://uslconsultation.com"
57.141.14.90 - - [31/Aug/2026:00:58:54 +0000] "GET /category/business-consulting/ HTTP/1.1" 200 55484 "-" "Mozilla/5.0 (Macintosh; Intel Mac OS X 10_15_7) AppleWebKit/537.36 (KHTML, like Gecko) Chrome/145.0.0.0 Safari/537.36 (compatible; meta-externalagent/1.1 (+https://developers.facebook.com/docs/sharing/webmasters/crawler))"
72.167.149.90 - - [31/Aug/2026:01:01:07 +0000] "POST /wp-cron.php?doing_wp_cron=1788138066.6411149501800537109375 HTTP/1.1" 499 0 "-" "WordPress/7.1; https://uslconsultation.com"
185.191.171.5 - - [31/Aug/2026:01:01:07 +0000] "GET /robots.txt HTTP/1.1" 200 124 "-" "Mozilla/5.0 (compatible; SemrushBot/7~bl; +http://www.semrush.com/bot.html)"
185.191.171.7 - - [31/Aug/2026:01:01:12 +0000] "GET /ar/events/category/seminars/day/2023-09-01/ HTTP/1.1" 404 71484 "-" "Mozilla/5.0 (compatible; SemrushBot/7~bl; +http://www.semrush.com/bot.html)"
43.138.68.113 - - [31/Aug/2026:01:09:59 +0000] "GET / HTTP/1.1" 200 69088 "http://uslconsultation.com" "Mozilla/5.0 (iPhone; CPU iPhone OS 13_2_3 like Mac OS X) AppleWebKit/605.1.15 (KHTML, like Gecko) Version/13.0.3 Mobile/15E148 Safari/604.1"
72.167.149.90 - - [31/Aug/2026:01:15:35 +0000] "POST /wp-cron.php?doing_wp_cron=1788138934.9529149532318115234375 HTTP/1.1" 499 0 "-" "WordPress/7.1; https://uslconsultation.com"
76.86.245.31 - - [31/Aug/2026:01:15:36 +0000] "GET /my-account/ HTTP/1.1" 200 52347 "-" "Mozilla/5.0 (Macintosh; Intel Mac OS X 11.7; rv:130.0) Gecko/20100101 Firefox/130.0"
159.223.115.168 - - [31/Aug/2026:01:30:18 +0000] "GET /wp-content/plugins/translatepress-multilingual/readme.txt HTTP/1.1" 200 4865 "-" "Mozilla/5.0 (Macintosh; Intel Mac OS X 14.5) AppleWebKit/618.3.5 (KHTML, like Gecko) Version/17.4 Safari/618.3.5"
72.167.149.90 - - [31/Aug/2026:01:39:58 +0000] "POST /wp-cron.php?doing_wp_cron=1788140397.9412610530853271484375 HTTP/1.1" 499 0 "-" "WordPress/7.1; https://uslconsultation.com"
216.73.217.6 - - [31/Aug/2026:01:39:59 +0000] "GET /robots.txt HTTP/1.1" 200 124 "-" "Mozilla/5.0 AppleWebKit/537.36 (KHTML, like Gecko; compatible; ClaudeBot/1.0; +claudebot@anthropic.com)"
216.73.217.6 - - [31/Aug/2026:01:40:03 +0000] "GET /sitemaps.xml HTTP/1.1" 200 284 "-" "Mozilla/5.0 AppleWebKit/537.36 (KHTML, like Gecko; compatible; ClaudeBot/1.0; +claudebot@anthropic.com)"
72.167.149.90 - - [31/Aug/2026:01:48:29 +0000] "POST /wp-cron.php?doing_wp_cron=1788140908.1845080852508544921875 HTTP/1.1" 499 0 "-" "WordPress/7.1; https://uslconsultation.com"
72.167.149.90 - - [31/Aug/2026:01:57:38 +0000] "POST /wp-cron.php?doing_wp_cron=1788141457.1656210422515869140625 HTTP/1.1" 499 0 "-" "WordPress/7.1; https://uslconsultation.com"
195.2.78.191 - - [31/Aug/2026:01:57:38 +0000] "GET /2025/11/05/hello-world/ HTTP/1.0" 404 184529 "https://uslconsultation.com/2025/11/05/hello-world/#comment-168" "Mozilla/5.0 (Windows NT 10.0; Win64; x64) AppleWebKit/537.36 (KHTML, like Gecko) Chrome/131.0.0.0 Safari/537.36"
195.2.78.191 - - [31/Aug/2026:01:57:41 +0000] "GET /blog/ HTTP/1.0" 200 203550 "https://uslconsultation.com/blog/" "Mozilla/5.0 (Windows NT 10.0; Win64; x64) AppleWebKit/537.36 (KHTML, like Gecko) Chrome/131.0.0.0 Safari/537.36"
195.2.78.191 - - [31/Aug/2026:01:57:46 +0000] "GET /contact-us/ HTTP/1.0" 200 204851 "https://uslconsultation.com/contact-us/" "Mozilla/5.0 (Windows NT 10.0; Win64; x64) AppleWebKit/537.36 (KHTML, like Gecko) Chrome/131.0.0.0 Safari/537.36"
195.2.78.191 - - [31/Aug/2026:01:57:50 +0000] "POST /contact-us/ HTTP/1.0" 200 204941 "https://uslconsultation.com/contact-us/" "Mozilla/5.0 (Windows NT 10.0; Win64; x64) AppleWebKit/537.36 (KHTML, like Gecko) Chrome/131.0.0.0 Safari/537.36"
72.167.149.90 - - [31/Aug/2026:02:00:21 +0000] "POST /wp-cron.php?doing_wp_cron=1788141620.2562460899353027343750 HTTP/1.1" 499 0 "-" "WordPress/7.1; https://uslconsultation.com"
40.77.167.7 - - [31/Aug/2026:02:00:21 +0000] "GET /category-sitemap1.xml HTTP/1.1" 200 337 "-" "Mozilla/5.0 AppleWebKit/537.36 (KHTML, like Gecko; compatible; bingbot/2.0; +http://www.bing.com/bingbot.htm) Chrome/116.0.1938.76 Safari/537.36"
72.167.149.90 - - [31/Aug/2026:02:21:07 +0000] "POST /wp-cron.php?doing_wp_cron=1788142866.7051720619201660156250 HTTP/1.1" 499 0 "-" "WordPress/7.1; https://uslconsultation.com"
110.249.202.156 - - [31/Aug/2026:02:21:07 +0000] "GET /robots.txt HTTP/1.1" 200 124 "-" "Mozilla/5.0 (Linux; Android 5.0) AppleWebKit/537.36 (KHTML, like Gecko) Mobile Safari/537.36 (compatible; Bytespider; https://zhanzhang.toutiao.com/)"
72.167.149.90 - - [31/Aug/2026:02:25:24 +0000] "POST /wp-cron.php?doing_wp_cron=1788143123.7408430576324462890625 HTTP/1.1" 499 0 "-" "WordPress/7.1; https://uslconsultation.com"
47.128.31.7 - - [31/Aug/2026:02:25:24 +0000] "GET /robots.txt HTTP/1.1" 200 124 "-" "Mozilla/5.0 (Linux; Android 5.0) AppleWebKit/537.36 (KHTML, like Gecko) Mobile Safari/537.36 (compatible; Bytespider; spider-feedback@bytedance.com)"
72.167.149.90 - - [31/Aug/2026:02:26:36 +0000] "POST /wp-cron.php?doing_wp_cron=1788143195.5637350082397460937500 HTTP/1.1" 499 0 "-" "WordPress/7.1; https://uslconsultation.com"
51.68.247.204 - - [31/Aug/2026:02:26:36 +0000] "GET /robots.txt HTTP/1.1" 200 124 "-" "Mozilla/5.0 (compatible; AhrefsBot/7.0; +http://ahrefs.com/robot/)"
51.81.165.209 - - [31/Aug/2026:02:26:39 +0000] "GET /portfolio_cat/golden/feed/ HTTP/1.1" 304 0 "-" "Mozilla/5.0 (compatible; AhrefsBot/7.0; +http://ahrefs.com/robot/)"
72.167.149.90 - - [31/Aug/2026:02:32:52 +0000] "POST /wp-cron.php?doing_wp_cron=1788143571.6260290145874023437500 HTTP/1.1" 499 0 "-" "WordPress/7.1; https://uslconsultation.com"
51.81.163.52 - - [31/Aug/2026:02:32:52 +0000] "GET /member/yahya/feed/ HTTP/1.1" 304 0 "-" "Mozilla/5.0 (compatible; AhrefsBot/7.0; +http://ahrefs.com/robot/)"
72.167.149.90 - - [31/Aug/2026:02:36:22 +0000] "POST /wp-cron.php?doing_wp_cron=1788143781.0716309547424316406250 HTTP/1.1" 499 0 "-" "WordPress/7.1; https://uslconsultation.com"
72.167.149.90 - - [31/Aug/2026:02:37:02 +0000] "POST /wp-cron.php?doing_wp_cron=1788143821.4360320568084716796875 HTTP/1.1" 499 0 "-" "WordPress/7.1; https://uslconsultation.com"
72.167.149.90 - - [31/Aug/2026:02:40:59 +0000] "POST /wp-cron.php?doing_wp_cron=1788144058.6873970031738281250000 HTTP/1.1" 499 0 "-" "WordPress/7.1; https://uslconsultation.com"
185.191.171.8 - - [31/Aug/2026:02:40:59 +0000] "GET /category/finance/page/2/ HTTP/1.1" 404 50948 "-" "Mozilla/5.0 (compatible; SemrushBot/7~bl; +http://www.semrush.com/bot.html)"
74.7.243.226 - - [31/Aug/2026:02:45:39 +0000] "GET / HTTP/1.1" 301 5 "-" "Mozilla/5.0 AppleWebKit/537.36 (KHTML, like Gecko; compatible; GPTBot/1.4; +https://openai.com/gptbot)"
72.167.149.90 - - [31/Aug/2026:02:45:39 +0000] "POST /wp-cron.php?doing_wp_cron=1788144338.2997589111328125000000 HTTP/1.1" 499 0 "-" "WordPress/7.1; https://uslconsultation.com"
74.7.244.28 - - [31/Aug/2026:02:45:39 +0000] "GET /robots.txt HTTP/1.1" 200 124 "-" "Mozilla/5.0 (Macintosh; Intel Mac OS X 10_15_7) AppleWebKit/537.36 (KHTML, like Gecko) Chrome/131.0.0.0 Safari/537.36; compatible; OAI-SearchBot/1.4; robots.txt; +https://openai.com/searchbot"
72.167.149.90 - - [31/Aug/2026:02:53:50 +0000] "POST /wp-cron.php?doing_wp_cron=1788144829.0243420600891113281250 HTTP/1.1" 499 0 "-" "WordPress/7.1; https://uslconsultation.com"
17.166.23.241 - - [31/Aug/2026:02:53:50 +0000] "GET /robots.txt HTTP/1.1" 200 124 "-" "Mozilla/5.0 (Macintosh; Intel Mac OS X 10_15_7) AppleWebKit/605.1.15 (KHTML, like Gecko) Version/17.4 Safari/605.1.15 (Applebot/0.1; +http://www.apple.com/go/applebot)"
17.166.23.241 - - [31/Aug/2026:02:53:53 +0000] "GET / HTTP/1.1" 200 68913 "-" "Mozilla/5.0 (Macintosh; Intel Mac OS X 10_15_7) AppleWebKit/605.1.15 (KHTML, like Gecko) Version/17.4 Safari/605.1.15 (Applebot/0.1; +http://www.apple.com/go/applebot)"
89.124.92.190 - - [31/Aug/2026:02:55:31 +0000] "GET /blog/ HTTP/1.0" 200 203550 "https://uslconsultation.com/blog/" "Mozilla/5.0 (Windows NT 10.0; Win64; x64) AppleWebKit/537.36 (KHTML, like Gecko) Chrome/130.0.0.0 Safari/537.36"
89.124.92.190 - - [31/Aug/2026:02:55:35 +0000] "GET /contact-us/ HTTP/1.0" 200 204851 "https://uslconsultation.com/contact-us/" "Mozilla/5.0 (Windows NT 10.0; Win64; x64) AppleWebKit/537.36 (KHTML, like Gecko) Chrome/130.0.0.0 Safari/537.36"
89.124.92.190 - - [31/Aug/2026:02:55:42 +0000] "POST /contact-us/ HTTP/1.0" 200 204941 "https://uslconsultation.com/contact-us/" "Mozilla/5.0 (Windows NT 10.0; Win64; x64) AppleWebKit/537.36 (KHTML, like Gecko) Chrome/130.0.0.0 Safari/537.36"
17.166.20.27 - - [31/Aug/2026:02:56:47 +0000] "GET /wp-content/plugins/alpus-aprs/plugin-framework/assets/css/base.min.css?ver=1.2.0 HTTP/1.1" 200 4336 "https://uslconsultation.com/" "Mozilla/5.0 (Macintosh; Intel Mac OS X 10_15_7) AppleWebKit/605.1.15 (KHTML, like Gecko) Version/17.4 Safari/605.1.15 (Applebot/0.1; +http://www.apple.com/go/applebot)"
17.166.20.27 - - [31/Aug/2026:02:56:48 +0000] "GET /wp-content/plugins/alpus-aprs/plugin-framework/assets/css/framework.min.css?ver=1.2.0 HTTP/1.1" 200 671 "https://uslconsultation.com/" "Mozilla/5.0 (Macintosh; Intel Mac OS X 10_15_7) AppleWebKit/605.1.15 (KHTML, like Gecko) Version/17.4 Safari/605.1.15 (Applebot/0.1; +http://www.apple.com/go/applebot)"
17.166.20.27 - - [31/Aug/2026:02:56:49 +0000] "GET /wp-content/plugins/cookieadmin/assets/css/consent.css?ver=1.1.4 HTTP/1.1" 200 2667 "https://uslconsultation.com/" "Mozilla/5.0 (Macintosh; Intel Mac OS X 10_15_7) AppleWebKit/605.1.15 (KHTML, like Gecko) Version/17.4 Safari/605.1.15 (Applebot/0.1; +http://www.apple.com/go/applebot)"
17.166.20.27 - - [31/Aug/2026:02:56:51 +0000] "GET /wp-content/plugins/contact-form-7/includes/css/styles.css?ver=6.1.7 HTTP/1.1" 200 1050 "https://uslconsultation.com/" "Mozilla/5.0 (Macintosh; Intel Mac OS X 10_15_7) AppleWebKit/605.1.15 (KHTML, like Gecko) Version/17.4 Safari/605.1.15 (Applebot/0.1; +http://www.apple.com/go/applebot)"
17.166.20.27 - - [31/Aug/2026:02:56:52 +0000] "GET /wp-content/plugins/revslider/public/css/sr7.css?ver=6.7.39 HTTP/1.1" 200 1581 "https://uslconsultation.com/" "Mozilla/5.0 (Macintosh; Intel Mac OS X 10_15_7) AppleWebKit/605.1.15 (KHTML, like Gecko) Version/17.4 Safari/605.1.15 (Applebot/0.1; +http://www.apple.com/go/applebot)"
17.166.20.27 - - [31/Aug/2026:02:56:54 +0000] "GET /wp-content/plugins/translatepress-multilingual/assets/css/trp-language-switcher-v2.css?ver=3.3.4 HTTP/1.1" 200 2315 "https://uslconsultation.com/" "Mozilla/5.0 (Macintosh; Intel Mac OS X 10_15_7) AppleWebKit/605.1.15 (KHTML, like Gecko) Version/17.4 Safari/605.1.15 (Applebot/0.1; +http://www.apple.com/go/applebot)"
17.166.20.27 - - [31/Aug/2026:02:56:55 +0000] "GET /wp-content/themes/porto/inc/lib/woocommerce-shipping-progress-bar/shipping-progress-bar.css?ver=7.7.2 HTTP/1.1" 200 525 "https://uslconsultation.com/" "Mozilla/5.0 (Macintosh; Intel Mac OS X 10_15_7) AppleWebKit/605.1.15 (KHTML, like Gecko) Version/17.4 Safari/605.1.15 (Applebot/0.1; +http://www.apple.com/go/applebot)"
17.166.20.27 - - [31/Aug/2026:02:56:57 +0000] "GET /wp-content/uploads/elementor/css/custom-frontend.min.css?ver=1787884610 HTTP/1.1" 200 7463 "https://uslconsultation.com/" "Mozilla/5.0 (Macintosh; Intel Mac OS X 10_15_7) AppleWebKit/605.1.15 (KHTML, like Gecko) Version/17.4 Safari/605.1.15 (Applebot/0.1; +http://www.apple.com/go/applebot)"
17.166.20.27 - - [31/Aug/2026:02:56:58 +0000] "GET /wp-content/uploads/elementor/css/post-4908.css?ver=1787884610 HTTP/1.1" 200 491 "https://uslconsultation.com/" "Mozilla/5.0 (Macintosh; Intel Mac OS X 10_15_7) AppleWebKit/605.1.15 (KHTML, like Gecko) Version/17.4 Safari/605.1.15 (Applebot/0.1; +http://www.apple.com/go/applebot)"
17.166.20.27 - - [31/Aug/2026:02:57:00 +0000] "GET /wp-content/themes/porto/css/part/fadeInUp.css?ver=7.7.2 HTTP/1.1" 200 132 "https://uslconsultation.com/" "Mozilla/5.0 (Macintosh; Intel Mac OS X 10_15_7) AppleWebKit/605.1.15 (KHTML, like Gecko) Version/17.4 Safari/605.1.15 (Applebot/0.1; +http://www.apple.com/go/applebot)"
17.166.20.27 - - [31/Aug/2026:02:57:01 +0000] "GET /wp-content/plugins/elementor/assets/css/widget-heading.min.css?ver=4.2.3 HTTP/1.1" 200 171 "https://uslconsultation.com/" "Mozilla/5.0 (Macintosh; Intel Mac OS X 10_15_7) AppleWebKit/605.1.15 (KHTML, like Gecko) Version/17.4 Safari/605.1.15 (Applebot/0.1; +http://www.apple.com/go/applebot)"
17.166.20.27 - - [31/Aug/2026:02:57:03 +0000] "GET /wp-content/plugins/elementor/assets/lib/animations/styles/fadeIn.min.css?ver=4.2.3 HTTP/1.1" 200 77 "https://uslconsultation.com/" "Mozilla/5.0 (Macintosh; Intel Mac OS X 10_15_7) AppleWebKit/605.1.15 (KHTML, like Gecko) Version/17.4 Safari/605.1.15 (Applebot/0.1; +http://www.apple.com/go/applebot)"
17.166.20.27 - - [31/Aug/2026:02:57:04 +0000] "GET /wp-content/plugins/elementor/assets/css/widget-image.min.css?ver=4.2.3 HTTP/1.1" 200 214 "https://uslconsultation.com/" "Mozilla/5.0 (Macintosh; Intel Mac OS X 10_15_7) AppleWebKit/605.1.15 (KHTML, like Gecko) Version/17.4 Safari/605.1.15 (Applebot/0.1; +http://www.apple.com/go/applebot)"
17.166.20.27 - - [31/Aug/2026:02:57:05 +0000] "GET /wp-content/plugins/elementor/assets/css/conditionals/shapes.min.css?ver=4.2.3 HTTP/1.1" 200 300 "https://uslconsultation.com/" "Mozilla/5.0 (Macintosh; Intel Mac OS X 10_15_7) AppleWebKit/605.1.15 (KHTML, like Gecko) Version/17.4 Safari/605.1.15 (Applebot/0.1; +http://www.apple.com/go/applebot)"
17.166.20.27 - - [31/Aug/2026:02:57:07 +0000] "GET /wp-content/uploads/elementor/css/custom-widget-progress.min.css?ver=1787884610 HTTP/1.1" 200 416 "https://uslconsultation.com/" "Mozilla/5.0 (Macintosh; Intel Mac OS X 10_15_7) AppleWebKit/605.1.15 (KHTML, like Gecko) Version/17.4 Safari/605.1.15 (Applebot/0.1; +http://www.apple.com/go/applebot)"
17.166.20.27 - - [31/Aug/2026:02:57:08 +0000] "GET /wp-content/plugins/elementor/assets/css/widget-divider.min.css?ver=4.2.3 HTTP/1.1" 200 764 "https://uslconsultation.com/" "Mozilla/5.0 (Macintosh; Intel Mac OS X 10_15_7) AppleWebKit/605.1.15 (KHTML, like Gecko) Version/17.4 Safari/605.1.15 (Applebot/0.1; +http://www.apple.com/go/applebot)"
17.166.20.27 - - [31/Aug/2026:02:57:10 +0000] "GET /wp-content/plugins/elementor/assets/css/widget-testimonial.min.css?ver=4.2.3 HTTP/1.1" 200 360 "https://uslconsultation.com/" "Mozilla/5.0 (Macintosh; Intel Mac OS X 10_15_7) AppleWebKit/605.1.15 (KHTML, like Gecko) Version/17.4 Safari/605.1.15 (Applebot/0.1; +http://www.apple.com/go/applebot)"
17.166.20.27 - - [31/Aug/2026:02:57:11 +0000] "GET /wp-content/plugins/alpus-aprs/assets/css/alpus-aprs-frontend.min.css?ver=2.2.0 HTTP/1.1" 200 1226 "https://uslconsultation.com/" "Mozilla/5.0 (Macintosh; Intel Mac OS X 10_15_7) AppleWebKit/605.1.15 (KHTML, like Gecko) Version/17.4 Safari/605.1.15 (Applebot/0.1; +http://www.apple.com/go/applebot)"
17.166.20.27 - - [31/Aug/2026:02:57:13 +0000] "GET /wp-content/uploads/porto_styles/theme_css_vars.css?ver=7.7.2 HTTP/1.1" 200 1627 "https://uslconsultation.com/" "Mozilla/5.0 (Macintosh; Intel Mac OS X 10_15_7) AppleWebKit/605.1.15 (KHTML, like Gecko) Version/17.4 Safari/605.1.15 (Applebot/0.1; +http://www.apple.com/go/applebot)"
17.166.20.27 - - [31/Aug/2026:02:57:14 +0000] "GET /wp-content/uploads/porto_styles/bootstrap.css?ver=7.7.2 HTTP/1.1" 200 25393 "https://uslconsultation.com/" "Mozilla/5.0 (Macintosh; Intel Mac OS X 10_15_7) AppleWebKit/605.1.15 (KHTML, like Gecko) Version/17.4 Safari/605.1.15 (Applebot/0.1; +http://www.apple.com/go/applebot)"
17.166.20.27 - - [31/Aug/2026:02:57:16 +0000] "GET /wp-content/themes/porto/css/plugins.css?ver=7.7.2 HTTP/1.1" 200 33153 "https://uslconsultation.com/" "Mozilla/5.0 (Macintosh; Intel Mac OS X 10_15_7) AppleWebKit/605.1.15 (KHTML, like Gecko) Version/17.4 Safari/605.1.15 (Applebot/0.1; +http://www.apple.com/go/applebot)"
17.166.20.27 - - [31/Aug/2026:02:57:17 +0000] "GET /wp-content/themes/porto/css/theme.css?ver=7.7.2 HTTP/1.1" 200 38390 "https://uslconsultation.com/" "Mozilla/5.0 (Macintosh; Intel Mac OS X 10_15_7) AppleWebKit/605.1.15 (KHTML, like Gecko) Version/17.4 Safari/605.1.15 (Applebot/0.1; +http://www.apple.com/go/applebot)"
17.166.20.27 - - [31/Aug/2026:02:57:19 +0000] "GET /wp-content/themes/porto/css/part/header-shop.css?ver=7.7.2 HTTP/1.1" 200 2513 "https://uslconsultation.com/" "Mozilla/5.0 (Macintosh; Intel Mac OS X 10_15_7) AppleWebKit/605.1.15 (KHTML, like Gecko) Version/17.4 Safari/605.1.15 (Applebot/0.1; +http://www.apple.com/go/applebot)"
17.166.20.27 - - [31/Aug/2026:02:57:20 +0000] "GET /wp-content/themes/porto/css/part/nav-panel.css?ver=7.7.2 HTTP/1.1" 200 787 "https://uslconsultation.com/" "Mozilla/5.0 (Macintosh; Intel Mac OS X 10_15_7) AppleWebKit/605.1.15 (KHTML, like Gecko) Version/17.4 Safari/605.1.15 (Applebot/0.1; +http://www.apple.com/go/applebot)"
17.166.20.27 - - [31/Aug/2026:02:57:21 +0000] "GET /wp-content/themes/porto/css/part/revslider.css?ver=7.7.2 HTTP/1.1" 200 947 "https://uslconsultation.com/" "Mozilla/5.0 (Macintosh; Intel Mac OS X 10_15_7) AppleWebKit/605.1.15 (KHTML, like Gecko) Version/17.4 Safari/605.1.15 (Applebot/0.1; +http://www.apple.com/go/applebot)"
17.166.20.27 - - [31/Aug/2026:02:57:23 +0000] "GET /wp-content/themes/porto/css/theme_portfolio.css?ver=7.7.2 HTTP/1.1" 200 2826 "https://uslconsultation.com/" "Mozilla/5.0 (Macintosh; Intel Mac OS X 10_15_7) AppleWebKit/605.1.15 (KHTML, like Gecko) Version/17.4 Safari/605.1.15 (Applebot/0.1; +http://www.apple.com/go/applebot)"
17.166.20.27 - - [31/Aug/2026:02:57:24 +0000] "GET /wp-content/themes/porto/css/theme_member.css?ver=7.7.2 HTTP/1.1" 200 1256 "https://uslconsultation.com/" "Mozilla/5.0 (Macintosh; Intel Mac OS X 10_15_7) AppleWebKit/605.1.15 (KHTML, like Gecko) Version/17.4 Safari/605.1.15 (Applebot/0.1; +http://www.apple.com/go/applebot)"
17.166.20.27 - - [31/Aug/2026:02:57:26 +0000] "GET /wp-content/themes/porto/css/theme_event.css?ver=7.7.2 HTTP/1.1" 200 333 "https://uslconsultation.com/" "Mozilla/5.0 (Macintosh; Intel Mac OS X 10_15_7) AppleWebKit/605.1.15 (KHTML, like Gecko) Version/17.4 Safari/605.1.15 (Applebot/0.1; +http://www.apple.com/go/applebot)"
17.166.20.27 - - [31/Aug/2026:02:57:27 +0000] "GET /wp-content/uploads/porto_styles/shortcodes.css?ver=7.7.2 HTTP/1.1" 200 27166 "https://uslconsultation.com/" "Mozilla/5.0 (Macintosh; Intel Mac OS X 10_15_7) AppleWebKit/605.1.15 (KHTML, like Gecko) Version/17.4 Safari/605.1.15 (Applebot/0.1; +http://www.apple.com/go/applebot)"
17.166.20.27 - - [31/Aug/2026:02:57:29 +0000] "GET /wp-content/themes/porto/css/theme_shop.css?ver=7.7.2 HTTP/1.1" 200 14002 "https://uslconsultation.com/" "Mozilla/5.0 (Macintosh; Intel Mac OS X 10_15_7) AppleWebKit/605.1.15 (KHTML, like Gecko) Version/17.4 Safari/605.1.15 (Applebot/0.1; +http://www.apple.com/go/applebot)"
17.166.20.27 - - [31/Aug/2026:02:57:30 +0000] "GET /wp-content/themes/porto/css/theme_elementor.css?ver=7.7.2 HTTP/1.1" 200 1855 "https://uslconsultation.com/" "Mozilla/5.0 (Macintosh; Intel Mac OS X 10_15_7) AppleWebKit/605.1.15 (KHTML, like Gecko) Version/17.4 Safari/605.1.15 (Applebot/0.1; +http://www.apple.com/go/applebot)"
17.166.20.27 - - [31/Aug/2026:02:57:31 +0000] "GET /wp-content/uploads/porto_styles/dynamic_style.css?ver=7.7.2 HTTP/1.1" 200 7266 "https://uslconsultation.com/" "Mozilla/5.0 (Macintosh; Intel Mac OS X 10_15_7) AppleWebKit/605.1.15 (KHTML, like Gecko) Version/17.4 Safari/605.1.15 (Applebot/0.1; +http://www.apple.com/go/applebot)"
17.166.20.27 - - [31/Aug/2026:02:57:33 +0000] "GET /wp-content/plugins/porto-functionality/builders/assets/type-builder.css?ver=3.7.2 HTTP/1.1" 200 2484 "https://uslconsultation.com/" "Mozilla/5.0 (Macintosh; Intel Mac OS X 10_15_7) AppleWebKit/605.1.15 (KHTML, like Gecko) Version/17.4 Safari/605.1.15 (Applebot/0.1; +http://www.apple.com/go/applebot)"
17.166.20.27 - - [31/Aug/2026:02:57:34 +0000] "GET /wp-content/themes/porto/css/theme/shop/login-style/account-login.css?ver=7.7.2 HTTP/1.1" 200 1026 "https://uslconsultation.com/" "Mozilla/5.0 (Macintosh; Intel Mac OS X 10_15_7) AppleWebKit/605.1.15 (KHTML, like Gecko) Version/17.4 Safari/605.1.15 (Applebot/0.1; +http://www.apple.com/go/applebot)"
17.166.20.27 - - [31/Aug/2026:02:57:36 +0000] "GET /wp-content/themes/porto/css/theme/shop/other/woopage.css?ver=7.7.2 HTTP/1.1" 200 4798 "https://uslconsultation.com/" "Mozilla/5.0 (Macintosh; Intel Mac OS X 10_15_7) AppleWebKit/605.1.15 (KHTML, like Gecko) Version/17.4 Safari/605.1.15 (Applebot/0.1; +http://www.apple.com/go/applebot)"
17.166.20.27 - - [31/Aug/2026:02:57:37 +0000] "GET /wp-content/themes/porto/css/theme/blog/type/modern.css?ver=7.7.2 HTTP/1.1" 200 1047 "https://uslconsultation.com/" "Mozilla/5.0 (Macintosh; Intel Mac OS X 10_15_7) AppleWebKit/605.1.15 (KHTML, like Gecko) Version/17.4 Safari/605.1.15 (Applebot/0.1; +http://www.apple.com/go/applebot)"
17.166.20.27 - - [31/Aug/2026:02:57:39 +0000] "GET /wp-content/themes/porto/css/theme/blog/single-post/modern.css?ver=7.7.2 HTTP/1.1" 200 599 "https://uslconsultation.com/" "Mozilla/5.0 (Macintosh; Intel Mac OS X 10_15_7) AppleWebKit/605.1.15 (KHTML, like Gecko) Version/17.4 Safari/605.1.15 (Applebot/0.1; +http://www.apple.com/go/applebot)"
72.167.149.90 - - [31/Aug/2026:02:57:40 +0000] "POST /wp-cron.php?doing_wp_cron=1788145059.4493150711059570312500 HTTP/1.1" 499 0 "-" "WordPress/7.1; https://uslconsultation.com"
