72.167.149.90 - - [29/Aug/2026:11:38:15 +0000] "POST /wp-cron.php?doing_wp_cron=1788003494.2262990474700927734375 HTTP/1.1" 499 0 "-" "WordPress/7.1; https://uslconsultation.com"
162.0.235.136 - - [29/Aug/2026:11:38:15 +0000] "GET /wp-login.php HTTP/1.1" 200 4198 "-" "Mozilla/5.0 (Windows NT 10.0; Win64; x64) AppleWebKit/537.36 (KHTML, like Gecko) Chrome/151.0.0.0 Safari/537.36"
162.0.235.136 - - [29/Aug/2026:11:38:19 +0000] "POST /wp-login.php HTTP/1.1" 200 4301 "https://mail.uslconsultation.com/wp-login.php" "Mozilla/5.0 (Windows NT 10.0; Win64; x64) AppleWebKit/537.36 (KHTML, like Gecko) Chrome/151.0.0.0 Safari/537.36"
72.167.149.90 - - [29/Aug/2026:11:39:35 +0000] "POST /wp-cron.php?doing_wp_cron=1788003574.1342060565948486328125 HTTP/1.1" 499 0 "-" "WordPress/7.1; https://uslconsultation.com"
149.102.156.96 - - [29/Aug/2026:11:39:35 +0000] "POST /xmlrpc.php HTTP/1.1" 200 217 "-" "Mozilla/5.0 (Windows NT 10.0; Win64; x64) AppleWebKit/537.43 (KHTML, like Gecko) Chrome/134.0.0.0 Safari/537.36 OPR/119.0.0.0"
72.167.149.90 - - [29/Aug/2026:11:40:46 +0000] "POST /wp-cron.php?doing_wp_cron=1788003645.4106550216674804687500 HTTP/1.1" 499 0 "-" "WordPress/7.1; https://uslconsultation.com"
137.184.64.22 - - [29/Aug/2026:11:40:46 +0000] "POST /xmlrpc.php HTTP/1.1" 200 217 "-" "Mozilla/5.0 (Windows NT 10.0; WOW64) AppleWebKit/537.36 (KHTML, like Gecko) Chrome/138.0.0.0 Safari/537.36"
72.167.149.90 - - [29/Aug/2026:11:49:36 +0000] "POST /wp-cron.php?doing_wp_cron=1788004175.8221380710601806640625 HTTP/1.1" 499 0 "-" "WordPress/7.1; https://uslconsultation.com"
57.141.14.72 - - [29/Aug/2026:11:49:36 +0000] "GET /category-sitemap1.xml HTTP/1.1" 200 337 "-" "Mozilla/5.0 (Windows NT 10.0; Win64; x64) AppleWebKit/537.36 (KHTML, like Gecko) Chrome/145.0.0.0 Safari/537.36 Edg/145.0.0.0 (compatible; meta-webindexer/1.1 (+https://developers.facebook.com/docs/sharing/webmasters/crawler))"
72.167.149.90 - - [29/Aug/2026:11:52:09 +0000] "POST /wp-cron.php?doing_wp_cron=1788004328.2123789787292480468750 HTTP/1.1" 499 0 "-" "WordPress/7.1; https://uslconsultation.com"
57.141.14.26 - - [29/Aug/2026:11:52:09 +0000] "GET / HTTP/1.1" 200 68910 "-" "Mozilla/5.0 (Windows NT 10.0; Win64; x64) AppleWebKit/537.36 (KHTML, like Gecko) Chrome/145.0.0.0 Safari/537.36 (compatible; meta-externalagent/1.1 (+https://developers.facebook.com/docs/sharing/webmasters/crawler))"
72.167.149.90 - - [29/Aug/2026:11:53:11 +0000] "POST /wp-cron.php?doing_wp_cron=1788004390.9537639617919921875000 HTTP/1.1" 499 0 "-" "WordPress/7.1; https://uslconsultation.com"
199.188.200.168 - - [29/Aug/2026:11:53:12 +0000] "GET /wp-login.php HTTP/1.1" 200 4198 "-" "Mozilla/5.0 (Windows NT 10.0; Win64; x64) AppleWebKit/537.36 (KHTML, like Gecko) Chrome/151.0.0.0 Safari/537.36"
199.188.200.168 - - [29/Aug/2026:11:53:14 +0000] "POST /wp-login.php HTTP/1.1" 200 4301 "https://mail.uslconsultation.com/wp-login.php" "Mozilla/5.0 (Windows NT 10.0; Win64; x64) AppleWebKit/537.36 (KHTML, like Gecko) Chrome/151.0.0.0 Safari/537.36"
1.15.52.154 - - [29/Aug/2026:12:06:59 +0000] "GET / HTTP/1.1" 200 69090 "http://www.uslconsultation.com" "Mozilla/5.0 (iPhone; CPU iPhone OS 13_2_3 like Mac OS X) AppleWebKit/605.1.15 (KHTML, like Gecko) Version/13.0.3 Mobile/15E148 Safari/604.1"
72.167.149.90 - - [29/Aug/2026:12:13:05 +0000] "POST /wp-cron.php?doing_wp_cron=1788005584.5863499641418457031250 HTTP/1.1" 499 0 "-" "WordPress/7.1; https://uslconsultation.com"
43.106.148.43 - - [29/Aug/2026:12:13:05 +0000] "POST /xmlrpc.php HTTP/1.1" 200 217 "-" "Mozilla/5.0 (Windows NT 10.0; Win64; x64) AppleWebKit/537.43 (KHTML, like Gecko) Chrome/137.0.0.0 Safari/537.36 OPR/121.0.0.0"
89.124.96.216 - - [29/Aug/2026:12:16:18 +0000] "GET /contact-us/ HTTP/1.0" 200 204851 "https://uslconsultation.com/contact-us/" "Mozilla/5.0 (Windows NT 10.0; Win64; x64) AppleWebKit/537.36 (KHTML, like Gecko) Chrome/130.0.0.0 Safari/537.36 CCleaner/130.0.0.0"
49.51.233.46 - - [29/Aug/2026:12:16:18 +0000] "GET / HTTP/1.1" 200 69089 "http://www.uslconsultation.com" "Mozilla/5.0 (iPhone; CPU iPhone OS 13_2_3 like Mac OS X) AppleWebKit/605.1.15 (KHTML, like Gecko) Version/13.0.3 Mobile/15E148 Safari/604.1"
89.124.96.216 - - [29/Aug/2026:12:16:23 +0000] "POST /contact-us/ HTTP/1.0" 200 204941 "https://uslconsultation.com/contact-us/" "Mozilla/5.0 (Windows NT 10.0; Win64; x64) AppleWebKit/537.36 (KHTML, like Gecko) Chrome/130.0.0.0 Safari/537.36 CCleaner/130.0.0.0"
72.167.149.90 - - [29/Aug/2026:12:24:04 +0000] "POST /wp-cron.php?doing_wp_cron=1788006243.1666760444641113281250 HTTP/1.1" 499 0 "-" "WordPress/7.1; https://uslconsultation.com"
51.81.105.19 - - [29/Aug/2026:12:24:04 +0000] "GET /robots.txt HTTP/1.1" 200 124 "-" "Mozilla/5.0 (compatible; AhrefsBot/7.0; +http://ahrefs.com/robot/)"
72.167.149.90 - - [29/Aug/2026:12:24:09 +0000] "GET /wp-content/uploads/2021/02/services-1.jpg HTTP/1.1" 200 23673 "-" "-"
51.81.164.192 - - [29/Aug/2026:12:24:10 +0000] "GET /service/sales-marketing/ HTTP/1.1" 200 55570 "-" "Mozilla/5.0 (compatible; AhrefsBot/7.0; +http://ahrefs.com/robot/)"
51.81.170.2 - - [29/Aug/2026:12:27:59 +0000] "GET /wp-content/uploads/elementor/css/custom-widget-progress.min.css?ver=1787884610 HTTP/1.1" 200 416 "-" "Mozilla/5.0 (compatible; AhrefsBot/7.0; +http://ahrefs.com/robot/)"
51.81.169.193 - - [29/Aug/2026:12:28:00 +0000] "GET /wp-content/plugins/translatepress-multilingual/assets/flags/4x3/en_US.svg HTTP/1.1" 200 345 "-" "Mozilla/5.0 (compatible; AhrefsBot/7.0; +http://ahrefs.com/robot/)"
51.81.170.0 - - [29/Aug/2026:12:28:01 +0000] "GET /wp-content/plugins/woocommerce/assets/client/blocks/wc-blocks.css?ver=wc-11.0.1 HTTP/1.1" 200 2676 "-" "Mozilla/5.0 (compatible; AhrefsBot/7.0; +http://ahrefs.com/robot/)"
51.81.163.24 - - [29/Aug/2026:12:28:02 +0000] "GET /wp-content/themes/porto/css/theme/shop/other/woopage.css?ver=7.7.2 HTTP/1.1" 200 4798 "-" "Mozilla/5.0 (compatible; AhrefsBot/7.0; +http://ahrefs.com/robot/)"
51.81.169.113 - - [29/Aug/2026:12:28:03 +0000] "GET /wp-content/uploads/elementor/css/custom-frontend.min.css?ver=1787884610 HTTP/1.1" 200 7463 "-" "Mozilla/5.0 (compatible; AhrefsBot/7.0; +http://ahrefs.com/robot/)"
51.81.163.54 - - [29/Aug/2026:12:28:04 +0000] "GET /wp-content/plugins/alpus-aprs/plugin-framework/assets/css/base.min.css?ver=1.2.0 HTTP/1.1" 200 4336 "-" "Mozilla/5.0 (compatible; AhrefsBot/7.0; +http://ahrefs.com/robot/)"
51.81.164.199 - - [29/Aug/2026:12:28:05 +0000] "GET /wp-content/uploads/elementor/css/custom-apple-webkit.min.css?ver=1787884610 HTTP/1.1" 200 567 "-" "Mozilla/5.0 (compatible; AhrefsBot/7.0; +http://ahrefs.com/robot/)"
51.81.164.205 - - [29/Aug/2026:12:28:06 +0000] "GET /wp-content/themes/porto/css/theme_shop.css?ver=7.7.2 HTTP/1.1" 200 14002 "-" "Mozilla/5.0 (compatible; AhrefsBot/7.0; +http://ahrefs.com/robot/)"
51.81.164.145 - - [29/Aug/2026:12:28:08 +0000] "GET /wp-content/uploads/elementor/css/post-4908.css?ver=1787884610 HTTP/1.1" 200 491 "-" "Mozilla/5.0 (compatible; AhrefsBot/7.0; +http://ahrefs.com/robot/)"
51.81.164.192 - - [29/Aug/2026:12:28:09 +0000] "GET /wp-content/themes/porto/css/theme/shop/login-style/account-login.css?ver=7.7.2 HTTP/1.1" 200 1026 "-" "Mozilla/5.0 (compatible; AhrefsBot/7.0; +http://ahrefs.com/robot/)"
51.81.170.12 - - [29/Aug/2026:12:28:10 +0000] "GET /wp-content/plugins/translatepress-multilingual/assets/flags/4x3/ar.svg HTTP/1.1" 200 4333 "-" "Mozilla/5.0 (compatible; AhrefsBot/7.0; +http://ahrefs.com/robot/)"
51.81.165.210 - - [29/Aug/2026:12:28:10 +0000] "GET /wp-content/themes/porto/css/part/fadeInLeft.css?ver=7.7.2 HTTP/1.1" 200 139 "-" "Mozilla/5.0 (compatible; AhrefsBot/7.0; +http://ahrefs.com/robot/)"
51.81.169.113 - - [29/Aug/2026:12:28:11 +0000] "GET /wp-content/plugins/alpus-aprs/plugin-framework/assets/css/framework.min.css?ver=1.2.0 HTTP/1.1" 200 671 "-" "Mozilla/5.0 (compatible; AhrefsBot/7.0; +http://ahrefs.com/robot/)"
51.81.169.198 - - [29/Aug/2026:12:28:12 +0000] "GET /wp-content/themes/porto/css/part/revslider.css?ver=7.7.2 HTTP/1.1" 200 947 "-" "Mozilla/5.0 (compatible; AhrefsBot/7.0; +http://ahrefs.com/robot/)"
51.81.163.63 - - [29/Aug/2026:12:28:13 +0000] "GET /wp-content/themes/porto/css/part/header-shop.css?ver=7.7.2 HTTP/1.1" 200 2513 "-" "Mozilla/5.0 (compatible; AhrefsBot/7.0; +http://ahrefs.com/robot/)"
114.250.43.29 - - [29/Aug/2026:12:46:11 +0000] "GET /wp-content/uploads/2025/12/Investors-and-Partners-scaled-e1766360878565.jpg HTTP/1.1" 200 161703 "https://uslconsultation.com/" "Mozilla/5.0 (Macintosh; Intel Mac OS X 10_15_7) AppleWebKit/537.36 (KHTML, like Gecko) Chrome/146.0.0.0 Safari/537.36"
72.167.149.90 - - [29/Aug/2026:12:56:39 +0000] "POST /wp-cron.php?doing_wp_cron=1788008198.0364930629730224609375 HTTP/1.1" 499 0 "-" "WordPress/7.1; https://uslconsultation.com"
81.169.255.237 - - [29/Aug/2026:12:56:39 +0000] "POST /xmlrpc.php HTTP/1.1" 200 217 "-" "Mozilla/5.0 (Windows NT 10.0; WOW64) AppleWebKit/537.43 (KHTML, like Gecko) Chrome/139.0.0.0 Safari/537.36 OPR/123.0.0.0"
47.82.11.76 - - [29/Aug/2026:13:12:28 +0000] "GET /wp-content/uploads/2025/12/businessmen-shaking-hands-on-modern-city-scaled-e1766360439535.jpg HTTP/1.1" 200 125276 "https://uslconsultation.com/" "Mozilla/5.0 (Macintosh; Intel Mac OS X 10_15_7) AppleWebKit/537.36 (KHTML, like Gecko) Chrome/146.0.0.0 Safari/537.36"
181.21.160.127 - - [29/Aug/2026:13:28:38 +0000] "GET /wp-content/uploads/2025/12/KPIs-scaled-e1766361387995.jpg HTTP/1.1" 200 132397 "https://uslconsultation.com/" "Mozilla/5.0 (Macintosh; Intel Mac OS X 10_15_7) AppleWebKit/537.36 (KHTML, like Gecko) Chrome/146.0.0.0 Safari/537.36"
72.167.149.90 - - [29/Aug/2026:13:30:00 +0000] "POST /wp-cron.php?doing_wp_cron=1788010199.5693469047546386718750 HTTP/1.1" 499 0 "-" "WordPress/7.1; https://uslconsultation.com"
192.248.148.152 - - [29/Aug/2026:13:30:00 +0000] "POST /xmlrpc.php HTTP/1.1" 200 217 "-" "Mozilla/5.0 (Windows NT 10.0; Win64; x64; rv:141.0) Gecko/20100101 Firefox/141.0"
72.167.149.90 - - [29/Aug/2026:13:39:58 +0000] "POST /wp-cron.php?doing_wp_cron=1788010797.8620998859405517578125 HTTP/1.1" 499 0 "-" "WordPress/7.1; https://uslconsultation.com"
216.73.216.230 - - [29/Aug/2026:13:39:58 +0000] "GET /robots.txt HTTP/1.1" 200 124 "-" "Mozilla/5.0 AppleWebKit/537.36 (KHTML, like Gecko; compatible; ClaudeBot/1.0; +claudebot@anthropic.com)"
216.73.216.230 - - [29/Aug/2026:13:40:06 +0000] "GET /sitemaps.xml HTTP/1.1" 200 283 "-" "Mozilla/5.0 AppleWebKit/537.36 (KHTML, like Gecko; compatible; ClaudeBot/1.0; +claudebot@anthropic.com)"
72.167.149.90 - - [29/Aug/2026:13:56:19 +0000] "POST /wp-cron.php?doing_wp_cron=1788011778.4476249217987060546875 HTTP/1.1" 499 0 "-" "WordPress/7.1; https://uslconsultation.com"
52.167.144.232 - - [29/Aug/2026:13:56:19 +0000] "GET /category-sitemap1.xml HTTP/1.1" 200 337 "-" "Mozilla/5.0 AppleWebKit/537.36 (KHTML, like Gecko; compatible; bingbot/2.0; +http://www.bing.com/bingbot.htm) Chrome/116.0.1938.76 Safari/537.36"
206.62.143.108 - - [29/Aug/2026:13:58:37 +0000] "GET /wp-content/uploads/2025/12/Franchise-a-Restaurant-Brand-A-Step-by-Step-Practical-Guide-scaled-e1766361718588.jpg HTTP/1.1" 200 251648 "https://uslconsultation.com/" "Mozilla/5.0 (Macintosh; Intel Mac OS X 10_15_7) AppleWebKit/537.36 (KHTML, like Gecko) Chrome/146.0.0.0 Safari/537.36"
72.167.149.90 - - [29/Aug/2026:14:11:47 +0000] "POST /wp-cron.php?doing_wp_cron=1788012706.6765410900115966796875 HTTP/1.1" 499 0 "-" "WordPress/7.1; https://uslconsultation.com"
161.153.31.238 - - [29/Aug/2026:14:11:47 +0000] "GET /robots.txt HTTP/1.1" 200 124 "-" "AteveSearchSourceUrlDiscovery/0.1 (+mailto:crawler@example.com)"
161.153.31.238 - - [29/Aug/2026:14:11:53 +0000] "GET / HTTP/1.1" 200 68914 "-" "AteveSearchSourceUrlDiscovery/0.1 (+mailto:crawler@example.com)"
161.153.31.238 - - [29/Aug/2026:14:12:00 +0000] "GET /sitemap.xml HTTP/1.1" 301 5 "-" "AteveSearchSourceUrlDiscovery/0.1 (+mailto:crawler@example.com)"
72.167.149.90 - - [29/Aug/2026:14:12:04 +0000] "POST /wp-cron.php?doing_wp_cron=1788012723.6378500461578369140625 HTTP/1.1" 499 0 "-" "WordPress/7.1; https://uslconsultation.com"
161.153.31.238 - - [29/Aug/2026:14:12:04 +0000] "GET /xmlrpc.php HTTP/1.1" 405 53 "-" "AteveSearchSourceUrlDiscovery/0.1 (+mailto:crawler@example.com)"
161.153.31.238 - - [29/Aug/2026:14:12:09 +0000] "GET /sitemaps.xml HTTP/1.1" 200 284 "-" "AteveSearchSourceUrlDiscovery/0.1 (+mailto:crawler@example.com)"
161.153.31.238 - - [29/Aug/2026:14:12:14 +0000] "GET /comments/feed/ HTTP/1.1" 200 438 "-" "AteveSearchSourceUrlDiscovery/0.1 (+mailto:crawler@example.com)"
161.153.31.238 - - [29/Aug/2026:14:12:17 +0000] "GET /feed/ HTTP/1.1" 200 10255 "-" "AteveSearchSourceUrlDiscovery/0.1 (+mailto:crawler@example.com)"
161.153.31.238 - - [29/Aug/2026:14:12:25 +0000] "GET /wp-json/oembed/1.0/embed?url=https://uslconsultation.com/ HTTP/1.1" 200 1069 "-" "AteveSearchSourceUrlDiscovery/0.1 (+mailto:crawler@example.com)"
161.153.31.238 - - [29/Aug/2026:14:12:30 +0000] "GET /feed/ HTTP/1.1" 200 10255 "-" "AteveSearchSourceUrlDiscovery/0.1 (+mailto:crawler@example.com)"
161.153.31.238 - - [29/Aug/2026:14:12:32 +0000] "GET /wp-json/ HTTP/1.1" 200 98367 "-" "AteveSearchSourceUrlDiscovery/0.1 (+mailto:crawler@example.com)"
161.153.31.238 - - [29/Aug/2026:14:12:44 +0000] "GET /feed/ HTTP/1.1" 200 10255 "-" "AteveSearchSourceUrlDiscovery/0.1 (+mailto:crawler@example.com)"
161.153.31.238 - - [29/Aug/2026:14:12:48 +0000] "GET /wp-json/wp/v2/pages/9 HTTP/1.1" 200 19089 "-" "AteveSearchSourceUrlDiscovery/0.1 (+mailto:crawler@example.com)"
161.153.31.238 - - [29/Aug/2026:14:12:52 +0000] "GET /xmlrpc.php?rsd= HTTP/1.1" 200 319 "-" "AteveSearchSourceUrlDiscovery/0.1 (+mailto:crawler@example.com)"
72.167.149.90 - - [29/Aug/2026:14:13:04 +0000] "POST /wp-cron.php?doing_wp_cron=1788012783.7392299175262451171875 HTTP/1.1" 499 0 "-" "WordPress/7.1; https://uslconsultation.com/ar"
161.153.31.238 - - [29/Aug/2026:14:13:04 +0000] "GET /ar/ HTTP/1.1" 200 90999 "-" "AteveSearchSourceUrlDiscovery/0.1 (+mailto:crawler@example.com)"
72.167.149.90 - - [29/Aug/2026:14:13:05 +0000] "POST /wp-cron.php?doing_wp_cron=1788012784.2646069526672363281250 HTTP/1.1" 499 0 "-" "WordPress/7.1; https://uslconsultation.com"
161.153.31.238 - - [29/Aug/2026:14:13:05 +0000] "GET /wp-json/wp/v2/pages/9 HTTP/1.1" 200 19088 "-" "AteveSearchSourceUrlDiscovery/0.1 (+mailto:crawler@example.com)"
161.153.31.238 - - [29/Aug/2026:14:13:18 +0000] "GET /wp-json/wp/v2/pages/9 HTTP/1.1" 200 19088 "-" "AteveSearchSourceUrlDiscovery/0.1 (+mailto:crawler@example.com)"
161.153.31.238 - - [29/Aug/2026:14:13:19 +0000] "GET /about-us/ HTTP/1.1" 200 56226 "-" "AteveSearchSourceUrlDiscovery/0.1 (+mailto:crawler@example.com)"
161.153.31.238 - - [29/Aug/2026:14:13:27 +0000] "GET /services/ HTTP/1.1" 200 59822 "-" "AteveSearchSourceUrlDiscovery/0.1 (+mailto:crawler@example.com)"
161.153.31.238 - - [29/Aug/2026:14:13:34 +0000] "GET /about-us/ HTTP/1.1" 200 56226 "-" "AteveSearchSourceUrlDiscovery/0.1 (+mailto:crawler@example.com)"
72.167.149.90 - - [29/Aug/2026:14:13:35 +0000] "GET /wp-content/uploads/2021/02/services-6.jpg HTTP/1.1" 200 12635 "-" "-"
161.153.31.238 - - [29/Aug/2026:14:13:36 +0000] "GET /service/licensing-franchising/ HTTP/1.1" 200 55577 "-" "AteveSearchSourceUrlDiscovery/0.1 (+mailto:crawler@example.com)"
72.167.149.90 - - [29/Aug/2026:14:13:43 +0000] "GET /wp-content/uploads/2021/02/services-4.jpg HTTP/1.1" 200 35338 "-" "-"
161.153.31.238 - - [29/Aug/2026:14:13:45 +0000] "GET /service/feasibility-studes-financial-planning/ HTTP/1.1" 200 55647 "-" "AteveSearchSourceUrlDiscovery/0.1 (+mailto:crawler@example.com)"
72.167.149.90 - - [29/Aug/2026:14:13:53 +0000] "GET /wp-content/uploads/2021/02/services-5.jpg HTTP/1.1" 200 16234 "-" "-"
161.153.31.238 - - [29/Aug/2026:14:13:54 +0000] "GET /about-us/ HTTP/1.1" 200 56226 "-" "AteveSearchSourceUrlDiscovery/0.1 (+mailto:crawler@example.com)"
161.153.31.238 - - [29/Aug/2026:14:13:54 +0000] "GET /service/digital-marketing-social-media/ HTTP/1.1" 200 55611 "-" "AteveSearchSourceUrlDiscovery/0.1 (+mailto:crawler@example.com)"
72.167.149.90 - - [29/Aug/2026:14:14:02 +0000] "GET /wp-content/uploads/2021/02/services-3.jpg HTTP/1.1" 200 37838 "-" "-"
72.167.149.90 - - [29/Aug/2026:14:14:03 +0000] "POST /wp-cron.php?doing_wp_cron=1788012842.8675770759582519531250 HTTP/1.1" 499 0 "-" "WordPress/7.1; https://uslconsultation.com"
161.153.31.238 - - [29/Aug/2026:14:14:03 +0000] "GET /service/operations-manuals-sops/ HTTP/1.1" 200 55651 "-" "AteveSearchSourceUrlDiscovery/0.1 (+mailto:crawler@example.com)"
72.167.149.90 - - [29/Aug/2026:14:14:13 +0000] "GET /wp-content/uploads/2021/02/services-1.jpg HTTP/1.1" 200 23673 "-" "-"
161.153.31.238 - - [29/Aug/2026:14:14:13 +0000] "GET /about-us/ HTTP/1.1" 200 56226 "-" "AteveSearchSourceUrlDiscovery/0.1 (+mailto:crawler@example.com)"
161.153.31.238 - - [29/Aug/2026:14:14:14 +0000] "GET /service/sales-marketing/ HTTP/1.1" 200 55571 "-" "AteveSearchSourceUrlDiscovery/0.1 (+mailto:crawler@example.com)"
72.167.149.90 - - [29/Aug/2026:14:14:20 +0000] "GET /wp-content/uploads/2021/02/services-2.jpg HTTP/1.1" 200 30833 "-" "-"
161.153.31.238 - - [29/Aug/2026:14:14:22 +0000] "GET /service/strategic-planning/ HTTP/1.1" 200 55599 "-" "AteveSearchSourceUrlDiscovery/0.1 (+mailto:crawler@example.com)"
161.153.31.238 - - [29/Aug/2026:14:14:22 +0000] "GET /cases/ HTTP/1.1" 200 59275 "-" "AteveSearchSourceUrlDiscovery/0.1 (+mailto:crawler@example.com)"
161.153.31.238 - - [29/Aug/2026:14:14:31 +0000] "GET /blog/ HTTP/1.1" 200 55425 "-" "AteveSearchSourceUrlDiscovery/0.1 (+mailto:crawler@example.com)"
161.153.31.238 - - [29/Aug/2026:14:14:32 +0000] "GET /team/ HTTP/1.1" 200 59580 "-" "AteveSearchSourceUrlDiscovery/0.1 (+mailto:crawler@example.com)"
161.153.31.238 - - [29/Aug/2026:14:14:41 +0000] "GET /contact-us/ HTTP/1.1" 200 54028 "-" "AteveSearchSourceUrlDiscovery/0.1 (+mailto:crawler@example.com)"
161.153.31.238 - - [29/Aug/2026:14:14:42 +0000] "GET /author/beso4u/ HTTP/1.1" 200 55495 "-" "AteveSearchSourceUrlDiscovery/0.1 (+mailto:crawler@example.com)"
72.167.149.90 - - [29/Aug/2026:14:14:51 +0000] "GET /wp-content/uploads/2025/11/Brand-and-franchise-consulting-services-scaled-e1766398516651.jpg HTTP/1.1" 200 99487 "-" "-"
72.167.149.90 - - [29/Aug/2026:14:14:51 +0000] "GET /wp-content/uploads/2025/11/ISO-Cert-scaled-e1766401463486.jpg HTTP/1.1" 200 64260 "-" "-"
161.153.31.238 - - [29/Aug/2026:14:14:52 +0000] "GET /service/branding-rebranding/ HTTP/1.1" 200 57034 "-" "AteveSearchSourceUrlDiscovery/0.1 (+mailto:crawler@example.com)"
161.153.31.238 - - [29/Aug/2026:14:14:53 +0000] "GET /service/preparing-companies-to-obtain-iso-certifications/ HTTP/1.1" 200 55041 "-" "AteveSearchSourceUrlDiscovery/0.1 (+mailto:crawler@example.com)"
72.167.149.90 - - [29/Aug/2026:14:15:00 +0000] "GET /wp-content/uploads/2025/11/Networking-and-cybersecurity-scaled-e1766398835906.jpg HTTP/1.1" 200 123626 "-" "-"
72.167.149.90 - - [29/Aug/2026:14:15:00 +0000] "GET /wp-content/uploads/2025/11/Production-and-manufacturing-scaled-e1766401168798.jpg HTTP/1.1" 200 123891 "-" "-"
161.153.31.238 - - [29/Aug/2026:14:15:01 +0000] "GET /service/consulting-services-in-networking-and-cybersecurity/ HTTP/1.1" 200 56991 "-" "AteveSearchSourceUrlDiscovery/0.1 (+mailto:crawler@example.com)"
72.167.149.90 - - [29/Aug/2026:14:15:02 +0000] "POST /wp-cron.php?doing_wp_cron=1788012901.0473740100860595703125 HTTP/1.1" 499 0 "-" "WordPress/7.1; https://uslconsultation.com"
161.153.31.238 - - [29/Aug/2026:14:15:02 +0000] "GET /service/production-and-manufacturing/ HTTP/1.1" 200 54964 "-" "AteveSearchSourceUrlDiscovery/0.1 (+mailto:crawler@example.com)"
72.167.149.90 - - [29/Aug/2026:14:15:10 +0000] "GET /wp-content/uploads/2025/11/governance-compliance-and-risk-management-scaled-e1766401328194.jpg HTTP/1.1" 200 115711 "-" "-"
161.153.31.238 - - [29/Aug/2026:14:15:11 +0000] "GET /service/governance-compliance-and-risk-management/ HTTP/1.1" 200 55026 "-" "AteveSearchSourceUrlDiscovery/0.1 (+mailto:crawler@example.com)"
72.167.149.90 - - [29/Aug/2026:14:15:15 +0000] "GET /wp-content/uploads/2025/11/Supply-chain-and-logistics-scaled-e1766401500298.jpg HTTP/1.1" 200 68166 "-" "-"
161.153.31.238 - - [29/Aug/2026:14:15:16 +0000] "GET /service/supply-chain-and-logistics/ HTTP/1.1" 200 55040 "-" "AteveSearchSourceUrlDiscovery/0.1 (+mailto:crawler@example.com)"
66.132.195.126 - - [29/Aug/2026:14:15:19 +0000] "GET / HTTP/1.1" 200 68909 "-" "Mozilla/5.0 (compatible; CensysInspect/1.1; +https://about.censys.io/)"
72.167.149.90 - - [29/Aug/2026:14:15:20 +0000] "GET /wp-content/uploads/2021/02/Omar-new-photo-3-e1766587268315.jpg HTTP/1.1" 200 37571 "-" "-"
161.153.31.238 - - [29/Aug/2026:14:15:21 +0000] "GET /member/oliver-kayal/ HTTP/1.1" 200 54470 "-" "AteveSearchSourceUrlDiscovery/0.1 (+mailto:crawler@example.com)"
66.132.195.126 - - [29/Aug/2026:14:15:24 +0000] "GET /wp-content/uploads/2025/11/USL-NEW-May-2023-Gray.png HTTP/1.1" 200 18612 "-" "Mozilla/5.0 (compatible; CensysInspect/1.1; +https://about.censys.io/)"
72.167.149.90 - - [29/Aug/2026:14:15:26 +0000] "GET /wp-content/uploads/2021/02/samer.png HTTP/1.1" 200 339425 "-" "-"
161.153.31.238 - - [29/Aug/2026:14:15:27 +0000] "GET /member/samer-alyasin/ HTTP/1.1" 200 54508 "-" "AteveSearchSourceUrlDiscovery/0.1 (+mailto:crawler@example.com)"
72.167.149.90 - - [29/Aug/2026:14:15:27 +0000] "GET /wp-content/uploads/2025/11/Supply-chain-and-logistics-scaled-e1766401500298.jpg HTTP/1.1" 200 68166 "-" "-"
161.153.31.238 - - [29/Aug/2026:14:15:28 +0000] "GET /service/supply-chain-and-logistics/ HTTP/1.1" 200 55040 "-" "AteveSearchSourceUrlDiscovery/0.1 (+mailto:crawler@example.com)"
72.167.149.90 - - [29/Aug/2026:14:15:31 +0000] "GET /wp-content/uploads/2021/02/Yahya-Alhassan.png HTTP/1.1" 200 522967 "-" "-"
161.153.31.238 - - [29/Aug/2026:14:15:32 +0000] "GET /member/yahya/ HTTP/1.1" 200 54352 "-" "AteveSearchSourceUrlDiscovery/0.1 (+mailto:crawler@example.com)"
66.132.195.126 - - [29/Aug/2026:14:15:33 +0000] "GET /wp-content/uploads/2025/11/cropped-USL-NEW-May-2023-Gray-32x32.png HTTP/1.1" 200 1321 "-" "Mozilla/5.0 (compatible; CensysInspect/1.1; +https://about.censys.io/)"
72.167.149.90 - - [29/Aug/2026:14:15:33 +0000] "GET /wp-content/uploads/2021/02/Basel.png HTTP/1.1" 200 1292739 "-" "-"
161.153.31.238 - - [29/Aug/2026:14:15:33 +0000] "GET /member/liam-yasin/ HTTP/1.1" 200 54392 "-" "AteveSearchSourceUrlDiscovery/0.1 (+mailto:crawler@example.com)"
72.167.149.90 - - [29/Aug/2026:14:15:37 +0000] "GET /wp-content/uploads/2021/02/Manal-Kalfa.png HTTP/1.1" 200 508131 "-" "-"
161.153.31.238 - - [29/Aug/2026:14:15:38 +0000] "GET /member/monica-doe/ HTTP/1.1" 200 54394 "-" "AteveSearchSourceUrlDiscovery/0.1 (+mailto:crawler@example.com)"
72.167.149.90 - - [29/Aug/2026:14:15:39 +0000] "GET /wp-content/uploads/2025/12/Franchise-a-Restaurant-Brand-A-Step-by-Step-Practical-Guide-scaled-e1766361718588.jpg HTTP/1.1" 200 251648 "-" "-"
161.153.31.238 - - [29/Aug/2026:14:15:39 +0000] "GET /2025/12/22/how-to-franchise-a-restaurant-brand-a-step-by-step-practical-guide/ HTTP/1.1" 200 56903 "-" "AteveSearchSourceUrlDiscovery/0.1 (+mailto:crawler@example.com)"
161.153.31.238 - - [29/Aug/2026:14:15:43 +0000] "GET /category/franchise-licensing/ HTTP/1.1" 200 54916 "-" "AteveSearchSourceUrlDiscovery/0.1 (+mailto:crawler@example.com)"
161.153.31.238 - - [29/Aug/2026:14:15:44 +0000] "GET /category/restaurant-business/ HTTP/1.1" 200 54903 "-" "AteveSearchSourceUrlDiscovery/0.1 (+mailto:crawler@example.com)"
72.167.149.90 - - [29/Aug/2026:14:15:48 +0000] "GET /wp-content/uploads/2025/12/KPIs-scaled-e1766361387995.jpg HTTP/1.1" 200 132397 "-" "-"
161.153.31.238 - - [29/Aug/2026:14:15:49 +0000] "GET /2025/12/21/building-kpis-that-actually-improve-performance/ HTTP/1.1" 200 56701 "-" "AteveSearchSourceUrlDiscovery/0.1 (+mailto:crawler@example.com)"
161.153.31.238 - - [29/Aug/2026:14:15:49 +0000] "GET /category/business-consulting/ HTTP/1.1" 200 55484 "-" "AteveSearchSourceUrlDiscovery/0.1 (+mailto:crawler@example.com)"
72.167.149.90 - - [29/Aug/2026:14:15:54 +0000] "GET /wp-content/uploads/2025/12/Measurable-Growth-scaled-e1766361107230.jpg HTTP/1.1" 200 79111 "-" "-"
161.153.31.238 - - [29/Aug/2026:14:15:54 +0000] "GET /2025/12/21/how-consulting-firms-drive-measurable-growth-for-smes/ HTTP/1.1" 200 56871 "-" "AteveSearchSourceUrlDiscovery/0.1 (+mailto:crawler@example.com)"
161.153.31.238 - - [29/Aug/2026:14:15:55 +0000] "GET /ar/feed/ HTTP/1.1" 200 13124 "-" "AteveSearchSourceUrlDiscovery/0.1 (+mailto:crawler@example.com)"
161.153.31.238 - - [29/Aug/2026:14:15:59 +0000] "GET /ar/comments/feed/ HTTP/1.1" 200 534 "-" "AteveSearchSourceUrlDiscovery/0.1 (+mailto:crawler@example.com)"
66.132.195.126 - - [29/Aug/2026:14:16:00 +0000] "GET /wp-json/?_fields=name,description,home,gmt_offset,timezone_string,namespaces HTTP/1.1" 200 390 "-" "Mozilla/5.0 (compatible; CensysInspect/1.1; +https://about.censys.io/)"
72.167.149.90 - - [29/Aug/2026:14:16:02 +0000] "POST /wp-cron.php?doing_wp_cron=1788012961.0842869281768798828125 HTTP/1.1" 499 0 "-" "WordPress/7.1; https://uslconsultation.com/ar"
161.153.31.238 - - [29/Aug/2026:14:16:02 +0000] "GET /ar/wp-json/oembed/1.0/embed?url=https://uslconsultation.com/ar/ HTTP/1.1" 200 1110 "-" "AteveSearchSourceUrlDiscovery/0.1 (+mailto:crawler@example.com)"
161.153.31.238 - - [29/Aug/2026:14:16:05 +0000] "GET /ar/wp-json/ HTTP/1.1" 200 172774 "-" "AteveSearchSourceUrlDiscovery/0.1 (+mailto:crawler@example.com)"
161.153.31.238 - - [29/Aug/2026:14:16:08 +0000] "GET /ar/wp-json/wp/v2/pages/9 HTTP/1.1" 200 21308 "-" "AteveSearchSourceUrlDiscovery/0.1 (+mailto:crawler@example.com)"
161.153.31.238 - - [29/Aug/2026:14:16:13 +0000] "GET /ar/services/ HTTP/1.1" 200 80221 "-" "AteveSearchSourceUrlDiscovery/0.1 (+mailto:crawler@example.com)"
66.132.195.126 - - [29/Aug/2026:14:16:16 +0000] "GET / HTTP/1.1" 200 68907 "-" "Mozilla/5.0 (compatible; CensysInspect/1.1; +https://about.censys.io/)"
161.153.31.238 - - [29/Aug/2026:14:16:17 +0000] "GET /ar/about-us/ HTTP/1.1" 200 76671 "-" "AteveSearchSourceUrlDiscovery/0.1 (+mailto:crawler@example.com)"
72.167.149.90 - - [29/Aug/2026:14:16:18 +0000] "GET /wp-content/uploads/2021/02/services-6.jpg HTTP/1.1" 200 12635 "-" "-"
161.153.31.238 - - [29/Aug/2026:14:16:19 +0000] "GET /ar/service/licensing-franchising/ HTTP/1.1" 200 76151 "-" "AteveSearchSourceUrlDiscovery/0.1 (+mailto:crawler@example.com)"
72.167.149.90 - - [29/Aug/2026:14:16:22 +0000] "GET /wp-content/uploads/2021/02/services-4.jpg HTTP/1.1" 200 35338 "-" "-"
161.153.31.238 - - [29/Aug/2026:14:16:22 +0000] "GET /ar/service/feasibility-studes-financial-planning/ HTTP/1.1" 200 76210 "-" "AteveSearchSourceUrlDiscovery/0.1 (+mailto:crawler@example.com)"
72.167.149.90 - - [29/Aug/2026:14:16:28 +0000] "GET /wp-content/uploads/2021/02/services-3.jpg HTTP/1.1" 200 37838 "-" "-"
161.153.31.238 - - [29/Aug/2026:14:16:29 +0000] "GET /ar/service/operations-manuals-sops/ HTTP/1.1" 200 76195 "-" "AteveSearchSourceUrlDiscovery/0.1 (+mailto:crawler@example.com)"
72.167.149.90 - - [29/Aug/2026:14:16:30 +0000] "GET /wp-content/uploads/2021/02/services-5.jpg HTTP/1.1" 200 16234 "-" "-"
161.153.31.238 - - [29/Aug/2026:14:16:31 +0000] "GET /ar/service/digital-marketing-social-media/ HTTP/1.1" 200 76177 "-" "AteveSearchSourceUrlDiscovery/0.1 (+mailto:crawler@example.com)"
72.167.149.90 - - [29/Aug/2026:14:16:34 +0000] "GET /wp-content/uploads/2021/02/services-1.jpg HTTP/1.1" 200 23673 "-" "-"
161.153.31.238 - - [29/Aug/2026:14:16:34 +0000] "GET /ar/service/sales-marketing/ HTTP/1.1" 200 76141 "-" "AteveSearchSourceUrlDiscovery/0.1 (+mailto:crawler@example.com)"
161.153.31.238 - - [29/Aug/2026:14:16:40 +0000] "GET /ar/cases/ HTTP/1.1" 200 79483 "-" "AteveSearchSourceUrlDiscovery/0.1 (+mailto:crawler@example.com)"
72.167.149.90 - - [29/Aug/2026:14:16:41 +0000] "GET /wp-content/uploads/2021/02/services-2.jpg HTTP/1.1" 200 30833 "-" "-"
161.153.31.238 - - [29/Aug/2026:14:16:42 +0000] "GET /ar/service/strategic-planning/ HTTP/1.1" 200 76157 "-" "AteveSearchSourceUrlDiscovery/0.1 (+mailto:crawler@example.com)"
161.153.31.238 - - [29/Aug/2026:14:16:45 +0000] "GET /ar/team/ HTTP/1.1" 200 79993 "-" "AteveSearchSourceUrlDiscovery/0.1 (+mailto:crawler@example.com)"
161.153.31.238 - - [29/Aug/2026:14:16:50 +0000] "GET /ar/contact-us/ HTTP/1.1" 200 74678 "-" "AteveSearchSourceUrlDiscovery/0.1 (+mailto:crawler@example.com)"
161.153.31.238 - - [29/Aug/2026:14:16:55 +0000] "GET /ar/blog/ HTTP/1.1" 200 76117 "-" "AteveSearchSourceUrlDiscovery/0.1 (+mailto:crawler@example.com)"
161.153.31.238 - - [29/Aug/2026:14:16:56 +0000] "GET /ar/author/beso4u/ HTTP/1.1" 200 76184 "-" "AteveSearchSourceUrlDiscovery/0.1 (+mailto:crawler@example.com)"
72.167.149.90 - - [29/Aug/2026:14:17:00 +0000] "GET /wp-content/uploads/2025/11/ISO-Cert-scaled-e1766401463486.jpg HTTP/1.1" 200 64260 "-" "-"
72.167.149.90 - - [29/Aug/2026:14:17:02 +0000] "POST /wp-cron.php?doing_wp_cron=1788013021.1593530178070068359375 HTTP/1.1" 499 0 "-" "WordPress/7.1; https://uslconsultation.com/ar"
161.153.31.238 - - [29/Aug/2026:14:17:02 +0000] "GET /ar/service/preparing-companies-to-obtain-iso-certifications/ HTTP/1.1" 200 75676 "-" "AteveSearchSourceUrlDiscovery/0.1 (+mailto:crawler@example.com)"
72.167.149.90 - - [29/Aug/2026:14:17:07 +0000] "GET /wp-content/uploads/2025/11/Brand-and-franchise-consulting-services-scaled-e1766398516651.jpg HTTP/1.1" 200 99487 "-" "-"
161.153.31.238 - - [29/Aug/2026:14:17:08 +0000] "GET /ar/service/branding-rebranding/ HTTP/1.1" 200 77539 "-" "AteveSearchSourceUrlDiscovery/0.1 (+mailto:crawler@example.com)"
72.167.149.90 - - [29/Aug/2026:14:17:09 +0000] "GET /wp-content/uploads/2025/11/Networking-and-cybersecurity-scaled-e1766398835906.jpg HTTP/1.1" 200 123626 "-" "-"
161.153.31.238 - - [29/Aug/2026:14:17:09 +0000] "GET /ar/service/consulting-services-in-networking-and-cybersecurity/ HTTP/1.1" 200 77689 "-" "AteveSearchSourceUrlDiscovery/0.1 (+mailto:crawler@example.com)"
72.167.149.90 - - [29/Aug/2026:14:17:16 +0000] "GET /wp-content/uploads/2025/11/Production-and-manufacturing-scaled-e1766401168798.jpg HTTP/1.1" 200 123891 "-" "-"
161.153.31.238 - - [29/Aug/2026:14:17:16 +0000] "GET /ar/service/production-and-manufacturing/ HTTP/1.1" 200 75610 "-" "AteveSearchSourceUrlDiscovery/0.1 (+mailto:crawler@example.com)"
72.167.149.90 - - [29/Aug/2026:14:17:19 +0000] "GET /wp-content/uploads/2025/11/governance-compliance-and-risk-management-scaled-e1766401328194.jpg HTTP/1.1" 200 115711 "-" "-"
161.153.31.238 - - [29/Aug/2026:14:17:20 +0000] "GET /ar/service/governance-compliance-and-risk-management/ HTTP/1.1" 200 75668 "-" "AteveSearchSourceUrlDiscovery/0.1 (+mailto:crawler@example.com)"
72.167.149.90 - - [29/Aug/2026:14:17:23 +0000] "GET /wp-content/uploads/2025/11/Supply-chain-and-logistics-scaled-e1766401500298.jpg HTTP/1.1" 200 68166 "-" "-"
161.153.31.238 - - [29/Aug/2026:14:17:24 +0000] "GET /ar/service/supply-chain-and-logistics/ HTTP/1.1" 200 75657 "-" "AteveSearchSourceUrlDiscovery/0.1 (+mailto:crawler@example.com)"
72.167.149.90 - - [29/Aug/2026:14:17:27 +0000] "GET /wp-content/uploads/2021/02/Omar-new-photo-3-e1766587268315.jpg HTTP/1.1" 200 37571 "-" "-"
161.153.31.238 - - [29/Aug/2026:14:17:27 +0000] "GET /ar/member/oliver-kayal/ HTTP/1.1" 200 75051 "-" "AteveSearchSourceUrlDiscovery/0.1 (+mailto:crawler@example.com)"
72.167.149.90 - - [29/Aug/2026:14:17:35 +0000] "GET /wp-content/uploads/2021/02/samer.png HTTP/1.1" 200 339425 "-" "-"
72.167.149.90 - - [29/Aug/2026:14:17:36 +0000] "GET /wp-content/uploads/2021/02/Yahya-Alhassan.png HTTP/1.1" 200 522967 "-" "-"
161.153.31.238 - - [29/Aug/2026:14:17:36 +0000] "GET /ar/member/samer-alyasin/ HTTP/1.1" 200 75106 "-" "AteveSearchSourceUrlDiscovery/0.1 (+mailto:crawler@example.com)"
161.153.31.238 - - [29/Aug/2026:14:17:36 +0000] "GET /ar/member/yahya/ HTTP/1.1" 200 75002 "-" "AteveSearchSourceUrlDiscovery/0.1 (+mailto:crawler@example.com)"
72.167.149.90 - - [29/Aug/2026:14:17:47 +0000] "GET /wp-content/uploads/2021/02/Manal-Kalfa.png HTTP/1.1" 200 508131 "-" "-"
161.153.31.238 - - [29/Aug/2026:14:17:47 +0000] "GET /ar/member/monica-doe/ HTTP/1.1" 200 75017 "-" "AteveSearchSourceUrlDiscovery/0.1 (+mailto:crawler@example.com)"
72.167.149.90 - - [29/Aug/2026:14:17:47 +0000] "GET /wp-content/uploads/2021/02/Basel.png HTTP/1.1" 200 1292739 "-" "-"
161.153.31.238 - - [29/Aug/2026:14:17:48 +0000] "GET /ar/member/liam-yasin/ HTTP/1.1" 200 75036 "-" "AteveSearchSourceUrlDiscovery/0.1 (+mailto:crawler@example.com)"
72.167.149.90 - - [29/Aug/2026:14:17:58 +0000] "GET /wp-content/uploads/2025/12/Franchise-a-Restaurant-Brand-A-Step-by-Step-Practical-Guide-scaled-e1766361718588.jpg HTTP/1.1" 200 251648 "-" "-"
161.153.31.238 - - [29/Aug/2026:14:17:58 +0000] "GET /ar/category/franchise-licensing/ HTTP/1.1" 200 75590 "-" "AteveSearchSourceUrlDiscovery/0.1 (+mailto:crawler@example.com)"
161.153.31.238 - - [29/Aug/2026:14:17:59 +0000] "GET /ar/2025/12/22/how-to-franchise-a-restaurant-brand-a-step-by-step-practical-guide/ HTTP/1.1" 200 77670 "-" "AteveSearchSourceUrlDiscovery/0.1 (+mailto:crawler@example.com)"
72.167.149.90 - - [29/Aug/2026:14:18:07 +0000] "GET /wp-content/uploads/2025/12/KPIs-scaled-e1766361387995.jpg HTTP/1.1" 200 132397 "-" "-"
161.153.31.238 - - [29/Aug/2026:14:18:08 +0000] "GET /ar/2025/12/21/building-kpis-that-actually-improve-performance/ HTTP/1.1" 200 77518 "-" "AteveSearchSourceUrlDiscovery/0.1 (+mailto:crawler@example.com)"
72.167.149.90 - - [29/Aug/2026:14:18:08 +0000] "POST /wp-cron.php?doing_wp_cron=1788013087.4888589382171630859375 HTTP/1.1" 499 0 "-" "WordPress/7.1; https://uslconsultation.com/ar"
161.153.31.238 - - [29/Aug/2026:14:18:08 +0000] "GET /ar/category/restaurant-business/ HTTP/1.1" 200 75582 "-" "AteveSearchSourceUrlDiscovery/0.1 (+mailto:crawler@example.com)"
72.167.149.90 - - [29/Aug/2026:14:18:18 +0000] "GET /wp-content/uploads/2025/12/Measurable-Growth-scaled-e1766361107230.jpg HTTP/1.1" 200 79111 "-" "-"
161.153.31.238 - - [29/Aug/2026:14:18:19 +0000] "GET /ar/category/business-consulting/ HTTP/1.1" 200 76203 "-" "AteveSearchSourceUrlDiscovery/0.1 (+mailto:crawler@example.com)"
161.153.31.238 - - [29/Aug/2026:14:18:19 +0000] "GET /ar/2025/12/21/how-consulting-firms-drive-measurable-growth-for-smes/ HTTP/1.1" 200 77567 "-" "AteveSearchSourceUrlDiscovery/0.1 (+mailto:crawler@example.com)"
161.153.31.238 - - [29/Aug/2026:14:18:29 +0000] "GET /wp-json/oembed/1.0/embed?url=https://uslconsultation.com/service/licensing-franchising/ HTTP/1.1" 200 1159 "-" "AteveSearchSourceUrlDiscovery/0.1 (+mailto:crawler@example.com)"
161.153.31.238 - - [29/Aug/2026:14:18:29 +0000] "GET /services/feed/ HTTP/1.1" 200 1629 "-" "AteveSearchSourceUrlDiscovery/0.1 (+mailto:crawler@example.com)"
161.153.31.238 - - [29/Aug/2026:14:18:33 +0000] "GET /wp-json/wp/v2/event/3913 HTTP/1.1" 200 834 "-" "AteveSearchSourceUrlDiscovery/0.1 (+mailto:crawler@example.com)"
161.153.31.238 - - [29/Aug/2026:14:18:34 +0000] "GET /?p=3913 HTTP/1.1" 301 5 "-" "AteveSearchSourceUrlDiscovery/0.1 (+mailto:crawler@example.com)"
72.167.149.90 - - [29/Aug/2026:14:18:36 +0000] "GET /wp-content/uploads/2021/02/services-6.jpg HTTP/1.1" 200 12635 "-" "-"
161.153.31.238 - - [29/Aug/2026:14:18:37 +0000] "GET /service/licensing-franchising/ HTTP/1.1" 200 55578 "-" "AteveSearchSourceUrlDiscovery/0.1 (+mailto:crawler@example.com)"
161.153.31.238 - - [29/Aug/2026:14:18:38 +0000] "GET /wp-json/oembed/1.0/embed?url=https://uslconsultation.com/service/feasibility-studes-financial-planning/ HTTP/1.1" 200 1181 "-" "AteveSearchSourceUrlDiscovery/0.1 (+mailto:crawler@example.com)"
161.153.31.238 - - [29/Aug/2026:14:18:42 +0000] "GET /wp-json/wp/v2/event/3915 HTTP/1.1" 200 850 "-" "AteveSearchSourceUrlDiscovery/0.1 (+mailto:crawler@example.com)"
161.153.31.238 - - [29/Aug/2026:14:18:44 +0000] "GET /?p=3915 HTTP/1.1" 301 5 "-" "AteveSearchSourceUrlDiscovery/0.1 (+mailto:crawler@example.com)"
161.153.31.238 - - [29/Aug/2026:14:18:48 +0000] "GET /wp-json/oembed/1.0/embed?url=https://uslconsultation.com/service/digital-marketing-social-media/ HTTP/1.1" 200 1173 "-" "AteveSearchSourceUrlDiscovery/0.1 (+mailto:crawler@example.com)"
72.167.149.90 - - [29/Aug/2026:14:18:49 +0000] "GET /wp-content/uploads/2021/02/services-4.jpg HTTP/1.1" 200 35338 "-" "-"
161.153.31.238 - - [29/Aug/2026:14:18:49 +0000] "GET /service/feasibility-studes-financial-planning/ HTTP/1.1" 200 55648 "-" "AteveSearchSourceUrlDiscovery/0.1 (+mailto:crawler@example.com)"
161.153.31.238 - - [29/Aug/2026:14:18:54 +0000] "GET /wp-json/wp/v2/event/3914 HTTP/1.1" 200 845 "-" "AteveSearchSourceUrlDiscovery/0.1 (+mailto:crawler@example.com)"
161.153.31.238 - - [29/Aug/2026:14:18:55 +0000] "GET /?p=3914 HTTP/1.1" 301 5 "-" "AteveSearchSourceUrlDiscovery/0.1 (+mailto:crawler@example.com)"
72.167.149.90 - - [29/Aug/2026:14:18:59 +0000] "GET /wp-content/uploads/2021/02/services-5.jpg HTTP/1.1" 200 16234 "-" "-"
161.153.31.238 - - [29/Aug/2026:14:19:00 +0000] "GET /service/digital-marketing-social-media/ HTTP/1.1" 200 55610 "-" "AteveSearchSourceUrlDiscovery/0.1 (+mailto:crawler@example.com)"
72.167.149.90 - - [29/Aug/2026:14:19:03 +0000] "POST /wp-cron.php?doing_wp_cron=1788013142.4761660099029541015625 HTTP/1.1" 499 0 "-" "WordPress/7.1; https://uslconsultation.com"
161.153.31.238 - - [29/Aug/2026:14:19:03 +0000] "GET /wp-json/oembed/1.0/embed?url=https://uslconsultation.com/service/operations-manuals-sops/ HTTP/1.1" 200 1168 "-" "AteveSearchSourceUrlDiscovery/0.1 (+mailto:crawler@example.com)"
161.153.31.238 - - [29/Aug/2026:14:19:08 +0000] "GET /wp-json/wp/v2/event/3916 HTTP/1.1" 200 843 "-" "AteveSearchSourceUrlDiscovery/0.1 (+mailto:crawler@example.com)"
161.153.31.238 - - [29/Aug/2026:14:19:56 +0000] "GET /?p=3916 HTTP/1.1" 301 5 "-" "AteveSearchSourceUrlDiscovery/0.1 (+mailto:crawler@example.com)"
72.167.149.90 - - [29/Aug/2026:14:19:59 +0000] "GET /wp-content/uploads/2021/02/services-3.jpg HTTP/1.1" 200 37838 "-" "-"
161.153.31.238 - - [29/Aug/2026:14:20:01 +0000] "GET /service/operations-manuals-sops/ HTTP/1.1" 200 55650 "-" "AteveSearchSourceUrlDiscovery/0.1 (+mailto:crawler@example.com)"
72.167.149.90 - - [29/Aug/2026:14:20:09 +0000] "POST /wp-cron.php?doing_wp_cron=1788013208.7872059345245361328125 HTTP/1.1" 499 0 "-" "WordPress/7.1; https://uslconsultation.com"
161.153.31.238 - - [29/Aug/2026:14:20:09 +0000] "GET /wp-json/oembed/1.0/embed?url=https://uslconsultation.com/service/sales-marketing/ HTTP/1.1" 200 1156 "-" "AteveSearchSourceUrlDiscovery/0.1 (+mailto:crawler@example.com)"
161.153.31.238 - - [29/Aug/2026:14:20:10 +0000] "GET /wp-json/wp/v2/event/3916 HTTP/1.1" 200 843 "-" "AteveSearchSourceUrlDiscovery/0.1 (+mailto:crawler@example.com)"
161.153.31.238 - - [29/Aug/2026:14:20:17 +0000] "GET /wp-json/wp/v2/event/3918 HTTP/1.1" 200 830 "-" "AteveSearchSourceUrlDiscovery/0.1 (+mailto:crawler@example.com)"
161.153.31.238 - - [29/Aug/2026:14:20:22 +0000] "GET /wp-json/wp/v2/event/3916 HTTP/1.1" 200 843 "-" "AteveSearchSourceUrlDiscovery/0.1 (+mailto:crawler@example.com)"
161.153.31.238 - - [29/Aug/2026:14:20:23 +0000] "GET /?p=3918 HTTP/1.1" 301 5 "-" "AteveSearchSourceUrlDiscovery/0.1 (+mailto:crawler@example.com)"
72.167.149.90 - - [29/Aug/2026:14:20:27 +0000] "GET /wp-content/uploads/2021/02/services-1.jpg HTTP/1.1" 200 23673 "-" "-"
161.153.31.238 - - [29/Aug/2026:14:20:27 +0000] "GET /service/sales-marketing/ HTTP/1.1" 200 55570 "-" "AteveSearchSourceUrlDiscovery/0.1 (+mailto:crawler@example.com)"
161.153.31.238 - - [29/Aug/2026:14:20:28 +0000] "GET /wp-json/oembed/1.0/embed?url=https://uslconsultation.com/service/strategic-planning/ HTTP/1.1" 200 1150 "-" "AteveSearchSourceUrlDiscovery/0.1 (+mailto:crawler@example.com)"
161.153.31.238 - - [29/Aug/2026:14:20:33 +0000] "GET /?p=3917 HTTP/1.1" 301 5 "-" "AteveSearchSourceUrlDiscovery/0.1 (+mailto:crawler@example.com)"
161.153.31.238 - - [29/Aug/2026:14:20:33 +0000] "GET /wp-json/wp/v2/event/3917 HTTP/1.1" 200 824 "-" "AteveSearchSourceUrlDiscovery/0.1 (+mailto:crawler@example.com)"
72.167.149.90 - - [29/Aug/2026:14:20:37 +0000] "GET /wp-content/uploads/2021/02/services-2.jpg HTTP/1.1" 200 30833 "-" "-"
161.153.31.238 - - [29/Aug/2026:14:20:38 +0000] "GET /service/strategic-planning/ HTTP/1.1" 200 55592 "-" "AteveSearchSourceUrlDiscovery/0.1 (+mailto:crawler@example.com)"
161.153.31.238 - - [29/Aug/2026:14:20:39 +0000] "GET /cases/feed/ HTTP/1.1" 200 1278 "-" "AteveSearchSourceUrlDiscovery/0.1 (+mailto:crawler@example.com)"
161.153.31.238 - - [29/Aug/2026:14:20:44 +0000] "GET /blog/page/2/ HTTP/1.1" 200 55485 "-" "AteveSearchSourceUrlDiscovery/0.1 (+mailto:crawler@example.com)"
161.153.31.238 - - [29/Aug/2026:14:20:47 +0000] "GET /blog/page/3/ HTTP/1.1" 200 55365 "-" "AteveSearchSourceUrlDiscovery/0.1 (+mailto:crawler@example.com)"
72.167.149.90 - - [29/Aug/2026:14:20:49 +0000] "GET /wp-content/uploads/2025/12/Investors-and-Partners-scaled-e1766360878565.jpg HTTP/1.1" 200 161703 "-" "-"
161.153.31.238 - - [29/Aug/2026:14:20:51 +0000] "GET /2025/12/21/operational-due-diligence-what-investors-and-partners-really-look-for/ HTTP/1.1" 200 56962 "-" "AteveSearchSourceUrlDiscovery/0.1 (+mailto:crawler@example.com)"
72.167.149.90 - - [29/Aug/2026:14:20:54 +0000] "GET /wp-content/uploads/2025/12/the-franchise-decision-scaled-e1766360688802.jpg HTTP/1.1" 200 146678 "-" "-"
161.153.31.238 - - [29/Aug/2026:14:20:55 +0000] "GET /2025/12/21/choosing-the-right-market-entry-model-branch-franchise-or-license/ HTTP/1.1" 200 56942 "-" "AteveSearchSourceUrlDiscovery/0.1 (+mailto:crawler@example.com)"
161.153.31.238 - - [29/Aug/2026:14:20:57 +0000] "GET /team/feed/ HTTP/1.1" 200 2839 "-" "AteveSearchSourceUrlDiscovery/0.1 (+mailto:crawler@example.com)"
161.153.31.238 - - [29/Aug/2026:14:21:00 +0000] "GET /wp-json/oembed/1.0/embed?url=https://uslconsultation.com/contact-us/ HTTP/1.1" 200 1082 "-" "AteveSearchSourceUrlDiscovery/0.1 (+mailto:crawler@example.com)"
72.167.149.90 - - [29/Aug/2026:14:21:04 +0000] "POST /wp-cron.php?doing_wp_cron=1788013263.4896569252014160156250 HTTP/1.1" 499 0 "-" "WordPress/7.1; https://uslconsultation.com"
161.153.31.238 - - [29/Aug/2026:14:21:04 +0000] "GET /wp-json/wp/v2/pages/149 HTTP/1.1" 200 4864 "-" "AteveSearchSourceUrlDiscovery/0.1 (+mailto:crawler@example.com)"
161.153.31.238 - - [29/Aug/2026:14:21:05 +0000] "GET /?p=149 HTTP/1.1" 301 5 "-" "AteveSearchSourceUrlDiscovery/0.1 (+mailto:crawler@example.com)"
199.45.154.124 - - [29/Aug/2026:14:21:09 +0000] "GET / HTTP/1.1" 400 248 "-" "Mozilla/5.0 (compatible; CensysInspect/1.1; +https://about.censys.io/)"
161.153.31.238 - - [29/Aug/2026:14:21:11 +0000] "GET /contact-us/ HTTP/1.1" 200 54028 "-" "AteveSearchSourceUrlDiscovery/0.1 (+mailto:crawler@example.com)"
161.153.31.238 - - [29/Aug/2026:14:21:11 +0000] "GET /author/beso4u/feed/ HTTP/1.1" 200 10267 "-" "AteveSearchSourceUrlDiscovery/0.1 (+mailto:crawler@example.com)"
161.153.31.238 - - [29/Aug/2026:14:21:17 +0000] "GET /wp-json/wp/v2/users/1 HTTP/1.1" 200 677 "-" "AteveSearchSourceUrlDiscovery/0.1 (+mailto:crawler@example.com)"
161.153.31.238 - - [29/Aug/2026:14:21:19 +0000] "GET /author/beso4u/page/2/ HTTP/1.1" 200 55568 "-" "AteveSearchSourceUrlDiscovery/0.1 (+mailto:crawler@example.com)"
161.153.31.238 - - [29/Aug/2026:14:21:24 +0000] "GET /wp-json/oembed/1.0/embed?url=https://uslconsultation.com/service/branding-rebranding/ HTTP/1.1" 200 1193 "-" "AteveSearchSourceUrlDiscovery/0.1 (+mailto:crawler@example.com)"
161.153.31.238 - - [29/Aug/2026:14:21:24 +0000] "GET /author/beso4u/page/3/ HTTP/1.1" 200 55432 "-" "AteveSearchSourceUrlDiscovery/0.1 (+mailto:crawler@example.com)"
161.153.31.238 - - [29/Aug/2026:14:21:29 +0000] "GET /?p=5082 HTTP/1.1" 301 5 "-" "AteveSearchSourceUrlDiscovery/0.1 (+mailto:crawler@example.com)"
161.153.31.238 - - [29/Aug/2026:14:21:29 +0000] "GET /wp-json/wp/v2/event/5082 HTTP/1.1" 200 1760 "-" "AteveSearchSourceUrlDiscovery/0.1 (+mailto:crawler@example.com)"
72.167.149.90 - - [29/Aug/2026:14:21:32 +0000] "GET /wp-content/uploads/2025/11/Brand-and-franchise-consulting-services-scaled-e1766398516651.jpg HTTP/1.1" 200 99487 "-" "-"
161.153.31.238 - - [29/Aug/2026:14:21:33 +0000] "GET /service/branding-rebranding/ HTTP/1.1" 200 57036 "-" "AteveSearchSourceUrlDiscovery/0.1 (+mailto:crawler@example.com)"
161.153.31.238 - - [29/Aug/2026:14:21:36 +0000] "GET /wp-json/oembed/1.0/embed?url=https://uslconsultation.com/service/preparing-companies-to-obtain-iso-certifications/ HTTP/1.1" 200 1208 "-" "AteveSearchSourceUrlDiscovery/0.1 (+mailto:crawler@example.com)"
161.153.31.238 - - [29/Aug/2026:14:21:39 +0000] "GET /wp-json/wp/v2/event/5078 HTTP/1.1" 200 555 "-" "AteveSearchSourceUrlDiscovery/0.1 (+mailto:crawler@example.com)"
161.153.31.238 - - [29/Aug/2026:14:21:42 +0000] "GET /?p=5078 HTTP/1.1" 301 5 "-" "AteveSearchSourceUrlDiscovery/0.1 (+mailto:crawler@example.com)"
161.153.31.238 - - [29/Aug/2026:14:21:46 +0000] "GET /wp-json/oembed/1.0/embed?url=https://uslconsultation.com/service/production-and-manufacturing/ HTTP/1.1" 200 1179 "-" "AteveSearchSourceUrlDiscovery/0.1 (+mailto:crawler@example.com)"
72.167.149.90 - - [29/Aug/2026:14:21:47 +0000] "GET /wp-content/uploads/2025/11/ISO-Cert-scaled-e1766401463486.jpg HTTP/1.1" 200 64260 "-" "-"
161.153.31.238 - - [29/Aug/2026:14:21:48 +0000] "GET /service/preparing-companies-to-obtain-iso-certifications/ HTTP/1.1" 200 55040 "-" "AteveSearchSourceUrlDiscovery/0.1 (+mailto:crawler@example.com)"
161.153.31.238 - - [29/Aug/2026:14:21:51 +0000] "GET /wp-json/wp/v2/event/5080 HTTP/1.1" 200 531 "-" "AteveSearchSourceUrlDiscovery/0.1 (+mailto:crawler@example.com)"
161.153.31.238 - - [29/Aug/2026:14:21:52 +0000] "GET /?p=5080 HTTP/1.1" 301 5 "-" "AteveSearchSourceUrlDiscovery/0.1 (+mailto:crawler@example.com)"
72.167.149.90 - - [29/Aug/2026:14:21:55 +0000] "GET /wp-content/uploads/2025/11/Production-and-manufacturing-scaled-e1766401168798.jpg HTTP/1.1" 200 123891 "-" "-"
161.153.31.238 - - [29/Aug/2026:14:21:55 +0000] "GET /service/production-and-manufacturing/ HTTP/1.1" 200 54964 "-" "AteveSearchSourceUrlDiscovery/0.1 (+mailto:crawler@example.com)"
161.153.31.238 - - [29/Aug/2026:14:21:56 +0000] "GET /wp-json/oembed/1.0/embed?url=https://uslconsultation.com/service/consulting-services-in-networking-and-cybersecurity/ HTTP/1.1" 200 1191 "-" "AteveSearchSourceUrlDiscovery/0.1 (+mailto:crawler@example.com)"
161.153.31.238 - - [29/Aug/2026:14:22:02 +0000] "GET /wp-json/wp/v2/event/5081 HTTP/1.1" 200 2011 "-" "AteveSearchSourceUrlDiscovery/0.1 (+mailto:crawler@example.com)"
72.167.149.90 - - [29/Aug/2026:14:22:02 +0000] "POST /wp-cron.php?doing_wp_cron=1788013321.5830249786376953125000 HTTP/1.1" 499 0 "-" "WordPress/7.1; https://uslconsultation.com"
161.153.31.238 - - [29/Aug/2026:14:22:02 +0000] "GET /?p=5081 HTTP/1.1" 301 5 "-" "AteveSearchSourceUrlDiscovery/0.1 (+mailto:crawler@example.com)"
72.167.149.90 - - [29/Aug/2026:14:22:08 +0000] "GET /wp-content/uploads/2025/11/Networking-and-cybersecurity-scaled-e1766398835906.jpg HTTP/1.1" 200 123626 "-" "-"
161.153.31.238 - - [29/Aug/2026:14:22:09 +0000] "GET /wp-json/oembed/1.0/embed?url=https://uslconsultation.com/service/governance-compliance-and-risk-management/ HTTP/1.1" 200 1193 "-" "AteveSearchSourceUrlDiscovery/0.1 (+mailto:crawler@example.com)"
161.153.31.238 - - [29/Aug/2026:14:22:09 +0000] "GET /service/consulting-services-in-networking-and-cybersecurity/ HTTP/1.1" 200 56992 "-" "AteveSearchSourceUrlDiscovery/0.1 (+mailto:crawler@example.com)"
161.153.31.238 - - [29/Aug/2026:14:22:16 +0000] "GET /?p=5079 HTTP/1.1" 301 5 "-" "AteveSearchSourceUrlDiscovery/0.1 (+mailto:crawler@example.com)"
161.153.31.238 - - [29/Aug/2026:14:22:16 +0000] "GET /wp-json/wp/v2/event/5079 HTTP/1.1" 200 545 "-" "AteveSearchSourceUrlDiscovery/0.1 (+mailto:crawler@example.com)"
72.167.149.90 - - [29/Aug/2026:14:22:21 +0000] "GET /wp-content/uploads/2025/11/governance-compliance-and-risk-management-scaled-e1766401328194.jpg HTTP/1.1" 200 115711 "-" "-"
161.153.31.238 - - [29/Aug/2026:14:22:22 +0000] "GET /service/governance-compliance-and-risk-management/ HTTP/1.1" 200 55027 "-" "AteveSearchSourceUrlDiscovery/0.1 (+mailto:crawler@example.com)"
161.153.31.238 - - [29/Aug/2026:14:22:23 +0000] "GET /member/oliver-kayal/feed/ HTTP/1.1" 200 451 "-" "AteveSearchSourceUrlDiscovery/0.1 (+mailto:crawler@example.com)"
161.153.31.238 - - [29/Aug/2026:14:22:30 +0000] "GET /wp-json/oembed/1.0/embed?url=https://uslconsultation.com/member/oliver-kayal/ HTTP/1.1" 200 1163 "-" "AteveSearchSourceUrlDiscovery/0.1 (+mailto:crawler@example.com)"
161.153.31.238 - - [29/Aug/2026:14:22:35 +0000] "GET /?p=5079 HTTP/1.1" 301 5 "-" "AteveSearchSourceUrlDiscovery/0.1 (+mailto:crawler@example.com)"
161.153.31.238 - - [29/Aug/2026:14:22:37 +0000] "GET /wp-json/wp/v2/member/5645 HTTP/1.1" 200 1027 "-" "AteveSearchSourceUrlDiscovery/0.1 (+mailto:crawler@example.com)"
72.167.149.90 - - [29/Aug/2026:14:22:39 +0000] "GET /wp-content/uploads/2025/11/governance-compliance-and-risk-management-scaled-e1766401328194.jpg HTTP/1.1" 200 115711 "-" "-"
161.153.31.238 - - [29/Aug/2026:14:22:40 +0000] "GET /service/governance-compliance-and-risk-management/ HTTP/1.1" 200 55029 "-" "AteveSearchSourceUrlDiscovery/0.1 (+mailto:crawler@example.com)"
161.153.31.238 - - [29/Aug/2026:14:22:42 +0000] "GET /?p=5645 HTTP/1.1" 301 5 "-" "AteveSearchSourceUrlDiscovery/0.1 (+mailto:crawler@example.com)"
72.167.149.90 - - [29/Aug/2026:14:22:46 +0000] "GET /wp-content/uploads/2021/02/Omar-new-photo-3-e1766587268315.jpg HTTP/1.1" 200 37571 "-" "-"
161.153.31.238 - - [29/Aug/2026:14:22:47 +0000] "GET /member/oliver-kayal/ HTTP/1.1" 200 54470 "-" "AteveSearchSourceUrlDiscovery/0.1 (+mailto:crawler@example.com)"
161.153.31.238 - - [29/Aug/2026:14:22:50 +0000] "GET /?p=5079 HTTP/1.1" 301 5 "-" "AteveSearchSourceUrlDiscovery/0.1 (+mailto:crawler@example.com)"
161.153.31.238 - - [29/Aug/2026:14:22:55 +0000] "GET /member_cat/videos/ HTTP/1.1" 200 58902 "-" "AteveSearchSourceUrlDiscovery/0.1 (+mailto:crawler@example.com)"
