74.7.241.37 - - [30/Aug/2026:11:07:56 +0000] "GET /wp-content/uploads/elementor/css/post-5.css?ver=7.7.2 HTTP/1.1" 200 1038 "https://uslconsultation.com/" "Mozilla/5.0 AppleWebKit/537.36 (KHTML, like Gecko; compatible; GPTBot/1.4; +https://openai.com/gptbot)"
74.7.241.37 - - [30/Aug/2026:11:07:57 +0000] "GET /wp-content/themes/porto/css/theme_elementor.css?ver=7.7.2 HTTP/1.1" 200 1855 "https://uslconsultation.com/" "Mozilla/5.0 AppleWebKit/537.36 (KHTML, like Gecko; compatible; GPTBot/1.4; +https://openai.com/gptbot)"
74.7.241.37 - - [30/Aug/2026:11:07:57 +0000] "GET /wp-content/themes/porto/css/theme_portfolio.css?ver=7.7.2 HTTP/1.1" 200 2826 "https://uslconsultation.com/" "Mozilla/5.0 AppleWebKit/537.36 (KHTML, like Gecko; compatible; GPTBot/1.4; +https://openai.com/gptbot)"
74.7.241.37 - - [30/Aug/2026:11:07:58 +0000] "GET /wp-content/plugins/elementor/assets/css/widget-testimonial.min.css?ver=4.2.3 HTTP/1.1" 200 360 "https://uslconsultation.com/" "Mozilla/5.0 AppleWebKit/537.36 (KHTML, like Gecko; compatible; GPTBot/1.4; +https://openai.com/gptbot)"
74.7.241.37 - - [30/Aug/2026:11:07:58 +0000] "GET /wp-content/plugins/revslider/public/css/sr7.css?ver=6.7.39 HTTP/1.1" 200 1581 "https://uslconsultation.com/" "Mozilla/5.0 AppleWebKit/537.36 (KHTML, like Gecko; compatible; GPTBot/1.4; +https://openai.com/gptbot)"
74.7.241.37 - - [30/Aug/2026:11:07:59 +0000] "GET /wp-content/plugins/porto-functionality/builders/assets/type-builder.css?ver=3.7.2 HTTP/1.1" 200 2484 "https://uslconsultation.com/" "Mozilla/5.0 AppleWebKit/537.36 (KHTML, like Gecko; compatible; GPTBot/1.4; +https://openai.com/gptbot)"
74.7.241.37 - - [30/Aug/2026:11:07:59 +0000] "GET /wp-content/themes/porto/css/part/revslider.css?ver=7.7.2 HTTP/1.1" 200 947 "https://uslconsultation.com/" "Mozilla/5.0 AppleWebKit/537.36 (KHTML, like Gecko; compatible; GPTBot/1.4; +https://openai.com/gptbot)"
74.7.241.37 - - [30/Aug/2026:11:08:00 +0000] "GET /wp-content/uploads/elementor/css/post-335.css?ver=7.7.2 HTTP/1.1" 200 1267 "https://uslconsultation.com/" "Mozilla/5.0 AppleWebKit/537.36 (KHTML, like Gecko; compatible; GPTBot/1.4; +https://openai.com/gptbot)"
74.7.241.37 - - [30/Aug/2026:11:08:00 +0000] "GET /wp-content/plugins/elementor/assets/css/widget-image.min.css?ver=4.2.3 HTTP/1.1" 200 214 "https://uslconsultation.com/" "Mozilla/5.0 AppleWebKit/537.36 (KHTML, like Gecko; compatible; GPTBot/1.4; +https://openai.com/gptbot)"
74.7.241.37 - - [30/Aug/2026:11:08:01 +0000] "GET /wp-content/plugins/elementor/assets/css/widget-divider.min.css?ver=4.2.3 HTTP/1.1" 200 764 "https://uslconsultation.com/" "Mozilla/5.0 AppleWebKit/537.36 (KHTML, like Gecko; compatible; GPTBot/1.4; +https://openai.com/gptbot)"
74.7.241.37 - - [30/Aug/2026:11:08:01 +0000] "GET /wp-content/plugins/elementor/assets/css/widget-heading.min.css?ver=4.2.3 HTTP/1.1" 200 171 "https://uslconsultation.com/" "Mozilla/5.0 AppleWebKit/537.36 (KHTML, like Gecko; compatible; GPTBot/1.4; +https://openai.com/gptbot)"
74.7.241.37 - - [30/Aug/2026:11:08:02 +0000] "GET /wp-content/themes/porto/css/theme/shop/login-style/account-login.css?ver=7.7.2 HTTP/1.1" 200 1026 "https://uslconsultation.com/" "Mozilla/5.0 AppleWebKit/537.36 (KHTML, like Gecko; compatible; GPTBot/1.4; +https://openai.com/gptbot)"
74.7.241.37 - - [30/Aug/2026:11:08:02 +0000] "GET /wp-content/plugins/elementor/assets/css/conditionals/shapes.min.css?ver=4.2.3 HTTP/1.1" 200 300 "https://uslconsultation.com/" "Mozilla/5.0 AppleWebKit/537.36 (KHTML, like Gecko; compatible; GPTBot/1.4; +https://openai.com/gptbot)"
74.7.241.37 - - [30/Aug/2026:11:08:03 +0000] "GET /wp-content/plugins/alpus-aprs/plugin-framework/assets/css/base.min.css?ver=1.2.0 HTTP/1.1" 200 4336 "https://uslconsultation.com/" "Mozilla/5.0 AppleWebKit/537.36 (KHTML, like Gecko; compatible; GPTBot/1.4; +https://openai.com/gptbot)"
74.7.241.37 - - [30/Aug/2026:11:08:03 +0000] "GET /wp-content/plugins/elementor/assets/css/widget-social-icons.min.css?ver=4.2.3 HTTP/1.1" 200 1155 "https://uslconsultation.com/" "Mozilla/5.0 AppleWebKit/537.36 (KHTML, like Gecko; compatible; GPTBot/1.4; +https://openai.com/gptbot)"
74.7.241.37 - - [30/Aug/2026:11:08:04 +0000] "GET /wp-content/uploads/elementor/css/custom-widget-tabs.min.css?ver=1787884610 HTTP/1.1" 200 785 "https://uslconsultation.com/about-us/" "Mozilla/5.0 AppleWebKit/537.36 (KHTML, like Gecko; compatible; GPTBot/1.4; +https://openai.com/gptbot)"
74.7.241.37 - - [30/Aug/2026:11:08:04 +0000] "GET /wp-content/uploads/elementor/css/custom-widget-progress-rtl.min.css?ver=1787886281 HTTP/1.1" 200 416 "https://uslconsultation.com/ar/" "Mozilla/5.0 AppleWebKit/537.36 (KHTML, like Gecko; compatible; GPTBot/1.4; +https://openai.com/gptbot)"
74.7.241.37 - - [30/Aug/2026:11:08:05 +0000] "GET /wp-content/uploads/elementor/css/post-11.css?ver=1787943051 HTTP/1.1" 200 1739 "https://uslconsultation.com/about-us/" "Mozilla/5.0 AppleWebKit/537.36 (KHTML, like Gecko; compatible; GPTBot/1.4; +https://openai.com/gptbot)"
74.7.241.37 - - [30/Aug/2026:11:08:05 +0000] "GET /wp-content/uploads/elementor/css/post-149.css?ver=1787896166 HTTP/1.1" 200 1290 "https://uslconsultation.com/contact-us/" "Mozilla/5.0 AppleWebKit/537.36 (KHTML, like Gecko; compatible; GPTBot/1.4; +https://openai.com/gptbot)"
74.7.241.37 - - [30/Aug/2026:11:08:06 +0000] "GET /wp-content/uploads/elementor/css/post-3952.css?ver=1787904531 HTTP/1.1" 200 223 "https://uslconsultation.com/team/" "Mozilla/5.0 AppleWebKit/537.36 (KHTML, like Gecko; compatible; GPTBot/1.4; +https://openai.com/gptbot)"
74.7.241.37 - - [30/Aug/2026:11:08:06 +0000] "GET /wp-content/uploads/elementor/css/post-3932.css?ver=1787916768 HTTP/1.1" 200 1684 "https://uslconsultation.com/cases/" "Mozilla/5.0 AppleWebKit/537.36 (KHTML, like Gecko; compatible; GPTBot/1.4; +https://openai.com/gptbot)"
74.7.241.37 - - [30/Aug/2026:11:08:07 +0000] "GET /wp-content/uploads/elementor/css/post-3889.css?ver=1787920473 HTTP/1.1" 200 1608 "https://uslconsultation.com/services/" "Mozilla/5.0 AppleWebKit/537.36 (KHTML, like Gecko; compatible; GPTBot/1.4; +https://openai.com/gptbot)"
72.167.149.90 - - [30/Aug/2026:11:20:35 +0000] "GET /wp-content/uploads/2021/02/Yahya-Alhassan.png HTTP/1.1" 200 522967 "-" "-"
72.167.149.90 - - [30/Aug/2026:11:20:36 +0000] "POST /wp-cron.php?doing_wp_cron=1788088835.6408100128173828125000 HTTP/1.1" 499 0 "-" "WordPress/7.1; https://uslconsultation.com"
66.249.64.174 - - [30/Aug/2026:11:20:36 +0000] "GET /member/yahya/ HTTP/1.1" 200 54352 "-" "Mozilla/5.0 (Linux; Android 6.0.1; Nexus 5X Build/MMB29P) AppleWebKit/537.36 (KHTML, like Gecko) Chrome/151.0.7922.173 Mobile Safari/537.36 (compatible; Googlebot/2.1; +http://www.google.com/bot.html)"
66.249.64.160 - - [30/Aug/2026:11:20:41 +0000] "GET /wp-content/plugins/elementor/assets/css/conditionals/shapes.min.css?ver=4.2.3 HTTP/1.1" 200 300 "https://uslconsultation.com/member/yahya/" "Mozilla/5.0 (Linux; Android 6.0.1; Nexus 5X Build/MMB29P) AppleWebKit/537.36 (KHTML, like Gecko) Chrome/151.0.7922.173 Mobile Safari/537.36 (compatible; Googlebot/2.1; +http://www.google.com/bot.html)"
66.249.64.160 - - [30/Aug/2026:11:20:42 +0000] "GET /wp-content/plugins/revslider/public/css/sr7.css?ver=6.7.39 HTTP/1.1" 200 1581 "https://uslconsultation.com/member/yahya/" "Mozilla/5.0 (Linux; Android 6.0.1; Nexus 5X Build/MMB29P) AppleWebKit/537.36 (KHTML, like Gecko) Chrome/151.0.7922.173 Mobile Safari/537.36 (compatible; Googlebot/2.1; +http://www.google.com/bot.html)"
66.249.64.174 - - [30/Aug/2026:11:20:44 +0000] "GET /wp-content/plugins/translatepress-multilingual/assets/js/trp-frontend-language-switcher.js?ver=3.3.4 HTTP/1.1" 200 4194 "https://uslconsultation.com/member/yahya/" "Mozilla/5.0 (Linux; Android 6.0.1; Nexus 5X Build/MMB29P) AppleWebKit/537.36 (KHTML, like Gecko) Chrome/151.0.7922.173 Mobile Safari/537.36 (compatible; Googlebot/2.1; +http://www.google.com/bot.html)"
66.249.64.174 - - [30/Aug/2026:11:20:46 +0000] "GET /wp-content/plugins/translatepress-multilingual/assets/css/trp-language-switcher-v2.css?ver=3.3.4 HTTP/1.1" 200 2315 "https://uslconsultation.com/member/yahya/" "Mozilla/5.0 (Linux; Android 6.0.1; Nexus 5X Build/MMB29P) AppleWebKit/537.36 (KHTML, like Gecko) Chrome/151.0.7922.173 Mobile Safari/537.36 (compatible; Googlebot/2.1; +http://www.google.com/bot.html)"
66.249.64.174 - - [30/Aug/2026:11:20:47 +0000] "GET /wp-content/plugins/translatepress-multilingual/assets/js/trp-frontend-compatibility.js?ver=3.3.4 HTTP/1.1" 200 396 "https://uslconsultation.com/member/yahya/" "Mozilla/5.0 (Linux; Android 6.0.1; Nexus 5X Build/MMB29P) AppleWebKit/537.36 (KHTML, like Gecko) Chrome/151.0.7922.173 Mobile Safari/537.36 (compatible; Googlebot/2.1; +http://www.google.com/bot.html)"
66.249.64.174 - - [30/Aug/2026:11:20:48 +0000] "GET /wp-content/uploads/elementor/css/post-4038.css?ver=7.7.2 HTTP/1.1" 200 1111 "https://uslconsultation.com/member/yahya/" "Mozilla/5.0 (Linux; Android 6.0.1; Nexus 5X Build/MMB29P) AppleWebKit/537.36 (KHTML, like Gecko) Chrome/151.0.7922.173 Mobile Safari/537.36 (compatible; Googlebot/2.1; +http://www.google.com/bot.html)"
66.249.64.174 - - [30/Aug/2026:11:20:49 +0000] "GET /wp-includes/css/dist/block-library/style.min.css?ver=7.1 HTTP/1.1" 200 19656 "https://uslconsultation.com/member/yahya/" "Mozilla/5.0 (Linux; Android 6.0.1; Nexus 5X Build/MMB29P) AppleWebKit/537.36 (KHTML, like Gecko) Chrome/151.0.7922.173 Mobile Safari/537.36 (compatible; Googlebot/2.1; +http://www.google.com/bot.html)"
66.249.64.161 - - [30/Aug/2026:11:20:51 +0000] "GET /wp-includes/js/dist/i18n.min.js?ver=1dfe7db3940c23ea9216 HTTP/1.1" 200 2506 "https://uslconsultation.com/member/yahya/" "Mozilla/5.0 (Linux; Android 6.0.1; Nexus 5X Build/MMB29P) AppleWebKit/537.36 (KHTML, like Gecko) Chrome/151.0.7922.173 Mobile Safari/537.36 (compatible; Googlebot/2.1; +http://www.google.com/bot.html)"
66.249.64.160 - - [30/Aug/2026:11:20:52 +0000] "GET /wp-content/uploads/elementor/css/custom-frontend.min.css?ver=1785888000 HTTP/1.1" 200 7463 "https://uslconsultation.com/member/yahya/" "Mozilla/5.0 (Linux; Android 6.0.1; Nexus 5X Build/MMB29P) AppleWebKit/537.36 (KHTML, like Gecko) Chrome/151.0.7922.173 Mobile Safari/537.36 (compatible; Googlebot/2.1; +http://www.google.com/bot.html)"
66.249.64.160 - - [30/Aug/2026:11:20:53 +0000] "GET /wp-content/uploads/porto_styles/bootstrap.css?ver=7.7.2 HTTP/1.1" 200 25393 "https://uslconsultation.com/member/yahya/" "Mozilla/5.0 (Linux; Android 6.0.1; Nexus 5X Build/MMB29P) AppleWebKit/537.36 (KHTML, like Gecko) Chrome/151.0.7922.173 Mobile Safari/537.36 (compatible; Googlebot/2.1; +http://www.google.com/bot.html)"
66.249.64.174 - - [30/Aug/2026:11:20:55 +0000] "GET /wp-content/plugins/elementor/assets/lib/animations/styles/fadeIn.min.css?ver=4.2.3 HTTP/1.1" 200 77 "https://uslconsultation.com/member/yahya/" "Mozilla/5.0 (Linux; Android 6.0.1; Nexus 5X Build/MMB29P) AppleWebKit/537.36 (KHTML, like Gecko) Chrome/151.0.7922.173 Mobile Safari/537.36 (compatible; Googlebot/2.1; +http://www.google.com/bot.html)"
66.249.64.160 - - [30/Aug/2026:11:20:56 +0000] "GET /wp-content/plugins/alpus-aprs/plugin-framework/assets/js/framework.min.js?ver=1.2.0 HTTP/1.1" 200 1291 "https://uslconsultation.com/member/yahya/" "Mozilla/5.0 (Linux; Android 6.0.1; Nexus 5X Build/MMB29P) AppleWebKit/537.36 (KHTML, like Gecko) Chrome/151.0.7922.173 Mobile Safari/537.36 (compatible; Googlebot/2.1; +http://www.google.com/bot.html)"
66.249.64.160 - - [30/Aug/2026:11:20:58 +0000] "GET /wp-includes/js/imagesloaded.min.js?ver=5.0.0 HTTP/1.1" 200 1824 "https://uslconsultation.com/member/yahya/" "Mozilla/5.0 (Linux; Android 6.0.1; Nexus 5X Build/MMB29P) AppleWebKit/537.36 (KHTML, like Gecko) Chrome/151.0.7922.173 Mobile Safari/537.36 (compatible; Googlebot/2.1; +http://www.google.com/bot.html)"
66.249.64.160 - - [30/Aug/2026:11:20:59 +0000] "GET /wp-content/plugins/woocommerce/assets/js/jquery-blockui/jquery.blockUI.min.js?ver=2.7.0-wc.11.0.1 HTTP/1.1" 200 3559 "https://uslconsultation.com/member/yahya/" "Mozilla/5.0 (Linux; Android 6.0.1; Nexus 5X Build/MMB29P) AppleWebKit/537.36 (KHTML, like Gecko) Chrome/151.0.7922.173 Mobile Safari/537.36 (compatible; Googlebot/2.1; +http://www.google.com/bot.html)"
66.249.64.174 - - [30/Aug/2026:11:21:00 +0000] "GET /wp-content/plugins/elementor/assets/js/frontend-modules.min.js?ver=4.2.3 HTTP/1.1" 200 16189 "https://uslconsultation.com/member/yahya/" "Mozilla/5.0 (Linux; Android 6.0.1; Nexus 5X Build/MMB29P) AppleWebKit/537.36 (KHTML, like Gecko) Chrome/151.0.7922.173 Mobile Safari/537.36 (compatible; Googlebot/2.1; +http://www.google.com/bot.html)"
66.249.64.174 - - [30/Aug/2026:11:21:02 +0000] "GET /wp-content/themes/porto/js/member-async.min.js?ver=7.7.2 HTTP/1.1" 200 1057 "https://uslconsultation.com/member/yahya/" "Mozilla/5.0 (Linux; Android 6.0.1; Nexus 5X Build/MMB29P) AppleWebKit/537.36 (KHTML, like Gecko) Chrome/151.0.7922.173 Mobile Safari/537.36 (compatible; Googlebot/2.1; +http://www.google.com/bot.html)"
66.249.64.160 - - [30/Aug/2026:11:21:03 +0000] "GET /wp-content/plugins/woocommerce/assets/js/jquery-cookie/jquery.cookie.min.js?ver=1.4.1-wc.11.0.1 HTTP/1.1" 200 781 "https://uslconsultation.com/member/yahya/" "Mozilla/5.0 (Linux; Android 6.0.1; Nexus 5X Build/MMB29P) AppleWebKit/537.36 (KHTML, like Gecko) Chrome/151.0.7922.173 Mobile Safari/537.36 (compatible; Googlebot/2.1; +http://www.google.com/bot.html)"
66.249.64.174 - - [30/Aug/2026:11:21:04 +0000] "GET /wp-content/plugins/alpus-aprs/assets/js/alpus-aprs-frontend.min.js?ver=2.2.0 HTTP/1.1" 200 647 "https://uslconsultation.com/member/yahya/" "Mozilla/5.0 (Linux; Android 6.0.1; Nexus 5X Build/MMB29P) AppleWebKit/537.36 (KHTML, like Gecko) Chrome/151.0.7922.173 Mobile Safari/537.36 (compatible; Googlebot/2.1; +http://www.google.com/bot.html)"
66.249.64.160 - - [30/Aug/2026:11:21:06 +0000] "GET /wp-content/plugins/woocommerce/assets/js/sourcebuster/sourcebuster.min.js?ver=11.0.1 HTTP/1.1" 200 4830 "https://uslconsultation.com/member/yahya/" "Mozilla/5.0 (Linux; Android 6.0.1; Nexus 5X Build/MMB29P) AppleWebKit/537.36 (KHTML, like Gecko) Chrome/151.0.7922.173 Mobile Safari/537.36 (compatible; Googlebot/2.1; +http://www.google.com/bot.html)"
66.249.64.174 - - [30/Aug/2026:11:21:07 +0000] "GET /wp-content/plugins/cookieadmin/assets/images/cookieadmin_icon.svg HTTP/1.1" 200 334 "https://uslconsultation.com/member/yahya/" "Mozilla/5.0 (Linux; Android 6.0.1; Nexus 5X Build/MMB29P) AppleWebKit/537.36 (KHTML, like Gecko) Chrome/151.0.7922.173 Mobile Safari/537.36 (compatible; Googlebot/2.1; +http://www.google.com/bot.html)"
66.249.64.174 - - [30/Aug/2026:11:21:08 +0000] "GET /wp-content/themes/porto/js/libs/jquery.magnific-popup.min.js?ver=1.1.0 HTTP/1.1" 200 7382 "https://uslconsultation.com/member/yahya/" "Mozilla/5.0 (Linux; Android 6.0.1; Nexus 5X Build/MMB29P) AppleWebKit/537.36 (KHTML, like Gecko) Chrome/151.0.7922.173 Mobile Safari/537.36 (compatible; Googlebot/2.1; +http://www.google.com/bot.html)"
66.249.64.174 - - [30/Aug/2026:11:21:10 +0000] "GET /wp-content/plugins/woocommerce/assets/js/js-cookie/js.cookie.min.js?ver=2.1.4-wc.11.0.1 HTTP/1.1" 200 845 "https://uslconsultation.com/member/yahya/" "Mozilla/5.0 (Linux; Android 6.0.1; Nexus 5X Build/MMB29P) AppleWebKit/537.36 (KHTML, like Gecko) Chrome/151.0.7922.173 Mobile Safari/537.36 (compatible; Googlebot/2.1; +http://www.google.com/bot.html)"
66.249.64.174 - - [30/Aug/2026:11:21:14 +0000] "GET /wp-content/plugins/translatepress-multilingual/assets/flags/4x3/en_US.svg HTTP/1.1" 200 345 "https://uslconsultation.com/member/yahya/" "Mozilla/5.0 (Linux; Android 6.0.1; Nexus 5X Build/MMB29P) AppleWebKit/537.36 (KHTML, like Gecko) Chrome/151.0.7922.173 Mobile Safari/537.36 (compatible; Googlebot/2.1; +http://www.google.com/bot.html)"
66.249.64.174 - - [30/Aug/2026:11:21:16 +0000] "GET /wp-content/plugins/translatepress-multilingual/assets/flags/4x3/ar.svg HTTP/1.1" 200 4333 "https://uslconsultation.com/member/yahya/" "Mozilla/5.0 (Linux; Android 6.0.1; Nexus 5X Build/MMB29P) AppleWebKit/537.36 (KHTML, like Gecko) Chrome/151.0.7922.173 Mobile Safari/537.36 (compatible; Googlebot/2.1; +http://www.google.com/bot.html)"
163.5.220.52 - - [30/Aug/2026:11:25:20 +0000] "GET /wp-content/uploads/2021/02/background-woman-400x459.png HTTP/1.1" 200 239677 "-" "Mozilla/5.0 (compatible; crawler)"
72.167.149.90 - - [30/Aug/2026:11:36:34 +0000] "POST /wp-cron.php?doing_wp_cron=1788089793.3606259822845458984375 HTTP/1.1" 499 0 "-" "WordPress/7.1; https://uslconsultation.com"
216.73.217.6 - - [30/Aug/2026:11:36:34 +0000] "GET /robots.txt HTTP/1.1" 200 124 "-" "Mozilla/5.0 AppleWebKit/537.36 (KHTML, like Gecko; compatible; ClaudeBot/1.0; +claudebot@anthropic.com)"
216.73.217.6 - - [30/Aug/2026:11:36:36 +0000] "GET /sitemaps.xml HTTP/1.1" 200 285 "-" "Mozilla/5.0 AppleWebKit/537.36 (KHTML, like Gecko; compatible; ClaudeBot/1.0; +claudebot@anthropic.com)"
72.167.149.90 - - [30/Aug/2026:11:46:31 +0000] "POST /wp-cron.php?doing_wp_cron=1788090390.5240159034729003906250 HTTP/1.1" 499 0 "-" "WordPress/7.1; https://uslconsultation.com"
178.83.181.31 - - [30/Aug/2026:11:46:31 +0000] "GET / HTTP/1.1" 200 68912 "-" "Mozilla/5.0 (Windows NT 10.0; Win64; x64) AppleWebKit/537.36 (KHTML, like Gecko) Chrome/126.0.0.0 Safari/537.36"
178.83.181.31 - - [30/Aug/2026:11:46:35 +0000] "GET /ar/ HTTP/1.1" 200 90999 "-" "Mozilla/5.0 (Windows NT 10.0; Win64; x64) AppleWebKit/537.36 (KHTML, like Gecko) Chrome/126.0.0.0 Safari/537.36"
178.83.181.31 - - [30/Aug/2026:11:46:38 +0000] "POST /wp-admin/admin-ajax.php HTTP/1.1" 400 11 "-" "Mozilla/5.0 (Windows NT 10.0; Win64; x64) AppleWebKit/537.36 (KHTML, like Gecko) Chrome/126.0.0.0 Safari/537.36"
178.83.181.31 - - [30/Aug/2026:11:46:41 +0000] "GET /wp-json/wp/v2/users?per_page=100 HTTP/1.1" 200 678 "-" "Mozilla/5.0 (Windows NT 10.0; Win64; x64) AppleWebKit/537.36 (KHTML, like Gecko) Chrome/126.0.0.0 Safari/537.36"
178.83.181.31 - - [30/Aug/2026:11:46:43 +0000] "GET /?author=1 HTTP/1.1" 301 5 "-" "Mozilla/5.0 (Windows NT 10.0; Win64; x64) AppleWebKit/537.36 (KHTML, like Gecko) Chrome/126.0.0.0 Safari/537.36"
178.83.181.31 - - [30/Aug/2026:11:46:47 +0000] "GET /?author=2 HTTP/1.1" 200 53851 "-" "Mozilla/5.0 (Windows NT 10.0; Win64; x64) AppleWebKit/537.36 (KHTML, like Gecko) Chrome/126.0.0.0 Safari/537.36"
178.83.181.31 - - [30/Aug/2026:11:46:51 +0000] "GET /?author=3 HTTP/1.1" 404 50934 "-" "Mozilla/5.0 (Windows NT 10.0; Win64; x64) AppleWebKit/537.36 (KHTML, like Gecko) Chrome/126.0.0.0 Safari/537.36"
178.83.181.31 - - [30/Aug/2026:11:46:54 +0000] "GET /?author=4 HTTP/1.1" 404 50934 "-" "Mozilla/5.0 (Windows NT 10.0; Win64; x64) AppleWebKit/537.36 (KHTML, like Gecko) Chrome/126.0.0.0 Safari/537.36"
178.83.181.31 - - [30/Aug/2026:11:46:57 +0000] "GET /?author=5 HTTP/1.1" 404 50934 "-" "Mozilla/5.0 (Windows NT 10.0; Win64; x64) AppleWebKit/537.36 (KHTML, like Gecko) Chrome/126.0.0.0 Safari/537.36"
178.83.181.31 - - [30/Aug/2026:11:47:00 +0000] "GET /?author=6 HTTP/1.1" 404 50935 "-" "Mozilla/5.0 (Windows NT 10.0; Win64; x64) AppleWebKit/537.36 (KHTML, like Gecko) Chrome/126.0.0.0 Safari/537.36"
72.167.149.90 - - [30/Aug/2026:11:47:05 +0000] "POST /wp-cron.php?doing_wp_cron=1788090424.9101240634918212890625 HTTP/1.1" 499 0 "-" "WordPress/7.1; https://uslconsultation.com"
178.83.181.31 - - [30/Aug/2026:11:47:06 +0000] "GET /?author=7 HTTP/1.1" 404 50935 "-" "Mozilla/5.0 (Windows NT 10.0; Win64; x64) AppleWebKit/537.36 (KHTML, like Gecko) Chrome/126.0.0.0 Safari/537.36"
178.83.181.31 - - [30/Aug/2026:11:47:09 +0000] "GET /?author=8 HTTP/1.1" 404 50934 "-" "Mozilla/5.0 (Windows NT 10.0; Win64; x64) AppleWebKit/537.36 (KHTML, like Gecko) Chrome/126.0.0.0 Safari/537.36"
178.83.181.31 - - [30/Aug/2026:11:47:12 +0000] "GET /?author=9 HTTP/1.1" 404 50935 "-" "Mozilla/5.0 (Windows NT 10.0; Win64; x64) AppleWebKit/537.36 (KHTML, like Gecko) Chrome/126.0.0.0 Safari/537.36"
178.83.181.31 - - [30/Aug/2026:11:47:15 +0000] "GET /?author=10 HTTP/1.1" 404 50935 "-" "Mozilla/5.0 (Windows NT 10.0; Win64; x64) AppleWebKit/537.36 (KHTML, like Gecko) Chrome/126.0.0.0 Safari/537.36"
178.83.181.31 - - [30/Aug/2026:11:47:18 +0000] "GET /?author=11 HTTP/1.1" 404 50934 "-" "Mozilla/5.0 (Windows NT 10.0; Win64; x64) AppleWebKit/537.36 (KHTML, like Gecko) Chrome/126.0.0.0 Safari/537.36"
178.83.181.31 - - [30/Aug/2026:11:47:22 +0000] "GET /?author=12 HTTP/1.1" 404 50935 "-" "Mozilla/5.0 (Windows NT 10.0; Win64; x64) AppleWebKit/537.36 (KHTML, like Gecko) Chrome/126.0.0.0 Safari/537.36"
72.167.149.90 - - [30/Aug/2026:11:47:26 +0000] "POST /wp-cron.php?doing_wp_cron=1788090445.5058550834655761718750 HTTP/1.1" 499 0 "-" "WordPress/7.1; https://uslconsultation.com"
178.83.181.31 - - [30/Aug/2026:11:47:26 +0000] "GET /?author=13 HTTP/1.1" 404 50936 "-" "Mozilla/5.0 (Windows NT 10.0; Win64; x64) AppleWebKit/537.36 (KHTML, like Gecko) Chrome/126.0.0.0 Safari/537.36"
72.167.149.90 - - [30/Aug/2026:11:47:30 +0000] "POST /wp-cron.php?doing_wp_cron=1788090449.0603148937225341796875 HTTP/1.1" 499 0 "-" "WordPress/7.1; https://uslconsultation.com"
178.83.181.31 - - [30/Aug/2026:11:47:30 +0000] "GET /?author=14 HTTP/1.1" 404 50935 "-" "Mozilla/5.0 (Windows NT 10.0; Win64; x64) AppleWebKit/537.36 (KHTML, like Gecko) Chrome/126.0.0.0 Safari/537.36"
178.83.181.31 - - [30/Aug/2026:11:47:32 +0000] "GET /wp-json/wp/v2/users?per_page=100&page=1&context=embed HTTP/1.1" 200 619 "-" "Mozilla/5.0 (Windows NT 10.0; Win64; x64) AppleWebKit/537.36 (KHTML, like Gecko) Chrome/126.0.0.0 Safari/537.36"
178.83.181.31 - - [30/Aug/2026:11:47:33 +0000] "GET /wp-login.php?action=lostpassword HTTP/1.1" 200 1493 "-" "Mozilla/5.0 (Windows NT 10.0; Win64; x64) AppleWebKit/537.36 (KHTML, like Gecko) Chrome/126.0.0.0 Safari/537.36"
178.83.181.31 - - [30/Aug/2026:11:47:35 +0000] "POST /wp-login.php?action=lostpassword HTTP/1.1" 200 1585 "-" "Mozilla/5.0 (Windows NT 10.0; Win64; x64) AppleWebKit/537.36 (KHTML, like Gecko) Chrome/126.0.0.0 Safari/537.36"
178.83.181.31 - - [30/Aug/2026:11:47:37 +0000] "GET /wp-login.php?action=lostpassword HTTP/1.1" 200 1493 "-" "Mozilla/5.0 (Windows NT 10.0; Win64; x64) AppleWebKit/537.36 (KHTML, like Gecko) Chrome/126.0.0.0 Safari/537.36"
178.83.181.31 - - [30/Aug/2026:11:47:39 +0000] "POST /wp-login.php?action=lostpassword HTTP/1.1" 302 5 "-" "Mozilla/5.0 (Windows NT 10.0; Win64; x64) AppleWebKit/537.36 (KHTML, like Gecko) Chrome/126.0.0.0 Safari/537.36"
178.83.181.31 - - [30/Aug/2026:11:47:41 +0000] "GET /wp-login.php?action=lostpassword HTTP/1.1" 200 1493 "-" "Mozilla/5.0 (Windows NT 10.0; Win64; x64) AppleWebKit/537.36 (KHTML, like Gecko) Chrome/126.0.0.0 Safari/537.36"
178.83.181.31 - - [30/Aug/2026:11:47:44 +0000] "POST /wp-login.php?action=lostpassword HTTP/1.1" 302 5 "-" "Mozilla/5.0 (Windows NT 10.0; Win64; x64) AppleWebKit/537.36 (KHTML, like Gecko) Chrome/126.0.0.0 Safari/537.36"
178.83.181.31 - - [30/Aug/2026:11:47:45 +0000] "GET /wp-login.php?action=lostpassword HTTP/1.1" 200 1493 "-" "Mozilla/5.0 (Windows NT 10.0; Win64; x64) AppleWebKit/537.36 (KHTML, like Gecko) Chrome/126.0.0.0 Safari/537.36"
178.83.181.31 - - [30/Aug/2026:11:47:47 +0000] "POST /wp-login.php?action=lostpassword HTTP/1.1" 200 1577 "-" "Mozilla/5.0 (Windows NT 10.0; Win64; x64) AppleWebKit/537.36 (KHTML, like Gecko) Chrome/126.0.0.0 Safari/537.36"
178.83.181.31 - - [30/Aug/2026:11:47:50 +0000] "POST /wp-content/plugins/translatepress-multilingual/includes/trp-ajax.php HTTP/1.1" 200 31 "-" "Mozilla/5.0 (Windows NT 10.0; Win64; x64) AppleWebKit/537.36 (KHTML, like Gecko) Chrome/126.0.0.0 Safari/537.36"
178.83.181.31 - - [30/Aug/2026:11:47:53 +0000] "POST /wp-content/plugins/translatepress/includes/trp-ajax.php HTTP/1.1" 404 50946 "-" "Mozilla/5.0 (Windows NT 10.0; Win64; x64) AppleWebKit/537.36 (KHTML, like Gecko) Chrome/126.0.0.0 Safari/537.36"
178.83.181.31 - - [30/Aug/2026:11:47:56 +0000] "GET /wp-login.php?action=lostpassword HTTP/1.1" 200 1493 "-" "Mozilla/5.0 (Windows NT 10.0; Win64; x64) AppleWebKit/537.36 (KHTML, like Gecko) Chrome/126.0.0.0 Safari/537.36"
178.83.181.31 - - [30/Aug/2026:11:47:57 +0000] "POST /wp-login.php?action=lostpassword HTTP/1.1" 200 1585 "-" "Mozilla/5.0 (Windows NT 10.0; Win64; x64) AppleWebKit/537.36 (KHTML, like Gecko) Chrome/126.0.0.0 Safari/537.36"
178.83.181.31 - - [30/Aug/2026:11:47:58 +0000] "GET /wp-login.php?action=lostpassword HTTP/1.1" 200 1493 "-" "Mozilla/5.0 (Windows NT 10.0; Win64; x64) AppleWebKit/537.36 (KHTML, like Gecko) Chrome/126.0.0.0 Safari/537.36"
178.83.181.31 - - [30/Aug/2026:11:48:00 +0000] "POST /wp-login.php?action=lostpassword HTTP/1.1" 302 5 "-" "Mozilla/5.0 (Windows NT 10.0; Win64; x64) AppleWebKit/537.36 (KHTML, like Gecko) Chrome/126.0.0.0 Safari/537.36"
72.167.149.90 - - [30/Aug/2026:11:48:04 +0000] "POST /wp-cron.php?doing_wp_cron=1788090483.5954489707946777343750 HTTP/1.1" 499 0 "-" "WordPress/7.1; https://uslconsultation.com"
178.83.181.31 - - [30/Aug/2026:11:48:04 +0000] "GET /wp-login.php?action=lostpassword HTTP/1.1" 200 1493 "-" "Mozilla/5.0 (Windows NT 10.0; Win64; x64) AppleWebKit/537.36 (KHTML, like Gecko) Chrome/126.0.0.0 Safari/537.36"
178.83.181.31 - - [30/Aug/2026:11:48:06 +0000] "POST /wp-login.php?action=lostpassword HTTP/1.1" 302 5 "-" "Mozilla/5.0 (Windows NT 10.0; Win64; x64) AppleWebKit/537.36 (KHTML, like Gecko) Chrome/126.0.0.0 Safari/537.36"
178.83.181.31 - - [30/Aug/2026:11:48:08 +0000] "GET /wp-login.php?action=lostpassword HTTP/1.1" 200 1493 "-" "Mozilla/5.0 (Windows NT 10.0; Win64; x64) AppleWebKit/537.36 (KHTML, like Gecko) Chrome/126.0.0.0 Safari/537.36"
178.83.181.31 - - [30/Aug/2026:11:48:10 +0000] "POST /wp-login.php?action=lostpassword HTTP/1.1" 200 1577 "-" "Mozilla/5.0 (Windows NT 10.0; Win64; x64) AppleWebKit/537.36 (KHTML, like Gecko) Chrome/126.0.0.0 Safari/537.36"
178.83.181.31 - - [30/Aug/2026:11:48:15 +0000] "POST /wp-content/plugins/translatepress-multilingual/includes/trp-ajax.php HTTP/1.1" 200 0 "-" "Mozilla/5.0 (Windows NT 10.0; Win64; x64) AppleWebKit/537.36 (KHTML, like Gecko) Chrome/126.0.0.0 Safari/537.36"
178.83.181.31 - - [30/Aug/2026:11:48:19 +0000] "POST /wp-content/plugins/translatepress/includes/trp-ajax.php HTTP/1.1" 404 50946 "-" "Mozilla/5.0 (Windows NT 10.0; Win64; x64) AppleWebKit/537.36 (KHTML, like Gecko) Chrome/126.0.0.0 Safari/537.36"
178.83.181.31 - - [30/Aug/2026:11:48:21 +0000] "GET /wp-login.php?action=lostpassword HTTP/1.1" 200 1493 "-" "Mozilla/5.0 (Windows NT 10.0; Win64; x64) AppleWebKit/537.36 (KHTML, like Gecko) Chrome/126.0.0.0 Safari/537.36"
178.83.181.31 - - [30/Aug/2026:11:48:23 +0000] "POST /wp-login.php?action=lostpassword HTTP/1.1" 200 1585 "-" "Mozilla/5.0 (Windows NT 10.0; Win64; x64) AppleWebKit/537.36 (KHTML, like Gecko) Chrome/126.0.0.0 Safari/537.36"
178.83.181.31 - - [30/Aug/2026:11:48:25 +0000] "GET /wp-login.php?action=lostpassword HTTP/1.1" 200 1493 "-" "Mozilla/5.0 (Windows NT 10.0; Win64; x64) AppleWebKit/537.36 (KHTML, like Gecko) Chrome/126.0.0.0 Safari/537.36"
178.83.181.31 - - [30/Aug/2026:11:48:27 +0000] "POST /wp-login.php?action=lostpassword HTTP/1.1" 302 5 "-" "Mozilla/5.0 (Windows NT 10.0; Win64; x64) AppleWebKit/537.36 (KHTML, like Gecko) Chrome/126.0.0.0 Safari/537.36"
178.83.181.31 - - [30/Aug/2026:11:48:28 +0000] "GET /wp-login.php?action=lostpassword HTTP/1.1" 200 1493 "-" "Mozilla/5.0 (Windows NT 10.0; Win64; x64) AppleWebKit/537.36 (KHTML, like Gecko) Chrome/126.0.0.0 Safari/537.36"
178.83.181.31 - - [30/Aug/2026:11:48:30 +0000] "POST /wp-login.php?action=lostpassword HTTP/1.1" 302 5 "-" "Mozilla/5.0 (Windows NT 10.0; Win64; x64) AppleWebKit/537.36 (KHTML, like Gecko) Chrome/126.0.0.0 Safari/537.36"
178.83.181.31 - - [30/Aug/2026:11:48:31 +0000] "GET /wp-login.php?action=lostpassword HTTP/1.1" 200 1493 "-" "Mozilla/5.0 (Windows NT 10.0; Win64; x64) AppleWebKit/537.36 (KHTML, like Gecko) Chrome/126.0.0.0 Safari/537.36"
178.83.181.31 - - [30/Aug/2026:11:48:34 +0000] "POST /wp-login.php?action=lostpassword HTTP/1.1" 200 1577 "-" "Mozilla/5.0 (Windows NT 10.0; Win64; x64) AppleWebKit/537.36 (KHTML, like Gecko) Chrome/126.0.0.0 Safari/537.36"
178.83.181.31 - - [30/Aug/2026:11:48:39 +0000] "POST /wp-content/plugins/translatepress-multilingual/includes/trp-ajax.php HTTP/1.1" 200 31 "-" "Mozilla/5.0 (Windows NT 10.0; Win64; x64) AppleWebKit/537.36 (KHTML, like Gecko) Chrome/126.0.0.0 Safari/537.36"
178.83.181.31 - - [30/Aug/2026:11:48:42 +0000] "POST /wp-content/plugins/translatepress/includes/trp-ajax.php HTTP/1.1" 404 50946 "-" "Mozilla/5.0 (Windows NT 10.0; Win64; x64) AppleWebKit/537.36 (KHTML, like Gecko) Chrome/126.0.0.0 Safari/537.36"
43.157.82.252 - - [30/Aug/2026:11:49:16 +0000] "GET / HTTP/1.1" 200 69092 "http://www.uslconsultation.com" "Mozilla/5.0 (iPhone; CPU iPhone OS 13_2_3 like Mac OS X) AppleWebKit/605.1.15 (KHTML, like Gecko) Version/13.0.3 Mobile/15E148 Safari/604.1"
154.197.23.93 - - [30/Aug/2026:12:06:55 +0000] "GET /wp-content/uploads/2025/11/Brand-and-franchise-consulting-services-scaled-e1766398516651-600x400.jpg HTTP/1.1" 200 34924 "-" "Mozilla/5.0 (compatible; crawler)"
72.167.149.90 - - [30/Aug/2026:12:28:51 +0000] "POST /wp-cron.php?doing_wp_cron=1788092930.2128698825836181640625 HTTP/1.1" 499 0 "-" "WordPress/7.1; https://uslconsultation.com"
51.81.164.198 - - [30/Aug/2026:12:28:51 +0000] "GET /member/liam-yasin/feed/ HTTP/1.1" 304 0 "-" "Mozilla/5.0 (compatible; AhrefsBot/7.0; +http://ahrefs.com/robot/)"
72.167.149.90 - - [30/Aug/2026:12:37:25 +0000] "POST /wp-cron.php?doing_wp_cron=1788093444.6617739200592041015625 HTTP/1.1" 499 0 "-" "WordPress/7.1; https://uslconsultation.com"
199.45.155.89 - - [30/Aug/2026:12:37:25 +0000] "GET / HTTP/1.1" 301 5 "-" "Mozilla/5.0 (compatible; CensysInspect/1.1; +https://about.censys.io/)"
199.45.155.89 - - [30/Aug/2026:12:37:35 +0000] "GET / HTTP/1.1" 200 68912 "-" "Mozilla/5.0 (compatible; CensysInspect/1.1; +https://about.censys.io/)"
199.45.155.89 - - [30/Aug/2026:12:37:53 +0000] "GET /wp-content/uploads/2025/11/USL-NEW-May-2023-Gray.png HTTP/1.1" 200 18612 "-" "Mozilla/5.0 (compatible; CensysInspect/1.1; +https://about.censys.io/)"
199.45.155.89 - - [30/Aug/2026:12:37:55 +0000] "GET /wp-content/uploads/2025/11/cropped-USL-NEW-May-2023-Gray-32x32.png HTTP/1.1" 200 1321 "-" "Mozilla/5.0 (compatible; CensysInspect/1.1; +https://about.censys.io/)"
72.167.149.90 - - [30/Aug/2026:13:03:40 +0000] "POST /wp-cron.php?doing_wp_cron=1788095019.1268599033355712890625 HTTP/1.1" 499 0 "-" "WordPress/7.1; https://uslconsultation.com"
39.101.92.227 - - [30/Aug/2026:13:03:40 +0000] "GET /sitemaps.xml HTTP/1.1" 200 283 "-" "Mozilla/5.0 (Macintosh; Intel Mac OS X 10_15_7) AppleWebKit/537.36 (KHTML, like Gecko) Chrome/148.0.0.0 Safari/537.36"
39.101.93.151 - - [30/Aug/2026:13:03:42 +0000] "GET /page-sitemap.xml HTTP/1.1" 200 544 "-" "Mozilla/5.0 (Macintosh; Intel Mac OS X 10_15_7) AppleWebKit/537.36 (KHTML, like Gecko) Chrome/141.0.0.0 Safari/537.36"
72.167.149.90 - - [30/Aug/2026:13:08:40 +0000] "POST /wp-cron.php?doing_wp_cron=1788095319.6683750152587890625000 HTTP/1.1" 499 0 "-" "WordPress/7.1; https://uslconsultation.com"
57.141.14.62 - - [30/Aug/2026:13:08:40 +0000] "GET /contact-us/ HTTP/1.1" 200 54031 "-" "Mozilla/5.0 (Macintosh; Intel Mac OS X 10_15_7) AppleWebKit/537.36 (KHTML, like Gecko) Chrome/145.0.0.0 Safari/537.36 (compatible; meta-externalagent/1.1 (+https://developers.facebook.com/docs/sharing/webmasters/crawler))"
72.167.149.90 - - [30/Aug/2026:13:14:39 +0000] "POST /wp-cron.php?doing_wp_cron=1788095678.9235711097717285156250 HTTP/1.1" 499 0 "-" "WordPress/7.1; https://uslconsultation.com"
40.77.167.48 - - [30/Aug/2026:13:14:39 +0000] "GET /sitemaps.xml HTTP/1.1" 200 282 "-" "Mozilla/5.0 AppleWebKit/537.36 (KHTML, like Gecko; compatible; bingbot/2.0; +http://www.bing.com/bingbot.htm) Chrome/116.0.1938.76 Safari/537.36"
72.167.149.90 - - [30/Aug/2026:13:16:59 +0000] "POST /wp-cron.php?doing_wp_cron=1788095818.7860980033874511718750 HTTP/1.1" 499 0 "-" "WordPress/7.1; https://uslconsultation.com"
40.77.167.48 - - [30/Aug/2026:13:16:59 +0000] "GET /sitemaps.xml HTTP/1.1" 200 281 "-" "Mozilla/5.0 AppleWebKit/537.36 (KHTML, like Gecko; compatible; bingbot/2.0; +http://www.bing.com/bingbot.htm) Chrome/116.0.1938.76 Safari/537.36"
72.167.149.90 - - [30/Aug/2026:13:22:28 +0000] "POST /wp-cron.php?doing_wp_cron=1788096147.3368198871612548828125 HTTP/1.1" 499 0 "-" "WordPress/7.1; https://uslconsultation.com"
45.88.138.60 - - [30/Aug/2026:13:22:28 +0000] "GET / HTTP/1.1" 200 68914 "-" "Mozilla/5.0 (Windows NT 10.0; Win64; x64) AppleWebKit/537.36 (KHTML, like Gecko) Chrome/126.0.0.0 Safari/537.36"
45.88.138.60 - - [30/Aug/2026:13:22:36 +0000] "GET /ar/ HTTP/1.1" 200 91001 "-" "Mozilla/5.0 (Windows NT 10.0; Win64; x64) AppleWebKit/537.36 (KHTML, like Gecko) Chrome/126.0.0.0 Safari/537.36"
45.88.138.60 - - [30/Aug/2026:13:22:38 +0000] "POST /wp-admin/admin-ajax.php HTTP/1.1" 400 11 "-" "Mozilla/5.0 (Windows NT 10.0; Win64; x64) AppleWebKit/537.36 (KHTML, like Gecko) Chrome/126.0.0.0 Safari/537.36"
45.88.138.60 - - [30/Aug/2026:13:22:41 +0000] "GET /wp-json/wp/v2/users?per_page=100 HTTP/1.1" 200 678 "-" "Mozilla/5.0 (Windows NT 10.0; Win64; x64) AppleWebKit/537.36 (KHTML, like Gecko) Chrome/126.0.0.0 Safari/537.36"
45.88.138.60 - - [30/Aug/2026:13:22:44 +0000] "GET /?author=1 HTTP/1.1" 301 5 "-" "Mozilla/5.0 (Windows NT 10.0; Win64; x64) AppleWebKit/537.36 (KHTML, like Gecko) Chrome/126.0.0.0 Safari/537.36"
45.88.138.60 - - [30/Aug/2026:13:22:46 +0000] "GET /?author=2 HTTP/1.1" 200 53852 "-" "Mozilla/5.0 (Windows NT 10.0; Win64; x64) AppleWebKit/537.36 (KHTML, like Gecko) Chrome/126.0.0.0 Safari/537.36"
45.88.138.60 - - [30/Aug/2026:13:22:50 +0000] "GET /?author=3 HTTP/1.1" 404 50934 "-" "Mozilla/5.0 (Windows NT 10.0; Win64; x64) AppleWebKit/537.36 (KHTML, like Gecko) Chrome/126.0.0.0 Safari/537.36"
45.88.138.60 - - [30/Aug/2026:13:22:54 +0000] "GET /?author=4 HTTP/1.1" 404 50934 "-" "Mozilla/5.0 (Windows NT 10.0; Win64; x64) AppleWebKit/537.36 (KHTML, like Gecko) Chrome/126.0.0.0 Safari/537.36"
45.88.138.60 - - [30/Aug/2026:13:22:59 +0000] "GET /?author=5 HTTP/1.1" 404 50934 "-" "Mozilla/5.0 (Windows NT 10.0; Win64; x64) AppleWebKit/537.36 (KHTML, like Gecko) Chrome/126.0.0.0 Safari/537.36"
72.167.149.90 - - [30/Aug/2026:13:23:03 +0000] "POST /wp-cron.php?doing_wp_cron=1788096182.7505559921264648437500 HTTP/1.1" 499 0 "-" "WordPress/7.1; https://uslconsultation.com"
45.88.138.60 - - [30/Aug/2026:13:23:03 +0000] "GET /?author=6 HTTP/1.1" 404 50934 "-" "Mozilla/5.0 (Windows NT 10.0; Win64; x64) AppleWebKit/537.36 (KHTML, like Gecko) Chrome/126.0.0.0 Safari/537.36"
45.88.138.60 - - [30/Aug/2026:13:23:09 +0000] "GET /?author=7 HTTP/1.1" 404 50934 "-" "Mozilla/5.0 (Windows NT 10.0; Win64; x64) AppleWebKit/537.36 (KHTML, like Gecko) Chrome/126.0.0.0 Safari/537.36"
45.88.138.60 - - [30/Aug/2026:13:23:13 +0000] "GET /?author=8 HTTP/1.1" 404 50934 "-" "Mozilla/5.0 (Windows NT 10.0; Win64; x64) AppleWebKit/537.36 (KHTML, like Gecko) Chrome/126.0.0.0 Safari/537.36"
45.88.138.60 - - [30/Aug/2026:13:23:19 +0000] "GET /?author=9 HTTP/1.1" 404 50934 "-" "Mozilla/5.0 (Windows NT 10.0; Win64; x64) AppleWebKit/537.36 (KHTML, like Gecko) Chrome/126.0.0.0 Safari/537.36"
45.88.138.60 - - [30/Aug/2026:13:23:30 +0000] "GET /?author=10 HTTP/1.1" 404 50935 "-" "Mozilla/5.0 (Windows NT 10.0; Win64; x64) AppleWebKit/537.36 (KHTML, like Gecko) Chrome/126.0.0.0 Safari/537.36"
45.88.138.60 - - [30/Aug/2026:13:23:35 +0000] "GET /?author=11 HTTP/1.1" 404 50934 "-" "Mozilla/5.0 (Windows NT 10.0; Win64; x64) AppleWebKit/537.36 (KHTML, like Gecko) Chrome/126.0.0.0 Safari/537.36"
45.88.138.60 - - [30/Aug/2026:13:23:40 +0000] "GET /?author=12 HTTP/1.1" 404 50935 "-" "Mozilla/5.0 (Windows NT 10.0; Win64; x64) AppleWebKit/537.36 (KHTML, like Gecko) Chrome/126.0.0.0 Safari/537.36"
45.88.138.60 - - [30/Aug/2026:13:23:44 +0000] "GET /?author=13 HTTP/1.1" 404 50935 "-" "Mozilla/5.0 (Windows NT 10.0; Win64; x64) AppleWebKit/537.36 (KHTML, like Gecko) Chrome/126.0.0.0 Safari/537.36"
45.88.138.60 - - [30/Aug/2026:13:23:48 +0000] "GET /?author=14 HTTP/1.1" 404 50935 "-" "Mozilla/5.0 (Windows NT 10.0; Win64; x64) AppleWebKit/537.36 (KHTML, like Gecko) Chrome/126.0.0.0 Safari/537.36"
45.88.138.60 - - [30/Aug/2026:13:23:52 +0000] "GET /wp-json/wp/v2/users?per_page=100&page=1&context=embed HTTP/1.1" 200 619 "-" "Mozilla/5.0 (Windows NT 10.0; Win64; x64) AppleWebKit/537.36 (KHTML, like Gecko) Chrome/126.0.0.0 Safari/537.36"
45.88.138.60 - - [30/Aug/2026:13:23:53 +0000] "GET /wp-login.php?action=lostpassword HTTP/1.1" 200 1493 "-" "Mozilla/5.0 (Windows NT 10.0; Win64; x64) AppleWebKit/537.36 (KHTML, like Gecko) Chrome/126.0.0.0 Safari/537.36"
45.88.138.60 - - [30/Aug/2026:13:23:55 +0000] "POST /wp-login.php?action=lostpassword HTTP/1.1" 200 1577 "-" "Mozilla/5.0 (Windows NT 10.0; Win64; x64) AppleWebKit/537.36 (KHTML, like Gecko) Chrome/126.0.0.0 Safari/537.36"
45.88.138.60 - - [30/Aug/2026:13:23:57 +0000] "GET /wp-login.php?action=lostpassword HTTP/1.1" 200 1493 "-" "Mozilla/5.0 (Windows NT 10.0; Win64; x64) AppleWebKit/537.36 (KHTML, like Gecko) Chrome/126.0.0.0 Safari/537.36"
45.88.138.60 - - [30/Aug/2026:13:23:59 +0000] "POST /wp-login.php?action=lostpassword HTTP/1.1" 302 5 "-" "Mozilla/5.0 (Windows NT 10.0; Win64; x64) AppleWebKit/537.36 (KHTML, like Gecko) Chrome/126.0.0.0 Safari/537.36"
72.167.149.90 - - [30/Aug/2026:13:24:03 +0000] "POST /wp-cron.php?doing_wp_cron=1788096242.2988269329071044921875 HTTP/1.1" 499 0 "-" "WordPress/7.1; https://uslconsultation.com"
45.88.138.60 - - [30/Aug/2026:13:24:03 +0000] "GET /wp-login.php?action=lostpassword HTTP/1.1" 200 1493 "-" "Mozilla/5.0 (Windows NT 10.0; Win64; x64) AppleWebKit/537.36 (KHTML, like Gecko) Chrome/126.0.0.0 Safari/537.36"
45.88.138.60 - - [30/Aug/2026:13:24:06 +0000] "POST /wp-login.php?action=lostpassword HTTP/1.1" 200 1585 "-" "Mozilla/5.0 (Windows NT 10.0; Win64; x64) AppleWebKit/537.36 (KHTML, like Gecko) Chrome/126.0.0.0 Safari/537.36"
45.88.138.60 - - [30/Aug/2026:13:24:09 +0000] "GET /wp-login.php?action=lostpassword HTTP/1.1" 200 1493 "-" "Mozilla/5.0 (Windows NT 10.0; Win64; x64) AppleWebKit/537.36 (KHTML, like Gecko) Chrome/126.0.0.0 Safari/537.36"
45.88.138.60 - - [30/Aug/2026:13:24:11 +0000] "POST /wp-login.php?action=lostpassword HTTP/1.1" 302 5 "-" "Mozilla/5.0 (Windows NT 10.0; Win64; x64) AppleWebKit/537.36 (KHTML, like Gecko) Chrome/126.0.0.0 Safari/537.36"
45.88.138.60 - - [30/Aug/2026:13:24:15 +0000] "POST /wp-content/plugins/translatepress-multilingual/includes/trp-ajax.php HTTP/1.1" 200 31 "-" "Mozilla/5.0 (Windows NT 10.0; Win64; x64) AppleWebKit/537.36 (KHTML, like Gecko) Chrome/126.0.0.0 Safari/537.36"
45.88.138.60 - - [30/Aug/2026:13:24:20 +0000] "POST /wp-content/plugins/translatepress/includes/trp-ajax.php HTTP/1.1" 404 50946 "-" "Mozilla/5.0 (Windows NT 10.0; Win64; x64) AppleWebKit/537.36 (KHTML, like Gecko) Chrome/126.0.0.0 Safari/537.36"
45.88.138.60 - - [30/Aug/2026:13:24:24 +0000] "GET /wp-login.php?action=lostpassword HTTP/1.1" 200 1493 "-" "Mozilla/5.0 (Windows NT 10.0; Win64; x64) AppleWebKit/537.36 (KHTML, like Gecko) Chrome/126.0.0.0 Safari/537.36"
45.88.138.60 - - [30/Aug/2026:13:24:26 +0000] "POST /wp-login.php?action=lostpassword HTTP/1.1" 200 1577 "-" "Mozilla/5.0 (Windows NT 10.0; Win64; x64) AppleWebKit/537.36 (KHTML, like Gecko) Chrome/126.0.0.0 Safari/537.36"
45.88.138.60 - - [30/Aug/2026:13:24:28 +0000] "GET /wp-login.php?action=lostpassword HTTP/1.1" 200 1493 "-" "Mozilla/5.0 (Windows NT 10.0; Win64; x64) AppleWebKit/537.36 (KHTML, like Gecko) Chrome/126.0.0.0 Safari/537.36"
45.88.138.60 - - [30/Aug/2026:13:24:31 +0000] "POST /wp-login.php?action=lostpassword HTTP/1.1" 302 5 "-" "Mozilla/5.0 (Windows NT 10.0; Win64; x64) AppleWebKit/537.36 (KHTML, like Gecko) Chrome/126.0.0.0 Safari/537.36"
45.88.138.60 - - [30/Aug/2026:13:24:33 +0000] "GET /wp-login.php?action=lostpassword HTTP/1.1" 200 1493 "-" "Mozilla/5.0 (Windows NT 10.0; Win64; x64) AppleWebKit/537.36 (KHTML, like Gecko) Chrome/126.0.0.0 Safari/537.36"
45.88.138.60 - - [30/Aug/2026:13:24:36 +0000] "POST /wp-login.php?action=lostpassword HTTP/1.1" 200 1585 "-" "Mozilla/5.0 (Windows NT 10.0; Win64; x64) AppleWebKit/537.36 (KHTML, like Gecko) Chrome/126.0.0.0 Safari/537.36"
45.88.138.60 - - [30/Aug/2026:13:24:39 +0000] "GET /wp-login.php?action=lostpassword HTTP/1.1" 200 1493 "-" "Mozilla/5.0 (Windows NT 10.0; Win64; x64) AppleWebKit/537.36 (KHTML, like Gecko) Chrome/126.0.0.0 Safari/537.36"
45.88.138.60 - - [30/Aug/2026:13:24:41 +0000] "POST /wp-login.php?action=lostpassword HTTP/1.1" 302 5 "-" "Mozilla/5.0 (Windows NT 10.0; Win64; x64) AppleWebKit/537.36 (KHTML, like Gecko) Chrome/126.0.0.0 Safari/537.36"
45.88.138.60 - - [30/Aug/2026:13:24:46 +0000] "POST /wp-content/plugins/translatepress-multilingual/includes/trp-ajax.php HTTP/1.1" 200 31 "-" "Mozilla/5.0 (Windows NT 10.0; Win64; x64) AppleWebKit/537.36 (KHTML, like Gecko) Chrome/126.0.0.0 Safari/537.36"
45.88.138.60 - - [30/Aug/2026:13:24:49 +0000] "POST /wp-content/plugins/translatepress/includes/trp-ajax.php HTTP/1.1" 404 50946 "-" "Mozilla/5.0 (Windows NT 10.0; Win64; x64) AppleWebKit/537.36 (KHTML, like Gecko) Chrome/126.0.0.0 Safari/537.36"
45.88.138.60 - - [30/Aug/2026:13:24:51 +0000] "GET /wp-login.php?action=lostpassword HTTP/1.1" 200 1493 "-" "Mozilla/5.0 (Windows NT 10.0; Win64; x64) AppleWebKit/537.36 (KHTML, like Gecko) Chrome/126.0.0.0 Safari/537.36"
45.88.138.60 - - [30/Aug/2026:13:24:53 +0000] "POST /wp-login.php?action=lostpassword HTTP/1.1" 200 1577 "-" "Mozilla/5.0 (Windows NT 10.0; Win64; x64) AppleWebKit/537.36 (KHTML, like Gecko) Chrome/126.0.0.0 Safari/537.36"
45.88.138.60 - - [30/Aug/2026:13:24:56 +0000] "GET /wp-login.php?action=lostpassword HTTP/1.1" 200 1493 "-" "Mozilla/5.0 (Windows NT 10.0; Win64; x64) AppleWebKit/537.36 (KHTML, like Gecko) Chrome/126.0.0.0 Safari/537.36"
45.88.138.60 - - [30/Aug/2026:13:24:59 +0000] "POST /wp-login.php?action=lostpassword HTTP/1.1" 302 5 "-" "Mozilla/5.0 (Windows NT 10.0; Win64; x64) AppleWebKit/537.36 (KHTML, like Gecko) Chrome/126.0.0.0 Safari/537.36"
72.167.149.90 - - [30/Aug/2026:13:25:02 +0000] "POST /wp-cron.php?doing_wp_cron=1788096301.7256600856781005859375 HTTP/1.1" 499 0 "-" "WordPress/7.1; https://uslconsultation.com"
45.88.138.60 - - [30/Aug/2026:13:25:02 +0000] "GET /wp-login.php?action=lostpassword HTTP/1.1" 200 1493 "-" "Mozilla/5.0 (Windows NT 10.0; Win64; x64) AppleWebKit/537.36 (KHTML, like Gecko) Chrome/126.0.0.0 Safari/537.36"
45.88.138.60 - - [30/Aug/2026:13:25:06 +0000] "POST /wp-login.php?action=lostpassword HTTP/1.1" 200 1585 "-" "Mozilla/5.0 (Windows NT 10.0; Win64; x64) AppleWebKit/537.36 (KHTML, like Gecko) Chrome/126.0.0.0 Safari/537.36"
45.88.138.60 - - [30/Aug/2026:13:25:09 +0000] "GET /wp-login.php?action=lostpassword HTTP/1.1" 200 1493 "-" "Mozilla/5.0 (Windows NT 10.0; Win64; x64) AppleWebKit/537.36 (KHTML, like Gecko) Chrome/126.0.0.0 Safari/537.36"
45.88.138.60 - - [30/Aug/2026:13:25:12 +0000] "POST /wp-login.php?action=lostpassword HTTP/1.1" 302 5 "-" "Mozilla/5.0 (Windows NT 10.0; Win64; x64) AppleWebKit/537.36 (KHTML, like Gecko) Chrome/126.0.0.0 Safari/537.36"
45.88.138.60 - - [30/Aug/2026:13:25:17 +0000] "POST /wp-content/plugins/translatepress-multilingual/includes/trp-ajax.php HTTP/1.1" 200 31 "-" "Mozilla/5.0 (Windows NT 10.0; Win64; x64) AppleWebKit/537.36 (KHTML, like Gecko) Chrome/126.0.0.0 Safari/537.36"
45.88.138.60 - - [30/Aug/2026:13:25:20 +0000] "POST /wp-content/plugins/translatepress/includes/trp-ajax.php HTTP/1.1" 404 50946 "-" "Mozilla/5.0 (Windows NT 10.0; Win64; x64) AppleWebKit/537.36 (KHTML, like Gecko) Chrome/126.0.0.0 Safari/537.36"
72.167.149.90 - - [30/Aug/2026:13:39:34 +0000] "POST /wp-cron.php?doing_wp_cron=1788097173.1207039356231689453125 HTTP/1.1" 499 0 "-" "WordPress/7.1; https://uslconsultation.com"
216.73.217.6 - - [30/Aug/2026:13:39:34 +0000] "GET /robots.txt HTTP/1.1" 200 124 "-" "Mozilla/5.0 AppleWebKit/537.36 (KHTML, like Gecko; compatible; ClaudeBot/1.0; +claudebot@anthropic.com)"
216.73.217.6 - - [30/Aug/2026:13:39:36 +0000] "GET /sitemaps.xml HTTP/1.1" 200 283 "-" "Mozilla/5.0 AppleWebKit/537.36 (KHTML, like Gecko; compatible; ClaudeBot/1.0; +claudebot@anthropic.com)"
72.167.149.90 - - [30/Aug/2026:13:41:46 +0000] "POST /wp-cron.php?doing_wp_cron=1788097305.6686871051788330078125 HTTP/1.1" 499 0 "-" "WordPress/7.1; https://uslconsultation.com"
57.141.14.63 - - [30/Aug/2026:13:41:46 +0000] "GET /sitemaps.xml HTTP/1.1" 200 283 "-" "Mozilla/5.0 (Macintosh; Intel Mac OS X 10_15_7) AppleWebKit/537.36 (KHTML, like Gecko) Chrome/145.0.0.0 Safari/537.36 (compatible; meta-webindexer/1.1 (+https://developers.facebook.com/docs/sharing/webmasters/crawler))"
160.153.252.100 - - [30/Aug/2026:13:56:42 +0000] "GET /wp-login.php HTTP/1.1" 499 0 "-" "160.153.252.100"
72.167.149.90 - - [30/Aug/2026:13:56:43 +0000] "POST /wp-cron.php?doing_wp_cron=1788098202.3067889213562011718750 HTTP/1.1" 499 0 "-" "WordPress/7.1; https://uslconsultation.com"
160.153.252.100 - beso4u [30/Aug/2026:13:56:51 +0000] "GET /wp-json/wp/v2/users/me HTTP/1.1" 401 107 "-" "160.153.252.100"
86.54.25.131 - - [30/Aug/2026:13:57:52 +0000] "GET /wp-content/plugins/translatepress-multilingual/readme.txt HTTP/1.1" 200 4865 "-" "Mozilla/5.0 (Windows NT 10.0; Win64; x64) AppleWebKit/537.36 (KHTML, like Gecko) Chrome/120.0.0.0 Safari/537.36"
72.167.149.90 - - [30/Aug/2026:14:04:40 +0000] "POST /wp-cron.php?doing_wp_cron=1788098679.1722459793090820312500 HTTP/1.1" 499 0 "-" "WordPress/7.1; https://uslconsultation.com"
91.216.159.3 - - [30/Aug/2026:14:04:40 +0000] "GET /wp-login.php HTTP/1.1" 200 4194 "-" "91.216.159.3"
91.216.159.3 - - [30/Aug/2026:14:04:45 +0000] "POST /wp-login.php HTTP/1.1" 200 4297 "https://uslconsultation.com/wp-login.php" "91.216.159.3"
72.167.149.90 - - [30/Aug/2026:14:13:14 +0000] "POST /wp-cron.php?doing_wp_cron=1788099193.5429830551147460937500 HTTP/1.1" 499 0 "-" "WordPress/7.1; https://uslconsultation.com"
47.128.31.33 - - [30/Aug/2026:14:13:14 +0000] "GET /robots.txt HTTP/1.1" 200 124 "-" "Mozilla/5.0 (Linux; Android 5.0) AppleWebKit/537.36 (KHTML, like Gecko) Mobile Safari/537.36 (compatible; Bytespider; spider-feedback@bytedance.com)"
72.167.149.90 - - [30/Aug/2026:14:16:15 +0000] "POST /wp-cron.php?doing_wp_cron=1788099374.6659169197082519531250 HTTP/1.1" 499 0 "-" "WordPress/7.1; https://uslconsultation.com"
72.167.149.90 - - [30/Aug/2026:14:32:31 +0000] "POST /wp-cron.php?doing_wp_cron=1788100350.2487308979034423828125 HTTP/1.1" 499 0 "-" "WordPress/7.1; https://uslconsultation.com"
57.141.14.82 - - [30/Aug/2026:14:32:31 +0000] "GET /shop/ HTTP/1.1" 404 50927 "-" "Mozilla/5.0 (Windows NT 10.0; Win64; x64) AppleWebKit/537.36 (KHTML, like Gecko) Chrome/145.0.0.0 Safari/537.36 (compatible; meta-externalagent/1.1 (+https://developers.facebook.com/docs/sharing/webmasters/crawler))"
192.177.57.120 - - [30/Aug/2026:14:34:54 +0000] "GET /wp-content/uploads/2025/11/Supply-chain-and-logistics-scaled-e1766401500298.jpg HTTP/1.1" 200 68166 "-" "Mozilla/5.0 (compatible; crawler)"
106.63.26.7 - - [30/Aug/2026:14:38:19 +0000] "GET /wp-content/uploads/2025/11/cropped-USL-NEW-May-2023-Gray-32x32.png HTTP/1.1" 200 1321 "http://www.uslconsultation.com/favicon.ico" "Mozilla/5.0 (Macintosh; Intel Mac OS X 10_15_7) AppleWebKit/537.36 (KHTML, like Gecko) Chrome/120.0.0.0 Safari/537.36 Edg/120.0.0.0"
106.63.26.14 - - [30/Aug/2026:14:38:41 +0000] "GET /sitemaps.xml HTTP/1.1" 200 284 "http://www.uslconsultation.com/sitemap.xml" "Mozilla/5.0 (Macintosh; Intel Mac OS X 10_15_7) AppleWebKit/537.36 (KHTML, like Gecko) Chrome/120.0.0.0 Safari/537.36 Edg/120.0.0.0"
72.167.149.90 - - [30/Aug/2026:14:40:25 +0000] "POST /wp-cron.php?doing_wp_cron=1788100824.7876300811767578125000 HTTP/1.1" 499 0 "-" "WordPress/7.1; https://uslconsultation.com"
57.141.14.68 - - [30/Aug/2026:14:40:25 +0000] "GET /category/restaurant-business/ HTTP/1.1" 200 54904 "-" "Mozilla/5.0 (Windows NT 10.0; Win64; x64) AppleWebKit/537.36 (KHTML, like Gecko) Chrome/145.0.0.0 Safari/537.36 (compatible; meta-externalagent/1.1 (+https://developers.facebook.com/docs/sharing/webmasters/crawler))"
72.167.149.90 - - [30/Aug/2026:14:42:07 +0000] "POST /wp-cron.php?doing_wp_cron=1788100926.3229930400848388671875 HTTP/1.1" 499 0 "-" "WordPress/7.1; https://uslconsultation.com"
106.63.26.147 - - [30/Aug/2026:14:42:07 +0000] "GET / HTTP/1.1" 301 5 "-" "Mozilla/5.0 (Macintosh; Intel Mac OS X 10_15_7) AppleWebKit/537.36 (KHTML, like Gecko) Chrome/120.0.0.0 Safari/537.36 Edg/120.0.0.0"
162.14.66.219 - - [30/Aug/2026:14:48:32 +0000] "GET / HTTP/1.1" 200 69088 "http://uslconsultation.com" "Mozilla/5.0 (iPhone; CPU iPhone OS 13_2_3 like Mac OS X) AppleWebKit/605.1.15 (KHTML, like Gecko) Version/13.0.3 Mobile/15E148 Safari/604.1"
72.167.149.90 - - [30/Aug/2026:14:54:22 +0000] "GET /wp-content/uploads/2025/12/frustrated-business-people-and-laptop-with-stress-scaled-e1766360245100.jpg HTTP/1.1" 200 119657 "-" "-"
72.167.149.90 - - [30/Aug/2026:14:54:24 +0000] "POST /wp-cron.php?doing_wp_cron=1788101663.5896999835968017578125 HTTP/1.1" 499 0 "-" "WordPress/7.1; https://uslconsultation.com"
57.141.14.44 - - [30/Aug/2026:14:54:24 +0000] "GET /2025/12/21/common-mistakes-companies-make-before-scaling-internationally/ HTTP/1.1" 200 57115 "-" "Mozilla/5.0 (Windows NT 10.0; Win64; x64) AppleWebKit/537.36 (KHTML, like Gecko) Chrome/145.0.0.0 Safari/537.36 (compatible; meta-externalagent/1.1 (+https://developers.facebook.com/docs/sharing/webmasters/crawler))"
43.133.139.6 - - [30/Aug/2026:15:13:42 +0000] "GET / HTTP/1.1" 200 69088 "http://uslconsultation.com" "Mozilla/5.0 (iPhone; CPU iPhone OS 13_2_3 like Mac OS X) AppleWebKit/605.1.15 (KHTML, like Gecko) Version/13.0.3 Mobile/15E148 Safari/604.1"
72.167.149.90 - - [30/Aug/2026:15:20:37 +0000] "GET /wp-content/uploads/2021/02/samer.png HTTP/1.1" 200 339425 "-" "-"
72.167.149.90 - - [30/Aug/2026:15:20:39 +0000] "POST /wp-cron.php?doing_wp_cron=1788103238.8098630905151367187500 HTTP/1.1" 499 0 "-" "WordPress/7.1; https://uslconsultation.com/ar"
