66.249.64.174 - - [30/Aug/2026:15:20:39 +0000] "GET /ar/member/samer-alyasin/ HTTP/1.1" 200 75113 "-" "Mozilla/5.0 (Linux; Android 6.0.1; Nexus 5X Build/MMB29P) AppleWebKit/537.36 (KHTML, like Gecko) Chrome/151.0.7922.173 Mobile Safari/537.36 (compatible; Googlebot/2.1; +http://www.google.com/bot.html)"
66.249.64.160 - - [30/Aug/2026:15:20:46 +0000] "GET /wp-content/uploads/porto_styles/theme_css_vars.css?ver=7.7.2 HTTP/1.1" 200 1627 "https://uslconsultation.com/ar/member/samer-alyasin/" "Mozilla/5.0 (Linux; Android 6.0.1; Nexus 5X Build/MMB29P) AppleWebKit/537.36 (KHTML, like Gecko) Chrome/151.0.7922.173 Mobile Safari/537.36 (compatible; Googlebot/2.1; +http://www.google.com/bot.html)"
66.249.64.160 - - [30/Aug/2026:15:20:47 +0000] "GET /wp-content/themes/porto/css/part/fadeInRight.css?ver=7.7.2 HTTP/1.1" 200 141 "https://uslconsultation.com/ar/member/samer-alyasin/" "Mozilla/5.0 (Linux; Android 6.0.1; Nexus 5X Build/MMB29P) AppleWebKit/537.36 (KHTML, like Gecko) Chrome/151.0.7922.173 Mobile Safari/537.36 (compatible; Googlebot/2.1; +http://www.google.com/bot.html)"
66.249.64.160 - - [30/Aug/2026:15:20:49 +0000] "GET /wp-content/plugins/contact-form-7/includes/css/styles-rtl.css?ver=6.1.7 HTTP/1.1" 200 152 "https://uslconsultation.com/ar/member/samer-alyasin/" "Mozilla/5.0 (Linux; Android 6.0.1; Nexus 5X Build/MMB29P) AppleWebKit/537.36 (KHTML, like Gecko) Chrome/151.0.7922.173 Mobile Safari/537.36 (compatible; Googlebot/2.1; +http://www.google.com/bot.html)"
66.249.64.174 - - [30/Aug/2026:15:20:50 +0000] "GET /wp-content/themes/porto/css/theme_rtl_portfolio.css?ver=7.7.2 HTTP/1.1" 200 2825 "https://uslconsultation.com/ar/member/samer-alyasin/" "Mozilla/5.0 (Linux; Android 6.0.1; Nexus 5X Build/MMB29P) AppleWebKit/537.36 (KHTML, like Gecko) Chrome/151.0.7922.173 Mobile Safari/537.36 (compatible; Googlebot/2.1; +http://www.google.com/bot.html)"
66.249.64.174 - - [30/Aug/2026:15:20:52 +0000] "GET /wp-content/uploads/elementor/css/post-335.css?ver=7.7.2 HTTP/1.1" 200 1267 "https://uslconsultation.com/ar/member/samer-alyasin/" "Mozilla/5.0 (Linux; Android 6.0.1; Nexus 5X Build/MMB29P) AppleWebKit/537.36 (KHTML, like Gecko) Chrome/151.0.7922.173 Mobile Safari/537.36 (compatible; Googlebot/2.1; +http://www.google.com/bot.html)"
66.249.64.174 - - [30/Aug/2026:15:20:53 +0000] "GET /wp-content/uploads/porto_styles/shortcodes_rtl.css?ver=7.7.2 HTTP/1.1" 200 27184 "https://uslconsultation.com/ar/member/samer-alyasin/" "Mozilla/5.0 (Linux; Android 6.0.1; Nexus 5X Build/MMB29P) AppleWebKit/537.36 (KHTML, like Gecko) Chrome/151.0.7922.173 Mobile Safari/537.36 (compatible; Googlebot/2.1; +http://www.google.com/bot.html)"
66.249.64.174 - - [30/Aug/2026:15:20:54 +0000] "GET /wp-content/themes/porto/css/part/revslider_rtl.css?ver=7.7.2 HTTP/1.1" 200 945 "https://uslconsultation.com/ar/member/samer-alyasin/" "Mozilla/5.0 (Linux; Android 6.0.1; Nexus 5X Build/MMB29P) AppleWebKit/537.36 (KHTML, like Gecko) Chrome/151.0.7922.173 Mobile Safari/537.36 (compatible; Googlebot/2.1; +http://www.google.com/bot.html)"
66.249.64.174 - - [30/Aug/2026:15:20:56 +0000] "GET /wp-content/themes/porto/style_rtl.css?ver=7.1 HTTP/1.1" 200 67 "https://uslconsultation.com/ar/member/samer-alyasin/" "Mozilla/5.0 (Linux; Android 6.0.1; Nexus 5X Build/MMB29P) AppleWebKit/537.36 (KHTML, like Gecko) Chrome/151.0.7922.173 Mobile Safari/537.36 (compatible; Googlebot/2.1; +http://www.google.com/bot.html)"
66.249.64.174 - - [30/Aug/2026:15:20:57 +0000] "GET /wp-content/plugins/woocommerce/assets/client/blocks/wc-blocks-rtl.css?ver=wc-11.0.1 HTTP/1.1" 200 2677 "https://uslconsultation.com/ar/member/samer-alyasin/" "Mozilla/5.0 (Linux; Android 6.0.1; Nexus 5X Build/MMB29P) AppleWebKit/537.36 (KHTML, like Gecko) Chrome/151.0.7922.173 Mobile Safari/537.36 (compatible; Googlebot/2.1; +http://www.google.com/bot.html)"
66.249.64.174 - - [30/Aug/2026:15:20:59 +0000] "GET /wp-content/plugins/translatepress-multilingual/assets/css/trp-language-switcher-v2.css?ver=3.3.4 HTTP/1.1" 200 2315 "https://uslconsultation.com/ar/member/samer-alyasin/" "Mozilla/5.0 (Linux; Android 6.0.1; Nexus 5X Build/MMB29P) AppleWebKit/537.36 (KHTML, like Gecko) Chrome/151.0.7922.173 Mobile Safari/537.36 (compatible; Googlebot/2.1; +http://www.google.com/bot.html)"
66.249.64.174 - - [30/Aug/2026:15:21:00 +0000] "GET /wp-content/plugins/alpus-aprs/plugin-framework/assets/js/framework.min.js?ver=1.2.0 HTTP/1.1" 200 1291 "https://uslconsultation.com/ar/member/samer-alyasin/" "Mozilla/5.0 (Linux; Android 6.0.1; Nexus 5X Build/MMB29P) AppleWebKit/537.36 (KHTML, like Gecko) Chrome/151.0.7922.173 Mobile Safari/537.36 (compatible; Googlebot/2.1; +http://www.google.com/bot.html)"
66.249.64.174 - - [30/Aug/2026:15:21:04 +0000] "GET /wp-content/themes/porto/js/libs/owl.carousel.min.js?ver=2.3.4 HTTP/1.1" 200 11445 "https://uslconsultation.com/ar/member/samer-alyasin/" "Mozilla/5.0 (Linux; Android 6.0.1; Nexus 5X Build/MMB29P) AppleWebKit/537.36 (KHTML, like Gecko) Chrome/151.0.7922.173 Mobile Safari/537.36 (compatible; Googlebot/2.1; +http://www.google.com/bot.html)"
66.249.64.174 - - [30/Aug/2026:15:21:05 +0000] "GET /wp-content/themes/porto/js/theme-async.js?ver=7.7.2 HTTP/1.1" 200 15921 "https://uslconsultation.com/ar/member/samer-alyasin/" "Mozilla/5.0 (Linux; Android 6.0.1; Nexus 5X Build/MMB29P) AppleWebKit/537.36 (KHTML, like Gecko) Chrome/151.0.7922.173 Mobile Safari/537.36 (compatible; Googlebot/2.1; +http://www.google.com/bot.html)"
66.249.64.174 - - [30/Aug/2026:15:21:06 +0000] "GET /wp-includes/js/comment-reply.min.js?ver=7.1 HTTP/1.1" 200 1362 "https://uslconsultation.com/ar/member/samer-alyasin/" "Mozilla/5.0 (Linux; Android 6.0.1; Nexus 5X Build/MMB29P) AppleWebKit/537.36 (KHTML, like Gecko) Chrome/151.0.7922.173 Mobile Safari/537.36 (compatible; Googlebot/2.1; +http://www.google.com/bot.html)"
66.249.64.174 - - [30/Aug/2026:15:21:07 +0000] "GET /wp-content/themes/porto/js/member-async.min.js?ver=7.7.2 HTTP/1.1" 200 1057 "https://uslconsultation.com/ar/member/samer-alyasin/" "Mozilla/5.0 (Linux; Android 6.0.1; Nexus 5X Build/MMB29P) AppleWebKit/537.36 (KHTML, like Gecko) Chrome/151.0.7922.173 Mobile Safari/537.36 (compatible; Googlebot/2.1; +http://www.google.com/bot.html)"
72.167.149.90 - - [30/Aug/2026:15:21:12 +0000] "POST /wp-cron.php?doing_wp_cron=1788103271.2303519248962402343750 HTTP/1.1" 499 0 "-" "WordPress/7.1; https://uslconsultation.com/ar"
66.249.64.174 - - [30/Aug/2026:15:21:12 +0000] "POST /ar/?wc-ajax=get_refreshed_fragments HTTP/1.1" 200 699 "https://uslconsultation.com/ar/member/samer-alyasin/" "Mozilla/5.0 (Linux; Android 6.0.1; Nexus 5X Build/MMB29P) AppleWebKit/537.36 (KHTML, like Gecko) Chrome/151.0.7922.173 Mobile Safari/537.36 (compatible; Googlebot/2.1; +http://www.google.com/bot.html)"
66.249.64.174 - - [30/Aug/2026:15:21:39 +0000] "GET /wp-content/themes/porto/css/theme_elementor_rtl.css?ver=7.7.2 HTTP/1.1" 200 1856 "https://uslconsultation.com/ar/member/samer-alyasin/" "Mozilla/5.0 (Linux; Android 6.0.1; Nexus 5X Build/MMB29P) AppleWebKit/537.36 (KHTML, like Gecko) Chrome/151.0.7922.173 Mobile Safari/537.36 (compatible; Googlebot/2.1; +http://www.google.com/bot.html)"
66.249.64.174 - - [30/Aug/2026:15:21:55 +0000] "GET /wp-content/uploads/elementor/css/post-4038.css?ver=7.7.2 HTTP/1.1" 200 1111 "https://uslconsultation.com/ar/member/samer-alyasin/" "Mozilla/5.0 (Linux; Android 6.0.1; Nexus 5X Build/MMB29P) AppleWebKit/537.36 (KHTML, like Gecko) Chrome/151.0.7922.173 Mobile Safari/537.36 (compatible; Googlebot/2.1; +http://www.google.com/bot.html)"
66.249.64.160 - - [30/Aug/2026:15:22:29 +0000] "GET /wp-includes/css/dist/block-library/style-rtl.min.css?ver=7.1 HTTP/1.1" 200 19690 "https://uslconsultation.com/ar/member/samer-alyasin/" "Mozilla/5.0 (Linux; Android 6.0.1; Nexus 5X Build/MMB29P) AppleWebKit/537.36 (KHTML, like Gecko) Chrome/151.0.7922.173 Mobile Safari/537.36 (compatible; Googlebot/2.1; +http://www.google.com/bot.html)"
66.253.8.220 - - [30/Aug/2026:15:28:09 +0000] "GET /wp-content/uploads/2025/11/governance-compliance-and-risk-management-scaled-e1766401328194.jpg HTTP/1.1" 200 115711 "-" "Mozilla/5.0 (compatible; crawler)"
72.167.149.90 - - [30/Aug/2026:15:34:34 +0000] "POST /wp-cron.php?doing_wp_cron=1788104073.3448290824890136718750 HTTP/1.1" 499 0 "-" "WordPress/7.1; https://uslconsultation.com"
106.63.26.13 - - [30/Aug/2026:15:34:34 +0000] "GET / HTTP/1.1" 301 5 "-" "Mozilla/5.0 (Macintosh; Intel Mac OS X 10_15_7) AppleWebKit/537.36 (KHTML, like Gecko) Chrome/120.0.0.0 Safari/537.36 Edg/120.0.0.0"
72.167.149.90 - - [30/Aug/2026:15:39:02 +0000] "POST /wp-cron.php?doing_wp_cron=1788104341.4905400276184082031250 HTTP/1.1" 499 0 "-" "WordPress/7.1; https://uslconsultation.com"
202.47.50.160 - - [30/Aug/2026:15:39:02 +0000] "POST /xmlrpc.php HTTP/1.1" 200 415 "-" "Mozilla/5.0 (Macintosh; Intel Mac OS X 10_15_7; x64) AppleWebKit/537.36 (KHTML, like Gecko) Firefox/87.0.0.0 Safari/537.36"
51.68.111.215 - - [30/Aug/2026:15:45:43 +0000] "GET /robots.txt HTTP/1.1" 200 124 "-" "Mozilla/5.0 (compatible; MJ12bot/v2.0.5; http://mj12bot.com/)"
51.68.111.215 - - [30/Aug/2026:15:45:48 +0000] "GET / HTTP/1.1" 200 68915 "-" "Mozilla/5.0 (compatible; MJ12bot/v2.0.5; http://mj12bot.com/)"
216.73.217.6 - - [30/Aug/2026:15:45:53 +0000] "GET /robots.txt HTTP/1.1" 200 124 "-" "Mozilla/5.0 AppleWebKit/537.36 (KHTML, like Gecko; compatible; ClaudeBot/1.0; +claudebot@anthropic.com)"
216.73.217.6 - - [30/Aug/2026:15:45:55 +0000] "GET /sitemaps.xml HTTP/1.1" 200 284 "-" "Mozilla/5.0 AppleWebKit/537.36 (KHTML, like Gecko; compatible; ClaudeBot/1.0; +claudebot@anthropic.com)"
202.47.50.160 - - [30/Aug/2026:15:47:11 +0000] "GET /wp-json/wp/v2/users HTTP/1.1" 499 0 "-" "Mozilla/4.0 (compatible; Win32; WinHttp.WinHttpRequest.5)"
72.167.149.90 - - [30/Aug/2026:15:47:13 +0000] "POST /wp-cron.php?doing_wp_cron=1788104832.1947131156921386718750 HTTP/1.1" 499 0 "-" "WordPress/7.1; https://uslconsultation.com"
72.167.149.90 - - [30/Aug/2026:15:47:54 +0000] "POST /wp-cron.php?doing_wp_cron=1788104873.9320869445800781250000 HTTP/1.1" 499 0 "-" "WordPress/7.1; https://uslconsultation.com"
202.47.50.160 - - [30/Aug/2026:15:47:55 +0000] "POST /xmlrpc.php HTTP/1.1" 200 415 "-" "Mozilla/5.0 (X11; Ubuntu; Linux x86_64; x64) AppleWebKit/537.36 (KHTML, like Gecko) Edge/93.0.0.0 Safari/537.36"
72.167.149.90 - - [30/Aug/2026:15:48:27 +0000] "POST /wp-cron.php?doing_wp_cron=1788104906.2200849056243896484375 HTTP/1.1" 499 0 "-" "WordPress/7.1; https://uslconsultation.com"
202.47.50.160 - - [30/Aug/2026:15:48:27 +0000] "POST /xmlrpc.php HTTP/1.1" 200 415 "-" "Mozilla/5.0 (Linux; Android 10; x64) AppleWebKit/537.36 (KHTML, like Gecko) Safari/12.0.0.0 Safari/537.36"
202.47.50.160 - - [30/Aug/2026:15:48:58 +0000] "POST /xmlrpc.php HTTP/1.1" 200 415 "-" "Mozilla/5.0 (Windows NT 6.2; arm64) AppleWebKit/537.36 (KHTML, like Gecko) Chrome/92.0.0.0 Safari/537.36"
72.167.149.90 - - [30/Aug/2026:15:49:29 +0000] "POST /wp-cron.php?doing_wp_cron=1788104968.8522939682006835937500 HTTP/1.1" 499 0 "-" "WordPress/7.1; https://uslconsultation.com"
202.47.50.160 - - [30/Aug/2026:15:49:30 +0000] "POST /xmlrpc.php HTTP/1.1" 200 415 "-" "Mozilla/5.0 (Windows NT 6.3; x64) AppleWebKit/537.36 (KHTML, like Gecko) Edge/98.0.0.0 Safari/537.36"
202.47.50.160 - - [30/Aug/2026:15:50:03 +0000] "POST /xmlrpc.php HTTP/1.1" 499 0 "-" "Mozilla/5.0 (Linux; Android 10; arm64) AppleWebKit/537.36 (KHTML, like Gecko) Chrome/99.0.0.0 Safari/537.36"
72.167.149.90 - - [30/Aug/2026:15:50:04 +0000] "POST /wp-cron.php?doing_wp_cron=1788105003.5656380653381347656250 HTTP/1.1" 499 0 "-" "WordPress/7.1; https://uslconsultation.com"
202.47.50.160 - - [30/Aug/2026:15:50:31 +0000] "POST /xmlrpc.php HTTP/1.1" 499 0 "-" "Mozilla/5.0 (Windows NT 10.0; arm64) AppleWebKit/537.36 (KHTML, like Gecko) Chrome/86.0.0.0 Safari/537.36"
202.47.50.160 - - [30/Aug/2026:15:51:03 +0000] "POST /xmlrpc.php HTTP/1.1" 499 0 "-" "Mozilla/5.0 (Windows NT 6.3; x86) AppleWebKit/537.36 (KHTML, like Gecko) Opera/75.0.0.0 Safari/537.36"
72.167.149.90 - - [30/Aug/2026:15:51:05 +0000] "POST /wp-cron.php?doing_wp_cron=1788105064.3039090633392333984375 HTTP/1.1" 499 0 "-" "WordPress/7.1; https://uslconsultation.com"
202.47.50.160 - - [30/Aug/2026:15:51:32 +0000] "POST /xmlrpc.php HTTP/1.1" 200 415 "-" "Mozilla/5.0 (Windows NT 10.0; arm64) AppleWebKit/537.36 (KHTML, like Gecko) Opera/72.0.0.0 Safari/537.36"
72.167.149.90 - - [30/Aug/2026:15:52:06 +0000] "POST /wp-cron.php?doing_wp_cron=1788105125.3430960178375244140625 HTTP/1.1" 499 0 "-" "WordPress/7.1; https://uslconsultation.com"
202.47.50.160 - - [30/Aug/2026:15:52:06 +0000] "POST /xmlrpc.php HTTP/1.1" 200 415 "-" "Mozilla/5.0 (X11; Ubuntu; Linux x86_64; arm64) AppleWebKit/537.36 (KHTML, like Gecko) Opera/61.0.0.0 Safari/537.36"
202.47.50.160 - - [30/Aug/2026:15:52:35 +0000] "POST /xmlrpc.php HTTP/1.1" 200 415 "-" "Mozilla/5.0 (Linux; Android 10; arm64) AppleWebKit/537.36 (KHTML, like Gecko) Opera/78.0.0.0 Safari/537.36"
72.167.149.90 - - [30/Aug/2026:15:53:05 +0000] "POST /wp-cron.php?doing_wp_cron=1788105184.4350240230560302734375 HTTP/1.1" 499 0 "-" "WordPress/7.1; https://uslconsultation.com"
202.47.50.160 - - [30/Aug/2026:15:53:05 +0000] "POST /xmlrpc.php HTTP/1.1" 200 415 "-" "Mozilla/5.0 (Windows NT 6.3; arm64) AppleWebKit/537.36 (KHTML, like Gecko) Opera/77.0.0.0 Safari/537.36"
202.47.50.160 - - [30/Aug/2026:15:53:31 +0000] "POST /xmlrpc.php HTTP/1.1" 499 0 "-" "Mozilla/5.0 (Macintosh; Intel Mac OS X 10_15_7; x64) AppleWebKit/537.36 (KHTML, like Gecko) Opera/60.0.0.0 Safari/537.36"
72.167.149.90 - - [30/Aug/2026:15:54:03 +0000] "POST /wp-cron.php?doing_wp_cron=1788105241.9772889614105224609375 HTTP/1.1" 499 0 "-" "WordPress/7.1; https://uslconsultation.com"
202.47.50.160 - - [30/Aug/2026:15:54:03 +0000] "POST /xmlrpc.php HTTP/1.1" 200 415 "-" "Mozilla/5.0 (Windows NT 6.2; x86) AppleWebKit/537.36 (KHTML, like Gecko) Firefox/86.0.0.0 Safari/537.36"
202.47.50.160 - - [30/Aug/2026:15:54:33 +0000] "POST /xmlrpc.php HTTP/1.1" 200 415 "-" "Mozilla/5.0 (Windows NT 10.0; x86) AppleWebKit/537.36 (KHTML, like Gecko) Edge/88.0.0.0 Safari/537.36"
202.47.50.160 - - [30/Aug/2026:15:54:58 +0000] "POST /xmlrpc.php HTTP/1.1" 200 415 "-" "Mozilla/5.0 (Linux; Android 10; x64) AppleWebKit/537.36 (KHTML, like Gecko) Edge/82.0.0.0 Safari/537.36"
202.47.50.160 - - [30/Aug/2026:15:55:19 +0000] "POST /xmlrpc.php HTTP/1.1" 499 0 "-" "Mozilla/5.0 (Linux; Android 10; x64) AppleWebKit/537.36 (KHTML, like Gecko) Firefox/96.0.0.0 Safari/537.36"
72.167.149.90 - - [30/Aug/2026:15:55:20 +0000] "POST /wp-cron.php?doing_wp_cron=1788105319.2425079345703125000000 HTTP/1.1" 499 0 "-" "WordPress/7.1; https://uslconsultation.com"
202.47.50.160 - - [30/Aug/2026:15:55:44 +0000] "POST /xmlrpc.php HTTP/1.1" 200 415 "-" "Mozilla/5.0 (Windows NT 6.3; x64) AppleWebKit/537.36 (KHTML, like Gecko) Opera/60.0.0.0 Safari/537.36"
202.47.50.160 - - [30/Aug/2026:15:56:07 +0000] "POST /xmlrpc.php HTTP/1.1" 499 0 "-" "Mozilla/5.0 (X11; Ubuntu; Linux x86_64; arm64) AppleWebKit/537.36 (KHTML, like Gecko) Chrome/96.0.0.0 Safari/537.36"
72.167.149.90 - - [30/Aug/2026:15:56:08 +0000] "POST /wp-cron.php?doing_wp_cron=1788105367.3134860992431640625000 HTTP/1.1" 499 0 "-" "WordPress/7.1; https://uslconsultation.com"
202.47.50.160 - - [30/Aug/2026:15:56:29 +0000] "POST /xmlrpc.php HTTP/1.1" 200 415 "-" "Mozilla/5.0 (Windows NT 6.3; x86) AppleWebKit/537.36 (KHTML, like Gecko) Edge/80.0.0.0 Safari/537.36"
202.47.50.160 - - [30/Aug/2026:15:56:51 +0000] "POST /xmlrpc.php HTTP/1.1" 200 415 "-" "Mozilla/5.0 (X11; Ubuntu; Linux x86_64; x64) AppleWebKit/537.36 (KHTML, like Gecko) Safari/10.0.0.0 Safari/537.36"
72.167.149.90 - - [30/Aug/2026:15:57:13 +0000] "GET /wp-content/uploads/2021/02/Omar-new-photo-3-e1766587268315.jpg HTTP/1.1" 200 37571 "-" "-"
72.167.149.90 - - [30/Aug/2026:15:57:14 +0000] "POST /wp-cron.php?doing_wp_cron=1788105433.8663539886474609375000 HTTP/1.1" 499 0 "-" "WordPress/7.1; https://uslconsultation.com/ar"
66.249.64.161 - - [30/Aug/2026:15:57:14 +0000] "GET /ar/member/oliver-kayal/ HTTP/1.1" 200 75050 "-" "Mozilla/5.0 (Linux; Android 6.0.1; Nexus 5X Build/MMB29P) AppleWebKit/537.36 (KHTML, like Gecko) Chrome/151.0.7922.173 Mobile Safari/537.36 (compatible; Googlebot/2.1; +http://www.google.com/bot.html)"
202.47.50.160 - - [30/Aug/2026:15:57:16 +0000] "POST /xmlrpc.php HTTP/1.1" 200 415 "-" "Mozilla/5.0 (Windows NT 6.2; x86) AppleWebKit/537.36 (KHTML, like Gecko) Chrome/92.0.0.0 Safari/537.36"
202.47.50.160 - - [30/Aug/2026:15:57:36 +0000] "POST /xmlrpc.php HTTP/1.1" 200 415 "-" "Mozilla/5.0 (Windows NT 6.2; x64) AppleWebKit/537.36 (KHTML, like Gecko) Firefox/90.0.0.0 Safari/537.36"
202.47.50.160 - - [30/Aug/2026:15:57:59 +0000] "POST /xmlrpc.php HTTP/1.1" 200 415 "-" "Mozilla/5.0 (Windows NT 6.3; arm64) AppleWebKit/537.36 (KHTML, like Gecko) Chrome/97.0.0.0 Safari/537.36"
66.249.64.161 - - [30/Aug/2026:15:58:11 +0000] "GET /wp-content/plugins/revslider/public/css/sr7.css?ver=6.7.39 HTTP/1.1" 200 1581 "https://uslconsultation.com/ar/member/oliver-kayal/" "Mozilla/5.0 (Linux; Android 6.0.1; Nexus 5X Build/MMB29P) AppleWebKit/537.36 (KHTML, like Gecko) Chrome/151.0.7922.173 Mobile Safari/537.36 (compatible; Googlebot/2.1; +http://www.google.com/bot.html)"
66.249.64.161 - - [30/Aug/2026:15:58:14 +0000] "GET /wp-content/plugins/woocommerce/assets/client/blocks/wc-blocks-rtl.css?ver=wc-11.0.1 HTTP/1.1" 200 2677 "https://uslconsultation.com/ar/member/oliver-kayal/" "Mozilla/5.0 (Linux; Android 6.0.1; Nexus 5X Build/MMB29P) AppleWebKit/537.36 (KHTML, like Gecko) Chrome/151.0.7922.173 Mobile Safari/537.36 (compatible; Googlebot/2.1; +http://www.google.com/bot.html)"
66.249.64.174 - - [30/Aug/2026:15:58:16 +0000] "GET /wp-content/plugins/elementor/assets/css/widget-image-rtl.min.css?ver=4.2.3 HTTP/1.1" 200 214 "https://uslconsultation.com/ar/member/oliver-kayal/" "Mozilla/5.0 (Linux; Android 6.0.1; Nexus 5X Build/MMB29P) AppleWebKit/537.36 (KHTML, like Gecko) Chrome/151.0.7922.173 Mobile Safari/537.36 (compatible; Googlebot/2.1; +http://www.google.com/bot.html)"
66.249.64.160 - - [30/Aug/2026:15:58:17 +0000] "GET /wp-content/themes/porto/style.css?ver=7.7.2 HTTP/1.1" 200 613 "https://uslconsultation.com/ar/member/oliver-kayal/" "Mozilla/5.0 (Linux; Android 6.0.1; Nexus 5X Build/MMB29P) AppleWebKit/537.36 (KHTML, like Gecko) Chrome/151.0.7922.173 Mobile Safari/537.36 (compatible; Googlebot/2.1; +http://www.google.com/bot.html)"
66.249.64.160 - - [30/Aug/2026:15:58:19 +0000] "GET /wp-content/plugins/translatepress-multilingual/assets/js/trp-translate-dom-changes.js?ver=3.3.4 HTTP/1.1" 200 5993 "https://uslconsultation.com/ar/member/oliver-kayal/" "Mozilla/5.0 (Linux; Android 6.0.1; Nexus 5X Build/MMB29P) AppleWebKit/537.36 (KHTML, like Gecko) Chrome/151.0.7922.173 Mobile Safari/537.36 (compatible; Googlebot/2.1; +http://www.google.com/bot.html)"
72.167.149.90 - - [30/Aug/2026:15:58:19 +0000] "POST /wp-cron.php?doing_wp_cron=1788105498.8890450000762939453125 HTTP/1.1" 499 0 "-" "WordPress/7.1; https://uslconsultation.com"
202.47.50.160 - - [30/Aug/2026:15:58:19 +0000] "POST /xmlrpc.php HTTP/1.1" 200 415 "-" "Mozilla/5.0 (Macintosh; Intel Mac OS X 10_15_7; x86) AppleWebKit/537.36 (KHTML, like Gecko) Opera/72.0.0.0 Safari/537.36"
66.249.64.174 - - [30/Aug/2026:15:58:20 +0000] "GET /wp-content/themes/porto/css/part/fadeInLeft.css?ver=7.7.2 HTTP/1.1" 200 139 "https://uslconsultation.com/ar/member/oliver-kayal/" "Mozilla/5.0 (Linux; Android 6.0.1; Nexus 5X Build/MMB29P) AppleWebKit/537.36 (KHTML, like Gecko) Chrome/151.0.7922.173 Mobile Safari/537.36 (compatible; Googlebot/2.1; +http://www.google.com/bot.html)"
66.249.64.174 - - [30/Aug/2026:15:58:21 +0000] "GET /wp-content/themes/porto-child/style_rtl.css?ver=7.1 HTTP/1.1" 200 0 "https://uslconsultation.com/ar/member/oliver-kayal/" "Mozilla/5.0 (Linux; Android 6.0.1; Nexus 5X Build/MMB29P) AppleWebKit/537.36 (KHTML, like Gecko) Chrome/151.0.7922.173 Mobile Safari/537.36 (compatible; Googlebot/2.1; +http://www.google.com/bot.html)"
66.249.64.174 - - [30/Aug/2026:15:58:22 +0000] "POST /wp-content/plugins/translatepress-multilingual/includes/trp-ajax.php HTTP/1.1" 200 1656 "https://uslconsultation.com/ar/member/oliver-kayal/" "Mozilla/5.0 (Linux; Android 6.0.1; Nexus 5X Build/MMB29P) AppleWebKit/537.36 (KHTML, like Gecko) Chrome/151.0.7922.173 Mobile Safari/537.36 (compatible; Googlebot/2.1; +http://www.google.com/bot.html)"
66.249.64.174 - - [30/Aug/2026:15:58:25 +0000] "POST /ar/?wc-ajax=get_refreshed_fragments HTTP/1.1" 200 699 "https://uslconsultation.com/ar/member/oliver-kayal/" "Mozilla/5.0 (Linux; Android 6.0.1; Nexus 5X Build/MMB29P) AppleWebKit/537.36 (KHTML, like Gecko) Chrome/151.0.7922.173 Mobile Safari/537.36 (compatible; Googlebot/2.1; +http://www.google.com/bot.html)"
66.249.64.174 - - [30/Aug/2026:15:58:28 +0000] "POST /wp-content/plugins/translatepress-multilingual/includes/trp-ajax.php HTTP/1.1" 200 258 "https://uslconsultation.com/ar/member/oliver-kayal/" "Mozilla/5.0 (Linux; Android 6.0.1; Nexus 5X Build/MMB29P) AppleWebKit/537.36 (KHTML, like Gecko) Chrome/151.0.7922.173 Mobile Safari/537.36 (compatible; Googlebot/2.1; +http://www.google.com/bot.html)"
66.249.64.174 - - [30/Aug/2026:15:58:29 +0000] "POST /wp-content/plugins/translatepress-multilingual/includes/trp-ajax.php HTTP/1.1" 200 33 "https://uslconsultation.com/ar/member/oliver-kayal/" "Mozilla/5.0 (Linux; Android 6.0.1; Nexus 5X Build/MMB29P) AppleWebKit/537.36 (KHTML, like Gecko) Chrome/151.0.7922.173 Mobile Safari/537.36 (compatible; Googlebot/2.1; +http://www.google.com/bot.html)"
66.249.64.174 - - [30/Aug/2026:15:58:30 +0000] "POST /wp-content/plugins/translatepress-multilingual/includes/trp-ajax.php HTTP/1.1" 200 33 "https://uslconsultation.com/ar/member/oliver-kayal/" "Mozilla/5.0 (Linux; Android 6.0.1; Nexus 5X Build/MMB29P) AppleWebKit/537.36 (KHTML, like Gecko) Chrome/151.0.7922.173 Mobile Safari/537.36 (compatible; Googlebot/2.1; +http://www.google.com/bot.html)"
202.47.50.160 - - [30/Aug/2026:15:58:43 +0000] "POST /xmlrpc.php HTTP/1.1" 200 415 "-" "Mozilla/5.0 (Macintosh; Intel Mac OS X 10_15_7; arm64) AppleWebKit/537.36 (KHTML, like Gecko) Chrome/104.0.0.0 Safari/537.36"
72.167.149.90 - - [30/Aug/2026:15:59:08 +0000] "POST /wp-cron.php?doing_wp_cron=1788105547.2179470062255859375000 HTTP/1.1" 499 0 "-" "WordPress/7.1; https://uslconsultation.com"
202.47.50.160 - - [30/Aug/2026:15:59:08 +0000] "POST /xmlrpc.php HTTP/1.1" 200 415 "-" "Mozilla/5.0 (Windows NT 6.2; x64) AppleWebKit/537.36 (KHTML, like Gecko) Safari/10.0.0.0 Safari/537.36"
202.47.50.160 - - [30/Aug/2026:15:59:35 +0000] "POST /xmlrpc.php HTTP/1.1" 200 415 "-" "Mozilla/5.0 (X11; Ubuntu; Linux x86_64; x86) AppleWebKit/537.36 (KHTML, like Gecko) Safari/12.0.0.0 Safari/537.36"
72.167.149.90 - - [30/Aug/2026:16:00:02 +0000] "POST /wp-cron.php?doing_wp_cron=1788105601.8808250427246093750000 HTTP/1.1" 499 0 "-" "WordPress/7.1; https://uslconsultation.com"
202.47.50.160 - - [30/Aug/2026:16:00:03 +0000] "POST /xmlrpc.php HTTP/1.1" 200 415 "-" "Mozilla/5.0 (Windows NT 10.0; x86) AppleWebKit/537.36 (KHTML, like Gecko) Safari/12.0.0.0 Safari/537.36"
202.47.50.160 - - [30/Aug/2026:16:00:35 +0000] "POST /xmlrpc.php HTTP/1.1" 499 0 "-" "Mozilla/5.0 (Macintosh; Intel Mac OS X 10_15_7; x86) AppleWebKit/537.36 (KHTML, like Gecko) Edge/81.0.0.0 Safari/537.36"
72.167.149.90 - - [30/Aug/2026:16:01:05 +0000] "POST /wp-cron.php?doing_wp_cron=1788105664.6504790782928466796875 HTTP/1.1" 499 0 "-" "WordPress/7.1; https://uslconsultation.com"
202.47.50.160 - - [30/Aug/2026:16:01:05 +0000] "POST /xmlrpc.php HTTP/1.1" 200 415 "-" "Mozilla/5.0 (Windows NT 6.3; x64) AppleWebKit/537.36 (KHTML, like Gecko) Chrome/100.0.0.0 Safari/537.36"
202.47.50.160 - - [30/Aug/2026:16:01:31 +0000] "POST /xmlrpc.php HTTP/1.1" 499 0 "-" "Mozilla/5.0 (Macintosh; Intel Mac OS X 10_15_7; arm64) AppleWebKit/537.36 (KHTML, like Gecko) Safari/10.0.0.0 Safari/537.36"
43.135.133.194 - - [30/Aug/2026:16:01:51 +0000] "GET / HTTP/1.1" 200 69089 "http://www.uslconsultation.com" "Mozilla/5.0 (iPhone; CPU iPhone OS 13_2_3 like Mac OS X) AppleWebKit/605.1.15 (KHTML, like Gecko) Version/13.0.3 Mobile/15E148 Safari/604.1"
202.47.50.160 - - [30/Aug/2026:16:01:59 +0000] "POST /xmlrpc.php HTTP/1.1" 499 0 "-" "Mozilla/5.0 (Windows NT 6.3; x64) AppleWebKit/537.36 (KHTML, like Gecko) Opera/65.0.0.0 Safari/537.36"
72.167.149.90 - - [30/Aug/2026:16:01:59 +0000] "POST /wp-cron.php?doing_wp_cron=1788105718.9627120494842529296875 HTTP/1.1" 499 0 "-" "WordPress/7.1; https://uslconsultation.com"
202.47.50.160 - - [30/Aug/2026:16:02:26 +0000] "POST /xmlrpc.php HTTP/1.1" 200 415 "-" "Mozilla/5.0 (Windows NT 10.0; x64) AppleWebKit/537.36 (KHTML, like Gecko) Firefox/100.0.0.0 Safari/537.36"
202.47.50.160 - - [30/Aug/2026:16:02:57 +0000] "POST /xmlrpc.php HTTP/1.1" 200 415 "-" "Mozilla/5.0 (Macintosh; Intel Mac OS X 10_15_7; x64) AppleWebKit/537.36 (KHTML, like Gecko) Edge/92.0.0.0 Safari/537.36"
202.47.50.160 - - [30/Aug/2026:16:03:23 +0000] "POST /xmlrpc.php HTTP/1.1" 499 0 "-" "Mozilla/5.0 (Macintosh; Intel Mac OS X 10_15_7; x86) AppleWebKit/537.36 (KHTML, like Gecko) Opera/79.0.0.0 Safari/537.36"
72.167.149.90 - - [30/Aug/2026:16:03:26 +0000] "POST /wp-cron.php?doing_wp_cron=1788105805.4918510913848876953125 HTTP/1.1" 499 0 "-" "WordPress/7.1; https://uslconsultation.com"
72.167.149.90 - - [30/Aug/2026:16:04:14 +0000] "POST /wp-cron.php?doing_wp_cron=1788105853.8224079608917236328125 HTTP/1.1" 499 0 "-" "WordPress/7.1; https://uslconsultation.com"
202.47.50.160 - - [30/Aug/2026:16:04:14 +0000] "POST /xmlrpc.php HTTP/1.1" 200 415 "-" "Mozilla/5.0 (X11; Ubuntu; Linux x86_64; x86) AppleWebKit/537.36 (KHTML, like Gecko) Edge/89.0.0.0 Safari/537.36"
43.153.10.13 - - [30/Aug/2026:16:04:48 +0000] "GET /services/ HTTP/1.1" 200 59821 "-" "Mozilla/5.0 (iPhone; CPU iPhone OS 13_2_3 like Mac OS X) AppleWebKit/605.1.15 (KHTML, like Gecko) Version/13.0.3 Mobile/15E148 Safari/604.1"
202.47.50.160 - - [30/Aug/2026:16:05:11 +0000] "POST /xmlrpc.php HTTP/1.1" 499 0 "-" "Mozilla/5.0 (Windows NT 6.2; x86) AppleWebKit/537.36 (KHTML, like Gecko) Chrome/92.0.0.0 Safari/537.36"
72.167.149.90 - - [30/Aug/2026:16:05:15 +0000] "POST /wp-cron.php?doing_wp_cron=1788105914.7791929244995117187500 HTTP/1.1" 499 0 "-" "WordPress/7.1; https://uslconsultation.com"
202.47.50.160 - - [30/Aug/2026:16:09:35 +0000] "POST /xmlrpc.php HTTP/1.1" 499 0 "-" "Mozilla/5.0 (Macintosh; Intel Mac OS X 10_15_7; x86) AppleWebKit/537.36 (KHTML, like Gecko) Safari/12.0.0.0 Safari/537.36"
72.167.149.90 - - [30/Aug/2026:16:09:38 +0000] "POST /wp-cron.php?doing_wp_cron=1788106177.2230930328369140625000 HTTP/1.1" 499 0 "-" "WordPress/7.1; https://uslconsultation.com"
202.47.50.160 - - [30/Aug/2026:16:10:03 +0000] "POST /xmlrpc.php HTTP/1.1" 499 0 "-" "Mozilla/5.0 (X11; Ubuntu; Linux x86_64; x64) AppleWebKit/537.36 (KHTML, like Gecko) Opera/61.0.0.0 Safari/537.36"
72.167.149.90 - - [30/Aug/2026:16:10:08 +0000] "POST /wp-cron.php?doing_wp_cron=1788106206.9512009620666503906250 HTTP/1.1" 499 0 "-" "WordPress/7.1; https://uslconsultation.com"
202.47.50.160 - - [30/Aug/2026:16:10:27 +0000] "POST /xmlrpc.php HTTP/1.1" 499 0 "-" "Mozilla/5.0 (X11; Ubuntu; Linux x86_64; arm64) AppleWebKit/537.36 (KHTML, like Gecko) Chrome/95.0.0.0 Safari/537.36"
202.47.50.160 - - [30/Aug/2026:16:10:55 +0000] "POST /xmlrpc.php HTTP/1.1" 499 0 "-" "Mozilla/5.0 (Linux; Android 10; x86) AppleWebKit/537.36 (KHTML, like Gecko) Edge/94.0.0.0 Safari/537.36"
72.167.149.90 - - [30/Aug/2026:16:11:41 +0000] "POST /wp-cron.php?doing_wp_cron=1788106300.1549830436706542968750 HTTP/1.1" 499 0 "-" "WordPress/7.1; https://uslconsultation.com"
202.47.50.160 - - [30/Aug/2026:16:11:41 +0000] "POST /xmlrpc.php HTTP/1.1" 200 415 "-" "Mozilla/5.0 (Linux; Android 10; x86) AppleWebKit/537.36 (KHTML, like Gecko) Edge/99.0.0.0 Safari/537.36"
72.167.149.90 - - [30/Aug/2026:16:12:14 +0000] "POST /wp-cron.php?doing_wp_cron=1788106333.8378639221191406250000 HTTP/1.1" 499 0 "-" "WordPress/7.1; https://uslconsultation.com"
202.47.50.160 - - [30/Aug/2026:16:12:14 +0000] "POST /xmlrpc.php HTTP/1.1" 200 415 "-" "Mozilla/5.0 (Macintosh; Intel Mac OS X 10_15_7; arm64) AppleWebKit/537.36 (KHTML, like Gecko) Opera/66.0.0.0 Safari/537.36"
202.47.50.160 - - [30/Aug/2026:16:12:57 +0000] "POST /xmlrpc.php HTTP/1.1" 200 415 "-" "Mozilla/5.0 (Macintosh; Intel Mac OS X 10_15_7; x64) AppleWebKit/537.36 (KHTML, like Gecko) Chrome/101.0.0.0 Safari/537.36"
72.167.149.90 - - [30/Aug/2026:16:13:22 +0000] "POST /wp-cron.php?doing_wp_cron=1788106401.9143888950347900390625 HTTP/1.1" 499 0 "-" "WordPress/7.1; https://uslconsultation.com"
202.47.50.160 - - [30/Aug/2026:16:13:22 +0000] "POST /xmlrpc.php HTTP/1.1" 200 415 "-" "Mozilla/5.0 (Linux; Android 10; x64) AppleWebKit/537.36 (KHTML, like Gecko) Edge/84.0.0.0 Safari/537.36"
202.47.50.160 - - [30/Aug/2026:16:13:53 +0000] "POST /xmlrpc.php HTTP/1.1" 200 415 "-" "Mozilla/5.0 (Windows NT 10.0; arm64) AppleWebKit/537.36 (KHTML, like Gecko) Chrome/82.0.0.0 Safari/537.36"
72.167.149.90 - - [30/Aug/2026:16:14:18 +0000] "POST /wp-cron.php?doing_wp_cron=1788106457.8947970867156982421875 HTTP/1.1" 499 0 "-" "WordPress/7.1; https://uslconsultation.com"
202.47.50.160 - - [30/Aug/2026:16:14:18 +0000] "POST /xmlrpc.php HTTP/1.1" 200 415 "-" "Mozilla/5.0 (X11; Ubuntu; Linux x86_64; x86) AppleWebKit/537.36 (KHTML, like Gecko) Chrome/99.0.0.0 Safari/537.36"
202.47.50.160 - - [30/Aug/2026:16:14:37 +0000] "POST /xmlrpc.php HTTP/1.1" 200 415 "-" "Mozilla/5.0 (Linux; Android 10; arm64) AppleWebKit/537.36 (KHTML, like Gecko) Chrome/102.0.0.0 Safari/537.36"
72.167.149.90 - - [30/Aug/2026:16:15:14 +0000] "POST /wp-cron.php?doing_wp_cron=1788106513.1941399574279785156250 HTTP/1.1" 499 0 "-" "WordPress/7.1; https://uslconsultation.com"
202.47.50.160 - - [30/Aug/2026:16:15:14 +0000] "POST /xmlrpc.php HTTP/1.1" 200 415 "-" "Mozilla/5.0 (X11; Ubuntu; Linux x86_64; arm64) AppleWebKit/537.36 (KHTML, like Gecko) Safari/15.0.0.0 Safari/537.36"
202.47.50.160 - - [30/Aug/2026:16:15:38 +0000] "POST /xmlrpc.php HTTP/1.1" 200 415 "-" "Mozilla/5.0 (X11; Ubuntu; Linux x86_64; arm64) AppleWebKit/537.36 (KHTML, like Gecko) Safari/15.0.0.0 Safari/537.36"
72.167.149.90 - - [30/Aug/2026:16:16:07 +0000] "GET /wp-content/uploads/2021/02/services-6.jpg HTTP/1.1" 200 12635 "-" "-"
72.167.149.90 - - [30/Aug/2026:16:16:09 +0000] "POST /wp-cron.php?doing_wp_cron=1788106568.2674310207366943359375 HTTP/1.1" 499 0 "-" "WordPress/7.1; https://uslconsultation.com"
43.153.86.78 - - [30/Aug/2026:16:16:09 +0000] "GET /service/licensing-franchising/ HTTP/1.1" 200 55578 "-" "Mozilla/5.0 (iPhone; CPU iPhone OS 13_2_3 like Mac OS X) AppleWebKit/605.1.15 (KHTML, like Gecko) Version/13.0.3 Mobile/15E148 Safari/604.1"
202.47.50.160 - - [30/Aug/2026:16:16:17 +0000] "POST /xmlrpc.php HTTP/1.1" 200 415 "-" "Mozilla/5.0 (Macintosh; Intel Mac OS X 10_15_7; x86) AppleWebKit/537.36 (KHTML, like Gecko) Safari/14.0.0.0 Safari/537.36"
202.47.50.160 - - [30/Aug/2026:16:16:38 +0000] "POST /xmlrpc.php HTTP/1.1" 200 415 "-" "Mozilla/5.0 (Windows NT 6.2; arm64) AppleWebKit/537.36 (KHTML, like Gecko) Chrome/111.0.0.0 Safari/537.36"
72.167.149.90 - - [30/Aug/2026:16:17:15 +0000] "POST /wp-cron.php?doing_wp_cron=1788106634.1238911151885986328125 HTTP/1.1" 499 0 "-" "WordPress/7.1; https://uslconsultation.com"
202.47.50.160 - - [30/Aug/2026:16:17:15 +0000] "POST /xmlrpc.php HTTP/1.1" 200 415 "-" "Mozilla/5.0 (Windows NT 10.0; x86) AppleWebKit/537.36 (KHTML, like Gecko) Safari/13.0.0.0 Safari/537.36"
72.167.149.90 - - [30/Aug/2026:16:19:36 +0000] "POST /wp-cron.php?doing_wp_cron=1788106775.0384850502014160156250 HTTP/1.1" 499 0 "-" "WordPress/7.1; https://uslconsultation.com"
202.47.50.160 - - [30/Aug/2026:16:19:36 +0000] "POST /xmlrpc.php HTTP/1.1" 200 415 "-" "Mozilla/5.0 (Macintosh; Intel Mac OS X 10_15_7; x86) AppleWebKit/537.36 (KHTML, like Gecko) Edge/93.0.0.0 Safari/537.36"
72.167.149.90 - - [30/Aug/2026:16:20:50 +0000] "POST /wp-cron.php?doing_wp_cron=1788106849.4800601005554199218750 HTTP/1.1" 499 0 "-" "WordPress/7.1; https://uslconsultation.com"
202.47.50.160 - - [30/Aug/2026:16:20:50 +0000] "POST /xmlrpc.php HTTP/1.1" 200 415 "-" "Mozilla/5.0 (Windows NT 6.3; x64) AppleWebKit/537.36 (KHTML, like Gecko) Edge/93.0.0.0 Safari/537.36"
72.167.149.90 - - [30/Aug/2026:16:24:30 +0000] "POST /wp-cron.php?doing_wp_cron=1788107069.2253940105438232421875 HTTP/1.1" 499 0 "-" "WordPress/7.1; https://uslconsultation.com"
202.47.50.160 - - [30/Aug/2026:16:24:30 +0000] "POST /xmlrpc.php HTTP/1.1" 200 415 "-" "Mozilla/5.0 (X11; Ubuntu; Linux x86_64; x64) AppleWebKit/537.36 (KHTML, like Gecko) Chrome/89.0.0.0 Safari/537.36"
43.164.190.124 - - [30/Aug/2026:16:24:40 +0000] "GET /team/ HTTP/1.1" 200 59581 "-" "Mozilla/5.0 (iPhone; CPU iPhone OS 13_2_3 like Mac OS X) AppleWebKit/605.1.15 (KHTML, like Gecko) Version/13.0.3 Mobile/15E148 Safari/604.1"
72.167.149.90 - - [30/Aug/2026:16:26:21 +0000] "POST /wp-cron.php?doing_wp_cron=1788107180.8989291191101074218750 HTTP/1.1" 499 0 "-" "WordPress/7.1; https://uslconsultation.com"
202.47.50.160 - - [30/Aug/2026:16:26:21 +0000] "POST /xmlrpc.php HTTP/1.1" 200 415 "-" "Mozilla/5.0 (X11; Ubuntu; Linux x86_64; arm64) AppleWebKit/537.36 (KHTML, like Gecko) Firefox/85.0.0.0 Safari/537.36"
54.39.210.167 - - [30/Aug/2026:16:26:23 +0000] "GET /robots.txt HTTP/1.1" 200 124 "-" "Mozilla/5.0 (compatible; AhrefsBot/7.0; +http://ahrefs.com/robot/)"
51.81.164.157 - - [30/Aug/2026:16:26:26 +0000] "GET /member/samer-alyasin/feed/ HTTP/1.1" 304 0 "-" "Mozilla/5.0 (compatible; AhrefsBot/7.0; +http://ahrefs.com/robot/)"
202.47.50.160 - - [30/Aug/2026:16:26:43 +0000] "POST /xmlrpc.php HTTP/1.1" 200 415 "-" "Mozilla/5.0 (Windows NT 6.3; arm64) AppleWebKit/537.36 (KHTML, like Gecko) Edge/99.0.0.0 Safari/537.36"
72.167.149.90 - - [30/Aug/2026:16:27:06 +0000] "POST /wp-cron.php?doing_wp_cron=1788107225.4128890037536621093750 HTTP/1.1" 499 0 "-" "WordPress/7.1; https://uslconsultation.com"
202.47.50.160 - - [30/Aug/2026:16:27:06 +0000] "POST /xmlrpc.php HTTP/1.1" 200 415 "-" "Mozilla/5.0 (Windows NT 6.2; x86) AppleWebKit/537.36 (KHTML, like Gecko) Chrome/99.0.0.0 Safari/537.36"
202.47.50.160 - - [30/Aug/2026:16:27:26 +0000] "POST /xmlrpc.php HTTP/1.1" 200 415 "-" "Mozilla/5.0 (Linux; Android 10; x86) AppleWebKit/537.36 (KHTML, like Gecko) Chrome/86.0.0.0 Safari/537.36"
202.47.50.160 - - [30/Aug/2026:16:27:48 +0000] "POST /xmlrpc.php HTTP/1.1" 200 415 "-" "Mozilla/5.0 (Macintosh; Intel Mac OS X 10_15_7; x86) AppleWebKit/537.36 (KHTML, like Gecko) Edge/80.0.0.0 Safari/537.36"
72.167.149.90 - - [30/Aug/2026:16:28:10 +0000] "POST /wp-cron.php?doing_wp_cron=1788107289.1650090217590332031250 HTTP/1.1" 499 0 "-" "WordPress/7.1; https://uslconsultation.com"
202.47.50.160 - - [30/Aug/2026:16:28:10 +0000] "POST /xmlrpc.php HTTP/1.1" 200 415 "-" "Mozilla/5.0 (Windows NT 6.2; x64) AppleWebKit/537.36 (KHTML, like Gecko) Opera/61.0.0.0 Safari/537.36"
202.47.50.160 - - [30/Aug/2026:16:28:30 +0000] "POST /xmlrpc.php HTTP/1.1" 200 415 "-" "Mozilla/5.0 (Windows NT 6.3; x64) AppleWebKit/537.36 (KHTML, like Gecko) Chrome/106.0.0.0 Safari/537.36"
202.47.50.160 - - [30/Aug/2026:16:28:54 +0000] "POST /xmlrpc.php HTTP/1.1" 200 415 "-" "Mozilla/5.0 (Linux; Android 10; x86) AppleWebKit/537.36 (KHTML, like Gecko) Chrome/95.0.0.0 Safari/537.36"
72.167.149.90 - - [30/Aug/2026:16:29:18 +0000] "POST /wp-cron.php?doing_wp_cron=1788107357.6082270145416259765625 HTTP/1.1" 499 0 "-" "WordPress/7.1; https://uslconsultation.com"
202.47.50.160 - - [30/Aug/2026:16:29:18 +0000] "POST /xmlrpc.php HTTP/1.1" 200 415 "-" "Mozilla/5.0 (Windows NT 6.2; x86) AppleWebKit/537.36 (KHTML, like Gecko) Edge/87.0.0.0 Safari/537.36"
202.47.50.160 - - [30/Aug/2026:16:29:58 +0000] "POST /xmlrpc.php HTTP/1.1" 200 415 "-" "Mozilla/5.0 (Linux; Android 10; arm64) AppleWebKit/537.36 (KHTML, like Gecko) Safari/13.0.0.0 Safari/537.36"
72.167.149.90 - - [30/Aug/2026:16:30:24 +0000] "POST /wp-cron.php?doing_wp_cron=1788107423.5762109756469726562500 HTTP/1.1" 499 0 "-" "WordPress/7.1; https://uslconsultation.com"
202.47.50.160 - - [30/Aug/2026:16:30:24 +0000] "POST /xmlrpc.php HTTP/1.1" 200 415 "-" "Mozilla/5.0 (Windows NT 10.0; x64) AppleWebKit/537.36 (KHTML, like Gecko) Opera/62.0.0.0 Safari/537.36"
202.47.50.160 - - [30/Aug/2026:16:30:46 +0000] "POST /xmlrpc.php HTTP/1.1" 200 415 "-" "Mozilla/5.0 (Macintosh; Intel Mac OS X 10_15_7; x86) AppleWebKit/537.36 (KHTML, like Gecko) Firefox/72.0.0.0 Safari/537.36"
185.189.115.118 - - [30/Aug/2026:16:31:01 +0000] "GET / HTTP/1.1" 200 319748 "-" "TRP-reset-url-leak-PoC/1.0"
185.189.115.118 - - [30/Aug/2026:16:31:02 +0000] "GET /wp-content/plugins/translatepress-multilingual/readme.txt HTTP/1.1" 200 15157 "-" "TRP-reset-url-leak-PoC/1.0"
72.167.149.90 - - [30/Aug/2026:16:31:06 +0000] "POST /wp-cron.php?doing_wp_cron=1788107465.7879300117492675781250 HTTP/1.1" 499 0 "-" "WordPress/7.1; https://uslconsultation.com"
202.47.50.160 - - [30/Aug/2026:16:31:06 +0000] "POST /xmlrpc.php HTTP/1.1" 200 415 "-" "Mozilla/5.0 (Windows NT 10.0; arm64) AppleWebKit/537.36 (KHTML, like Gecko) Chrome/99.0.0.0 Safari/537.36"
202.47.50.160 - - [30/Aug/2026:16:31:23 +0000] "POST /xmlrpc.php HTTP/1.1" 200 415 "-" "Mozilla/5.0 (Macintosh; Intel Mac OS X 10_15_7; x64) AppleWebKit/537.36 (KHTML, like Gecko) Firefox/88.0.0.0 Safari/537.36"
202.47.50.160 - - [30/Aug/2026:16:31:42 +0000] "POST /xmlrpc.php HTTP/1.1" 200 415 "-" "Mozilla/5.0 (Linux; Android 10; arm64) AppleWebKit/537.36 (KHTML, like Gecko) Safari/14.0.0.0 Safari/537.36"
202.47.50.160 - - [30/Aug/2026:16:32:00 +0000] "POST /xmlrpc.php HTTP/1.1" 200 415 "-" "Mozilla/5.0 (Windows NT 6.3; x86) AppleWebKit/537.36 (KHTML, like Gecko) Opera/80.0.0.0 Safari/537.36"
72.167.149.90 - - [30/Aug/2026:16:32:18 +0000] "POST /wp-cron.php?doing_wp_cron=1788107537.2267220020294189453125 HTTP/1.1" 499 0 "-" "WordPress/7.1; https://uslconsultation.com"
202.47.50.160 - - [30/Aug/2026:16:32:18 +0000] "POST /xmlrpc.php HTTP/1.1" 200 415 "-" "Mozilla/5.0 (Windows NT 10.0; x86) AppleWebKit/537.36 (KHTML, like Gecko) Firefox/92.0.0.0 Safari/537.36"
202.47.50.160 - - [30/Aug/2026:16:32:42 +0000] "POST /xmlrpc.php HTTP/1.1" 200 415 "-" "Mozilla/5.0 (X11; Ubuntu; Linux x86_64; x64) AppleWebKit/537.36 (KHTML, like Gecko) Edge/83.0.0.0 Safari/537.36"
72.167.149.90 - - [30/Aug/2026:16:33:05 +0000] "POST /wp-cron.php?doing_wp_cron=1788107584.8323659896850585937500 HTTP/1.1" 499 0 "-" "WordPress/7.1; https://uslconsultation.com"
202.47.50.160 - - [30/Aug/2026:16:33:05 +0000] "POST /xmlrpc.php HTTP/1.1" 200 415 "-" "Mozilla/5.0 (Windows NT 10.0; x86) AppleWebKit/537.36 (KHTML, like Gecko) Chrome/104.0.0.0 Safari/537.36"
202.47.50.160 - - [30/Aug/2026:16:33:22 +0000] "POST /xmlrpc.php HTTP/1.1" 200 415 "-" "Mozilla/5.0 (Macintosh; Intel Mac OS X 10_15_7; arm64) AppleWebKit/537.36 (KHTML, like Gecko) Safari/15.0.0.0 Safari/537.36"
202.47.50.160 - - [30/Aug/2026:16:33:40 +0000] "POST /xmlrpc.php HTTP/1.1" 200 415 "-" "Mozilla/5.0 (Windows NT 6.3; x86) AppleWebKit/537.36 (KHTML, like Gecko) Safari/15.0.0.0 Safari/537.36"
202.47.50.160 - - [30/Aug/2026:16:33:58 +0000] "POST /xmlrpc.php HTTP/1.1" 200 415 "-" "Mozilla/5.0 (Macintosh; Intel Mac OS X 10_15_7; x86) AppleWebKit/537.36 (KHTML, like Gecko) Edge/94.0.0.0 Safari/537.36"
202.47.50.160 - - [30/Aug/2026:16:34:15 +0000] "POST /xmlrpc.php HTTP/1.1" 499 0 "-" "Mozilla/5.0 (Windows NT 6.3; arm64) AppleWebKit/537.36 (KHTML, like Gecko) Safari/10.0.0.0 Safari/537.36"
72.167.149.90 - - [30/Aug/2026:16:34:16 +0000] "POST /wp-cron.php?doing_wp_cron=1788107655.0426371097564697265625 HTTP/1.1" 499 0 "-" "WordPress/7.1; https://uslconsultation.com"
202.47.50.160 - - [30/Aug/2026:16:34:30 +0000] "POST /xmlrpc.php HTTP/1.1" 200 415 "-" "Mozilla/5.0 (Macintosh; Intel Mac OS X 10_15_7; x64) AppleWebKit/537.36 (KHTML, like Gecko) Edge/86.0.0.0 Safari/537.36"
202.47.50.160 - - [30/Aug/2026:16:34:46 +0000] "POST /xmlrpc.php HTTP/1.1" 200 415 "-" "Mozilla/5.0 (Macintosh; Intel Mac OS X 10_15_7; x64) AppleWebKit/537.36 (KHTML, like Gecko) Chrome/105.0.0.0 Safari/537.36"
72.167.149.90 - - [30/Aug/2026:16:35:05 +0000] "POST /wp-cron.php?doing_wp_cron=1788107704.5969259738922119140625 HTTP/1.1" 499 0 "-" "WordPress/7.1; https://uslconsultation.com"
202.47.50.160 - - [30/Aug/2026:16:35:05 +0000] "POST /xmlrpc.php HTTP/1.1" 200 415 "-" "Mozilla/5.0 (Linux; Android 10; x86) AppleWebKit/537.36 (KHTML, like Gecko) Opera/67.0.0.0 Safari/537.36"
202.47.50.160 - - [30/Aug/2026:16:35:22 +0000] "POST /xmlrpc.php HTTP/1.1" 200 415 "-" "Mozilla/5.0 (Windows NT 6.2; x86) AppleWebKit/537.36 (KHTML, like Gecko) Edge/81.0.0.0 Safari/537.36"
202.47.50.160 - - [30/Aug/2026:16:35:44 +0000] "POST /xmlrpc.php HTTP/1.1" 200 415 "-" "Mozilla/5.0 (Linux; Android 10; x64) AppleWebKit/537.36 (KHTML, like Gecko) Opera/78.0.0.0 Safari/537.36"
52.167.144.161 - - [30/Aug/2026:16:35:50 +0000] "GET /category-portfolio/finance/ HTTP/1.1" 404 50948 "-" "Mozilla/5.0 AppleWebKit/537.36 (KHTML, like Gecko; compatible; bingbot/2.0; +http://www.bing.com/bingbot.htm) Chrome/116.0.1938.76 Safari/537.36"
72.167.149.90 - - [30/Aug/2026:16:36:15 +0000] "POST /wp-cron.php?doing_wp_cron=1788107774.1389760971069335937500 HTTP/1.1" 499 0 "-" "WordPress/7.1; https://uslconsultation.com"
202.47.50.160 - - [30/Aug/2026:16:36:15 +0000] "POST /xmlrpc.php HTTP/1.1" 200 415 "-" "Mozilla/5.0 (Macintosh; Intel Mac OS X 10_15_7; arm64) AppleWebKit/537.36 (KHTML, like Gecko) Safari/11.0.0.0 Safari/537.36"
202.47.50.160 - - [30/Aug/2026:16:36:34 +0000] "POST /xmlrpc.php HTTP/1.1" 200 415 "-" "Mozilla/5.0 (Macintosh; Intel Mac OS X 10_15_7; x64) AppleWebKit/537.36 (KHTML, like Gecko) Firefox/92.0.0.0 Safari/537.36"
202.47.50.160 - - [30/Aug/2026:16:37:03 +0000] "POST /xmlrpc.php HTTP/1.1" 499 0 "-" "Mozilla/5.0 (Windows NT 10.0; x86) AppleWebKit/537.36 (KHTML, like Gecko) Opera/78.0.0.0 Safari/537.36"
72.167.149.90 - - [30/Aug/2026:16:37:03 +0000] "POST /wp-cron.php?doing_wp_cron=1788107822.8798999786376953125000 HTTP/1.1" 499 0 "-" "WordPress/7.1; https://uslconsultation.com"
202.47.50.160 - - [30/Aug/2026:16:37:25 +0000] "POST /xmlrpc.php HTTP/1.1" 200 415 "-" "Mozilla/5.0 (Windows NT 10.0; x64) AppleWebKit/537.36 (KHTML, like Gecko) Chrome/94.0.0.0 Safari/537.36"
202.47.50.160 - - [30/Aug/2026:16:37:54 +0000] "POST /xmlrpc.php HTTP/1.1" 200 415 "-" "Mozilla/5.0 (Macintosh; Intel Mac OS X 10_15_7; x86) AppleWebKit/537.36 (KHTML, like Gecko) Safari/11.0.0.0 Safari/537.36"
72.167.149.90 - - [30/Aug/2026:16:39:05 +0000] "GET /wp-content/uploads/2021/02/services-5.jpg HTTP/1.1" 200 16234 "-" "-"
72.167.149.90 - - [30/Aug/2026:16:39:07 +0000] "POST /wp-cron.php?doing_wp_cron=1788107946.3671960830688476562500 HTTP/1.1" 499 0 "-" "WordPress/7.1; https://uslconsultation.com"
43.159.36.180 - - [30/Aug/2026:16:39:07 +0000] "GET /service/digital-marketing-social-media/ HTTP/1.1" 200 55616 "-" "Mozilla/5.0 (iPhone; CPU iPhone OS 13_2_3 like Mac OS X) AppleWebKit/605.1.15 (KHTML, like Gecko) Version/13.0.3 Mobile/15E148 Safari/604.1"
202.47.50.160 - - [30/Aug/2026:16:42:26 +0000] "GET /wp-json/wp/v2/users HTTP/1.1" 499 0 "-" "Mozilla/4.0 (compatible; Win32; WinHttp.WinHttpRequest.5)"
72.167.149.90 - - [30/Aug/2026:16:42:26 +0000] "POST /wp-cron.php?doing_wp_cron=1788108145.5768671035766601562500 HTTP/1.1" 499 0 "-" "WordPress/7.1; https://uslconsultation.com"
72.167.149.90 - - [30/Aug/2026:16:43:23 +0000] "POST /wp-cron.php?doing_wp_cron=1788108202.8379900455474853515625 HTTP/1.1" 499 0 "-" "WordPress/7.1; https://uslconsultation.com"
202.47.50.160 - - [30/Aug/2026:16:43:23 +0000] "POST /xmlrpc.php HTTP/1.1" 200 415 "-" "Mozilla/5.0 (Windows NT 6.3; x64) AppleWebKit/537.36 (KHTML, like Gecko) Edge/89.0.0.0 Safari/537.36"
72.167.149.90 - - [30/Aug/2026:16:44:29 +0000] "POST /wp-cron.php?doing_wp_cron=1788108268.7448248863220214843750 HTTP/1.1" 499 0 "-" "WordPress/7.1; https://uslconsultation.com"
202.47.50.160 - - [30/Aug/2026:16:44:29 +0000] "POST /xmlrpc.php HTTP/1.1" 200 415 "-" "Mozilla/5.0 (Windows NT 6.2; arm64) AppleWebKit/537.36 (KHTML, like Gecko) Chrome/80.0.0.0 Safari/537.36"
72.167.149.90 - - [30/Aug/2026:16:45:26 +0000] "POST /wp-cron.php?doing_wp_cron=1788108325.1158668994903564453125 HTTP/1.1" 499 0 "-" "WordPress/7.1; https://uslconsultation.com"
202.47.50.160 - - [30/Aug/2026:16:45:26 +0000] "POST /xmlrpc.php HTTP/1.1" 200 415 "-" "Mozilla/5.0 (Windows NT 6.3; x64) AppleWebKit/537.36 (KHTML, like Gecko) Safari/14.0.0.0 Safari/537.36"
72.167.149.90 - - [30/Aug/2026:16:46:17 +0000] "POST /wp-cron.php?doing_wp_cron=1788108376.7470650672912597656250 HTTP/1.1" 499 0 "-" "WordPress/7.1; https://uslconsultation.com"
202.47.50.160 - - [30/Aug/2026:16:46:17 +0000] "POST /xmlrpc.php HTTP/1.1" 200 415 "-" "Mozilla/5.0 (Windows NT 10.0; x64) AppleWebKit/537.36 (KHTML, like Gecko) Edge/91.0.0.0 Safari/537.36"
72.167.149.90 - - [30/Aug/2026:16:47:13 +0000] "POST /wp-cron.php?doing_wp_cron=1788108432.1640820503234863281250 HTTP/1.1" 499 0 "-" "WordPress/7.1; https://uslconsultation.com"
202.47.50.160 - - [30/Aug/2026:16:47:13 +0000] "POST /xmlrpc.php HTTP/1.1" 200 415 "-" "Mozilla/5.0 (Windows NT 6.3; x64) AppleWebKit/537.36 (KHTML, like Gecko) Edge/97.0.0.0 Safari/537.36"
202.47.50.160 - - [30/Aug/2026:16:48:06 +0000] "POST /xmlrpc.php HTTP/1.1" 499 0 "-" "Mozilla/5.0 (X11; Ubuntu; Linux x86_64; x64) AppleWebKit/537.36 (KHTML, like Gecko) Opera/61.0.0.0 Safari/537.36"
72.167.149.90 - - [30/Aug/2026:16:48:06 +0000] "POST /wp-cron.php?doing_wp_cron=1788108485.7366459369659423828125 HTTP/1.1" 499 0 "-" "WordPress/7.1; https://uslconsultation.com"
43.160.219.206 - - [30/Aug/2026:16:48:07 +0000] "GET /ar/services/ HTTP/1.1" 200 80230 "-" "Mozilla/5.0 (iPhone; CPU iPhone OS 13_2_3 like Mac OS X) AppleWebKit/605.1.15 (KHTML, like Gecko) Version/13.0.3 Mobile/15E148 Safari/604.1"
202.47.50.160 - - [30/Aug/2026:16:48:46 +0000] "POST /xmlrpc.php HTTP/1.1" 200 415 "-" "Mozilla/5.0 (Windows NT 6.2; x86) AppleWebKit/537.36 (KHTML, like Gecko) Safari/10.0.0.0 Safari/537.36"
72.167.149.90 - - [30/Aug/2026:16:49:41 +0000] "POST /wp-cron.php?doing_wp_cron=1788108580.2268509864807128906250 HTTP/1.1" 499 0 "-" "WordPress/7.1; https://uslconsultation.com"
202.47.50.160 - - [30/Aug/2026:16:49:41 +0000] "POST /xmlrpc.php HTTP/1.1" 200 415 "-" "Mozilla/5.0 (Linux; Android 10; x86) AppleWebKit/537.36 (KHTML, like Gecko) Chrome/81.0.0.0 Safari/537.36"
72.167.149.90 - - [30/Aug/2026:16:50:29 +0000] "POST /wp-cron.php?doing_wp_cron=1788108628.7866590023040771484375 HTTP/1.1" 499 0 "-" "WordPress/7.1; https://uslconsultation.com"
202.47.50.160 - - [30/Aug/2026:16:50:29 +0000] "POST /xmlrpc.php HTTP/1.1" 200 415 "-" "Mozilla/5.0 (Windows NT 6.3; x86) AppleWebKit/537.36 (KHTML, like Gecko) Safari/13.0.0.0 Safari/537.36"
72.167.149.90 - - [30/Aug/2026:16:51:13 +0000] "POST /wp-cron.php?doing_wp_cron=1788108672.9333109855651855468750 HTTP/1.1" 499 0 "-" "WordPress/7.1; https://uslconsultation.com"
202.47.50.160 - - [30/Aug/2026:16:51:14 +0000] "POST /xmlrpc.php HTTP/1.1" 200 415 "-" "Mozilla/5.0 (Macintosh; Intel Mac OS X 10_15_7; arm64) AppleWebKit/537.36 (KHTML, like Gecko) Edge/91.0.0.0 Safari/537.36"
202.47.50.160 - - [30/Aug/2026:16:51:52 +0000] "POST /xmlrpc.php HTTP/1.1" 200 415 "-" "Mozilla/5.0 (Linux; Android 10; arm64) AppleWebKit/537.36 (KHTML, like Gecko) Firefox/85.0.0.0 Safari/537.36"
72.167.149.90 - - [30/Aug/2026:16:52:35 +0000] "POST /wp-cron.php?doing_wp_cron=1788108754.1676781177520751953125 HTTP/1.1" 499 0 "-" "WordPress/7.1; https://uslconsultation.com"
202.47.50.160 - - [30/Aug/2026:16:52:35 +0000] "POST /xmlrpc.php HTTP/1.1" 200 415 "-" "Mozilla/5.0 (X11; Ubuntu; Linux x86_64; x64) AppleWebKit/537.36 (KHTML, like Gecko) Opera/66.0.0.0 Safari/537.36"
72.167.149.90 - - [30/Aug/2026:16:53:05 +0000] "POST /wp-cron.php?doing_wp_cron=1788108784.3237519264221191406250 HTTP/1.1" 499 0 "-" "WordPress/7.1; https://uslconsultation.com"
202.47.50.160 - - [30/Aug/2026:16:53:05 +0000] "POST /xmlrpc.php HTTP/1.1" 200 415 "-" "Mozilla/5.0 (Windows NT 6.2; arm64) AppleWebKit/537.36 (KHTML, like Gecko) Edge/99.0.0.0 Safari/537.36"
202.47.50.160 - - [30/Aug/2026:16:53:28 +0000] "POST /xmlrpc.php HTTP/1.1" 200 415 "-" "Mozilla/5.0 (Windows NT 10.0; x64) AppleWebKit/537.36 (KHTML, like Gecko) Safari/13.0.0.0 Safari/537.36"
72.167.149.90 - - [30/Aug/2026:16:54:04 +0000] "POST /wp-cron.php?doing_wp_cron=1788108843.6324629783630371093750 HTTP/1.1" 499 0 "-" "WordPress/7.1; https://uslconsultation.com"
202.47.50.160 - - [30/Aug/2026:16:54:04 +0000] "POST /xmlrpc.php HTTP/1.1" 200 415 "-" "Mozilla/5.0 (Windows NT 6.2; x86) AppleWebKit/537.36 (KHTML, like Gecko) Firefox/95.0.0.0 Safari/537.36"
202.47.50.160 - - [30/Aug/2026:16:54:39 +0000] "POST /xmlrpc.php HTTP/1.1" 200 415 "-" "Mozilla/5.0 (Linux; Android 10; x64) AppleWebKit/537.36 (KHTML, like Gecko) Chrome/91.0.0.0 Safari/537.36"
72.167.149.90 - - [30/Aug/2026:16:55:09 +0000] "POST /wp-cron.php?doing_wp_cron=1788108908.9244539737701416015625 HTTP/1.1" 499 0 "-" "WordPress/7.1; https://uslconsultation.com"
202.47.50.160 - - [30/Aug/2026:16:55:10 +0000] "POST /xmlrpc.php HTTP/1.1" 200 415 "-" "Mozilla/5.0 (Windows NT 6.2; x64) AppleWebKit/537.36 (KHTML, like Gecko) Edge/99.0.0.0 Safari/537.36"
202.47.50.160 - - [30/Aug/2026:16:55:31 +0000] "POST /xmlrpc.php HTTP/1.1" 200 415 "-" "Mozilla/5.0 (Windows NT 10.0; x64) AppleWebKit/537.36 (KHTML, like Gecko) Safari/14.0.0.0 Safari/537.36"
202.47.50.160 - - [30/Aug/2026:16:55:52 +0000] "POST /xmlrpc.php HTTP/1.1" 200 415 "-" "Mozilla/5.0 (Windows NT 10.0; arm64) AppleWebKit/537.36 (KHTML, like Gecko) Safari/12.0.0.0 Safari/537.36"
72.167.149.90 - - [30/Aug/2026:16:56:15 +0000] "POST /wp-cron.php?doing_wp_cron=1788108974.6064989566802978515625 HTTP/1.1" 499 0 "-" "WordPress/7.1; https://uslconsultation.com"
202.47.50.160 - - [30/Aug/2026:16:56:15 +0000] "POST /xmlrpc.php HTTP/1.1" 200 415 "-" "Mozilla/5.0 (Windows NT 6.2; arm64) AppleWebKit/537.36 (KHTML, like Gecko) Chrome/90.0.0.0 Safari/537.36"
