54.39.89.195 - - [01/Sep/2026:10:58:47 +0000] "GET /wp-content/themes/porto/css/part/header-shop_rtl.css?ver=7.7.2 HTTP/1.1" 200 2512 "-" "Mozilla/5.0 (compatible; AhrefsBot/7.0; +http://ahrefs.com/robot/)"
15.235.27.94 - - [01/Sep/2026:10:58:48 +0000] "GET /wp-content/plugins/elementor/assets/css/widget-social-icons-rtl.min.css?ver=4.2.4 HTTP/1.1" 200 1155 "-" "Mozilla/5.0 (compatible; AhrefsBot/7.0; +http://ahrefs.com/robot/)"
51.161.37.40 - - [01/Sep/2026:10:58:50 +0000] "GET /wp-content/plugins/alpus-aprs/plugin-framework/assets/css/base-rtl.min.css?ver=1.2.0 HTTP/1.1" 200 4335 "-" "Mozilla/5.0 (compatible; AhrefsBot/7.0; +http://ahrefs.com/robot/)"
27.71.77.226 - - [01/Sep/2026:10:58:56 +0000] "POST /xmlrpc.php HTTP/1.1" 200 415 "-" "Mozilla/5.0 (Macintosh; Intel Mac OS X 10_15_7; x86) AppleWebKit/537.36 (KHTML, like Gecko) Firefox/71.0.0.0 Safari/537.36"
54.39.0.10 - - [01/Sep/2026:10:58:58 +0000] "GET /wp-content/plugins/elementor/assets/css/widget-testimonial-rtl.min.css?ver=4.2.4 HTTP/1.1" 200 360 "-" "Mozilla/5.0 (compatible; AhrefsBot/7.0; +http://ahrefs.com/robot/)"
15.235.27.81 - - [01/Sep/2026:10:58:59 +0000] "GET /wp-content/uploads/porto_styles/dynamic_style_rtl.css?ver=7.7.2 HTTP/1.1" 200 7267 "-" "Mozilla/5.0 (compatible; AhrefsBot/7.0; +http://ahrefs.com/robot/)"
142.44.228.173 - - [01/Sep/2026:10:59:00 +0000] "GET /wp-content/plugins/woocommerce/assets/client/blocks/wc-blocks-rtl.css?ver=wc-11.0.1 HTTP/1.1" 200 2677 "-" "Mozilla/5.0 (compatible; AhrefsBot/7.0; +http://ahrefs.com/robot/)"
167.114.139.185 - - [01/Sep/2026:10:59:01 +0000] "GET /wp-content/plugins/elementor/assets/css/widget-image-rtl.min.css?ver=4.2.4 HTTP/1.1" 200 214 "-" "Mozilla/5.0 (compatible; AhrefsBot/7.0; +http://ahrefs.com/robot/)"
142.44.233.222 - - [01/Sep/2026:10:59:02 +0000] "GET /wp-content/themes/porto/css/theme_rtl_shop.css?ver=7.7.2 HTTP/1.1" 200 13998 "-" "Mozilla/5.0 (compatible; AhrefsBot/7.0; +http://ahrefs.com/robot/)"
148.113.130.157 - - [01/Sep/2026:10:59:03 +0000] "GET /wp-content/themes/porto/css/theme_rtl_portfolio.css?ver=7.7.2 HTTP/1.1" 200 2825 "-" "Mozilla/5.0 (compatible; AhrefsBot/7.0; +http://ahrefs.com/robot/)"
142.44.220.34 - - [01/Sep/2026:10:59:04 +0000] "GET /wp-content/themes/porto/css/plugins_rtl.css?ver=7.7.2 HTTP/1.1" 200 33146 "-" "Mozilla/5.0 (compatible; AhrefsBot/7.0; +http://ahrefs.com/robot/)"
54.39.210.250 - - [01/Sep/2026:10:59:05 +0000] "GET /wp-content/themes/porto/css/theme/shop/login-style/account-login_rtl.css?ver=7.7.2 HTTP/1.1" 200 1026 "-" "Mozilla/5.0 (compatible; AhrefsBot/7.0; +http://ahrefs.com/robot/)"
148.113.130.170 - - [01/Sep/2026:10:59:06 +0000] "GET /wp-content/themes/porto/css/theme/blog/single-post/modern_rtl.css?ver=7.7.2 HTTP/1.1" 200 599 "-" "Mozilla/5.0 (compatible; AhrefsBot/7.0; +http://ahrefs.com/robot/)"
148.113.128.183 - - [01/Sep/2026:10:59:07 +0000] "GET /wp-content/uploads/porto_styles/bootstrap_rtl.css?ver=7.7.2 HTTP/1.1" 200 23454 "-" "Mozilla/5.0 (compatible; AhrefsBot/7.0; +http://ahrefs.com/robot/)"
167.114.139.210 - - [01/Sep/2026:10:59:09 +0000] "GET /wp-content/themes/porto/css/theme_elementor_rtl.css?ver=7.7.2 HTTP/1.1" 200 1856 "-" "Mozilla/5.0 (compatible; AhrefsBot/7.0; +http://ahrefs.com/robot/)"
54.39.0.102 - - [01/Sep/2026:10:59:09 +0000] "GET /wp-content/themes/porto/css/theme_rtl_member.css?ver=7.7.2 HTTP/1.1" 200 1256 "-" "Mozilla/5.0 (compatible; AhrefsBot/7.0; +http://ahrefs.com/robot/)"
54.39.210.122 - - [01/Sep/2026:10:59:11 +0000] "GET /wp-content/themes/porto/css/theme_rtl.css?ver=7.7.2 HTTP/1.1" 200 38544 "-" "Mozilla/5.0 (compatible; AhrefsBot/7.0; +http://ahrefs.com/robot/)"
54.39.0.87 - - [01/Sep/2026:10:59:12 +0000] "GET /wp-content/themes/porto/css/part/nav-panel_rtl.css?ver=7.7.2 HTTP/1.1" 200 787 "-" "Mozilla/5.0 (compatible; AhrefsBot/7.0; +http://ahrefs.com/robot/)"
54.39.203.100 - - [01/Sep/2026:10:59:13 +0000] "GET /wp-content/themes/porto/css/part/revslider_rtl.css?ver=7.7.2 HTTP/1.1" 200 945 "-" "Mozilla/5.0 (compatible; AhrefsBot/7.0; +http://ahrefs.com/robot/)"
167.114.139.192 - - [01/Sep/2026:10:59:14 +0000] "GET /wp-content/themes/porto/css/part/media-mobile-sidebar_rtl.css?ver=7.7.2 HTTP/1.1" 200 527 "-" "Mozilla/5.0 (compatible; AhrefsBot/7.0; +http://ahrefs.com/robot/)"
54.39.136.227 - - [01/Sep/2026:10:59:15 +0000] "GET /wp-content/themes/porto/css/theme/blog/type/modern_rtl.css?ver=7.7.2 HTTP/1.1" 200 1050 "-" "Mozilla/5.0 (compatible; AhrefsBot/7.0; +http://ahrefs.com/robot/)"
15.235.98.90 - - [01/Sep/2026:10:59:16 +0000] "GET /wp-content/uploads/elementor/css/custom-widget-progress-rtl.min.css?ver=1788235299 HTTP/1.1" 200 416 "-" "Mozilla/5.0 (compatible; AhrefsBot/7.0; +http://ahrefs.com/robot/)"
51.222.168.121 - - [01/Sep/2026:10:59:17 +0000] "GET /wp-content/themes/porto/css/theme/shop/other/woopage_rtl.css?ver=7.7.2 HTTP/1.1" 200 4814 "-" "Mozilla/5.0 (compatible; AhrefsBot/7.0; +http://ahrefs.com/robot/)"
51.222.168.211 - - [01/Sep/2026:10:59:18 +0000] "GET /wp-content/themes/porto/css/theme_rtl_event.css?ver=7.7.2 HTTP/1.1" 200 333 "-" "Mozilla/5.0 (compatible; AhrefsBot/7.0; +http://ahrefs.com/robot/)"
167.114.139.15 - - [01/Sep/2026:10:59:19 +0000] "GET /wp-content/plugins/elementor/assets/css/widget-divider-rtl.min.css?ver=4.2.4 HTTP/1.1" 200 764 "-" "Mozilla/5.0 (compatible; AhrefsBot/7.0; +http://ahrefs.com/robot/)"
72.167.149.90 - - [01/Sep/2026:10:59:19 +0000] "POST /wp-cron.php?doing_wp_cron=1788260358.2593019008636474609375 HTTP/1.1" 499 0 "-" "WordPress/7.1; https://uslconsultation.com"
27.71.77.226 - - [01/Sep/2026:10:59:19 +0000] "POST /xmlrpc.php HTTP/1.1" 200 415 "-" "Mozilla/5.0 (Windows NT 10.0; x86) AppleWebKit/537.36 (KHTML, like Gecko) Edge/99.0.0.0 Safari/537.36"
27.71.77.226 - - [01/Sep/2026:10:59:43 +0000] "POST /xmlrpc.php HTTP/1.1" 200 415 "-" "Mozilla/5.0 (Windows NT 10.0; arm64) AppleWebKit/537.36 (KHTML, like Gecko) Firefox/82.0.0.0 Safari/537.36"
72.167.149.90 - - [01/Sep/2026:11:00:07 +0000] "POST /wp-cron.php?doing_wp_cron=1788260406.9544849395751953125000 HTTP/1.1" 499 0 "-" "WordPress/7.1; https://uslconsultation.com"
27.71.77.226 - - [01/Sep/2026:11:00:08 +0000] "POST /xmlrpc.php HTTP/1.1" 200 415 "-" "Mozilla/5.0 (Windows NT 6.3; arm64) AppleWebKit/537.36 (KHTML, like Gecko) Chrome/97.0.0.0 Safari/537.36"
27.71.77.226 - - [01/Sep/2026:11:00:33 +0000] "POST /xmlrpc.php HTTP/1.1" 200 415 "-" "Mozilla/5.0 (Macintosh; Intel Mac OS X 10_15_7; x86) AppleWebKit/537.36 (KHTML, like Gecko) Chrome/92.0.0.0 Safari/537.36"
72.167.149.90 - - [01/Sep/2026:11:01:20 +0000] "POST /wp-cron.php?doing_wp_cron=1788260479.3555240631103515625000 HTTP/1.1" 499 0 "-" "WordPress/7.1; https://uslconsultation.com"
43.172.198.105 - - [01/Sep/2026:11:01:20 +0000] "GET /?p=149 HTTP/1.1" 301 5 "-" "Mozilla/5.0 (Windows NT 10.0; Win64; x64) AppleWebKit/537.36 (KHTML, like Gecko) Chrome/104.0.5112.81 Safari/537.36"
43.173.173.119 - - [01/Sep/2026:11:01:25 +0000] "GET /contact-us/ HTTP/1.1" 200 54027 "-" "Mozilla/5.0 (Windows NT 10.0; Win64; x64) AppleWebKit/537.36 (KHTML, like Gecko) Chrome/104.0.5112.81 Safari/537.36"
43.173.182.2 - - [01/Sep/2026:11:01:26 +0000] "GET /wp-content/themes/porto/css/theme/blog/type/modern.css?ver=7.7.2 HTTP/1.1" 200 1047 "https://uslconsultation.com/contact-us/" "Mozilla/5.0 (Windows NT 10.0; Win64; x64) AppleWebKit/537.36 (KHTML, like Gecko) Chrome/104.0.5112.81 Safari/537.36"
43.173.180.97 - - [01/Sep/2026:11:01:26 +0000] "GET /wp-content/themes/porto/css/part/fadeInUp.css?ver=7.7.2 HTTP/1.1" 200 132 "https://uslconsultation.com/contact-us/" "Mozilla/5.0 (Windows NT 10.0; Win64; x64) AppleWebKit/537.36 (KHTML, like Gecko) Chrome/104.0.5112.81 Safari/537.36"
43.173.179.116 - - [01/Sep/2026:11:01:26 +0000] "GET /wp-content/uploads/elementor/css/post-149.css?ver=1788235160 HTTP/1.1" 200 1290 "https://uslconsultation.com/contact-us/" "Mozilla/5.0 (Windows NT 10.0; Win64; x64) AppleWebKit/537.36 (KHTML, like Gecko) Chrome/104.0.5112.81 Safari/537.36"
43.173.179.47 - - [01/Sep/2026:11:01:26 +0000] "GET /wp-content/themes/porto/css/theme/blog/single-post/modern.css?ver=7.7.2 HTTP/1.1" 200 599 "https://uslconsultation.com/contact-us/" "Mozilla/5.0 (Windows NT 10.0; Win64; x64) AppleWebKit/537.36 (KHTML, like Gecko) Chrome/104.0.5112.81 Safari/537.36"
43.173.175.73 - - [01/Sep/2026:11:01:33 +0000] "POST /?wc-ajax=get_refreshed_fragments HTTP/1.1" 200 589 "https://uslconsultation.com/contact-us/" "Mozilla/5.0 (Windows NT 10.0; Win64; x64) AppleWebKit/537.36 (KHTML, like Gecko) Chrome/104.0.5112.81 Safari/537.36"
43.172.195.127 - - [01/Sep/2026:11:01:34 +0000] "GET /wp-json/contact-form-7/v1/contact-forms/324/feedback/schema HTTP/1.1" 200 251 "https://uslconsultation.com/contact-us/" "Mozilla/5.0 (Windows NT 10.0; Win64; x64) AppleWebKit/537.36 (KHTML, like Gecko) Chrome/104.0.5112.81 Safari/537.36"
43.173.173.120 - - [01/Sep/2026:11:01:35 +0000] "GET /wp-json/contact-form-7/v1/contact-forms/324/refill HTTP/1.1" 200 33 "https://uslconsultation.com/contact-us/" "Mozilla/5.0 (Windows NT 10.0; Win64; x64) AppleWebKit/537.36 (KHTML, like Gecko) Chrome/104.0.5112.81 Safari/537.36"
72.167.149.90 - - [01/Sep/2026:11:12:15 +0000] "POST /wp-cron.php?doing_wp_cron=1788261134.1778740882873535156250 HTTP/1.1" 499 0 "-" "WordPress/7.1; https://uslconsultation.com/ar"
172.56.91.178 - - [01/Sep/2026:11:12:15 +0000] "GET /ar/category/franchise-licensing/ HTTP/1.1" 200 75592 "-" "Mozilla/5.0 (Macintosh; Intel Mac OS X 13_3_1) AppleWebKit/537.36 (KHTML, like Gecko) Chrome/131.0.6778.139 Safari/537.36"
8.217.145.188 - - [01/Sep/2026:11:12:50 +0000] "GET / HTTP/1.1" 200 147047 "-" "Mozilla/5.0 (Windows NT 10.0; Win64; x64) AppleWebKit/537.36 (KHTML, like Gecko) Chrome/120.0.0.0 Safari/537.36"
8.217.145.188 - - [01/Sep/2026:11:12:53 +0000] "GET / HTTP/1.1" 200 319749 "-" "Mozilla/5.0 (Windows NT 10.0; Win64; x64) AppleWebKit/537.36 (KHTML, like Gecko) Chrome/120.0.0.0 Safari/537.36"
72.167.149.90 - - [01/Sep/2026:11:24:37 +0000] "POST /wp-cron.php?doing_wp_cron=1788261876.0907890796661376953125 HTTP/1.1" 499 0 "-" "WordPress/7.1; https://uslconsultation.com"
216.73.216.218 - - [01/Sep/2026:11:24:37 +0000] "GET /robots.txt HTTP/1.1" 200 124 "-" "Mozilla/5.0 AppleWebKit/537.36 (KHTML, like Gecko; compatible; ClaudeBot/1.0; +claudebot@anthropic.com)"
216.73.216.218 - - [01/Sep/2026:11:24:42 +0000] "GET /sitemaps.xml HTTP/1.1" 200 284 "-" "Mozilla/5.0 AppleWebKit/537.36 (KHTML, like Gecko; compatible; ClaudeBot/1.0; +claudebot@anthropic.com)"
72.167.149.90 - - [01/Sep/2026:11:27:41 +0000] "GET /wp-content/uploads/2025/12/Measurable-Growth-scaled-e1766361107230.jpg HTTP/1.1" 200 79111 "-" "-"
72.167.149.90 - - [01/Sep/2026:11:27:44 +0000] "POST /wp-cron.php?doing_wp_cron=1788262063.1042199134826660156250 HTTP/1.1" 499 0 "-" "WordPress/7.1; https://uslconsultation.com"
57.141.14.78 - - [01/Sep/2026:11:27:44 +0000] "GET /2025/12/21/how-consulting-firms-drive-measurable-growth-for-smes/ HTTP/1.1" 200 56869 "-" "Mozilla/5.0 (Windows NT 10.0; Win64; x64) AppleWebKit/537.36 (KHTML, like Gecko) Chrome/145.0.0.0 Safari/537.36 (compatible; meta-externalagent/1.1 (+https://developers.facebook.com/docs/sharing/webmasters/crawler))"
40.87.20.23 - - [01/Sep/2026:11:41:03 +0000] "POST / HTTP/1.1" 499 0 "https://mail.uslconsultation.com/" "Mozilla/5.0 (Windows NT 10.0; Win64; x64) AppleWebKit/537.36 (KHTML, like Gecko) Chrome/146.0.0.0 Safari/537.36"
72.167.149.90 - - [01/Sep/2026:11:56:27 +0000] "POST /wp-cron.php?doing_wp_cron=1788263786.6052908897399902343750 HTTP/1.1" 499 0 "-" "WordPress/7.1; https://uslconsultation.com"
112.134.173.58 - - [01/Sep/2026:11:56:27 +0000] "POST /xmlrpc.php HTTP/1.1" 200 415 "-" "Mozilla/5.0 (Windows NT 6.2; arm64) AppleWebKit/537.36 (KHTML, like Gecko) Safari/13.0.0.0 Safari/537.36"
72.167.149.90 - - [01/Sep/2026:11:59:41 +0000] "POST /wp-cron.php?doing_wp_cron=1788263980.3482561111450195312500 HTTP/1.1" 499 0 "-" "WordPress/7.1; https://uslconsultation.com"
112.134.173.58 - - [01/Sep/2026:11:59:41 +0000] "GET /wp-json/wp/v2/users HTTP/1.1" 200 1678 "-" "Mozilla/4.0 (compatible; Win32; WinHttp.WinHttpRequest.5)"
112.134.173.58 - - [01/Sep/2026:12:00:24 +0000] "POST /xmlrpc.php HTTP/1.1" 499 0 "-" "Mozilla/5.0 (X11; Ubuntu; Linux x86_64; arm64) AppleWebKit/537.36 (KHTML, like Gecko) Opera/75.0.0.0 Safari/537.36"
72.167.149.90 - - [01/Sep/2026:12:00:25 +0000] "POST /wp-cron.php?doing_wp_cron=1788264024.1151559352874755859375 HTTP/1.1" 499 0 "-" "WordPress/7.1; https://uslconsultation.com"
72.167.149.90 - - [01/Sep/2026:12:01:02 +0000] "POST /wp-cron.php?doing_wp_cron=1788264061.2932620048522949218750 HTTP/1.1" 499 0 "-" "WordPress/7.1; https://uslconsultation.com"
112.134.173.58 - - [01/Sep/2026:12:01:02 +0000] "POST /xmlrpc.php HTTP/1.1" 200 415 "-" "Mozilla/5.0 (X11; Ubuntu; Linux x86_64; x64) AppleWebKit/537.36 (KHTML, like Gecko) Firefox/78.0.0.0 Safari/537.36"
112.134.173.58 - - [01/Sep/2026:12:01:35 +0000] "POST /xmlrpc.php HTTP/1.1" 200 415 "-" "Mozilla/5.0 (Macintosh; Intel Mac OS X 10_15_7; arm64) AppleWebKit/537.36 (KHTML, like Gecko) Opera/64.0.0.0 Safari/537.36"
72.167.149.90 - - [01/Sep/2026:12:02:11 +0000] "POST /wp-cron.php?doing_wp_cron=1788264130.1955840587615966796875 HTTP/1.1" 499 0 "-" "WordPress/7.1; https://uslconsultation.com"
112.134.173.58 - - [01/Sep/2026:12:02:11 +0000] "POST /xmlrpc.php HTTP/1.1" 200 415 "-" "Mozilla/5.0 (Windows NT 6.2; x86) AppleWebKit/537.36 (KHTML, like Gecko) Safari/14.0.0.0 Safari/537.36"
106.63.26.139 - - [01/Sep/2026:12:02:13 +0000] "GET / HTTP/1.1" 200 319748 "-" "Mozilla/5.0 (Macintosh; Intel Mac OS X 10_15_7) AppleWebKit/537.36 (KHTML, like Gecko) Chrome/120.0.0.0 Safari/537.36 Edg/120.0.0.0"
72.167.149.90 - - [01/Sep/2026:12:02:40 +0000] "POST /wp-cron.php?doing_wp_cron=1788264159.9318659305572509765625 HTTP/1.1" 499 0 "-" "WordPress/7.1; https://uslconsultation.com"
112.134.173.58 - - [01/Sep/2026:12:02:41 +0000] "POST /xmlrpc.php HTTP/1.1" 200 415 "-" "Mozilla/5.0 (Windows NT 6.3; arm64) AppleWebKit/537.36 (KHTML, like Gecko) Opera/74.0.0.0 Safari/537.36"
112.134.173.58 - - [01/Sep/2026:12:03:16 +0000] "POST /xmlrpc.php HTTP/1.1" 499 0 "-" "Mozilla/5.0 (Macintosh; Intel Mac OS X 10_15_7; x64) AppleWebKit/537.36 (KHTML, like Gecko) Safari/13.0.0.0 Safari/537.36"
72.167.149.90 - - [01/Sep/2026:12:03:16 +0000] "POST /wp-cron.php?doing_wp_cron=1788264195.2806398868560791015625 HTTP/1.1" 499 0 "-" "WordPress/7.1; https://uslconsultation.com"
112.134.173.58 - - [01/Sep/2026:12:03:48 +0000] "POST /xmlrpc.php HTTP/1.1" 200 415 "-" "Mozilla/5.0 (Windows NT 10.0; x64) AppleWebKit/537.36 (KHTML, like Gecko) Firefox/87.0.0.0 Safari/537.36"
72.167.149.90 - - [01/Sep/2026:12:04:23 +0000] "POST /wp-cron.php?doing_wp_cron=1788264262.7469689846038818359375 HTTP/1.1" 499 0 "-" "WordPress/7.1; https://uslconsultation.com"
112.134.173.58 - - [01/Sep/2026:12:04:23 +0000] "POST /xmlrpc.php HTTP/1.1" 200 415 "-" "Mozilla/5.0 (Windows NT 10.0; arm64) AppleWebKit/537.36 (KHTML, like Gecko) Opera/62.0.0.0 Safari/537.36"
112.134.173.58 - - [01/Sep/2026:12:04:52 +0000] "POST /xmlrpc.php HTTP/1.1" 200 415 "-" "Mozilla/5.0 (Linux; Android 10; arm64) AppleWebKit/537.36 (KHTML, like Gecko) Opera/71.0.0.0 Safari/537.36"
72.167.149.90 - - [01/Sep/2026:12:05:22 +0000] "POST /wp-cron.php?doing_wp_cron=1788264321.5497839450836181640625 HTTP/1.1" 499 0 "-" "WordPress/7.1; https://uslconsultation.com"
112.134.173.58 - - [01/Sep/2026:12:05:22 +0000] "POST /xmlrpc.php HTTP/1.1" 200 415 "-" "Mozilla/5.0 (Macintosh; Intel Mac OS X 10_15_7; x64) AppleWebKit/537.36 (KHTML, like Gecko) Firefox/88.0.0.0 Safari/537.36"
112.134.173.58 - - [01/Sep/2026:12:05:52 +0000] "POST /xmlrpc.php HTTP/1.1" 200 415 "-" "Mozilla/5.0 (Windows NT 6.3; arm64) AppleWebKit/537.36 (KHTML, like Gecko) Firefox/100.0.0.0 Safari/537.36"
72.167.149.90 - - [01/Sep/2026:12:06:22 +0000] "POST /wp-cron.php?doing_wp_cron=1788264381.2348940372467041015625 HTTP/1.1" 499 0 "-" "WordPress/7.1; https://uslconsultation.com"
112.134.173.58 - - [01/Sep/2026:12:06:22 +0000] "POST /xmlrpc.php HTTP/1.1" 200 415 "-" "Mozilla/5.0 (Windows NT 6.3; arm64) AppleWebKit/537.36 (KHTML, like Gecko) Chrome/90.0.0.0 Safari/537.36"
112.134.173.58 - - [01/Sep/2026:12:06:52 +0000] "POST /xmlrpc.php HTTP/1.1" 200 415 "-" "Mozilla/5.0 (Linux; Android 10; arm64) AppleWebKit/537.36 (KHTML, like Gecko) Opera/60.0.0.0 Safari/537.36"
72.167.149.90 - - [01/Sep/2026:12:07:18 +0000] "POST /wp-cron.php?doing_wp_cron=1788264437.7697570323944091796875 HTTP/1.1" 499 0 "-" "WordPress/7.1; https://uslconsultation.com"
112.134.173.58 - - [01/Sep/2026:12:07:18 +0000] "POST /xmlrpc.php HTTP/1.1" 200 415 "-" "Mozilla/5.0 (X11; Ubuntu; Linux x86_64; arm64) AppleWebKit/537.36 (KHTML, like Gecko) Chrome/84.0.0.0 Safari/537.36"
72.167.149.90 - - [01/Sep/2026:12:07:49 +0000] "POST /wp-cron.php?doing_wp_cron=1788264468.1335630416870117187500 HTTP/1.1" 499 0 "-" "WordPress/7.1; https://uslconsultation.com"
112.134.173.58 - - [01/Sep/2026:12:07:49 +0000] "POST /xmlrpc.php HTTP/1.1" 200 415 "-" "Mozilla/5.0 (Linux; Android 10; arm64) AppleWebKit/537.36 (KHTML, like Gecko) Chrome/110.0.0.0 Safari/537.36"
72.167.149.90 - - [01/Sep/2026:12:08:18 +0000] "POST /wp-cron.php?doing_wp_cron=1788264497.6222031116485595703125 HTTP/1.1" 499 0 "-" "WordPress/7.1; https://uslconsultation.com"
112.134.173.58 - - [01/Sep/2026:12:08:18 +0000] "POST /xmlrpc.php HTTP/1.1" 200 415 "-" "Mozilla/5.0 (Windows NT 6.2; x64) AppleWebKit/537.36 (KHTML, like Gecko) Edge/92.0.0.0 Safari/537.36"
112.134.173.58 - - [01/Sep/2026:12:08:47 +0000] "POST /xmlrpc.php HTTP/1.1" 200 415 "-" "Mozilla/5.0 (Macintosh; Intel Mac OS X 10_15_7; x86) AppleWebKit/537.36 (KHTML, like Gecko) Chrome/81.0.0.0 Safari/537.36"
72.167.149.90 - - [01/Sep/2026:12:09:11 +0000] "POST /wp-cron.php?doing_wp_cron=1788264550.7533979415893554687500 HTTP/1.1" 499 0 "-" "WordPress/7.1; https://uslconsultation.com"
112.134.173.58 - - [01/Sep/2026:12:09:11 +0000] "POST /xmlrpc.php HTTP/1.1" 200 415 "-" "Mozilla/5.0 (Windows NT 10.0; x86) AppleWebKit/537.36 (KHTML, like Gecko) Firefox/90.0.0.0 Safari/537.36"
112.134.173.58 - - [01/Sep/2026:12:09:35 +0000] "POST /xmlrpc.php HTTP/1.1" 200 415 "-" "Mozilla/5.0 (Windows NT 10.0; arm64) AppleWebKit/537.36 (KHTML, like Gecko) Chrome/99.0.0.0 Safari/537.36"
112.134.173.58 - - [01/Sep/2026:12:10:00 +0000] "POST /xmlrpc.php HTTP/1.1" 200 415 "-" "Mozilla/5.0 (Windows NT 6.2; x86) AppleWebKit/537.36 (KHTML, like Gecko) Edge/99.0.0.0 Safari/537.36"
72.167.149.90 - - [01/Sep/2026:12:10:25 +0000] "POST /wp-cron.php?doing_wp_cron=1788264624.3465158939361572265625 HTTP/1.1" 499 0 "-" "WordPress/7.1; https://uslconsultation.com"
112.134.173.58 - - [01/Sep/2026:12:10:25 +0000] "POST /xmlrpc.php HTTP/1.1" 200 415 "-" "Mozilla/5.0 (X11; Ubuntu; Linux x86_64; arm64) AppleWebKit/537.36 (KHTML, like Gecko) Safari/15.0.0.0 Safari/537.36"
112.134.173.58 - - [01/Sep/2026:12:10:46 +0000] "POST /xmlrpc.php HTTP/1.1" 200 415 "-" "Mozilla/5.0 (Windows NT 6.3; arm64) AppleWebKit/537.36 (KHTML, like Gecko) Opera/70.0.0.0 Safari/537.36"
72.167.149.90 - - [01/Sep/2026:12:11:05 +0000] "POST /wp-cron.php?doing_wp_cron=1788264664.8512260913848876953125 HTTP/1.1" 499 0 "-" "WordPress/7.1; https://uslconsultation.com"
112.134.173.58 - - [01/Sep/2026:12:11:05 +0000] "POST /xmlrpc.php HTTP/1.1" 200 415 "-" "Mozilla/5.0 (Windows NT 10.0; x64) AppleWebKit/537.36 (KHTML, like Gecko) Safari/11.0.0.0 Safari/537.36"
112.134.173.58 - - [01/Sep/2026:12:11:24 +0000] "POST /xmlrpc.php HTTP/1.1" 200 415 "-" "Mozilla/5.0 (Linux; Android 10; x64) AppleWebKit/537.36 (KHTML, like Gecko) Firefox/79.0.0.0 Safari/537.36"
112.134.173.58 - - [01/Sep/2026:12:11:44 +0000] "POST /xmlrpc.php HTTP/1.1" 200 415 "-" "Mozilla/5.0 (Macintosh; Intel Mac OS X 10_15_7; x64) AppleWebKit/537.36 (KHTML, like Gecko) Safari/10.0.0.0 Safari/537.36"
72.167.149.90 - - [01/Sep/2026:12:12:03 +0000] "POST /wp-cron.php?doing_wp_cron=1788264722.6253850460052490234375 HTTP/1.1" 499 0 "-" "WordPress/7.1; https://uslconsultation.com"
112.134.173.58 - - [01/Sep/2026:12:12:03 +0000] "POST /xmlrpc.php HTTP/1.1" 200 415 "-" "Mozilla/5.0 (Windows NT 6.3; x64) AppleWebKit/537.36 (KHTML, like Gecko) Chrome/88.0.0.0 Safari/537.36"
112.134.173.58 - - [01/Sep/2026:12:12:21 +0000] "POST /xmlrpc.php HTTP/1.1" 200 415 "-" "Mozilla/5.0 (Windows NT 6.3; x64) AppleWebKit/537.36 (KHTML, like Gecko) Chrome/98.0.0.0 Safari/537.36"
112.134.173.58 - - [01/Sep/2026:12:12:38 +0000] "POST /xmlrpc.php HTTP/1.1" 200 415 "-" "Mozilla/5.0 (X11; Ubuntu; Linux x86_64; x64) AppleWebKit/537.36 (KHTML, like Gecko) Safari/10.0.0.0 Safari/537.36"
112.134.173.58 - - [01/Sep/2026:12:12:54 +0000] "POST /xmlrpc.php HTTP/1.1" 200 415 "-" "Mozilla/5.0 (X11; Ubuntu; Linux x86_64; x64) AppleWebKit/537.36 (KHTML, like Gecko) Chrome/101.0.0.0 Safari/537.36"
72.167.149.90 - - [01/Sep/2026:12:13:14 +0000] "POST /wp-cron.php?doing_wp_cron=1788264793.5215198993682861328125 HTTP/1.1" 499 0 "-" "WordPress/7.1; https://uslconsultation.com"
112.134.173.58 - - [01/Sep/2026:12:13:14 +0000] "POST /xmlrpc.php HTTP/1.1" 200 415 "-" "Mozilla/5.0 (Windows NT 6.2; x64) AppleWebKit/537.36 (KHTML, like Gecko) Opera/74.0.0.0 Safari/537.36"
112.134.173.58 - - [01/Sep/2026:12:13:33 +0000] "POST /xmlrpc.php HTTP/1.1" 200 415 "-" "Mozilla/5.0 (Windows NT 6.3; arm64) AppleWebKit/537.36 (KHTML, like Gecko) Firefox/72.0.0.0 Safari/537.36"
112.134.173.58 - - [01/Sep/2026:12:13:51 +0000] "POST /xmlrpc.php HTTP/1.1" 200 415 "-" "Mozilla/5.0 (Linux; Android 10; arm64) AppleWebKit/537.36 (KHTML, like Gecko) Edge/91.0.0.0 Safari/537.36"
72.167.149.90 - - [01/Sep/2026:12:14:11 +0000] "POST /wp-cron.php?doing_wp_cron=1788264850.6884450912475585937500 HTTP/1.1" 499 0 "-" "WordPress/7.1; https://uslconsultation.com"
112.134.173.58 - - [01/Sep/2026:12:14:11 +0000] "POST /xmlrpc.php HTTP/1.1" 200 415 "-" "Mozilla/5.0 (Windows NT 6.3; arm64) AppleWebKit/537.36 (KHTML, like Gecko) Safari/14.0.0.0 Safari/537.36"
112.134.173.58 - - [01/Sep/2026:12:14:28 +0000] "POST /xmlrpc.php HTTP/1.1" 200 415 "-" "Mozilla/5.0 (Linux; Android 10; x86) AppleWebKit/537.36 (KHTML, like Gecko) Edge/95.0.0.0 Safari/537.36"
132.226.78.44 - - [01/Sep/2026:12:14:30 +0000] "GET /ar/wp-json/wp/v2/posts/5269 HTTP/1.1" 200 3306 "-" "Mozilla/5.0 (X11; Linux aarch64) AppleWebKit/537.36 (KHTML, like Gecko) Chrome/139.0.0.0 Safari/537.36"
112.134.173.58 - - [01/Sep/2026:12:14:45 +0000] "POST /xmlrpc.php HTTP/1.1" 200 415 "-" "Mozilla/5.0 (Windows NT 6.2; arm64) AppleWebKit/537.36 (KHTML, like Gecko) Safari/14.0.0.0 Safari/537.36"
112.134.173.58 - - [01/Sep/2026:12:15:04 +0000] "POST /xmlrpc.php HTTP/1.1" 499 0 "-" "Mozilla/5.0 (Windows NT 6.3; arm64) AppleWebKit/537.36 (KHTML, like Gecko) Opera/62.0.0.0 Safari/537.36"
72.167.149.90 - - [01/Sep/2026:12:15:06 +0000] "POST /wp-cron.php?doing_wp_cron=1788264905.2305920124053955078125 HTTP/1.1" 499 0 "-" "WordPress/7.1; https://uslconsultation.com"
112.134.173.58 - - [01/Sep/2026:12:15:22 +0000] "POST /xmlrpc.php HTTP/1.1" 200 415 "-" "Mozilla/5.0 (X11; Ubuntu; Linux x86_64; x64) AppleWebKit/537.36 (KHTML, like Gecko) Firefox/85.0.0.0 Safari/537.36"
112.134.173.58 - - [01/Sep/2026:12:15:41 +0000] "POST /xmlrpc.php HTTP/1.1" 200 415 "-" "Mozilla/5.0 (Windows NT 10.0; x86) AppleWebKit/537.36 (KHTML, like Gecko) Safari/14.0.0.0 Safari/537.36"
112.134.173.58 - - [01/Sep/2026:12:15:58 +0000] "POST /xmlrpc.php HTTP/1.1" 200 415 "-" "Mozilla/5.0 (Windows NT 10.0; x86) AppleWebKit/537.36 (KHTML, like Gecko) Firefox/88.0.0.0 Safari/537.36"
72.167.149.90 - - [01/Sep/2026:12:16:19 +0000] "POST /wp-cron.php?doing_wp_cron=1788264978.2917048931121826171875 HTTP/1.1" 499 0 "-" "WordPress/7.1; https://uslconsultation.com"
112.134.173.58 - - [01/Sep/2026:12:16:19 +0000] "POST /xmlrpc.php HTTP/1.1" 200 415 "-" "Mozilla/5.0 (Windows NT 6.2; arm64) AppleWebKit/537.36 (KHTML, like Gecko) Opera/64.0.0.0 Safari/537.36"
112.134.173.58 - - [01/Sep/2026:12:16:38 +0000] "POST /xmlrpc.php HTTP/1.1" 200 415 "-" "Mozilla/5.0 (Windows NT 10.0; x64) AppleWebKit/537.36 (KHTML, like Gecko) Opera/80.0.0.0 Safari/537.36"
112.134.173.58 - - [01/Sep/2026:12:16:57 +0000] "POST /xmlrpc.php HTTP/1.1" 200 415 "-" "Mozilla/5.0 (Windows NT 6.2; x86) AppleWebKit/537.36 (KHTML, like Gecko) Opera/69.0.0.0 Safari/537.36"
132.226.78.44 - - [01/Sep/2026:12:17:05 +0000] "GET /ar/wp-json/wp/v2/posts/5269 HTTP/1.1" 499 0 "-" "Mozilla/5.0 (X11; Linux aarch64) AppleWebKit/537.36 (KHTML, like Gecko) Chrome/139.0.0.0 Safari/537.36"
72.167.149.90 - - [01/Sep/2026:12:17:09 +0000] "POST /wp-cron.php?doing_wp_cron=1788265028.1972839832305908203125 HTTP/1.1" 499 0 "-" "WordPress/7.1; https://uslconsultation.com/ar"
112.134.173.58 - - [01/Sep/2026:12:17:17 +0000] "POST /xmlrpc.php HTTP/1.1" 200 415 "-" "Mozilla/5.0 (Macintosh; Intel Mac OS X 10_15_7; x64) AppleWebKit/537.36 (KHTML, like Gecko) Edge/84.0.0.0 Safari/537.36"
112.134.173.58 - - [01/Sep/2026:12:17:35 +0000] "POST /xmlrpc.php HTTP/1.1" 200 415 "-" "Mozilla/5.0 (Macintosh; Intel Mac OS X 10_15_7; x86) AppleWebKit/537.36 (KHTML, like Gecko) Safari/14.0.0.0 Safari/537.36"
112.134.173.58 - - [01/Sep/2026:12:17:51 +0000] "POST /xmlrpc.php HTTP/1.1" 200 415 "-" "Mozilla/5.0 (Windows NT 10.0; arm64) AppleWebKit/537.36 (KHTML, like Gecko) Firefox/94.0.0.0 Safari/537.36"
72.167.149.90 - - [01/Sep/2026:12:18:10 +0000] "POST /wp-cron.php?doing_wp_cron=1788265089.6749520301818847656250 HTTP/1.1" 499 0 "-" "WordPress/7.1; https://uslconsultation.com"
112.134.173.58 - - [01/Sep/2026:12:18:10 +0000] "POST /xmlrpc.php HTTP/1.1" 200 415 "-" "Mozilla/5.0 (Windows NT 10.0; x86) AppleWebKit/537.36 (KHTML, like Gecko) Opera/71.0.0.0 Safari/537.36"
112.134.173.58 - - [01/Sep/2026:12:18:25 +0000] "POST /xmlrpc.php HTTP/1.1" 200 415 "-" "Mozilla/5.0 (Windows NT 10.0; arm64) AppleWebKit/537.36 (KHTML, like Gecko) Firefox/70.0.0.0 Safari/537.36"
112.134.173.58 - - [01/Sep/2026:12:18:41 +0000] "POST /xmlrpc.php HTTP/1.1" 200 415 "-" "Mozilla/5.0 (Windows NT 10.0; x86) AppleWebKit/537.36 (KHTML, like Gecko) Firefox/93.0.0.0 Safari/537.36"
112.134.173.58 - - [01/Sep/2026:12:18:56 +0000] "POST /xmlrpc.php HTTP/1.1" 200 415 "-" "Mozilla/5.0 (Windows NT 10.0; arm64) AppleWebKit/537.36 (KHTML, like Gecko) Firefox/96.0.0.0 Safari/537.36"
72.167.149.90 - - [01/Sep/2026:12:19:16 +0000] "POST /wp-cron.php?doing_wp_cron=1788265155.7058598995208740234375 HTTP/1.1" 499 0 "-" "WordPress/7.1; https://uslconsultation.com"
112.134.173.58 - - [01/Sep/2026:12:19:16 +0000] "POST /xmlrpc.php HTTP/1.1" 200 415 "-" "Mozilla/5.0 (Linux; Android 10; x86) AppleWebKit/537.36 (KHTML, like Gecko) Edge/82.0.0.0 Safari/537.36"
112.134.173.58 - - [01/Sep/2026:12:19:32 +0000] "POST /xmlrpc.php HTTP/1.1" 200 415 "-" "Mozilla/5.0 (Linux; Android 10; x64) AppleWebKit/537.36 (KHTML, like Gecko) Safari/12.0.0.0 Safari/537.36"
112.134.173.58 - - [01/Sep/2026:12:19:49 +0000] "POST /xmlrpc.php HTTP/1.1" 200 415 "-" "Mozilla/5.0 (Linux; Android 10; x86) AppleWebKit/537.36 (KHTML, like Gecko) Chrome/93.0.0.0 Safari/537.36"
72.167.149.90 - - [01/Sep/2026:12:20:07 +0000] "POST /wp-cron.php?doing_wp_cron=1788265206.6246020793914794921875 HTTP/1.1" 499 0 "-" "WordPress/7.1; https://uslconsultation.com"
112.134.173.58 - - [01/Sep/2026:12:20:07 +0000] "POST /xmlrpc.php HTTP/1.1" 200 415 "-" "Mozilla/5.0 (X11; Ubuntu; Linux x86_64; x86) AppleWebKit/537.36 (KHTML, like Gecko) Firefox/94.0.0.0 Safari/537.36"
112.134.173.58 - - [01/Sep/2026:12:20:23 +0000] "POST /xmlrpc.php HTTP/1.1" 200 415 "-" "Mozilla/5.0 (Windows NT 10.0; arm64) AppleWebKit/537.36 (KHTML, like Gecko) Chrome/85.0.0.0 Safari/537.36"
112.134.173.58 - - [01/Sep/2026:12:20:40 +0000] "POST /xmlrpc.php HTTP/1.1" 499 0 "-" "Mozilla/5.0 (Linux; Android 10; x86) AppleWebKit/537.36 (KHTML, like Gecko) Safari/15.0.0.0 Safari/537.36"
112.134.173.58 - - [01/Sep/2026:12:20:56 +0000] "POST /xmlrpc.php HTTP/1.1" 200 415 "-" "Mozilla/5.0 (Linux; Android 10; x86) AppleWebKit/537.36 (KHTML, like Gecko) Opera/68.0.0.0 Safari/537.36"
72.167.149.90 - - [01/Sep/2026:12:21:13 +0000] "POST /wp-cron.php?doing_wp_cron=1788265272.6540579795837402343750 HTTP/1.1" 499 0 "-" "WordPress/7.1; https://uslconsultation.com"
112.134.173.58 - - [01/Sep/2026:12:21:13 +0000] "POST /xmlrpc.php HTTP/1.1" 200 415 "-" "Mozilla/5.0 (Linux; Android 10; arm64) AppleWebKit/537.36 (KHTML, like Gecko) Chrome/87.0.0.0 Safari/537.36"
112.134.173.58 - - [01/Sep/2026:12:21:30 +0000] "POST /xmlrpc.php HTTP/1.1" 200 415 "-" "Mozilla/5.0 (Macintosh; Intel Mac OS X 10_15_7; arm64) AppleWebKit/537.36 (KHTML, like Gecko) Firefox/73.0.0.0 Safari/537.36"
112.134.173.58 - - [01/Sep/2026:12:21:48 +0000] "POST /xmlrpc.php HTTP/1.1" 200 415 "-" "Mozilla/5.0 (Windows NT 10.0; arm64) AppleWebKit/537.36 (KHTML, like Gecko) Chrome/110.0.0.0 Safari/537.36"
72.167.149.90 - - [01/Sep/2026:12:22:07 +0000] "POST /wp-cron.php?doing_wp_cron=1788265326.2442948818206787109375 HTTP/1.1" 499 0 "-" "WordPress/7.1; https://uslconsultation.com"
112.134.173.58 - - [01/Sep/2026:12:22:07 +0000] "POST /xmlrpc.php HTTP/1.1" 200 415 "-" "Mozilla/5.0 (Macintosh; Intel Mac OS X 10_15_7; arm64) AppleWebKit/537.36 (KHTML, like Gecko) Chrome/112.0.0.0 Safari/537.36"
112.134.173.58 - - [01/Sep/2026:12:22:23 +0000] "POST /xmlrpc.php HTTP/1.1" 200 415 "-" "Mozilla/5.0 (X11; Ubuntu; Linux x86_64; arm64) AppleWebKit/537.36 (KHTML, like Gecko) Edge/87.0.0.0 Safari/537.36"
112.134.173.58 - - [01/Sep/2026:12:22:39 +0000] "POST /xmlrpc.php HTTP/1.1" 200 415 "-" "Mozilla/5.0 (Macintosh; Intel Mac OS X 10_15_7; x64) AppleWebKit/537.36 (KHTML, like Gecko) Edge/99.0.0.0 Safari/537.36"
112.134.173.58 - - [01/Sep/2026:12:22:54 +0000] "POST /xmlrpc.php HTTP/1.1" 200 415 "-" "Mozilla/5.0 (X11; Ubuntu; Linux x86_64; arm64) AppleWebKit/537.36 (KHTML, like Gecko) Edge/81.0.0.0 Safari/537.36"
72.167.149.90 - - [01/Sep/2026:12:23:10 +0000] "POST /wp-cron.php?doing_wp_cron=1788265389.5467350482940673828125 HTTP/1.1" 499 0 "-" "WordPress/7.1; https://uslconsultation.com"
112.134.173.58 - - [01/Sep/2026:12:23:10 +0000] "POST /xmlrpc.php HTTP/1.1" 200 415 "-" "Mozilla/5.0 (Windows NT 10.0; x86) AppleWebKit/537.36 (KHTML, like Gecko) Safari/11.0.0.0 Safari/537.36"
112.134.173.58 - - [01/Sep/2026:12:23:25 +0000] "POST /xmlrpc.php HTTP/1.1" 200 415 "-" "Mozilla/5.0 (X11; Ubuntu; Linux x86_64; x86) AppleWebKit/537.36 (KHTML, like Gecko) Opera/64.0.0.0 Safari/537.36"
112.134.173.58 - - [01/Sep/2026:12:23:41 +0000] "POST /xmlrpc.php HTTP/1.1" 200 415 "-" "Mozilla/5.0 (Windows NT 6.2; x64) AppleWebKit/537.36 (KHTML, like Gecko) Chrome/103.0.0.0 Safari/537.36"
112.134.173.58 - - [01/Sep/2026:12:23:57 +0000] "POST /xmlrpc.php HTTP/1.1" 200 415 "-" "Mozilla/5.0 (X11; Ubuntu; Linux x86_64; arm64) AppleWebKit/537.36 (KHTML, like Gecko) Edge/96.0.0.0 Safari/537.36"
72.167.149.90 - - [01/Sep/2026:12:24:13 +0000] "POST /wp-cron.php?doing_wp_cron=1788265452.9541339874267578125000 HTTP/1.1" 499 0 "-" "WordPress/7.1; https://uslconsultation.com"
112.134.173.58 - - [01/Sep/2026:12:24:14 +0000] "POST /xmlrpc.php HTTP/1.1" 200 415 "-" "Mozilla/5.0 (Windows NT 6.3; x86) AppleWebKit/537.36 (KHTML, like Gecko) Safari/10.0.0.0 Safari/537.36"
112.134.173.58 - - [01/Sep/2026:12:24:30 +0000] "POST /xmlrpc.php HTTP/1.1" 200 415 "-" "Mozilla/5.0 (Windows NT 6.2; arm64) AppleWebKit/537.36 (KHTML, like Gecko) Edge/99.0.0.0 Safari/537.36"
112.134.173.58 - - [01/Sep/2026:12:24:48 +0000] "POST /xmlrpc.php HTTP/1.1" 499 0 "-" "Mozilla/5.0 (Windows NT 6.2; arm64) AppleWebKit/537.36 (KHTML, like Gecko) Firefox/91.0.0.0 Safari/537.36"
72.167.149.90 - - [01/Sep/2026:12:25:06 +0000] "POST /wp-cron.php?doing_wp_cron=1788265505.5789620876312255859375 HTTP/1.1" 499 0 "-" "WordPress/7.1; https://uslconsultation.com"
112.134.173.58 - - [01/Sep/2026:12:25:06 +0000] "POST /xmlrpc.php HTTP/1.1" 200 415 "-" "Mozilla/5.0 (Macintosh; Intel Mac OS X 10_15_7; x86) AppleWebKit/537.36 (KHTML, like Gecko) Firefox/91.0.0.0 Safari/537.36"
112.134.173.58 - - [01/Sep/2026:12:25:25 +0000] "POST /xmlrpc.php HTTP/1.1" 200 415 "-" "Mozilla/5.0 (X11; Ubuntu; Linux x86_64; arm64) AppleWebKit/537.36 (KHTML, like Gecko) Opera/60.0.0.0 Safari/537.36"
112.134.173.58 - - [01/Sep/2026:12:25:43 +0000] "POST /xmlrpc.php HTTP/1.1" 200 415 "-" "Mozilla/5.0 (Windows NT 6.2; arm64) AppleWebKit/537.36 (KHTML, like Gecko) Opera/71.0.0.0 Safari/537.36"
112.134.173.58 - - [01/Sep/2026:12:25:58 +0000] "POST /xmlrpc.php HTTP/1.1" 200 415 "-" "Mozilla/5.0 (X11; Ubuntu; Linux x86_64; arm64) AppleWebKit/537.36 (KHTML, like Gecko) Edge/86.0.0.0 Safari/537.36"
112.134.173.58 - - [01/Sep/2026:12:26:16 +0000] "POST /xmlrpc.php HTTP/1.1" 499 0 "-" "Mozilla/5.0 (Windows NT 6.2; x64) AppleWebKit/537.36 (KHTML, like Gecko) Edge/82.0.0.0 Safari/537.36"
72.167.149.90 - - [01/Sep/2026:12:26:17 +0000] "POST /wp-cron.php?doing_wp_cron=1788265576.6349821090698242187500 HTTP/1.1" 499 0 "-" "WordPress/7.1; https://uslconsultation.com"
112.134.173.58 - - [01/Sep/2026:12:26:31 +0000] "POST /xmlrpc.php HTTP/1.1" 200 415 "-" "Mozilla/5.0 (Windows NT 10.0; x64) AppleWebKit/537.36 (KHTML, like Gecko) Chrome/81.0.0.0 Safari/537.36"
112.134.173.58 - - [01/Sep/2026:12:26:44 +0000] "POST /xmlrpc.php HTTP/1.1" 200 415 "-" "Mozilla/5.0 (Macintosh; Intel Mac OS X 10_15_7; arm64) AppleWebKit/537.36 (KHTML, like Gecko) Firefox/91.0.0.0 Safari/537.36"
112.134.173.58 - - [01/Sep/2026:12:26:59 +0000] "POST /xmlrpc.php HTTP/1.1" 200 415 "-" "Mozilla/5.0 (Linux; Android 10; arm64) AppleWebKit/537.36 (KHTML, like Gecko) Opera/78.0.0.0 Safari/537.36"
72.167.149.90 - - [01/Sep/2026:12:27:15 +0000] "POST /wp-cron.php?doing_wp_cron=1788265634.7802801132202148437500 HTTP/1.1" 499 0 "-" "WordPress/7.1; https://uslconsultation.com"
112.134.173.58 - - [01/Sep/2026:12:27:15 +0000] "POST /xmlrpc.php HTTP/1.1" 200 415 "-" "Mozilla/5.0 (Linux; Android 10; arm64) AppleWebKit/537.36 (KHTML, like Gecko) Opera/80.0.0.0 Safari/537.36"
112.134.173.58 - - [01/Sep/2026:12:27:31 +0000] "POST /xmlrpc.php HTTP/1.1" 200 415 "-" "Mozilla/5.0 (Windows NT 10.0; arm64) AppleWebKit/537.36 (KHTML, like Gecko) Chrome/83.0.0.0 Safari/537.36"
112.134.173.58 - - [01/Sep/2026:12:27:47 +0000] "POST /xmlrpc.php HTTP/1.1" 200 415 "-" "Mozilla/5.0 (Windows NT 10.0; arm64) AppleWebKit/537.36 (KHTML, like Gecko) Chrome/96.0.0.0 Safari/537.36"
112.134.173.58 - - [01/Sep/2026:12:28:04 +0000] "POST /xmlrpc.php HTTP/1.1" 499 0 "-" "Mozilla/5.0 (Windows NT 6.2; arm64) AppleWebKit/537.36 (KHTML, like Gecko) Safari/11.0.0.0 Safari/537.36"
72.167.149.90 - - [01/Sep/2026:12:28:04 +0000] "POST /wp-cron.php?doing_wp_cron=1788265683.1167049407958984375000 HTTP/1.1" 499 0 "-" "WordPress/7.1; https://uslconsultation.com"
112.134.173.58 - - [01/Sep/2026:12:28:18 +0000] "POST /xmlrpc.php HTTP/1.1" 200 415 "-" "Mozilla/5.0 (Windows NT 6.2; x64) AppleWebKit/537.36 (KHTML, like Gecko) Safari/15.0.0.0 Safari/537.36"
112.134.173.58 - - [01/Sep/2026:12:28:32 +0000] "POST /xmlrpc.php HTTP/1.1" 200 415 "-" "Mozilla/5.0 (Linux; Android 10; x86) AppleWebKit/537.36 (KHTML, like Gecko) Opera/78.0.0.0 Safari/537.36"
112.134.173.58 - - [01/Sep/2026:12:28:50 +0000] "POST /xmlrpc.php HTTP/1.1" 200 415 "-" "Mozilla/5.0 (Macintosh; Intel Mac OS X 10_15_7; x86) AppleWebKit/537.36 (KHTML, like Gecko) Edge/88.0.0.0 Safari/537.36"
72.167.149.90 - - [01/Sep/2026:12:29:07 +0000] "POST /wp-cron.php?doing_wp_cron=1788265746.7814610004425048828125 HTTP/1.1" 499 0 "-" "WordPress/7.1; https://uslconsultation.com"
112.134.173.58 - - [01/Sep/2026:12:29:07 +0000] "POST /xmlrpc.php HTTP/1.1" 200 415 "-" "Mozilla/5.0 (Windows NT 10.0; x64) AppleWebKit/537.36 (KHTML, like Gecko) Safari/12.0.0.0 Safari/537.36"
112.134.173.58 - - [01/Sep/2026:12:29:23 +0000] "POST /xmlrpc.php HTTP/1.1" 200 415 "-" "Mozilla/5.0 (Windows NT 6.2; arm64) AppleWebKit/537.36 (KHTML, like Gecko) Opera/67.0.0.0 Safari/537.36"
112.134.173.58 - - [01/Sep/2026:12:29:37 +0000] "POST /xmlrpc.php HTTP/1.1" 200 415 "-" "Mozilla/5.0 (X11; Ubuntu; Linux x86_64; x86) AppleWebKit/537.36 (KHTML, like Gecko) Safari/12.0.0.0 Safari/537.36"
112.134.173.58 - - [01/Sep/2026:12:29:50 +0000] "POST /xmlrpc.php HTTP/1.1" 200 415 "-" "Mozilla/5.0 (Windows NT 10.0; x64) AppleWebKit/537.36 (KHTML, like Gecko) Edge/80.0.0.0 Safari/537.36"
112.134.173.58 - - [01/Sep/2026:12:30:08 +0000] "POST /xmlrpc.php HTTP/1.1" 499 0 "-" "Mozilla/5.0 (Windows NT 6.2; x86) AppleWebKit/537.36 (KHTML, like Gecko) Firefox/72.0.0.0 Safari/537.36"
72.167.149.90 - - [01/Sep/2026:12:30:08 +0000] "POST /wp-cron.php?doing_wp_cron=1788265807.5893890857696533203125 HTTP/1.1" 499 0 "-" "WordPress/7.1; https://uslconsultation.com"
112.134.173.58 - - [01/Sep/2026:12:30:22 +0000] "POST /xmlrpc.php HTTP/1.1" 200 415 "-" "Mozilla/5.0 (Windows NT 6.2; x64) AppleWebKit/537.36 (KHTML, like Gecko) Edge/98.0.0.0 Safari/537.36"
112.134.173.58 - - [01/Sep/2026:12:30:36 +0000] "POST /xmlrpc.php HTTP/1.1" 200 415 "-" "Mozilla/5.0 (Windows NT 6.3; arm64) AppleWebKit/537.36 (KHTML, like Gecko) Edge/95.0.0.0 Safari/537.36"
112.134.173.58 - - [01/Sep/2026:12:30:52 +0000] "POST /xmlrpc.php HTTP/1.1" 200 415 "-" "Mozilla/5.0 (X11; Ubuntu; Linux x86_64; x86) AppleWebKit/537.36 (KHTML, like Gecko) Edge/92.0.0.0 Safari/537.36"
72.167.149.90 - - [01/Sep/2026:12:31:06 +0000] "POST /wp-cron.php?doing_wp_cron=1788265865.8845028877258300781250 HTTP/1.1" 499 0 "-" "WordPress/7.1; https://uslconsultation.com"
112.134.173.58 - - [01/Sep/2026:12:31:07 +0000] "POST /xmlrpc.php HTTP/1.1" 200 415 "-" "Mozilla/5.0 (Windows NT 10.0; arm64) AppleWebKit/537.36 (KHTML, like Gecko) Firefox/77.0.0.0 Safari/537.36"
112.134.173.58 - - [01/Sep/2026:12:31:25 +0000] "POST /xmlrpc.php HTTP/1.1" 200 415 "-" "Mozilla/5.0 (Windows NT 10.0; arm64) AppleWebKit/537.36 (KHTML, like Gecko) Opera/78.0.0.0 Safari/537.36"
112.134.173.58 - - [01/Sep/2026:12:31:41 +0000] "POST /xmlrpc.php HTTP/1.1" 200 415 "-" "Mozilla/5.0 (Linux; Android 10; arm64) AppleWebKit/537.36 (KHTML, like Gecko) Safari/11.0.0.0 Safari/537.36"
112.134.173.58 - - [01/Sep/2026:12:31:54 +0000] "POST /xmlrpc.php HTTP/1.1" 200 415 "-" "Mozilla/5.0 (Windows NT 10.0; x64) AppleWebKit/537.36 (KHTML, like Gecko) Edge/80.0.0.0 Safari/537.36"
72.167.149.90 - - [01/Sep/2026:12:32:10 +0000] "POST /wp-cron.php?doing_wp_cron=1788265929.9671750068664550781250 HTTP/1.1" 499 0 "-" "WordPress/7.1; https://uslconsultation.com"
112.134.173.58 - - [01/Sep/2026:12:32:11 +0000] "POST /xmlrpc.php HTTP/1.1" 200 415 "-" "Mozilla/5.0 (X11; Ubuntu; Linux x86_64; x86) AppleWebKit/537.36 (KHTML, like Gecko) Firefox/88.0.0.0 Safari/537.36"
112.134.173.58 - - [01/Sep/2026:12:32:24 +0000] "POST /xmlrpc.php HTTP/1.1" 200 415 "-" "Mozilla/5.0 (Macintosh; Intel Mac OS X 10_15_7; arm64) AppleWebKit/537.36 (KHTML, like Gecko) Chrome/85.0.0.0 Safari/537.36"
112.134.173.58 - - [01/Sep/2026:12:32:39 +0000] "POST /xmlrpc.php HTTP/1.1" 200 415 "-" "Mozilla/5.0 (Linux; Android 10; x64) AppleWebKit/537.36 (KHTML, like Gecko) Opera/80.0.0.0 Safari/537.36"
112.134.173.58 - - [01/Sep/2026:12:32:53 +0000] "POST /xmlrpc.php HTTP/1.1" 200 415 "-" "Mozilla/5.0 (X11; Ubuntu; Linux x86_64; arm64) AppleWebKit/537.36 (KHTML, like Gecko) Opera/70.0.0.0 Safari/537.36"
112.134.173.58 - - [01/Sep/2026:12:33:08 +0000] "POST /xmlrpc.php HTTP/1.1" 499 0 "-" "Mozilla/5.0 (Macintosh; Intel Mac OS X 10_15_7; arm64) AppleWebKit/537.36 (KHTML, like Gecko) Firefox/98.0.0.0 Safari/537.36"
72.167.149.90 - - [01/Sep/2026:12:33:09 +0000] "POST /wp-cron.php?doing_wp_cron=1788265988.1051139831542968750000 HTTP/1.1" 499 0 "-" "WordPress/7.1; https://uslconsultation.com"
112.134.173.58 - - [01/Sep/2026:12:33:23 +0000] "POST /xmlrpc.php HTTP/1.1" 200 415 "-" "Mozilla/5.0 (Windows NT 6.3; x64) AppleWebKit/537.36 (KHTML, like Gecko) Chrome/80.0.0.0 Safari/537.36"
112.134.173.58 - - [01/Sep/2026:12:33:39 +0000] "POST /xmlrpc.php HTTP/1.1" 200 415 "-" "Mozilla/5.0 (Windows NT 6.3; x64) AppleWebKit/537.36 (KHTML, like Gecko) Chrome/85.0.0.0 Safari/537.36"
103.124.95.115 - - [01/Sep/2026:12:33:51 +0000] "GET /wp-json/ldlms/v2/users?per_page=100&_fields=user_login HTTP/1.1" 404 128 "-" "Mozilla/5.0 (Windows NT 10.0; Win64; x64) AppleWebKit/537.36 (KHTML, like Gecko) Chrome/151.0.0.0 Safari/537.36, Mozilla/5.0 (Macintosh; Intel Mac OS X 10_15_7) AppleWebKit/537.36 (KHTML, like Gecko) Chrome/151.0.0.0 Safari/537.36"
112.134.173.58 - - [01/Sep/2026:12:33:53 +0000] "POST /xmlrpc.php HTTP/1.1" 200 415 "-" "Mozilla/5.0 (X11; Ubuntu; Linux x86_64; x64) AppleWebKit/537.36 (KHTML, like Gecko) Safari/12.0.0.0 Safari/537.36"
112.134.173.58 - - [01/Sep/2026:12:34:08 +0000] "POST /xmlrpc.php HTTP/1.1" 499 0 "-" "Mozilla/5.0 (Linux; Android 10; arm64) AppleWebKit/537.36 (KHTML, like Gecko) Edge/85.0.0.0 Safari/537.36"
72.167.149.90 - - [01/Sep/2026:12:34:08 +0000] "POST /wp-cron.php?doing_wp_cron=1788266047.6168830394744873046875 HTTP/1.1" 499 0 "-" "WordPress/7.1; https://uslconsultation.com"
112.134.173.58 - - [01/Sep/2026:12:34:28 +0000] "POST /xmlrpc.php HTTP/1.1" 200 415 "-" "Mozilla/5.0 (Linux; Android 10; x64) AppleWebKit/537.36 (KHTML, like Gecko) Chrome/114.0.0.0 Safari/537.36"
112.134.173.58 - - [01/Sep/2026:12:34:40 +0000] "POST /xmlrpc.php HTTP/1.1" 200 415 "-" "Mozilla/5.0 (Linux; Android 10; x86) AppleWebKit/537.36 (KHTML, like Gecko) Safari/13.0.0.0 Safari/537.36"
112.134.173.58 - - [01/Sep/2026:12:34:55 +0000] "POST /xmlrpc.php HTTP/1.1" 200 415 "-" "Mozilla/5.0 (Linux; Android 10; arm64) AppleWebKit/537.36 (KHTML, like Gecko) Firefox/78.0.0.0 Safari/537.36"
72.167.149.90 - - [01/Sep/2026:12:35:10 +0000] "POST /wp-cron.php?doing_wp_cron=1788266109.0350840091705322265625 HTTP/1.1" 499 0 "-" "WordPress/7.1; https://uslconsultation.com"
112.134.173.58 - - [01/Sep/2026:12:35:10 +0000] "POST /xmlrpc.php HTTP/1.1" 200 415 "-" "Mozilla/5.0 (Windows NT 6.3; x86) AppleWebKit/537.36 (KHTML, like Gecko) Chrome/111.0.0.0 Safari/537.36"
112.134.173.58 - - [01/Sep/2026:12:35:27 +0000] "POST /xmlrpc.php HTTP/1.1" 200 415 "-" "Mozilla/5.0 (Linux; Android 10; arm64) AppleWebKit/537.36 (KHTML, like Gecko) Edge/83.0.0.0 Safari/537.36"
112.134.173.58 - - [01/Sep/2026:12:35:42 +0000] "POST /xmlrpc.php HTTP/1.1" 200 415 "-" "Mozilla/5.0 (Macintosh; Intel Mac OS X 10_15_7; x64) AppleWebKit/537.36 (KHTML, like Gecko) Safari/11.0.0.0 Safari/537.36"
112.134.173.58 - - [01/Sep/2026:12:35:57 +0000] "POST /xmlrpc.php HTTP/1.1" 200 415 "-" "Mozilla/5.0 (Windows NT 10.0; x64) AppleWebKit/537.36 (KHTML, like Gecko) Chrome/96.0.0.0 Safari/537.36"
72.167.149.90 - - [01/Sep/2026:12:36:15 +0000] "POST /wp-cron.php?doing_wp_cron=1788266174.4689359664916992187500 HTTP/1.1" 499 0 "-" "WordPress/7.1; https://uslconsultation.com"
112.134.173.58 - - [01/Sep/2026:12:36:15 +0000] "POST /xmlrpc.php HTTP/1.1" 200 415 "-" "Mozilla/5.0 (Windows NT 6.2; x64) AppleWebKit/537.36 (KHTML, like Gecko) Edge/88.0.0.0 Safari/537.36"
112.134.173.58 - - [01/Sep/2026:12:36:29 +0000] "POST /xmlrpc.php HTTP/1.1" 200 415 "-" "Mozilla/5.0 (X11; Ubuntu; Linux x86_64; arm64) AppleWebKit/537.36 (KHTML, like Gecko) Edge/94.0.0.0 Safari/537.36"
112.134.173.58 - - [01/Sep/2026:12:36:44 +0000] "POST /xmlrpc.php HTTP/1.1" 499 0 "-" "Mozilla/5.0 (Linux; Android 10; arm64) AppleWebKit/537.36 (KHTML, like Gecko) Opera/74.0.0.0 Safari/537.36"
112.134.173.58 - - [01/Sep/2026:12:36:57 +0000] "POST /xmlrpc.php HTTP/1.1" 200 415 "-" "Mozilla/5.0 (Linux; Android 10; x64) AppleWebKit/537.36 (KHTML, like Gecko) Chrome/111.0.0.0 Safari/537.36"
72.167.149.90 - - [01/Sep/2026:12:37:11 +0000] "POST /wp-cron.php?doing_wp_cron=1788266230.5030360221862792968750 HTTP/1.1" 499 0 "-" "WordPress/7.1; https://uslconsultation.com"
112.134.173.58 - - [01/Sep/2026:12:37:11 +0000] "POST /xmlrpc.php HTTP/1.1" 200 415 "-" "Mozilla/5.0 (X11; Ubuntu; Linux x86_64; x64) AppleWebKit/537.36 (KHTML, like Gecko) Safari/10.0.0.0 Safari/537.36"
112.134.173.58 - - [01/Sep/2026:12:37:25 +0000] "POST /xmlrpc.php HTTP/1.1" 200 415 "-" "Mozilla/5.0 (Linux; Android 10; x86) AppleWebKit/537.36 (KHTML, like Gecko) Chrome/80.0.0.0 Safari/537.36"
112.134.173.58 - - [01/Sep/2026:12:37:36 +0000] "POST /xmlrpc.php HTTP/1.1" 200 415 "-" "Mozilla/5.0 (Macintosh; Intel Mac OS X 10_15_7; x64) AppleWebKit/537.36 (KHTML, like Gecko) Safari/12.0.0.0 Safari/537.36"
112.134.173.58 - - [01/Sep/2026:12:37:46 +0000] "POST /xmlrpc.php HTTP/1.1" 200 415 "-" "Mozilla/5.0 (Windows NT 6.2; x64) AppleWebKit/537.36 (KHTML, like Gecko) Opera/70.0.0.0 Safari/537.36"
112.134.173.58 - - [01/Sep/2026:12:37:59 +0000] "POST /xmlrpc.php HTTP/1.1" 200 415 "-" "Mozilla/5.0 (Windows NT 6.2; x64) AppleWebKit/537.36 (KHTML, like Gecko) Chrome/84.0.0.0 Safari/537.36"
72.167.149.90 - - [01/Sep/2026:12:38:10 +0000] "POST /wp-cron.php?doing_wp_cron=1788266289.5942959785461425781250 HTTP/1.1" 499 0 "-" "WordPress/7.1; https://uslconsultation.com"
112.134.173.58 - - [01/Sep/2026:12:38:10 +0000] "POST /xmlrpc.php HTTP/1.1" 200 415 "-" "Mozilla/5.0 (Windows NT 6.3; x86) AppleWebKit/537.36 (KHTML, like Gecko) Chrome/98.0.0.0 Safari/537.36"
112.134.173.58 - - [01/Sep/2026:12:38:23 +0000] "POST /xmlrpc.php HTTP/1.1" 200 415 "-" "Mozilla/5.0 (Windows NT 10.0; arm64) AppleWebKit/537.36 (KHTML, like Gecko) Edge/99.0.0.0 Safari/537.36"
112.134.173.58 - - [01/Sep/2026:12:38:37 +0000] "POST /xmlrpc.php HTTP/1.1" 200 415 "-" "Mozilla/5.0 (Windows NT 6.3; arm64) AppleWebKit/537.36 (KHTML, like Gecko) Firefox/76.0.0.0 Safari/537.36"
112.134.173.58 - - [01/Sep/2026:12:38:47 +0000] "POST /xmlrpc.php HTTP/1.1" 200 415 "-" "Mozilla/5.0 (X11; Ubuntu; Linux x86_64; x64) AppleWebKit/537.36 (KHTML, like Gecko) Opera/64.0.0.0 Safari/537.36"
112.134.173.58 - - [01/Sep/2026:12:39:00 +0000] "POST /xmlrpc.php HTTP/1.1" 200 415 "-" "Mozilla/5.0 (Windows NT 6.2; x64) AppleWebKit/537.36 (KHTML, like Gecko) Opera/68.0.0.0 Safari/537.36"
72.167.149.90 - - [01/Sep/2026:12:39:14 +0000] "POST /wp-cron.php?doing_wp_cron=1788266353.4567430019378662109375 HTTP/1.1" 499 0 "-" "WordPress/7.1; https://uslconsultation.com"
112.134.173.58 - - [01/Sep/2026:12:39:14 +0000] "POST /xmlrpc.php HTTP/1.1" 200 415 "-" "Mozilla/5.0 (X11; Ubuntu; Linux x86_64; arm64) AppleWebKit/537.36 (KHTML, like Gecko) Opera/79.0.0.0 Safari/537.36"
43.131.26.226 - - [01/Sep/2026:12:45:17 +0000] "GET / HTTP/1.1" 200 69124 "http://uslconsultation.com" "Mozilla/5.0 (iPhone; CPU iPhone OS 13_2_3 like Mac OS X) AppleWebKit/605.1.15 (KHTML, like Gecko) Version/13.0.3 Mobile/15E148 Safari/604.1"
72.167.149.90 - - [01/Sep/2026:12:46:28 +0000] "POST /wp-cron.php?doing_wp_cron=1788266787.4276859760284423828125 HTTP/1.1" 499 0 "-" "WordPress/7.1; https://uslconsultation.com"
51.8.102.16 - - [01/Sep/2026:12:46:28 +0000] "GET /robots.txt HTTP/1.1" 200 124 "-" "Mozilla/5.0 (Macintosh; Intel Mac OS X 10_15_7) AppleWebKit/537.36 (KHTML, like Gecko) Chrome/131.0.0.0 Safari/537.36; compatible; OAI-SearchBot/1.0; +https://openai.com/searchbot"
62.141.44.236 - - [01/Sep/2026:12:47:47 +0000] "GET / HTTP/1.1" 200 68945 "-" "Mozilla/5.0 (Windows NT 10.0; Win64; x64) AppleWebKit/537.36 (KHTML, like Gecko) Chrome/91.0.4472.114 Safari/537.36 Edg/91.0.864.54"
72.167.149.90 - - [01/Sep/2026:12:55:48 +0000] "POST /wp-cron.php?doing_wp_cron=1788267347.7548670768737792968750 HTTP/1.1" 499 0 "-" "WordPress/7.1; https://uslconsultation.com"
203.83.11.14 - - [01/Sep/2026:12:55:48 +0000] "GET / HTTP/1.1" 301 5 "-" "Mozilla/5.0"
192.71.46.30 - - [01/Sep/2026:13:10:45 +0000] "GET / HTTP/1.1" 200 68945 "http://uslconsultation.com/" "Mozilla/5.0 (Macintosh; Intel Mac OS X 10_15_7) AppleWebKit/605.1.15 (KHTML, like Gecko) Version/17.3.1 Safari/605.1.1"
72.167.149.90 - - [01/Sep/2026:13:10:48 +0000] "GET /wp-content/uploads/2025/12/Franchise-a-Restaurant-Brand-A-Step-by-Step-Practical-Guide-scaled-e1766361718588.jpg HTTP/1.1" 200 251648 "-" "-"
185.139.167.180 - - [01/Sep/2026:13:10:49 +0000] "GET /2025/12/22/how-to-franchise-a-restaurant-brand-a-step-by-step-practical-guide/ HTTP/1.1" 200 56909 "-" "Mozilla/5.0 (Macintosh; Intel Mac OS X 10_15_7) AppleWebKit/605.1.15 (KHTML, like Gecko) Version/17.3.1 Safari/605.1.1"
72.167.149.90 - - [01/Sep/2026:13:10:53 +0000] "GET /wp-content/uploads/2025/12/Investors-and-Partners-scaled-e1766360878565.jpg HTTP/1.1" 200 161703 "-" "-"
185.129.66.245 - - [01/Sep/2026:13:10:54 +0000] "GET /2025/12/21/operational-due-diligence-what-investors-and-partners-really-look-for/ HTTP/1.1" 200 56960 "-" "Mozilla/5.0 (Macintosh; Intel Mac OS X 10_15_7) AppleWebKit/605.1.15 (KHTML, like Gecko) Version/17.3.1 Safari/605.1.1"
72.167.149.90 - - [01/Sep/2026:13:10:58 +0000] "GET /wp-content/uploads/2025/12/Investors-and-Partners-scaled-e1766360878565.jpg HTTP/1.1" 200 161703 "-" "-"
83.140.157.175 - - [01/Sep/2026:13:10:58 +0000] "GET /ar/2025/12/21/operational-due-diligence-what-investors-and-partners-really-look-for/ HTTP/1.1" 200 77785 "-" "Mozilla/5.0 (Macintosh; Intel Mac OS X 10_15_7) AppleWebKit/605.1.15 (KHTML, like Gecko) Version/17.3.1 Safari/605.1.1"
201.7.29.23 - - [01/Sep/2026:13:14:47 +0000] "GET /2025/12/21/from-idea-to-execution-turning-business-plans-into-profitable-reality/tel:1234567890/tel:8001234567/tel:8001234567/tel:8001234567/tel:1234567890/tel:8001234567/ HTTP/1.1" 404 51054 "-" "Mozilla/5.0 (Macintosh; Intel Mac OS X 10_15_7) AppleWebKit/537.36 (KHTML, like Gecko) Chrome/120.0.0.0 Safari/537.36"
72.167.149.90 - - [01/Sep/2026:13:14:47 +0000] "POST /wp-cron.php?doing_wp_cron=1788268486.5567090511322021484375 HTTP/1.1" 499 0 "-" "WordPress/7.1; https://uslconsultation.com/ar"
35.148.246.12 - - [01/Sep/2026:13:14:47 +0000] "GET /ar/2025/12/21/from-idea-to-execution-turning-business-plans-into-profitable-reality/tel:1234567890/tel:8001234567/tel:8001234567/tel:8001234567/tel:1234567890/tel:1234567890/tel:8001234567 HTTP/1.1" 404 71578 "-" "Mozilla/5.0 (Macintosh; Intel Mac OS X 10_15_7) AppleWebKit/537.36 (KHTML, like Gecko) Chrome/124.0.0.0 Safari/537.36"
